{"id":96789,"date":"2024-04-29T11:52:38","date_gmt":"2024-04-29T09:52:38","guid":{"rendered":"https:\/\/letrame.com\/catalogo\/producto\/bajo-el-cielo-de-londres\/"},"modified":"2024-04-29T11:53:13","modified_gmt":"2024-04-29T09:53:13","slug":"bajo-el-cielo-de-londres","status":"publish","type":"product","link":"https:\/\/letrame.com\/catalogo\/producto\/bajo-el-cielo-de-londres\/","title":{"rendered":"Bajo el cielo de Londres"},"content":{"rendered":"<div class=\"page\" title=\"Page 6\">\n<div class=\"layoutArea\">\n<div class=\"column\">\n<p><strong>ISBN<\/strong>: 978-84-1386-674-1<\/p>\n<\/div>\n<\/div>\n<\/div>\n<p><b>T\u00edtulo<\/b><span style=\"font-weight: 400;\">: Bajo el cielo de Londres<\/span><span style=\"font-weight: 400;\"><br \/>\n<\/span><b>Fecha<\/b><span style=\"font-weight: 400;\">: 2021<\/span><span style=\"font-weight: 400;\"><br \/>\n<\/span><b>P\u00e1ginas<\/b><span style=\"font-weight: 400;\">: 298<\/span><\/p>\n<p><b>SINOPSIS<\/b><\/p>\n<p><em>Bajo el cielo de Londres<\/em> cuenta la historia de Nora y Marcos, dos j\u00f3venes que no estaban destinados a estar juntos. Nora es una chica de diecinueve a\u00f1os, estudiante de Periodismo, t\u00edmida, insegura y muy madura para su edad, cuya pasi\u00f3n es escribir y pasar las horas entre las estanter\u00edas de la biblioteca. Marcos es un chico de veintiocho a\u00f1os, es actor, extrovertido y valiente, es muy guapo y llama la atenci\u00f3n por su sonrisa arrolladora y sus tatuajes.<\/p>\n<p>Un d\u00eda de verano sus caminos se cruzan y comienzan una historia bonita y especial, la suya; \u00e9l se enamora al instante de ella y ella vive su primer amor con \u00e9l.<\/p>\n<p>Disfrutaremos con ellos de ese primer verano y descubriremos c\u00f3mo ha evolucionado su historia cinco a\u00f1os despu\u00e9s. Porque\u2026 \u00bfQu\u00e9 ocurre cuando la magia del principio deja paso a la rutina? \u00bfY cuando otras personas aparecen en su vida dispuestas a revolucionarla? \u00bfPuede un amor tan grande sobrevivir al inevitable paso del tiempo o est\u00e1 condenado a desvanecerse?<\/p>\n<p>Una historia sobre el amor, el paso del tiempo y, por qu\u00e9 no, el destino.<\/p>\n<p>&nbsp;<\/p>\n","protected":false},"excerpt":{"rendered":"<p><strong>ISBN: 978-84-1386-674-1<\/strong><\/p>\n<p><em>Bajo el cielo de Londres<\/em> cuenta la historia de Nora y Marcos, dos j\u00f3venes que no estaban destinados a estar juntos. Nora es una chica de diecinueve a\u00f1os, estudiante de Periodismo, t\u00edmida, insegura y muy madura para su edad, cuya pasi\u00f3n es escribir y pasar las horas entre las estanter\u00edas de la biblioteca. Marcos es un chico de veintiocho a\u00f1os, es actor, extrovertido y valiente, es muy guapo y llama la atenci\u00f3n por su sonrisa arrolladora y sus tatuajes.<\/p>\n<p>&nbsp;<\/p>\n","protected":false},"featured_media":96790,"comment_status":"closed","ping_status":"open","template":"","meta":{"_acf_changed":false},"libro":[],"product_brand":[],"product_cat":[16],"product_tag":[],"class_list":{"0":"post-96789","1":"product","2":"type-product","3":"status-publish","4":"has-post-thumbnail","6":"product_cat-novela","8":"first","9":"instock","10":"purchasable","11":"product-type-simple"},"acf":{"autor":"","enlace_de_compra":""},"yoast_head":"<!-- This site is optimized with the Yoast SEO plugin v26.6 - https:\/\/yoast.com\/wordpress\/plugins\/seo\/ -->\n<title>Bajo el cielo de Londres - Catalogo | Letrame Grupo Editorial<\/title>\n<meta name=\"robots\" content=\"index, follow, max-snippet:-1, max-image-preview:large, max-video-preview:-1\" \/>\n<link rel=\"canonical\" href=\"https:\/\/letrame.com\/catalogo\/producto\/bajo-el-cielo-de-londres\/\" \/>\n<meta property=\"og:locale\" content=\"es_ES\" \/>\n<meta property=\"og:type\" content=\"article\" \/>\n<meta property=\"og:title\" content=\"Bajo el cielo de Londres - Catalogo | Letrame Grupo Editorial\" \/>\n<meta property=\"og:description\" content=\"ISBN: 978-84-1386-674-1 Bajo el cielo de Londres cuenta la historia de Nora y Marcos, dos j\u00f3venes que no estaban destinados a estar juntos. Nora es una chica de diecinueve a\u00f1os, estudiante de Periodismo, t\u00edmida, insegura y muy madura para su edad, cuya pasi\u00f3n es escribir y pasar las horas entre las estanter\u00edas de la biblioteca. Marcos es un chico de veintiocho a\u00f1os, es actor, extrovertido y valiente, es muy guapo y llama la atenci\u00f3n por su sonrisa arrolladora y sus tatuajes. &nbsp;\" \/>\n<meta property=\"og:url\" content=\"https:\/\/letrame.com\/catalogo\/producto\/bajo-el-cielo-de-londres\/\" \/>\n<meta property=\"og:site_name\" content=\"Catalogo | Letrame Grupo Editorial\" \/>\n<meta property=\"article:modified_time\" content=\"2024-04-29T09:53:13+00:00\" \/>\n<meta property=\"og:image\" content=\"https:\/\/letrame.com\/catalogo\/wp-content\/uploads\/2024\/04\/BAJO-EL-CIELO-DE-LONDRES-scaled-1.jpeg\" \/>\n\t<meta property=\"og:image:width\" content=\"1746\" \/>\n\t<meta property=\"og:image:height\" content=\"2560\" \/>\n\t<meta property=\"og:image:type\" content=\"image\/jpeg\" \/>\n<meta name=\"twitter:card\" content=\"summary_large_image\" \/>\n<meta name=\"twitter:label1\" content=\"Tiempo de lectura\" \/>\n\t<meta name=\"twitter:data1\" content=\"1 minuto\" \/>\n<script type=\"application\/ld+json\" class=\"yoast-schema-graph\">{\"@context\":\"https:\/\/schema.org\",\"@graph\":[{\"@type\":\"WebPage\",\"@id\":\"https:\/\/letrame.com\/catalogo\/producto\/bajo-el-cielo-de-londres\/\",\"url\":\"https:\/\/letrame.com\/catalogo\/producto\/bajo-el-cielo-de-londres\/\",\"name\":\"Bajo el cielo de Londres - Catalogo | Letrame Grupo Editorial\",\"isPartOf\":{\"@id\":\"https:\/\/letrame.com\/catalogo\/#website\"},\"primaryImageOfPage\":{\"@id\":\"https:\/\/letrame.com\/catalogo\/producto\/bajo-el-cielo-de-londres\/#primaryimage\"},\"image\":{\"@id\":\"https:\/\/letrame.com\/catalogo\/producto\/bajo-el-cielo-de-londres\/#primaryimage\"},\"thumbnailUrl\":\"https:\/\/letrame.com\/catalogo\/wp-content\/uploads\/2024\/04\/BAJO-EL-CIELO-DE-LONDRES-scaled-1.jpeg\",\"datePublished\":\"2024-04-29T09:52:38+00:00\",\"dateModified\":\"2024-04-29T09:53:13+00:00\",\"breadcrumb\":{\"@id\":\"https:\/\/letrame.com\/catalogo\/producto\/bajo-el-cielo-de-londres\/#breadcrumb\"},\"inLanguage\":\"es\",\"potentialAction\":[{\"@type\":\"ReadAction\",\"target\":[\"https:\/\/letrame.com\/catalogo\/producto\/bajo-el-cielo-de-londres\/\"]}]},{\"@type\":\"ImageObject\",\"inLanguage\":\"es\",\"@id\":\"https:\/\/letrame.com\/catalogo\/producto\/bajo-el-cielo-de-londres\/#primaryimage\",\"url\":\"https:\/\/letrame.com\/catalogo\/wp-content\/uploads\/2024\/04\/BAJO-EL-CIELO-DE-LONDRES-scaled-1.jpeg\",\"contentUrl\":\"https:\/\/letrame.com\/catalogo\/wp-content\/uploads\/2024\/04\/BAJO-EL-CIELO-DE-LONDRES-scaled-1.jpeg\",\"width\":1746,\"height\":2560},{\"@type\":\"BreadcrumbList\",\"@id\":\"https:\/\/letrame.com\/catalogo\/producto\/bajo-el-cielo-de-londres\/#breadcrumb\",\"itemListElement\":[{\"@type\":\"ListItem\",\"position\":1,\"name\":\"Portada\",\"item\":\"https:\/\/letrame.com\/catalogo\/\"},{\"@type\":\"ListItem\",\"position\":2,\"name\":\"Cat\u00e1logo\",\"item\":\"https:\/\/letrame.com\/catalogo\/\"},{\"@type\":\"ListItem\",\"position\":3,\"name\":\"Bajo el cielo de Londres\"}]},{\"@type\":\"WebSite\",\"@id\":\"https:\/\/letrame.com\/catalogo\/#website\",\"url\":\"https:\/\/letrame.com\/catalogo\/\",\"name\":\"Catalogo | Letrame Grupo Editorial\",\"description\":\"\",\"publisher\":{\"@id\":\"https:\/\/letrame.com\/catalogo\/#organization\"},\"potentialAction\":[{\"@type\":\"SearchAction\",\"target\":{\"@type\":\"EntryPoint\",\"urlTemplate\":\"https:\/\/letrame.com\/catalogo\/?s={search_term_string}\"},\"query-input\":{\"@type\":\"PropertyValueSpecification\",\"valueRequired\":true,\"valueName\":\"search_term_string\"}}],\"inLanguage\":\"es\"},{\"@type\":\"Organization\",\"@id\":\"https:\/\/letrame.com\/catalogo\/#organization\",\"name\":\"Catalogo | Letrame Grupo Editorial\",\"url\":\"https:\/\/letrame.com\/catalogo\/\",\"logo\":{\"@type\":\"ImageObject\",\"inLanguage\":\"es\",\"@id\":\"https:\/\/letrame.com\/catalogo\/#\/schema\/logo\/image\/\",\"url\":\"https:\/\/letrame.com\/catalogo\/wp-content\/uploads\/2024\/03\/logo2.webp\",\"contentUrl\":\"https:\/\/letrame.com\/catalogo\/wp-content\/uploads\/2024\/03\/logo2.webp\",\"width\":394,\"height\":128,\"caption\":\"Catalogo | Letrame Grupo Editorial\"},\"image\":{\"@id\":\"https:\/\/letrame.com\/catalogo\/#\/schema\/logo\/image\/\"}}]}<\/script>\n<!-- \/ Yoast SEO plugin. -->","yoast_head_json":{"title":"Bajo el cielo de Londres - Catalogo | Letrame Grupo Editorial","robots":{"index":"index","follow":"follow","max-snippet":"max-snippet:-1","max-image-preview":"max-image-preview:large","max-video-preview":"max-video-preview:-1"},"canonical":"https:\/\/letrame.com\/catalogo\/producto\/bajo-el-cielo-de-londres\/","og_locale":"es_ES","og_type":"article","og_title":"Bajo el cielo de Londres - Catalogo | Letrame Grupo Editorial","og_description":"ISBN: 978-84-1386-674-1 Bajo el cielo de Londres cuenta la historia de Nora y Marcos, dos j\u00f3venes que no estaban destinados a estar juntos. Nora es una chica de diecinueve a\u00f1os, estudiante de Periodismo, t\u00edmida, insegura y muy madura para su edad, cuya pasi\u00f3n es escribir y pasar las horas entre las estanter\u00edas de la biblioteca. Marcos es un chico de veintiocho a\u00f1os, es actor, extrovertido y valiente, es muy guapo y llama la atenci\u00f3n por su sonrisa arrolladora y sus tatuajes. &nbsp;","og_url":"https:\/\/letrame.com\/catalogo\/producto\/bajo-el-cielo-de-londres\/","og_site_name":"Catalogo | Letrame Grupo Editorial","article_modified_time":"2024-04-29T09:53:13+00:00","og_image":[{"width":1746,"height":2560,"url":"https:\/\/letrame.com\/catalogo\/wp-content\/uploads\/2024\/04\/BAJO-EL-CIELO-DE-LONDRES-scaled-1.jpeg","type":"image\/jpeg"}],"twitter_card":"summary_large_image","twitter_misc":{"Tiempo de lectura":"1 minuto"},"schema":{"@context":"https:\/\/schema.org","@graph":[{"@type":"WebPage","@id":"https:\/\/letrame.com\/catalogo\/producto\/bajo-el-cielo-de-londres\/","url":"https:\/\/letrame.com\/catalogo\/producto\/bajo-el-cielo-de-londres\/","name":"Bajo el cielo de Londres - Catalogo | Letrame Grupo Editorial","isPartOf":{"@id":"https:\/\/letrame.com\/catalogo\/#website"},"primaryImageOfPage":{"@id":"https:\/\/letrame.com\/catalogo\/producto\/bajo-el-cielo-de-londres\/#primaryimage"},"image":{"@id":"https:\/\/letrame.com\/catalogo\/producto\/bajo-el-cielo-de-londres\/#primaryimage"},"thumbnailUrl":"https:\/\/letrame.com\/catalogo\/wp-content\/uploads\/2024\/04\/BAJO-EL-CIELO-DE-LONDRES-scaled-1.jpeg","datePublished":"2024-04-29T09:52:38+00:00","dateModified":"2024-04-29T09:53:13+00:00","breadcrumb":{"@id":"https:\/\/letrame.com\/catalogo\/producto\/bajo-el-cielo-de-londres\/#breadcrumb"},"inLanguage":"es","potentialAction":[{"@type":"ReadAction","target":["https:\/\/letrame.com\/catalogo\/producto\/bajo-el-cielo-de-londres\/"]}]},{"@type":"ImageObject","inLanguage":"es","@id":"https:\/\/letrame.com\/catalogo\/producto\/bajo-el-cielo-de-londres\/#primaryimage","url":"https:\/\/letrame.com\/catalogo\/wp-content\/uploads\/2024\/04\/BAJO-EL-CIELO-DE-LONDRES-scaled-1.jpeg","contentUrl":"https:\/\/letrame.com\/catalogo\/wp-content\/uploads\/2024\/04\/BAJO-EL-CIELO-DE-LONDRES-scaled-1.jpeg","width":1746,"height":2560},{"@type":"BreadcrumbList","@id":"https:\/\/letrame.com\/catalogo\/producto\/bajo-el-cielo-de-londres\/#breadcrumb","itemListElement":[{"@type":"ListItem","position":1,"name":"Portada","item":"https:\/\/letrame.com\/catalogo\/"},{"@type":"ListItem","position":2,"name":"Cat\u00e1logo","item":"https:\/\/letrame.com\/catalogo\/"},{"@type":"ListItem","position":3,"name":"Bajo el cielo de Londres"}]},{"@type":"WebSite","@id":"https:\/\/letrame.com\/catalogo\/#website","url":"https:\/\/letrame.com\/catalogo\/","name":"Catalogo | Letrame Grupo Editorial","description":"","publisher":{"@id":"https:\/\/letrame.com\/catalogo\/#organization"},"potentialAction":[{"@type":"SearchAction","target":{"@type":"EntryPoint","urlTemplate":"https:\/\/letrame.com\/catalogo\/?s={search_term_string}"},"query-input":{"@type":"PropertyValueSpecification","valueRequired":true,"valueName":"search_term_string"}}],"inLanguage":"es"},{"@type":"Organization","@id":"https:\/\/letrame.com\/catalogo\/#organization","name":"Catalogo | Letrame Grupo Editorial","url":"https:\/\/letrame.com\/catalogo\/","logo":{"@type":"ImageObject","inLanguage":"es","@id":"https:\/\/letrame.com\/catalogo\/#\/schema\/logo\/image\/","url":"https:\/\/letrame.com\/catalogo\/wp-content\/uploads\/2024\/03\/logo2.webp","contentUrl":"https:\/\/letrame.com\/catalogo\/wp-content\/uploads\/2024\/03\/logo2.webp","width":394,"height":128,"caption":"Catalogo | Letrame Grupo Editorial"},"image":{"@id":"https:\/\/letrame.com\/catalogo\/#\/schema\/logo\/image\/"}}]}},"_links":{"self":[{"href":"https:\/\/letrame.com\/catalogo\/wp-json\/wp\/v2\/product\/96789","targetHints":{"allow":["GET"]}}],"collection":[{"href":"https:\/\/letrame.com\/catalogo\/wp-json\/wp\/v2\/product"}],"about":[{"href":"https:\/\/letrame.com\/catalogo\/wp-json\/wp\/v2\/types\/product"}],"replies":[{"embeddable":true,"href":"https:\/\/letrame.com\/catalogo\/wp-json\/wp\/v2\/comments?post=96789"}],"wp:featuredmedia":[{"embeddable":true,"href":"https:\/\/letrame.com\/catalogo\/wp-json\/wp\/v2\/media\/96790"}],"wp:attachment":[{"href":"https:\/\/letrame.com\/catalogo\/wp-json\/wp\/v2\/media?parent=96789"}],"wp:term":[{"taxonomy":"libro","embeddable":true,"href":"https:\/\/letrame.com\/catalogo\/wp-json\/wp\/v2\/libro?post=96789"},{"taxonomy":"product_brand","embeddable":true,"href":"https:\/\/letrame.com\/catalogo\/wp-json\/wp\/v2\/product_brand?post=96789"},{"taxonomy":"product_cat","embeddable":true,"href":"https:\/\/letrame.com\/catalogo\/wp-json\/wp\/v2\/product_cat?post=96789"},{"taxonomy":"product_tag","embeddable":true,"href":"https:\/\/letrame.com\/catalogo\/wp-json\/wp\/v2\/product_tag?post=96789"}],"curies":[{"name":"wp","href":"https:\/\/api.w.org\/{rel}","templated":true}]}}