{"id":96774,"date":"2024-04-29T11:50:49","date_gmt":"2024-04-29T09:50:49","guid":{"rendered":"https:\/\/letrame.com\/catalogo\/producto\/siempre-supo-perdonar\/"},"modified":"2024-04-29T11:50:49","modified_gmt":"2024-04-29T09:50:49","slug":"siempre-supo-perdonar","status":"publish","type":"product","link":"https:\/\/letrame.com\/catalogo\/producto\/siempre-supo-perdonar\/","title":{"rendered":"Siempre supo perdonar"},"content":{"rendered":"<div class=\"page\" title=\"Page 6\">\n<div class=\"layoutArea\">\n<div class=\"column\">\n<p><strong>ISBN<\/strong>: 978-84-1386-331-3<\/p>\n<\/div>\n<\/div>\n<\/div>\n<p><b>T\u00edtulo<\/b><span style=\"font-weight: 400;\">: Siempre supo perdonar\u00a0<\/span><span style=\"font-weight: 400;\"><br \/>\n<\/span><b>Fecha<\/b><span style=\"font-weight: 400;\">: 2021<\/span><span style=\"font-weight: 400;\"><br \/>\n<\/span><b>P\u00e1ginas<\/b><span style=\"font-weight: 400;\">: 280<\/span><\/p>\n<p><b>SINOPSIS<\/b><\/p>\n<p>\u00abTeodora sobrevivi\u00f3 a todas sus hermanas. Era la mayor y abandon\u00f3 el mundo la \u00faltima, como si obstinadamente quisiera cerciorarse, asegurarse, de que al final todo ser\u00eda como tuvo que ser, como a ella le hubiese gustado, como su querido Cr\u00edspulo so\u00f1\u00f3. Y as\u00ed, celebr\u00f3 la tan esperada muerte del viejo dictador. Muerte que necesariamente deber\u00eda llevar aparejada tambi\u00e9n la muerte pol\u00edtica de su R\u00e9gimen que durante tantos a\u00f1os conden\u00f3 al pa\u00eds a un destino injusto e inmerecido (\u2026) Un R\u00e9gimen construido con la argamasa del odio y de la venganza, instrumentalizado desde la represi\u00f3n y el terror\u00bb.<\/p>\n<p>&nbsp;<\/p>\n<p>La Teodora de la que nos habla el autor es testigo y protagonista de un siglo convulso que para ella y su familia \u2014su marido, sus hermanos, sus hijos\u2014 ser\u00eda un tiempo de sufrimiento y de dolor y, a la vez, de rebeld\u00eda, de renuncia y de compromiso. Ella es la mujer fuerte y fr\u00e1gil que <em>supo siempre perdonar<\/em> y en cuya vida se condensa la gesta de valor y de entereza de quienes acompa\u00f1aron la de tantos \u2014y tantas\u2014 que no se resignaron a vivir sin libertad y con miedo, la de quienes abrazaron la causa de la dignidad y la emancipaci\u00f3n.<\/p>\n<p>&nbsp;<\/p>\n<p>Olvido y perd\u00f3n no son necesariamente inseparables. Nunca lo fueron. Es m\u00e1s, hasta puede que para que el perd\u00f3n surta efecto sea precisa la pervivencia \u2014y la persistencia\u2014 de la memoria: \u00bfqu\u00e9 valor, si no, tendr\u00eda aquel? Y este libro trata justamente de la herencia f\u00e9rtil que nos legaron quienes hicieron de su memoria no un ejercicio est\u00e9ril de rencor sino una escuela de vida donde poner en pr\u00e1ctica los valores esenciales de la justicia, la verdad y la reconciliaci\u00f3n.<\/p>\n<p>&nbsp;<\/p>\n<p>No es este un libro para la tristeza, por m\u00e1s que en sus p\u00e1ginas se puedan leer \u2014y hasta sentir\u2014 las historias m\u00e1s tristes. Tampoco es un alegato. Ni un desquite. Ni siquiera un discurso aleccionador, aunque en \u00e9l se mantengan de principio a fin el pulso y la tensi\u00f3n que reivindican para sus protagonistas la dignidad con que siempre se condujeron y la nobleza de sus afanes.<\/p>\n<p>&nbsp;<\/p>\n<p>Si durante a\u00f1os, demasiados a\u00f1os, se nos impuso un tiempo de silencio, Javier ha querido romper el suyo para contarnos qu\u00e9 y qui\u00e9nes fueron los suyos. Observador atento y aplicado, lo hace con una prosa limpia, elegante, que sabe entreverar de adjetivos precisos, coloristas a menudo, cuando el decir lo requiere. A veces alzando incluso el vuelo hacia resonancias de un clasicismo castellano que no s\u00e9 si achacar a sus lecturas o al magisterio de un lenguaje \u2014el de su abuela, el de su madre\u2014 no aprendido en otras aulas que las de la agudeza del ingenio y las ansias inmensas por aprender.<\/p>\n","protected":false},"excerpt":{"rendered":"<p><strong>ISBN: 978-84-1386-331-3<\/strong><\/p>\n<p>\u00abTeodora sobrevivi\u00f3 a todas sus hermanas. Era la mayor y abandon\u00f3 el mundo la \u00faltima, como si obstinadamente quisiera cerciorarse, asegurarse, de que al final todo ser\u00eda como tuvo que ser, como a ella le hubiese gustado, como su querido Cr\u00edspulo so\u00f1\u00f3. Y as\u00ed, celebr\u00f3 la tan esperada muerte del viejo dictador. Muerte que necesariamente deber\u00eda llevar aparejada tambi\u00e9n la muerte pol\u00edtica de su R\u00e9gimen que durante tantos a\u00f1os conden\u00f3 al pa\u00eds a un destino injusto e inmerecido (\u2026) Un R\u00e9gimen construido con la argamasa del odio y de la venganza, instrumentalizado desde la represi\u00f3n y el terror\u00bb.<\/p>\n<p>&nbsp;<\/p>\n","protected":false},"featured_media":96775,"comment_status":"closed","ping_status":"open","template":"","meta":{"_acf_changed":false},"libro":[],"product_brand":[],"product_cat":[16],"product_tag":[],"class_list":{"0":"post-96774","1":"product","2":"type-product","3":"status-publish","4":"has-post-thumbnail","6":"product_cat-novela","8":"first","9":"instock","10":"purchasable","11":"product-type-simple"},"acf":{"autor":[75448],"enlace_de_compra":""},"yoast_head":"<!-- This site is optimized with the Yoast SEO plugin v27.4 - https:\/\/yoast.com\/product\/yoast-seo-wordpress\/ -->\n<title>Siempre supo perdonar - Catalogo | Letrame Grupo Editorial<\/title>\n<meta name=\"robots\" content=\"index, follow, max-snippet:-1, max-image-preview:large, max-video-preview:-1\" \/>\n<link rel=\"canonical\" href=\"https:\/\/letrame.com\/catalogo\/producto\/siempre-supo-perdonar\/\" \/>\n<meta property=\"og:locale\" content=\"es_ES\" \/>\n<meta property=\"og:type\" content=\"article\" \/>\n<meta property=\"og:title\" content=\"Siempre supo perdonar - Catalogo | Letrame Grupo Editorial\" \/>\n<meta property=\"og:description\" content=\"ISBN: 978-84-1386-331-3 \u00abTeodora sobrevivi\u00f3 a todas sus hermanas. Era la mayor y abandon\u00f3 el mundo la \u00faltima, como si obstinadamente quisiera cerciorarse, asegurarse, de que al final todo ser\u00eda como tuvo que ser, como a ella le hubiese gustado, como su querido Cr\u00edspulo so\u00f1\u00f3. Y as\u00ed, celebr\u00f3 la tan esperada muerte del viejo dictador. Muerte que necesariamente deber\u00eda llevar aparejada tambi\u00e9n la muerte pol\u00edtica de su R\u00e9gimen que durante tantos a\u00f1os conden\u00f3 al pa\u00eds a un destino injusto e inmerecido (\u2026) Un R\u00e9gimen construido con la argamasa del odio y de la venganza, instrumentalizado desde la represi\u00f3n y el terror\u00bb. &nbsp;\" \/>\n<meta property=\"og:url\" content=\"https:\/\/letrame.com\/catalogo\/producto\/siempre-supo-perdonar\/\" \/>\n<meta property=\"og:site_name\" content=\"Catalogo | Letrame Grupo Editorial\" \/>\n<meta property=\"og:image\" content=\"https:\/\/letrame.com\/catalogo\/wp-content\/uploads\/2024\/04\/Siempre-supo-perdonar-scaled-1.jpeg\" \/>\n\t<meta property=\"og:image:width\" content=\"1746\" \/>\n\t<meta property=\"og:image:height\" content=\"2560\" \/>\n\t<meta property=\"og:image:type\" content=\"image\/jpeg\" \/>\n<meta name=\"twitter:card\" content=\"summary_large_image\" \/>\n<meta name=\"twitter:label1\" content=\"Tiempo de lectura\" \/>\n\t<meta name=\"twitter:data1\" content=\"2 minutos\" \/>\n<script type=\"application\/ld+json\" class=\"yoast-schema-graph\">{\"@context\":\"https:\\\/\\\/schema.org\",\"@graph\":[{\"@type\":\"WebPage\",\"@id\":\"https:\\\/\\\/letrame.com\\\/catalogo\\\/producto\\\/siempre-supo-perdonar\\\/\",\"url\":\"https:\\\/\\\/letrame.com\\\/catalogo\\\/producto\\\/siempre-supo-perdonar\\\/\",\"name\":\"Siempre supo perdonar - Catalogo | Letrame Grupo Editorial\",\"isPartOf\":{\"@id\":\"https:\\\/\\\/letrame.com\\\/catalogo\\\/#website\"},\"primaryImageOfPage\":{\"@id\":\"https:\\\/\\\/letrame.com\\\/catalogo\\\/producto\\\/siempre-supo-perdonar\\\/#primaryimage\"},\"image\":{\"@id\":\"https:\\\/\\\/letrame.com\\\/catalogo\\\/producto\\\/siempre-supo-perdonar\\\/#primaryimage\"},\"thumbnailUrl\":\"https:\\\/\\\/letrame.com\\\/catalogo\\\/wp-content\\\/uploads\\\/2024\\\/04\\\/Siempre-supo-perdonar-scaled-1.jpeg\",\"datePublished\":\"2024-04-29T09:50:49+00:00\",\"breadcrumb\":{\"@id\":\"https:\\\/\\\/letrame.com\\\/catalogo\\\/producto\\\/siempre-supo-perdonar\\\/#breadcrumb\"},\"inLanguage\":\"es\",\"potentialAction\":[{\"@type\":\"ReadAction\",\"target\":[\"https:\\\/\\\/letrame.com\\\/catalogo\\\/producto\\\/siempre-supo-perdonar\\\/\"]}]},{\"@type\":\"ImageObject\",\"inLanguage\":\"es\",\"@id\":\"https:\\\/\\\/letrame.com\\\/catalogo\\\/producto\\\/siempre-supo-perdonar\\\/#primaryimage\",\"url\":\"https:\\\/\\\/letrame.com\\\/catalogo\\\/wp-content\\\/uploads\\\/2024\\\/04\\\/Siempre-supo-perdonar-scaled-1.jpeg\",\"contentUrl\":\"https:\\\/\\\/letrame.com\\\/catalogo\\\/wp-content\\\/uploads\\\/2024\\\/04\\\/Siempre-supo-perdonar-scaled-1.jpeg\",\"width\":1746,\"height\":2560},{\"@type\":\"BreadcrumbList\",\"@id\":\"https:\\\/\\\/letrame.com\\\/catalogo\\\/producto\\\/siempre-supo-perdonar\\\/#breadcrumb\",\"itemListElement\":[{\"@type\":\"ListItem\",\"position\":1,\"name\":\"Portada\",\"item\":\"https:\\\/\\\/letrame.com\\\/catalogo\\\/\"},{\"@type\":\"ListItem\",\"position\":2,\"name\":\"Cat\u00e1logo\",\"item\":\"https:\\\/\\\/letrame.com\\\/catalogo\\\/\"},{\"@type\":\"ListItem\",\"position\":3,\"name\":\"Siempre supo perdonar\"}]},{\"@type\":\"WebSite\",\"@id\":\"https:\\\/\\\/letrame.com\\\/catalogo\\\/#website\",\"url\":\"https:\\\/\\\/letrame.com\\\/catalogo\\\/\",\"name\":\"Catalogo | Letrame Grupo Editorial\",\"description\":\"\",\"publisher\":{\"@id\":\"https:\\\/\\\/letrame.com\\\/catalogo\\\/#organization\"},\"potentialAction\":[{\"@type\":\"SearchAction\",\"target\":{\"@type\":\"EntryPoint\",\"urlTemplate\":\"https:\\\/\\\/letrame.com\\\/catalogo\\\/?s={search_term_string}\"},\"query-input\":{\"@type\":\"PropertyValueSpecification\",\"valueRequired\":true,\"valueName\":\"search_term_string\"}}],\"inLanguage\":\"es\"},{\"@type\":\"Organization\",\"@id\":\"https:\\\/\\\/letrame.com\\\/catalogo\\\/#organization\",\"name\":\"Catalogo | Letrame Grupo Editorial\",\"url\":\"https:\\\/\\\/letrame.com\\\/catalogo\\\/\",\"logo\":{\"@type\":\"ImageObject\",\"inLanguage\":\"es\",\"@id\":\"https:\\\/\\\/letrame.com\\\/catalogo\\\/#\\\/schema\\\/logo\\\/image\\\/\",\"url\":\"https:\\\/\\\/letrame.com\\\/catalogo\\\/wp-content\\\/uploads\\\/2024\\\/03\\\/logo2.webp\",\"contentUrl\":\"https:\\\/\\\/letrame.com\\\/catalogo\\\/wp-content\\\/uploads\\\/2024\\\/03\\\/logo2.webp\",\"width\":394,\"height\":128,\"caption\":\"Catalogo | Letrame Grupo Editorial\"},\"image\":{\"@id\":\"https:\\\/\\\/letrame.com\\\/catalogo\\\/#\\\/schema\\\/logo\\\/image\\\/\"}}]}<\/script>\n<!-- \/ Yoast SEO plugin. -->","yoast_head_json":{"title":"Siempre supo perdonar - Catalogo | Letrame Grupo Editorial","robots":{"index":"index","follow":"follow","max-snippet":"max-snippet:-1","max-image-preview":"max-image-preview:large","max-video-preview":"max-video-preview:-1"},"canonical":"https:\/\/letrame.com\/catalogo\/producto\/siempre-supo-perdonar\/","og_locale":"es_ES","og_type":"article","og_title":"Siempre supo perdonar - Catalogo | Letrame Grupo Editorial","og_description":"ISBN: 978-84-1386-331-3 \u00abTeodora sobrevivi\u00f3 a todas sus hermanas. Era la mayor y abandon\u00f3 el mundo la \u00faltima, como si obstinadamente quisiera cerciorarse, asegurarse, de que al final todo ser\u00eda como tuvo que ser, como a ella le hubiese gustado, como su querido Cr\u00edspulo so\u00f1\u00f3. Y as\u00ed, celebr\u00f3 la tan esperada muerte del viejo dictador. Muerte que necesariamente deber\u00eda llevar aparejada tambi\u00e9n la muerte pol\u00edtica de su R\u00e9gimen que durante tantos a\u00f1os conden\u00f3 al pa\u00eds a un destino injusto e inmerecido (\u2026) Un R\u00e9gimen construido con la argamasa del odio y de la venganza, instrumentalizado desde la represi\u00f3n y el terror\u00bb. &nbsp;","og_url":"https:\/\/letrame.com\/catalogo\/producto\/siempre-supo-perdonar\/","og_site_name":"Catalogo | Letrame Grupo Editorial","og_image":[{"width":1746,"height":2560,"url":"https:\/\/letrame.com\/catalogo\/wp-content\/uploads\/2024\/04\/Siempre-supo-perdonar-scaled-1.jpeg","type":"image\/jpeg"}],"twitter_card":"summary_large_image","twitter_misc":{"Tiempo de lectura":"2 minutos"},"schema":{"@context":"https:\/\/schema.org","@graph":[{"@type":"WebPage","@id":"https:\/\/letrame.com\/catalogo\/producto\/siempre-supo-perdonar\/","url":"https:\/\/letrame.com\/catalogo\/producto\/siempre-supo-perdonar\/","name":"Siempre supo perdonar - Catalogo | Letrame Grupo Editorial","isPartOf":{"@id":"https:\/\/letrame.com\/catalogo\/#website"},"primaryImageOfPage":{"@id":"https:\/\/letrame.com\/catalogo\/producto\/siempre-supo-perdonar\/#primaryimage"},"image":{"@id":"https:\/\/letrame.com\/catalogo\/producto\/siempre-supo-perdonar\/#primaryimage"},"thumbnailUrl":"https:\/\/letrame.com\/catalogo\/wp-content\/uploads\/2024\/04\/Siempre-supo-perdonar-scaled-1.jpeg","datePublished":"2024-04-29T09:50:49+00:00","breadcrumb":{"@id":"https:\/\/letrame.com\/catalogo\/producto\/siempre-supo-perdonar\/#breadcrumb"},"inLanguage":"es","potentialAction":[{"@type":"ReadAction","target":["https:\/\/letrame.com\/catalogo\/producto\/siempre-supo-perdonar\/"]}]},{"@type":"ImageObject","inLanguage":"es","@id":"https:\/\/letrame.com\/catalogo\/producto\/siempre-supo-perdonar\/#primaryimage","url":"https:\/\/letrame.com\/catalogo\/wp-content\/uploads\/2024\/04\/Siempre-supo-perdonar-scaled-1.jpeg","contentUrl":"https:\/\/letrame.com\/catalogo\/wp-content\/uploads\/2024\/04\/Siempre-supo-perdonar-scaled-1.jpeg","width":1746,"height":2560},{"@type":"BreadcrumbList","@id":"https:\/\/letrame.com\/catalogo\/producto\/siempre-supo-perdonar\/#breadcrumb","itemListElement":[{"@type":"ListItem","position":1,"name":"Portada","item":"https:\/\/letrame.com\/catalogo\/"},{"@type":"ListItem","position":2,"name":"Cat\u00e1logo","item":"https:\/\/letrame.com\/catalogo\/"},{"@type":"ListItem","position":3,"name":"Siempre supo perdonar"}]},{"@type":"WebSite","@id":"https:\/\/letrame.com\/catalogo\/#website","url":"https:\/\/letrame.com\/catalogo\/","name":"Catalogo | Letrame Grupo Editorial","description":"","publisher":{"@id":"https:\/\/letrame.com\/catalogo\/#organization"},"potentialAction":[{"@type":"SearchAction","target":{"@type":"EntryPoint","urlTemplate":"https:\/\/letrame.com\/catalogo\/?s={search_term_string}"},"query-input":{"@type":"PropertyValueSpecification","valueRequired":true,"valueName":"search_term_string"}}],"inLanguage":"es"},{"@type":"Organization","@id":"https:\/\/letrame.com\/catalogo\/#organization","name":"Catalogo | Letrame Grupo Editorial","url":"https:\/\/letrame.com\/catalogo\/","logo":{"@type":"ImageObject","inLanguage":"es","@id":"https:\/\/letrame.com\/catalogo\/#\/schema\/logo\/image\/","url":"https:\/\/letrame.com\/catalogo\/wp-content\/uploads\/2024\/03\/logo2.webp","contentUrl":"https:\/\/letrame.com\/catalogo\/wp-content\/uploads\/2024\/03\/logo2.webp","width":394,"height":128,"caption":"Catalogo | Letrame Grupo Editorial"},"image":{"@id":"https:\/\/letrame.com\/catalogo\/#\/schema\/logo\/image\/"}}]}},"_links":{"self":[{"href":"https:\/\/letrame.com\/catalogo\/wp-json\/wp\/v2\/product\/96774","targetHints":{"allow":["GET"]}}],"collection":[{"href":"https:\/\/letrame.com\/catalogo\/wp-json\/wp\/v2\/product"}],"about":[{"href":"https:\/\/letrame.com\/catalogo\/wp-json\/wp\/v2\/types\/product"}],"replies":[{"embeddable":true,"href":"https:\/\/letrame.com\/catalogo\/wp-json\/wp\/v2\/comments?post=96774"}],"acf:post":[{"embeddable":true,"href":"https:\/\/letrame.com\/catalogo\/wp-json\/wp\/v2\/author_book\/75448"}],"wp:featuredmedia":[{"embeddable":true,"href":"https:\/\/letrame.com\/catalogo\/wp-json\/wp\/v2\/media\/96775"}],"wp:attachment":[{"href":"https:\/\/letrame.com\/catalogo\/wp-json\/wp\/v2\/media?parent=96774"}],"wp:term":[{"taxonomy":"libro","embeddable":true,"href":"https:\/\/letrame.com\/catalogo\/wp-json\/wp\/v2\/libro?post=96774"},{"taxonomy":"product_brand","embeddable":true,"href":"https:\/\/letrame.com\/catalogo\/wp-json\/wp\/v2\/product_brand?post=96774"},{"taxonomy":"product_cat","embeddable":true,"href":"https:\/\/letrame.com\/catalogo\/wp-json\/wp\/v2\/product_cat?post=96774"},{"taxonomy":"product_tag","embeddable":true,"href":"https:\/\/letrame.com\/catalogo\/wp-json\/wp\/v2\/product_tag?post=96774"}],"curies":[{"name":"wp","href":"https:\/\/api.w.org\/{rel}","templated":true}]}}