{"id":96764,"date":"2024-04-29T11:48:54","date_gmt":"2024-04-29T09:48:54","guid":{"rendered":"https:\/\/letrame.com\/catalogo\/producto\/preterito-imperfecto-libros-de-la-inquietud-i\/"},"modified":"2024-05-15T17:08:18","modified_gmt":"2024-05-15T15:08:18","slug":"preterito-imperfecto-libros-de-la-inquietud-i","status":"publish","type":"product","link":"https:\/\/letrame.com\/catalogo\/producto\/preterito-imperfecto-libros-de-la-inquietud-i\/","title":{"rendered":"Pret\u00e9rito Imperfecto (Libros de la Inquietud I)"},"content":{"rendered":"<p><b>ISBN<\/b><span style=\"font-weight: 400;\">: 978-8413864204<\/span><\/p>\n<p><b>T\u00edtulo<\/b><span style=\"font-weight: 400;\">: Pret\u00e9rito imperfecto<\/span><span style=\"font-weight: 400;\"><br \/>\n<\/span><b>Fecha<\/b><span style=\"font-weight: 400;\">: 2021<\/span><span style=\"font-weight: 400;\"><br \/>\n<\/span><b>P\u00e1ginas<\/b><span style=\"font-weight: 400;\">: 176<\/span><\/p>\n<p><b>SINOPSIS<\/b><\/p>\n<p>Desde historias de encuentros con fantasmas, pasando por la cara oculta del juego de la Ouija, t\u00faneles secretos, psic\u00f3patas acomplejados y funerarias ecol\u00f3gicas.<br \/>\nEscenas de realismo brutal, terrores adolescentes, familias que se descomponen y seres desvalidos cargados de humanidad que, invadidos por vac\u00edos existenciales, poco podr\u00e1n hacer frente a las situaciones de las que son protagonistas, ya que apenas tendr\u00e1n espacio para respirar y adaptarse a los fen\u00f3menos que les van sucediendo. Misterios inesperados, aventura, inquietud constante, ambientes turbios, profundidad psicol\u00f3gica y escenas impactantes que nos har\u00e1n mirar detr\u00e1s de nosotros y a nuestro lado, y c\u00f3mo no, rehuir los espejos y la estrechez de las esquinas\u2026<\/p>\n<p>Diez narraciones escritas de noche, tejidas con tramas complejas y absorbentes.<br \/>\nEl juego no acaba con cada relato, ya que al final, el lector decidir\u00e1 su propio parecido con cada uno de los personajes que protagonizan estos Libros Inquietantes, y la posibilidad de encontrar alternativas a cada una de las historias que descubriremos entre estas p\u00e1ginas.<\/p>\n","protected":false},"excerpt":{"rendered":"<p><strong>ISBN: 978-8413864204<\/strong><\/p>\n<p>Escenas de realismo brutal, terrores adolescentes, familias que se descomponen y seres desvalidos cargados de humanidad que, invadidos por vac\u00edos existenciales, poco podr\u00e1n hacer frente a las situaciones de las que son protagonistas, ya que apenas tendr\u00e1n espacio para respirar y adaptarse a los fen\u00f3menos que les van sucediendo.<\/p>\n<p>Misterios inesperados, aventura, inquietud constante, ambientes turbios, profundidad psicol\u00f3gica y escenas impactantes que nos har\u00e1n mirar detr\u00e1s de nosotros y a nuestro lado, y c\u00f3mo no, rehuir los espejos y la estrechez de las esquinas\u2026<\/p>\n","protected":false},"featured_media":100222,"comment_status":"closed","ping_status":"closed","template":"","meta":{"_acf_changed":false},"libro":[],"product_brand":[],"product_cat":[16],"product_tag":[],"class_list":{"0":"post-96764","1":"product","2":"type-product","3":"status-publish","4":"has-post-thumbnail","6":"product_cat-novela","8":"first","9":"instock","10":"purchasable","11":"product-type-simple"},"acf":{"autor":[76069],"enlace_de_compra":"https:\/\/www.amazon.es\/Pret%C3%A9rito-imperfecto-Libros-inquietantes-I\/dp\/841114206X\/ref=sr_1_1?__mk_es_ES=%C3%85M%C3%85%C5%BD%C3%95%C3%91&amp;keywords=Letrame+S.L.preterito&amp;qid=1636726055&amp;qsid=259-4054991-7065467&amp;sr=8-1&amp;sres=841114206X%2CB07BPK3B9Z%2C8413861543%2C8401024706%2C8417990011%2C8418090022%2C8413862051&amp;srpt=ABIS_BOOK"},"yoast_head":"<!-- This site is optimized with the Yoast SEO plugin v27.4 - https:\/\/yoast.com\/product\/yoast-seo-wordpress\/ -->\n<title>Pret\u00e9rito Imperfecto (Libros de la Inquietud I) - Catalogo | Letrame Grupo Editorial<\/title>\n<meta name=\"robots\" content=\"index, follow, max-snippet:-1, max-image-preview:large, max-video-preview:-1\" \/>\n<link rel=\"canonical\" href=\"https:\/\/letrame.com\/catalogo\/producto\/preterito-imperfecto-libros-de-la-inquietud-i\/\" \/>\n<meta property=\"og:locale\" content=\"es_ES\" \/>\n<meta property=\"og:type\" content=\"article\" \/>\n<meta property=\"og:title\" content=\"Pret\u00e9rito Imperfecto (Libros de la Inquietud I) - Catalogo | Letrame Grupo Editorial\" \/>\n<meta property=\"og:description\" content=\"ISBN: 978-8413864204  Escenas de realismo brutal, terrores adolescentes, familias que se descomponen y seres desvalidos cargados de humanidad que, invadidos por vac\u00edos existenciales, poco podr\u00e1n hacer frente a las situaciones de las que son protagonistas, ya que apenas tendr\u00e1n espacio para respirar y adaptarse a los fen\u00f3menos que les van sucediendo.  Misterios inesperados, aventura, inquietud constante, ambientes turbios, profundidad psicol\u00f3gica y escenas impactantes que nos har\u00e1n mirar detr\u00e1s de nosotros y a nuestro lado, y c\u00f3mo no, rehuir los espejos y la estrechez de las esquinas\u2026\" \/>\n<meta property=\"og:url\" content=\"https:\/\/letrame.com\/catalogo\/producto\/preterito-imperfecto-libros-de-la-inquietud-i\/\" \/>\n<meta property=\"og:site_name\" content=\"Catalogo | Letrame Grupo Editorial\" \/>\n<meta property=\"article:modified_time\" content=\"2024-05-15T15:08:18+00:00\" \/>\n<meta property=\"og:image\" content=\"https:\/\/letrame.com\/catalogo\/wp-content\/uploads\/2024\/04\/portada-preteritoimperfecto_922mm-1-compressed-scaled-1.webp\" \/>\n\t<meta property=\"og:image:width\" content=\"1746\" \/>\n\t<meta property=\"og:image:height\" content=\"2560\" \/>\n\t<meta property=\"og:image:type\" content=\"image\/webp\" \/>\n<meta name=\"twitter:card\" content=\"summary_large_image\" \/>\n<meta name=\"twitter:label1\" content=\"Tiempo de lectura\" \/>\n\t<meta name=\"twitter:data1\" content=\"1 minuto\" \/>\n<script type=\"application\/ld+json\" class=\"yoast-schema-graph\">{\"@context\":\"https:\\\/\\\/schema.org\",\"@graph\":[{\"@type\":\"WebPage\",\"@id\":\"https:\\\/\\\/letrame.com\\\/catalogo\\\/producto\\\/preterito-imperfecto-libros-de-la-inquietud-i\\\/\",\"url\":\"https:\\\/\\\/letrame.com\\\/catalogo\\\/producto\\\/preterito-imperfecto-libros-de-la-inquietud-i\\\/\",\"name\":\"Pret\u00e9rito Imperfecto (Libros de la Inquietud I) - Catalogo | Letrame Grupo Editorial\",\"isPartOf\":{\"@id\":\"https:\\\/\\\/letrame.com\\\/catalogo\\\/#website\"},\"primaryImageOfPage\":{\"@id\":\"https:\\\/\\\/letrame.com\\\/catalogo\\\/producto\\\/preterito-imperfecto-libros-de-la-inquietud-i\\\/#primaryimage\"},\"image\":{\"@id\":\"https:\\\/\\\/letrame.com\\\/catalogo\\\/producto\\\/preterito-imperfecto-libros-de-la-inquietud-i\\\/#primaryimage\"},\"thumbnailUrl\":\"https:\\\/\\\/letrame.com\\\/catalogo\\\/wp-content\\\/uploads\\\/2024\\\/04\\\/portada-preteritoimperfecto_922mm-1-compressed-scaled-1.webp\",\"datePublished\":\"2024-04-29T09:48:54+00:00\",\"dateModified\":\"2024-05-15T15:08:18+00:00\",\"breadcrumb\":{\"@id\":\"https:\\\/\\\/letrame.com\\\/catalogo\\\/producto\\\/preterito-imperfecto-libros-de-la-inquietud-i\\\/#breadcrumb\"},\"inLanguage\":\"es\",\"potentialAction\":[{\"@type\":\"ReadAction\",\"target\":[\"https:\\\/\\\/letrame.com\\\/catalogo\\\/producto\\\/preterito-imperfecto-libros-de-la-inquietud-i\\\/\"]}]},{\"@type\":\"ImageObject\",\"inLanguage\":\"es\",\"@id\":\"https:\\\/\\\/letrame.com\\\/catalogo\\\/producto\\\/preterito-imperfecto-libros-de-la-inquietud-i\\\/#primaryimage\",\"url\":\"https:\\\/\\\/letrame.com\\\/catalogo\\\/wp-content\\\/uploads\\\/2024\\\/04\\\/portada-preteritoimperfecto_922mm-1-compressed-scaled-1.webp\",\"contentUrl\":\"https:\\\/\\\/letrame.com\\\/catalogo\\\/wp-content\\\/uploads\\\/2024\\\/04\\\/portada-preteritoimperfecto_922mm-1-compressed-scaled-1.webp\",\"width\":1746,\"height\":2560},{\"@type\":\"BreadcrumbList\",\"@id\":\"https:\\\/\\\/letrame.com\\\/catalogo\\\/producto\\\/preterito-imperfecto-libros-de-la-inquietud-i\\\/#breadcrumb\",\"itemListElement\":[{\"@type\":\"ListItem\",\"position\":1,\"name\":\"Portada\",\"item\":\"https:\\\/\\\/letrame.com\\\/catalogo\\\/\"},{\"@type\":\"ListItem\",\"position\":2,\"name\":\"Cat\u00e1logo\",\"item\":\"https:\\\/\\\/letrame.com\\\/catalogo\\\/\"},{\"@type\":\"ListItem\",\"position\":3,\"name\":\"Pret\u00e9rito Imperfecto (Libros de la Inquietud I)\"}]},{\"@type\":\"WebSite\",\"@id\":\"https:\\\/\\\/letrame.com\\\/catalogo\\\/#website\",\"url\":\"https:\\\/\\\/letrame.com\\\/catalogo\\\/\",\"name\":\"Catalogo | Letrame Grupo Editorial\",\"description\":\"\",\"publisher\":{\"@id\":\"https:\\\/\\\/letrame.com\\\/catalogo\\\/#organization\"},\"potentialAction\":[{\"@type\":\"SearchAction\",\"target\":{\"@type\":\"EntryPoint\",\"urlTemplate\":\"https:\\\/\\\/letrame.com\\\/catalogo\\\/?s={search_term_string}\"},\"query-input\":{\"@type\":\"PropertyValueSpecification\",\"valueRequired\":true,\"valueName\":\"search_term_string\"}}],\"inLanguage\":\"es\"},{\"@type\":\"Organization\",\"@id\":\"https:\\\/\\\/letrame.com\\\/catalogo\\\/#organization\",\"name\":\"Catalogo | Letrame Grupo Editorial\",\"url\":\"https:\\\/\\\/letrame.com\\\/catalogo\\\/\",\"logo\":{\"@type\":\"ImageObject\",\"inLanguage\":\"es\",\"@id\":\"https:\\\/\\\/letrame.com\\\/catalogo\\\/#\\\/schema\\\/logo\\\/image\\\/\",\"url\":\"https:\\\/\\\/letrame.com\\\/catalogo\\\/wp-content\\\/uploads\\\/2024\\\/03\\\/logo2.webp\",\"contentUrl\":\"https:\\\/\\\/letrame.com\\\/catalogo\\\/wp-content\\\/uploads\\\/2024\\\/03\\\/logo2.webp\",\"width\":394,\"height\":128,\"caption\":\"Catalogo | Letrame Grupo Editorial\"},\"image\":{\"@id\":\"https:\\\/\\\/letrame.com\\\/catalogo\\\/#\\\/schema\\\/logo\\\/image\\\/\"}}]}<\/script>\n<!-- \/ Yoast SEO plugin. -->","yoast_head_json":{"title":"Pret\u00e9rito Imperfecto (Libros de la Inquietud I) - Catalogo | Letrame Grupo Editorial","robots":{"index":"index","follow":"follow","max-snippet":"max-snippet:-1","max-image-preview":"max-image-preview:large","max-video-preview":"max-video-preview:-1"},"canonical":"https:\/\/letrame.com\/catalogo\/producto\/preterito-imperfecto-libros-de-la-inquietud-i\/","og_locale":"es_ES","og_type":"article","og_title":"Pret\u00e9rito Imperfecto (Libros de la Inquietud I) - Catalogo | Letrame Grupo Editorial","og_description":"ISBN: 978-8413864204  Escenas de realismo brutal, terrores adolescentes, familias que se descomponen y seres desvalidos cargados de humanidad que, invadidos por vac\u00edos existenciales, poco podr\u00e1n hacer frente a las situaciones de las que son protagonistas, ya que apenas tendr\u00e1n espacio para respirar y adaptarse a los fen\u00f3menos que les van sucediendo.  Misterios inesperados, aventura, inquietud constante, ambientes turbios, profundidad psicol\u00f3gica y escenas impactantes que nos har\u00e1n mirar detr\u00e1s de nosotros y a nuestro lado, y c\u00f3mo no, rehuir los espejos y la estrechez de las esquinas\u2026","og_url":"https:\/\/letrame.com\/catalogo\/producto\/preterito-imperfecto-libros-de-la-inquietud-i\/","og_site_name":"Catalogo | Letrame Grupo Editorial","article_modified_time":"2024-05-15T15:08:18+00:00","og_image":[{"width":1746,"height":2560,"url":"https:\/\/letrame.com\/catalogo\/wp-content\/uploads\/2024\/04\/portada-preteritoimperfecto_922mm-1-compressed-scaled-1.webp","type":"image\/webp"}],"twitter_card":"summary_large_image","twitter_misc":{"Tiempo de lectura":"1 minuto"},"schema":{"@context":"https:\/\/schema.org","@graph":[{"@type":"WebPage","@id":"https:\/\/letrame.com\/catalogo\/producto\/preterito-imperfecto-libros-de-la-inquietud-i\/","url":"https:\/\/letrame.com\/catalogo\/producto\/preterito-imperfecto-libros-de-la-inquietud-i\/","name":"Pret\u00e9rito Imperfecto (Libros de la Inquietud I) - Catalogo | Letrame Grupo Editorial","isPartOf":{"@id":"https:\/\/letrame.com\/catalogo\/#website"},"primaryImageOfPage":{"@id":"https:\/\/letrame.com\/catalogo\/producto\/preterito-imperfecto-libros-de-la-inquietud-i\/#primaryimage"},"image":{"@id":"https:\/\/letrame.com\/catalogo\/producto\/preterito-imperfecto-libros-de-la-inquietud-i\/#primaryimage"},"thumbnailUrl":"https:\/\/letrame.com\/catalogo\/wp-content\/uploads\/2024\/04\/portada-preteritoimperfecto_922mm-1-compressed-scaled-1.webp","datePublished":"2024-04-29T09:48:54+00:00","dateModified":"2024-05-15T15:08:18+00:00","breadcrumb":{"@id":"https:\/\/letrame.com\/catalogo\/producto\/preterito-imperfecto-libros-de-la-inquietud-i\/#breadcrumb"},"inLanguage":"es","potentialAction":[{"@type":"ReadAction","target":["https:\/\/letrame.com\/catalogo\/producto\/preterito-imperfecto-libros-de-la-inquietud-i\/"]}]},{"@type":"ImageObject","inLanguage":"es","@id":"https:\/\/letrame.com\/catalogo\/producto\/preterito-imperfecto-libros-de-la-inquietud-i\/#primaryimage","url":"https:\/\/letrame.com\/catalogo\/wp-content\/uploads\/2024\/04\/portada-preteritoimperfecto_922mm-1-compressed-scaled-1.webp","contentUrl":"https:\/\/letrame.com\/catalogo\/wp-content\/uploads\/2024\/04\/portada-preteritoimperfecto_922mm-1-compressed-scaled-1.webp","width":1746,"height":2560},{"@type":"BreadcrumbList","@id":"https:\/\/letrame.com\/catalogo\/producto\/preterito-imperfecto-libros-de-la-inquietud-i\/#breadcrumb","itemListElement":[{"@type":"ListItem","position":1,"name":"Portada","item":"https:\/\/letrame.com\/catalogo\/"},{"@type":"ListItem","position":2,"name":"Cat\u00e1logo","item":"https:\/\/letrame.com\/catalogo\/"},{"@type":"ListItem","position":3,"name":"Pret\u00e9rito Imperfecto (Libros de la Inquietud I)"}]},{"@type":"WebSite","@id":"https:\/\/letrame.com\/catalogo\/#website","url":"https:\/\/letrame.com\/catalogo\/","name":"Catalogo | Letrame Grupo Editorial","description":"","publisher":{"@id":"https:\/\/letrame.com\/catalogo\/#organization"},"potentialAction":[{"@type":"SearchAction","target":{"@type":"EntryPoint","urlTemplate":"https:\/\/letrame.com\/catalogo\/?s={search_term_string}"},"query-input":{"@type":"PropertyValueSpecification","valueRequired":true,"valueName":"search_term_string"}}],"inLanguage":"es"},{"@type":"Organization","@id":"https:\/\/letrame.com\/catalogo\/#organization","name":"Catalogo | Letrame Grupo Editorial","url":"https:\/\/letrame.com\/catalogo\/","logo":{"@type":"ImageObject","inLanguage":"es","@id":"https:\/\/letrame.com\/catalogo\/#\/schema\/logo\/image\/","url":"https:\/\/letrame.com\/catalogo\/wp-content\/uploads\/2024\/03\/logo2.webp","contentUrl":"https:\/\/letrame.com\/catalogo\/wp-content\/uploads\/2024\/03\/logo2.webp","width":394,"height":128,"caption":"Catalogo | Letrame Grupo Editorial"},"image":{"@id":"https:\/\/letrame.com\/catalogo\/#\/schema\/logo\/image\/"}}]}},"_links":{"self":[{"href":"https:\/\/letrame.com\/catalogo\/wp-json\/wp\/v2\/product\/96764","targetHints":{"allow":["GET"]}}],"collection":[{"href":"https:\/\/letrame.com\/catalogo\/wp-json\/wp\/v2\/product"}],"about":[{"href":"https:\/\/letrame.com\/catalogo\/wp-json\/wp\/v2\/types\/product"}],"replies":[{"embeddable":true,"href":"https:\/\/letrame.com\/catalogo\/wp-json\/wp\/v2\/comments?post=96764"}],"acf:post":[{"embeddable":true,"href":"https:\/\/letrame.com\/catalogo\/wp-json\/wp\/v2\/author_book\/76069"}],"wp:featuredmedia":[{"embeddable":true,"href":"https:\/\/letrame.com\/catalogo\/wp-json\/wp\/v2\/media\/100222"}],"wp:attachment":[{"href":"https:\/\/letrame.com\/catalogo\/wp-json\/wp\/v2\/media?parent=96764"}],"wp:term":[{"taxonomy":"libro","embeddable":true,"href":"https:\/\/letrame.com\/catalogo\/wp-json\/wp\/v2\/libro?post=96764"},{"taxonomy":"product_brand","embeddable":true,"href":"https:\/\/letrame.com\/catalogo\/wp-json\/wp\/v2\/product_brand?post=96764"},{"taxonomy":"product_cat","embeddable":true,"href":"https:\/\/letrame.com\/catalogo\/wp-json\/wp\/v2\/product_cat?post=96764"},{"taxonomy":"product_tag","embeddable":true,"href":"https:\/\/letrame.com\/catalogo\/wp-json\/wp\/v2\/product_tag?post=96764"}],"curies":[{"name":"wp","href":"https:\/\/api.w.org\/{rel}","templated":true}]}}