{"id":96734,"date":"2024-04-29T11:42:22","date_gmt":"2024-04-29T09:42:22","guid":{"rendered":"https:\/\/letrame.com\/catalogo\/producto\/escribiendo-aviles\/"},"modified":"2024-05-15T17:09:10","modified_gmt":"2024-05-15T15:09:10","slug":"escribiendo-aviles","status":"publish","type":"product","link":"https:\/\/letrame.com\/catalogo\/producto\/escribiendo-aviles\/","title":{"rendered":"Escribiendo avil\u00e9s"},"content":{"rendered":"<div class=\"page\" title=\"Page 6\">\n<div class=\"layoutArea\">\n<div class=\"column\">\n<p><strong>ISBN<\/strong>: 978-84-1386-509-6<\/p>\n<\/div>\n<\/div>\n<\/div>\n<p><b>T\u00edtulo<\/b><span style=\"font-weight: 400;\">: Escribiendo avil\u00e9s <\/span><span style=\"font-weight: 400;\"><br \/>\n<\/span><b>Fecha<\/b><span style=\"font-weight: 400;\">: 2021<\/span><span style=\"font-weight: 400;\"><br \/>\n<\/span><b>P\u00e1ginas<\/b><span style=\"font-weight: 400;\">: 144<\/span><\/p>\n<p><b>SINOPSIS<\/b><\/p>\n<p>La villa de Avil\u00e9s bajo el prisma de nueve miradas, nueve miradas tan distintas como iguales. Nos adentramos en nuestra villa desde las cercan\u00edas de San Juan, de Laviana, con esa doble mirada que une el campo y la ciudad industrial. Caminamos a la vera del r\u00edo La Magdalena, vamos conociendo la historia avilesina, Las Campanas, la formaci\u00f3n de ese paisaje industrial, bailamos y cantamos por toda nuestra villa alrededor de sus carnavales, retrocedemos en el tiempo para conocer a Eugenia, esa belleza nada monstrua. Seguimos caminando por las calles de Avil\u00e9s, desde el barrio pescador de Sabugo, pasando por el\u00a0 parque del Muelle, subimos Galiana entre ese olor nost\u00e1lgico de villa marinera y acabamos nuestro viaje en el cementerio de La Carriona, lugar\u00a0 en el que todos iremos a enterrar nuestros recuerdos, nuestras vidas.<\/p>\n<p>Una recopilaci\u00f3n de los relatos de nueve participantes en el I Taller de Escritura Creativa de la Asociaci\u00f3n de Vecinos La Luz &#8211; Avil\u00e9s. Escritores y escritoras no profesionales a los que une un objetivo com\u00fan: contar historias con m\u00e1s o menos carga autobiogr\u00e1fica en las cuales la villa asturiana de Avil\u00e9s tiene gran protagonismo. Una gran labor y un gran trabajo creativo es el resultado de esta experiencia fant\u00e1stica realizada en el emblem\u00e1tico, y casi sexagenario, barrio avilesino de La Luz.<\/p>\n","protected":false},"excerpt":{"rendered":"<div class=\"page\" title=\"Page 6\">\n<div class=\"layoutArea\">\n<div class=\"column\">\n<p><strong>ISBN: 978-84-1386-509-6<\/strong><\/p>\n<\/div>\n<\/div>\n<\/div>\n<p>La villa de Avil\u00e9s bajo el prisma de nueve miradas, nueve miradas tan distintas como iguales. Nos adentramos en nuestra villa desde las cercan\u00edas de San Juan, de Laviana, con esa doble mirada que une el campo y la ciudad industrial.<\/p>\n<p>Caminamos a la vera del r\u00edo La Magdalena, vamos conociendo la historia avilesina, Las Campanas, la formaci\u00f3n de ese paisaje industrial, bailamos y cantamos por toda nuestra villa alrededor de sus carnavales, retrocedemos en el tiempo para conocer a Eugenia, esa belleza nada monstrua.<\/p>\n<p>Seguimos caminando por las calles de Avil\u00e9s, desde el barrio pescador de Sabugo, pasando por el\u00a0 parque del Muelle, subimos Galiana entre ese olor nost\u00e1lgico de villa marinera y acabamos nuestro viaje en el cementerio de La Carriona, lugar\u00a0 en el que todos iremos a enterrar nuestros recuerdos, nuestras vidas.<\/p>\n","protected":false},"featured_media":100228,"comment_status":"closed","ping_status":"closed","template":"","meta":{"_acf_changed":false},"libro":[],"product_brand":[],"product_cat":[21],"product_tag":[],"class_list":{"0":"post-96734","1":"product","2":"type-product","3":"status-publish","4":"has-post-thumbnail","6":"product_cat-relato","8":"first","9":"instock","10":"purchasable","11":"product-type-simple"},"acf":{"autor":[75402],"enlace_de_compra":"https:\/\/www.amazon.es\/Escribiendo-Avil%C3%A9s-Informaci%C3%B3n-Badenes-Literarios\/dp\/8413865093\/ref=sr_1_1?__mk_es_ES=%C3%85M%C3%85%C5%BD%C3%95%C3%91&amp;dchild=1&amp;keywords=Letrame+S.L.Escribiendo+Avil%C3%A9s&amp;qid=1624351822&amp;sr=8-1"},"yoast_head":"<!-- This site is optimized with the Yoast SEO plugin v26.6 - https:\/\/yoast.com\/wordpress\/plugins\/seo\/ -->\n<title>Escribiendo avil\u00e9s - Catalogo | Letrame Grupo Editorial<\/title>\n<meta name=\"robots\" content=\"index, follow, max-snippet:-1, max-image-preview:large, max-video-preview:-1\" \/>\n<link rel=\"canonical\" href=\"https:\/\/letrame.com\/catalogo\/producto\/escribiendo-aviles\/\" \/>\n<meta property=\"og:locale\" content=\"es_ES\" \/>\n<meta property=\"og:type\" content=\"article\" \/>\n<meta property=\"og:title\" content=\"Escribiendo avil\u00e9s - Catalogo | Letrame Grupo Editorial\" \/>\n<meta property=\"og:description\" content=\"ISBN: 978-84-1386-509-6     La villa de Avil\u00e9s bajo el prisma de nueve miradas, nueve miradas tan distintas como iguales. Nos adentramos en nuestra villa desde las cercan\u00edas de San Juan, de Laviana, con esa doble mirada que une el campo y la ciudad industrial.  Caminamos a la vera del r\u00edo La Magdalena, vamos conociendo la historia avilesina, Las Campanas, la formaci\u00f3n de ese paisaje industrial, bailamos y cantamos por toda nuestra villa alrededor de sus carnavales, retrocedemos en el tiempo para conocer a Eugenia, esa belleza nada monstrua.  Seguimos caminando por las calles de Avil\u00e9s, desde el barrio pescador de Sabugo, pasando por el\u00a0 parque del Muelle, subimos Galiana entre ese olor nost\u00e1lgico de villa marinera y acabamos nuestro viaje en el cementerio de La Carriona, lugar\u00a0 en el que todos iremos a enterrar nuestros recuerdos, nuestras vidas.\" \/>\n<meta property=\"og:url\" content=\"https:\/\/letrame.com\/catalogo\/producto\/escribiendo-aviles\/\" \/>\n<meta property=\"og:site_name\" content=\"Catalogo | Letrame Grupo Editorial\" \/>\n<meta property=\"article:modified_time\" content=\"2024-05-15T15:09:10+00:00\" \/>\n<meta property=\"og:image\" content=\"https:\/\/letrame.com\/catalogo\/wp-content\/uploads\/2024\/04\/ESCRIBIENDO-AVILES-scaled-1.webp\" \/>\n\t<meta property=\"og:image:width\" content=\"1746\" \/>\n\t<meta property=\"og:image:height\" content=\"2560\" \/>\n\t<meta property=\"og:image:type\" content=\"image\/webp\" \/>\n<meta name=\"twitter:card\" content=\"summary_large_image\" \/>\n<meta name=\"twitter:label1\" content=\"Tiempo de lectura\" \/>\n\t<meta name=\"twitter:data1\" content=\"2 minutos\" \/>\n<script type=\"application\/ld+json\" class=\"yoast-schema-graph\">{\"@context\":\"https:\/\/schema.org\",\"@graph\":[{\"@type\":\"WebPage\",\"@id\":\"https:\/\/letrame.com\/catalogo\/producto\/escribiendo-aviles\/\",\"url\":\"https:\/\/letrame.com\/catalogo\/producto\/escribiendo-aviles\/\",\"name\":\"Escribiendo avil\u00e9s - Catalogo | Letrame Grupo Editorial\",\"isPartOf\":{\"@id\":\"https:\/\/letrame.com\/catalogo\/#website\"},\"primaryImageOfPage\":{\"@id\":\"https:\/\/letrame.com\/catalogo\/producto\/escribiendo-aviles\/#primaryimage\"},\"image\":{\"@id\":\"https:\/\/letrame.com\/catalogo\/producto\/escribiendo-aviles\/#primaryimage\"},\"thumbnailUrl\":\"https:\/\/letrame.com\/catalogo\/wp-content\/uploads\/2024\/04\/ESCRIBIENDO-AVILES-scaled-1.webp\",\"datePublished\":\"2024-04-29T09:42:22+00:00\",\"dateModified\":\"2024-05-15T15:09:10+00:00\",\"breadcrumb\":{\"@id\":\"https:\/\/letrame.com\/catalogo\/producto\/escribiendo-aviles\/#breadcrumb\"},\"inLanguage\":\"es\",\"potentialAction\":[{\"@type\":\"ReadAction\",\"target\":[\"https:\/\/letrame.com\/catalogo\/producto\/escribiendo-aviles\/\"]}]},{\"@type\":\"ImageObject\",\"inLanguage\":\"es\",\"@id\":\"https:\/\/letrame.com\/catalogo\/producto\/escribiendo-aviles\/#primaryimage\",\"url\":\"https:\/\/letrame.com\/catalogo\/wp-content\/uploads\/2024\/04\/ESCRIBIENDO-AVILES-scaled-1.webp\",\"contentUrl\":\"https:\/\/letrame.com\/catalogo\/wp-content\/uploads\/2024\/04\/ESCRIBIENDO-AVILES-scaled-1.webp\",\"width\":1746,\"height\":2560},{\"@type\":\"BreadcrumbList\",\"@id\":\"https:\/\/letrame.com\/catalogo\/producto\/escribiendo-aviles\/#breadcrumb\",\"itemListElement\":[{\"@type\":\"ListItem\",\"position\":1,\"name\":\"Portada\",\"item\":\"https:\/\/letrame.com\/catalogo\/\"},{\"@type\":\"ListItem\",\"position\":2,\"name\":\"Cat\u00e1logo\",\"item\":\"https:\/\/letrame.com\/catalogo\/\"},{\"@type\":\"ListItem\",\"position\":3,\"name\":\"Escribiendo avil\u00e9s\"}]},{\"@type\":\"WebSite\",\"@id\":\"https:\/\/letrame.com\/catalogo\/#website\",\"url\":\"https:\/\/letrame.com\/catalogo\/\",\"name\":\"Catalogo | Letrame Grupo Editorial\",\"description\":\"\",\"publisher\":{\"@id\":\"https:\/\/letrame.com\/catalogo\/#organization\"},\"potentialAction\":[{\"@type\":\"SearchAction\",\"target\":{\"@type\":\"EntryPoint\",\"urlTemplate\":\"https:\/\/letrame.com\/catalogo\/?s={search_term_string}\"},\"query-input\":{\"@type\":\"PropertyValueSpecification\",\"valueRequired\":true,\"valueName\":\"search_term_string\"}}],\"inLanguage\":\"es\"},{\"@type\":\"Organization\",\"@id\":\"https:\/\/letrame.com\/catalogo\/#organization\",\"name\":\"Catalogo | Letrame Grupo Editorial\",\"url\":\"https:\/\/letrame.com\/catalogo\/\",\"logo\":{\"@type\":\"ImageObject\",\"inLanguage\":\"es\",\"@id\":\"https:\/\/letrame.com\/catalogo\/#\/schema\/logo\/image\/\",\"url\":\"https:\/\/letrame.com\/catalogo\/wp-content\/uploads\/2024\/03\/logo2.webp\",\"contentUrl\":\"https:\/\/letrame.com\/catalogo\/wp-content\/uploads\/2024\/03\/logo2.webp\",\"width\":394,\"height\":128,\"caption\":\"Catalogo | Letrame Grupo Editorial\"},\"image\":{\"@id\":\"https:\/\/letrame.com\/catalogo\/#\/schema\/logo\/image\/\"}}]}<\/script>\n<!-- \/ Yoast SEO plugin. -->","yoast_head_json":{"title":"Escribiendo avil\u00e9s - Catalogo | Letrame Grupo Editorial","robots":{"index":"index","follow":"follow","max-snippet":"max-snippet:-1","max-image-preview":"max-image-preview:large","max-video-preview":"max-video-preview:-1"},"canonical":"https:\/\/letrame.com\/catalogo\/producto\/escribiendo-aviles\/","og_locale":"es_ES","og_type":"article","og_title":"Escribiendo avil\u00e9s - Catalogo | Letrame Grupo Editorial","og_description":"ISBN: 978-84-1386-509-6     La villa de Avil\u00e9s bajo el prisma de nueve miradas, nueve miradas tan distintas como iguales. Nos adentramos en nuestra villa desde las cercan\u00edas de San Juan, de Laviana, con esa doble mirada que une el campo y la ciudad industrial.  Caminamos a la vera del r\u00edo La Magdalena, vamos conociendo la historia avilesina, Las Campanas, la formaci\u00f3n de ese paisaje industrial, bailamos y cantamos por toda nuestra villa alrededor de sus carnavales, retrocedemos en el tiempo para conocer a Eugenia, esa belleza nada monstrua.  Seguimos caminando por las calles de Avil\u00e9s, desde el barrio pescador de Sabugo, pasando por el\u00a0 parque del Muelle, subimos Galiana entre ese olor nost\u00e1lgico de villa marinera y acabamos nuestro viaje en el cementerio de La Carriona, lugar\u00a0 en el que todos iremos a enterrar nuestros recuerdos, nuestras vidas.","og_url":"https:\/\/letrame.com\/catalogo\/producto\/escribiendo-aviles\/","og_site_name":"Catalogo | Letrame Grupo Editorial","article_modified_time":"2024-05-15T15:09:10+00:00","og_image":[{"width":1746,"height":2560,"url":"https:\/\/letrame.com\/catalogo\/wp-content\/uploads\/2024\/04\/ESCRIBIENDO-AVILES-scaled-1.webp","type":"image\/webp"}],"twitter_card":"summary_large_image","twitter_misc":{"Tiempo de lectura":"2 minutos"},"schema":{"@context":"https:\/\/schema.org","@graph":[{"@type":"WebPage","@id":"https:\/\/letrame.com\/catalogo\/producto\/escribiendo-aviles\/","url":"https:\/\/letrame.com\/catalogo\/producto\/escribiendo-aviles\/","name":"Escribiendo avil\u00e9s - Catalogo | Letrame Grupo Editorial","isPartOf":{"@id":"https:\/\/letrame.com\/catalogo\/#website"},"primaryImageOfPage":{"@id":"https:\/\/letrame.com\/catalogo\/producto\/escribiendo-aviles\/#primaryimage"},"image":{"@id":"https:\/\/letrame.com\/catalogo\/producto\/escribiendo-aviles\/#primaryimage"},"thumbnailUrl":"https:\/\/letrame.com\/catalogo\/wp-content\/uploads\/2024\/04\/ESCRIBIENDO-AVILES-scaled-1.webp","datePublished":"2024-04-29T09:42:22+00:00","dateModified":"2024-05-15T15:09:10+00:00","breadcrumb":{"@id":"https:\/\/letrame.com\/catalogo\/producto\/escribiendo-aviles\/#breadcrumb"},"inLanguage":"es","potentialAction":[{"@type":"ReadAction","target":["https:\/\/letrame.com\/catalogo\/producto\/escribiendo-aviles\/"]}]},{"@type":"ImageObject","inLanguage":"es","@id":"https:\/\/letrame.com\/catalogo\/producto\/escribiendo-aviles\/#primaryimage","url":"https:\/\/letrame.com\/catalogo\/wp-content\/uploads\/2024\/04\/ESCRIBIENDO-AVILES-scaled-1.webp","contentUrl":"https:\/\/letrame.com\/catalogo\/wp-content\/uploads\/2024\/04\/ESCRIBIENDO-AVILES-scaled-1.webp","width":1746,"height":2560},{"@type":"BreadcrumbList","@id":"https:\/\/letrame.com\/catalogo\/producto\/escribiendo-aviles\/#breadcrumb","itemListElement":[{"@type":"ListItem","position":1,"name":"Portada","item":"https:\/\/letrame.com\/catalogo\/"},{"@type":"ListItem","position":2,"name":"Cat\u00e1logo","item":"https:\/\/letrame.com\/catalogo\/"},{"@type":"ListItem","position":3,"name":"Escribiendo avil\u00e9s"}]},{"@type":"WebSite","@id":"https:\/\/letrame.com\/catalogo\/#website","url":"https:\/\/letrame.com\/catalogo\/","name":"Catalogo | Letrame Grupo Editorial","description":"","publisher":{"@id":"https:\/\/letrame.com\/catalogo\/#organization"},"potentialAction":[{"@type":"SearchAction","target":{"@type":"EntryPoint","urlTemplate":"https:\/\/letrame.com\/catalogo\/?s={search_term_string}"},"query-input":{"@type":"PropertyValueSpecification","valueRequired":true,"valueName":"search_term_string"}}],"inLanguage":"es"},{"@type":"Organization","@id":"https:\/\/letrame.com\/catalogo\/#organization","name":"Catalogo | Letrame Grupo Editorial","url":"https:\/\/letrame.com\/catalogo\/","logo":{"@type":"ImageObject","inLanguage":"es","@id":"https:\/\/letrame.com\/catalogo\/#\/schema\/logo\/image\/","url":"https:\/\/letrame.com\/catalogo\/wp-content\/uploads\/2024\/03\/logo2.webp","contentUrl":"https:\/\/letrame.com\/catalogo\/wp-content\/uploads\/2024\/03\/logo2.webp","width":394,"height":128,"caption":"Catalogo | Letrame Grupo Editorial"},"image":{"@id":"https:\/\/letrame.com\/catalogo\/#\/schema\/logo\/image\/"}}]}},"_links":{"self":[{"href":"https:\/\/letrame.com\/catalogo\/wp-json\/wp\/v2\/product\/96734","targetHints":{"allow":["GET"]}}],"collection":[{"href":"https:\/\/letrame.com\/catalogo\/wp-json\/wp\/v2\/product"}],"about":[{"href":"https:\/\/letrame.com\/catalogo\/wp-json\/wp\/v2\/types\/product"}],"replies":[{"embeddable":true,"href":"https:\/\/letrame.com\/catalogo\/wp-json\/wp\/v2\/comments?post=96734"}],"acf:post":[{"embeddable":true,"href":"https:\/\/letrame.com\/catalogo\/wp-json\/wp\/v2\/author_book\/75402"}],"wp:featuredmedia":[{"embeddable":true,"href":"https:\/\/letrame.com\/catalogo\/wp-json\/wp\/v2\/media\/100228"}],"wp:attachment":[{"href":"https:\/\/letrame.com\/catalogo\/wp-json\/wp\/v2\/media?parent=96734"}],"wp:term":[{"taxonomy":"libro","embeddable":true,"href":"https:\/\/letrame.com\/catalogo\/wp-json\/wp\/v2\/libro?post=96734"},{"taxonomy":"product_brand","embeddable":true,"href":"https:\/\/letrame.com\/catalogo\/wp-json\/wp\/v2\/product_brand?post=96734"},{"taxonomy":"product_cat","embeddable":true,"href":"https:\/\/letrame.com\/catalogo\/wp-json\/wp\/v2\/product_cat?post=96734"},{"taxonomy":"product_tag","embeddable":true,"href":"https:\/\/letrame.com\/catalogo\/wp-json\/wp\/v2\/product_tag?post=96734"}],"curies":[{"name":"wp","href":"https:\/\/api.w.org\/{rel}","templated":true}]}}