{"id":96643,"date":"2024-04-29T11:18:53","date_gmt":"2024-04-29T09:18:53","guid":{"rendered":"https:\/\/letrame.com\/catalogo\/producto\/un-viaje-al-corazon\/"},"modified":"2024-05-15T17:13:27","modified_gmt":"2024-05-15T15:13:27","slug":"un-viaje-al-corazon","status":"publish","type":"product","link":"https:\/\/letrame.com\/catalogo\/producto\/un-viaje-al-corazon\/","title":{"rendered":"Un viaje al coraz\u00f3n"},"content":{"rendered":"<div class=\"page\" title=\"Page 6\">\n<div class=\"layoutArea\">\n<div class=\"column\">\n<p><strong>ISBN<\/strong>: 978-84-1386-174-6<\/p>\n<\/div>\n<\/div>\n<\/div>\n<p><b>T\u00edtulo<\/b><span style=\"font-weight: 400;\">: Un viaje al coraz\u00f3n<\/span><span style=\"font-weight: 400;\"><br \/>\n<\/span><b>Fecha<\/b><span style=\"font-weight: 400;\">: 2021<\/span><span style=\"font-weight: 400;\"><br \/>\n<\/span><b>P\u00e1ginas<\/b><span style=\"font-weight: 400;\">: 300<\/span><\/p>\n<p><b>SINOPSIS<\/b><\/p>\n<p>&nbsp;<\/p>\n<p>La vida, al igual que las olas que danzan en el mar, nos recuerda que todo se mueve, que todo va y vuelve en un baile con el universo.<\/p>\n<p>En ese remolino y en la intensidad de su propio camino, Sami nos deleita con sus aprendizajes y ense\u00f1anzas, tales como la comprensi\u00f3n profunda y a la vez sencilla del universo.<\/p>\n<p>Nuestra joven escritora, tras una vida muy intensa, que es motivo de inspiraci\u00f3n para todos, nos da la oportunidad de descubrir c\u00f3mo a trav\u00e9s de Libertad Cu\u00e1ntica transform\u00f3 al completo su realidad.<\/p>\n<p>En este libro nos cuenta de manera sencilla c\u00f3mo funciona Libertad Cu\u00e1ntica, herramienta que canaliz\u00f3 y le permiti\u00f3 viajar de vuelta al coraz\u00f3n para transformar todos esos bloqueos, parte de una vida de abusos, violencia, soledad, pobreza y dolor en superaci\u00f3n, \u00e9xito, abundancia, prosperidad, relaciones amorosas y sanas, y emociones bien ordenadas.<\/p>\n<p>Aunque en este libro nuestra escritora no se centra en hablar de su vida, sino en el m\u00e9todo exacto que utiliz\u00f3 para s\u00ed misma y para otras muchas personas que como ella han cambiado y siguen cambiando su vida d\u00eda a d\u00eda.<\/p>\n<p>Una herramienta maravillosa que nos permite hacer un trabajo profundo a nivel f\u00edsico, mental y espiritual, usando las leyes de la f\u00edsica cu\u00e1ntica, lo que nos permite trabajar en la distancia y acompa\u00f1ar tambi\u00e9n a nuestros seres queridos.<\/p>\n<p>Este libro no solo te dar\u00e1 la oportunidad de abrirte a un nuevo estilo de vida, sino que adem\u00e1s te permitir\u00e1 transformar tus creencias, emociones y cualquier otro bloqueo en nuevas energ\u00edas positivas que te sirvan de fortaleza y aceleren tu crecimiento o el de tus seres queridos.<\/p>\n","protected":false},"excerpt":{"rendered":"<div class=\"page\" title=\"Page 6\">\n<div class=\"layoutArea\">\n<div class=\"column\">\n<p><strong>ISBN: 978-84-1386-174-6<\/strong><\/p>\n<\/div>\n<\/div>\n<\/div>\n<p>La vida, al igual que las olas que danzan en el mar, nos recuerda que todo se mueve, que todo va y vuelve en un baile con el universo.<\/p>\n<p>En ese remolino y en la intensidad de su propio camino, Sami nos deleita con sus aprendizajes y ense\u00f1anzas, tales como la comprensi\u00f3n profunda y a la vez sencilla del universo.<\/p>\n<p>Nuestra joven escritora, tras una vida muy intensa, que es motivo de inspiraci\u00f3n para todos, nos da la oportunidad de descubrir c\u00f3mo a trav\u00e9s de Libertad Cu\u00e1ntica transform\u00f3 al completo su realidad.<\/p>\n<p>En este libro nos cuenta de manera sencilla c\u00f3mo funciona Libertad Cu\u00e1ntica, herramienta que canaliz\u00f3 y le permiti\u00f3 viajar de vuelta al coraz\u00f3n para transformar todos esos bloqueos, parte de una vida de abusos, violencia, soledad, pobreza y dolor en superaci\u00f3n, \u00e9xito, abundancia, prosperidad, relaciones amorosas y sanas, y emociones bien ordenadas.<\/p>\n","protected":false},"featured_media":100248,"comment_status":"closed","ping_status":"closed","template":"","meta":{"_acf_changed":false},"libro":[],"product_brand":[],"product_cat":[18,23],"product_tag":[],"class_list":{"0":"post-96643","1":"product","2":"type-product","3":"status-publish","4":"has-post-thumbnail","6":"product_cat-autoayuda","7":"product_cat-ensayos","9":"first","10":"instock","11":"purchasable","12":"product-type-simple"},"acf":{"autor":[75316],"enlace_de_compra":"https:\/\/www.agapea.com\/libros\/Un-viaje-al-corazon-Ebook--EB9788413864266-i.htm"},"yoast_head":"<!-- This site is optimized with the Yoast SEO plugin v27.4 - https:\/\/yoast.com\/product\/yoast-seo-wordpress\/ -->\n<title>Un viaje al coraz\u00f3n - Catalogo | Letrame Grupo Editorial<\/title>\n<meta name=\"robots\" content=\"index, follow, max-snippet:-1, max-image-preview:large, max-video-preview:-1\" \/>\n<link rel=\"canonical\" href=\"https:\/\/letrame.com\/catalogo\/producto\/un-viaje-al-corazon\/\" \/>\n<meta property=\"og:locale\" content=\"es_ES\" \/>\n<meta property=\"og:type\" content=\"article\" \/>\n<meta property=\"og:title\" content=\"Un viaje al coraz\u00f3n - Catalogo | Letrame Grupo Editorial\" \/>\n<meta property=\"og:description\" content=\"ISBN: 978-84-1386-174-6     La vida, al igual que las olas que danzan en el mar, nos recuerda que todo se mueve, que todo va y vuelve en un baile con el universo.  En ese remolino y en la intensidad de su propio camino, Sami nos deleita con sus aprendizajes y ense\u00f1anzas, tales como la comprensi\u00f3n profunda y a la vez sencilla del universo.  Nuestra joven escritora, tras una vida muy intensa, que es motivo de inspiraci\u00f3n para todos, nos da la oportunidad de descubrir c\u00f3mo a trav\u00e9s de Libertad Cu\u00e1ntica transform\u00f3 al completo su realidad.  En este libro nos cuenta de manera sencilla c\u00f3mo funciona Libertad Cu\u00e1ntica, herramienta que canaliz\u00f3 y le permiti\u00f3 viajar de vuelta al coraz\u00f3n para transformar todos esos bloqueos, parte de una vida de abusos, violencia, soledad, pobreza y dolor en superaci\u00f3n, \u00e9xito, abundancia, prosperidad, relaciones amorosas y sanas, y emociones bien ordenadas.\" \/>\n<meta property=\"og:url\" content=\"https:\/\/letrame.com\/catalogo\/producto\/un-viaje-al-corazon\/\" \/>\n<meta property=\"og:site_name\" content=\"Catalogo | Letrame Grupo Editorial\" \/>\n<meta property=\"article:modified_time\" content=\"2024-05-15T15:13:27+00:00\" \/>\n<meta property=\"og:image\" content=\"https:\/\/letrame.com\/catalogo\/wp-content\/uploads\/2024\/04\/Un-viaje-al-corazon-scaled-1.webp\" \/>\n\t<meta property=\"og:image:width\" content=\"1746\" \/>\n\t<meta property=\"og:image:height\" content=\"2560\" \/>\n\t<meta property=\"og:image:type\" content=\"image\/webp\" \/>\n<meta name=\"twitter:card\" content=\"summary_large_image\" \/>\n<meta name=\"twitter:label1\" content=\"Tiempo de lectura\" \/>\n\t<meta name=\"twitter:data1\" content=\"2 minutos\" \/>\n<script type=\"application\/ld+json\" class=\"yoast-schema-graph\">{\"@context\":\"https:\\\/\\\/schema.org\",\"@graph\":[{\"@type\":\"WebPage\",\"@id\":\"https:\\\/\\\/letrame.com\\\/catalogo\\\/producto\\\/un-viaje-al-corazon\\\/\",\"url\":\"https:\\\/\\\/letrame.com\\\/catalogo\\\/producto\\\/un-viaje-al-corazon\\\/\",\"name\":\"Un viaje al coraz\u00f3n - Catalogo | Letrame Grupo Editorial\",\"isPartOf\":{\"@id\":\"https:\\\/\\\/letrame.com\\\/catalogo\\\/#website\"},\"primaryImageOfPage\":{\"@id\":\"https:\\\/\\\/letrame.com\\\/catalogo\\\/producto\\\/un-viaje-al-corazon\\\/#primaryimage\"},\"image\":{\"@id\":\"https:\\\/\\\/letrame.com\\\/catalogo\\\/producto\\\/un-viaje-al-corazon\\\/#primaryimage\"},\"thumbnailUrl\":\"https:\\\/\\\/letrame.com\\\/catalogo\\\/wp-content\\\/uploads\\\/2024\\\/04\\\/Un-viaje-al-corazon-scaled-1.webp\",\"datePublished\":\"2024-04-29T09:18:53+00:00\",\"dateModified\":\"2024-05-15T15:13:27+00:00\",\"breadcrumb\":{\"@id\":\"https:\\\/\\\/letrame.com\\\/catalogo\\\/producto\\\/un-viaje-al-corazon\\\/#breadcrumb\"},\"inLanguage\":\"es\",\"potentialAction\":[{\"@type\":\"ReadAction\",\"target\":[\"https:\\\/\\\/letrame.com\\\/catalogo\\\/producto\\\/un-viaje-al-corazon\\\/\"]}]},{\"@type\":\"ImageObject\",\"inLanguage\":\"es\",\"@id\":\"https:\\\/\\\/letrame.com\\\/catalogo\\\/producto\\\/un-viaje-al-corazon\\\/#primaryimage\",\"url\":\"https:\\\/\\\/letrame.com\\\/catalogo\\\/wp-content\\\/uploads\\\/2024\\\/04\\\/Un-viaje-al-corazon-scaled-1.webp\",\"contentUrl\":\"https:\\\/\\\/letrame.com\\\/catalogo\\\/wp-content\\\/uploads\\\/2024\\\/04\\\/Un-viaje-al-corazon-scaled-1.webp\",\"width\":1746,\"height\":2560},{\"@type\":\"BreadcrumbList\",\"@id\":\"https:\\\/\\\/letrame.com\\\/catalogo\\\/producto\\\/un-viaje-al-corazon\\\/#breadcrumb\",\"itemListElement\":[{\"@type\":\"ListItem\",\"position\":1,\"name\":\"Portada\",\"item\":\"https:\\\/\\\/letrame.com\\\/catalogo\\\/\"},{\"@type\":\"ListItem\",\"position\":2,\"name\":\"Cat\u00e1logo\",\"item\":\"https:\\\/\\\/letrame.com\\\/catalogo\\\/\"},{\"@type\":\"ListItem\",\"position\":3,\"name\":\"Un viaje al coraz\u00f3n\"}]},{\"@type\":\"WebSite\",\"@id\":\"https:\\\/\\\/letrame.com\\\/catalogo\\\/#website\",\"url\":\"https:\\\/\\\/letrame.com\\\/catalogo\\\/\",\"name\":\"Catalogo | Letrame Grupo Editorial\",\"description\":\"\",\"publisher\":{\"@id\":\"https:\\\/\\\/letrame.com\\\/catalogo\\\/#organization\"},\"potentialAction\":[{\"@type\":\"SearchAction\",\"target\":{\"@type\":\"EntryPoint\",\"urlTemplate\":\"https:\\\/\\\/letrame.com\\\/catalogo\\\/?s={search_term_string}\"},\"query-input\":{\"@type\":\"PropertyValueSpecification\",\"valueRequired\":true,\"valueName\":\"search_term_string\"}}],\"inLanguage\":\"es\"},{\"@type\":\"Organization\",\"@id\":\"https:\\\/\\\/letrame.com\\\/catalogo\\\/#organization\",\"name\":\"Catalogo | Letrame Grupo Editorial\",\"url\":\"https:\\\/\\\/letrame.com\\\/catalogo\\\/\",\"logo\":{\"@type\":\"ImageObject\",\"inLanguage\":\"es\",\"@id\":\"https:\\\/\\\/letrame.com\\\/catalogo\\\/#\\\/schema\\\/logo\\\/image\\\/\",\"url\":\"https:\\\/\\\/letrame.com\\\/catalogo\\\/wp-content\\\/uploads\\\/2024\\\/03\\\/logo2.webp\",\"contentUrl\":\"https:\\\/\\\/letrame.com\\\/catalogo\\\/wp-content\\\/uploads\\\/2024\\\/03\\\/logo2.webp\",\"width\":394,\"height\":128,\"caption\":\"Catalogo | Letrame Grupo Editorial\"},\"image\":{\"@id\":\"https:\\\/\\\/letrame.com\\\/catalogo\\\/#\\\/schema\\\/logo\\\/image\\\/\"}}]}<\/script>\n<!-- \/ Yoast SEO plugin. -->","yoast_head_json":{"title":"Un viaje al coraz\u00f3n - Catalogo | Letrame Grupo Editorial","robots":{"index":"index","follow":"follow","max-snippet":"max-snippet:-1","max-image-preview":"max-image-preview:large","max-video-preview":"max-video-preview:-1"},"canonical":"https:\/\/letrame.com\/catalogo\/producto\/un-viaje-al-corazon\/","og_locale":"es_ES","og_type":"article","og_title":"Un viaje al coraz\u00f3n - Catalogo | Letrame Grupo Editorial","og_description":"ISBN: 978-84-1386-174-6     La vida, al igual que las olas que danzan en el mar, nos recuerda que todo se mueve, que todo va y vuelve en un baile con el universo.  En ese remolino y en la intensidad de su propio camino, Sami nos deleita con sus aprendizajes y ense\u00f1anzas, tales como la comprensi\u00f3n profunda y a la vez sencilla del universo.  Nuestra joven escritora, tras una vida muy intensa, que es motivo de inspiraci\u00f3n para todos, nos da la oportunidad de descubrir c\u00f3mo a trav\u00e9s de Libertad Cu\u00e1ntica transform\u00f3 al completo su realidad.  En este libro nos cuenta de manera sencilla c\u00f3mo funciona Libertad Cu\u00e1ntica, herramienta que canaliz\u00f3 y le permiti\u00f3 viajar de vuelta al coraz\u00f3n para transformar todos esos bloqueos, parte de una vida de abusos, violencia, soledad, pobreza y dolor en superaci\u00f3n, \u00e9xito, abundancia, prosperidad, relaciones amorosas y sanas, y emociones bien ordenadas.","og_url":"https:\/\/letrame.com\/catalogo\/producto\/un-viaje-al-corazon\/","og_site_name":"Catalogo | Letrame Grupo Editorial","article_modified_time":"2024-05-15T15:13:27+00:00","og_image":[{"width":1746,"height":2560,"url":"https:\/\/letrame.com\/catalogo\/wp-content\/uploads\/2024\/04\/Un-viaje-al-corazon-scaled-1.webp","type":"image\/webp"}],"twitter_card":"summary_large_image","twitter_misc":{"Tiempo de lectura":"2 minutos"},"schema":{"@context":"https:\/\/schema.org","@graph":[{"@type":"WebPage","@id":"https:\/\/letrame.com\/catalogo\/producto\/un-viaje-al-corazon\/","url":"https:\/\/letrame.com\/catalogo\/producto\/un-viaje-al-corazon\/","name":"Un viaje al coraz\u00f3n - Catalogo | Letrame Grupo Editorial","isPartOf":{"@id":"https:\/\/letrame.com\/catalogo\/#website"},"primaryImageOfPage":{"@id":"https:\/\/letrame.com\/catalogo\/producto\/un-viaje-al-corazon\/#primaryimage"},"image":{"@id":"https:\/\/letrame.com\/catalogo\/producto\/un-viaje-al-corazon\/#primaryimage"},"thumbnailUrl":"https:\/\/letrame.com\/catalogo\/wp-content\/uploads\/2024\/04\/Un-viaje-al-corazon-scaled-1.webp","datePublished":"2024-04-29T09:18:53+00:00","dateModified":"2024-05-15T15:13:27+00:00","breadcrumb":{"@id":"https:\/\/letrame.com\/catalogo\/producto\/un-viaje-al-corazon\/#breadcrumb"},"inLanguage":"es","potentialAction":[{"@type":"ReadAction","target":["https:\/\/letrame.com\/catalogo\/producto\/un-viaje-al-corazon\/"]}]},{"@type":"ImageObject","inLanguage":"es","@id":"https:\/\/letrame.com\/catalogo\/producto\/un-viaje-al-corazon\/#primaryimage","url":"https:\/\/letrame.com\/catalogo\/wp-content\/uploads\/2024\/04\/Un-viaje-al-corazon-scaled-1.webp","contentUrl":"https:\/\/letrame.com\/catalogo\/wp-content\/uploads\/2024\/04\/Un-viaje-al-corazon-scaled-1.webp","width":1746,"height":2560},{"@type":"BreadcrumbList","@id":"https:\/\/letrame.com\/catalogo\/producto\/un-viaje-al-corazon\/#breadcrumb","itemListElement":[{"@type":"ListItem","position":1,"name":"Portada","item":"https:\/\/letrame.com\/catalogo\/"},{"@type":"ListItem","position":2,"name":"Cat\u00e1logo","item":"https:\/\/letrame.com\/catalogo\/"},{"@type":"ListItem","position":3,"name":"Un viaje al coraz\u00f3n"}]},{"@type":"WebSite","@id":"https:\/\/letrame.com\/catalogo\/#website","url":"https:\/\/letrame.com\/catalogo\/","name":"Catalogo | Letrame Grupo Editorial","description":"","publisher":{"@id":"https:\/\/letrame.com\/catalogo\/#organization"},"potentialAction":[{"@type":"SearchAction","target":{"@type":"EntryPoint","urlTemplate":"https:\/\/letrame.com\/catalogo\/?s={search_term_string}"},"query-input":{"@type":"PropertyValueSpecification","valueRequired":true,"valueName":"search_term_string"}}],"inLanguage":"es"},{"@type":"Organization","@id":"https:\/\/letrame.com\/catalogo\/#organization","name":"Catalogo | Letrame Grupo Editorial","url":"https:\/\/letrame.com\/catalogo\/","logo":{"@type":"ImageObject","inLanguage":"es","@id":"https:\/\/letrame.com\/catalogo\/#\/schema\/logo\/image\/","url":"https:\/\/letrame.com\/catalogo\/wp-content\/uploads\/2024\/03\/logo2.webp","contentUrl":"https:\/\/letrame.com\/catalogo\/wp-content\/uploads\/2024\/03\/logo2.webp","width":394,"height":128,"caption":"Catalogo | Letrame Grupo Editorial"},"image":{"@id":"https:\/\/letrame.com\/catalogo\/#\/schema\/logo\/image\/"}}]}},"_links":{"self":[{"href":"https:\/\/letrame.com\/catalogo\/wp-json\/wp\/v2\/product\/96643","targetHints":{"allow":["GET"]}}],"collection":[{"href":"https:\/\/letrame.com\/catalogo\/wp-json\/wp\/v2\/product"}],"about":[{"href":"https:\/\/letrame.com\/catalogo\/wp-json\/wp\/v2\/types\/product"}],"replies":[{"embeddable":true,"href":"https:\/\/letrame.com\/catalogo\/wp-json\/wp\/v2\/comments?post=96643"}],"acf:post":[{"embeddable":true,"href":"https:\/\/letrame.com\/catalogo\/wp-json\/wp\/v2\/author_book\/75316"}],"wp:featuredmedia":[{"embeddable":true,"href":"https:\/\/letrame.com\/catalogo\/wp-json\/wp\/v2\/media\/100248"}],"wp:attachment":[{"href":"https:\/\/letrame.com\/catalogo\/wp-json\/wp\/v2\/media?parent=96643"}],"wp:term":[{"taxonomy":"libro","embeddable":true,"href":"https:\/\/letrame.com\/catalogo\/wp-json\/wp\/v2\/libro?post=96643"},{"taxonomy":"product_brand","embeddable":true,"href":"https:\/\/letrame.com\/catalogo\/wp-json\/wp\/v2\/product_brand?post=96643"},{"taxonomy":"product_cat","embeddable":true,"href":"https:\/\/letrame.com\/catalogo\/wp-json\/wp\/v2\/product_cat?post=96643"},{"taxonomy":"product_tag","embeddable":true,"href":"https:\/\/letrame.com\/catalogo\/wp-json\/wp\/v2\/product_tag?post=96643"}],"curies":[{"name":"wp","href":"https:\/\/api.w.org\/{rel}","templated":true}]}}