{"id":96537,"date":"2024-04-29T11:00:08","date_gmt":"2024-04-29T09:00:08","guid":{"rendered":"https:\/\/letrame.com\/catalogo\/producto\/la-casa-de-la-abuela\/"},"modified":"2024-04-29T11:01:01","modified_gmt":"2024-04-29T09:01:01","slug":"la-casa-de-la-abuela","status":"publish","type":"product","link":"https:\/\/letrame.com\/catalogo\/producto\/la-casa-de-la-abuela\/","title":{"rendered":"La casa de la abuela"},"content":{"rendered":"<div class=\"page\" title=\"Page 6\">\n<div class=\"layoutArea\">\n<div class=\"column\">\n<p><strong>ISBN<\/strong>: 978-84-1386-468-6<\/p>\n<\/div>\n<\/div>\n<\/div>\n<p><b>T\u00edtulo<\/b><span style=\"font-weight: 400;\">: La casa de la abuela<\/span><span style=\"font-weight: 400;\"><br \/>\n<\/span><b>Fecha<\/b><span style=\"font-weight: 400;\">: 2021<\/span><span style=\"font-weight: 400;\"><br \/>\n<\/span><b>P\u00e1ginas<\/b><span style=\"font-weight: 400;\">: 120<\/span><\/p>\n<p><b>SINOPSIS<\/b><\/p>\n<p>As\u00ed reza este azulejo tradicional andaluz (concretamente de Sevilla, del barrio de Santa Cruz) Tra\u00eddo de uno de mis viajes. Arriba el n\u00famero tres, original azulejo valenciano pintado a mano en azul sobre fondo blanco. Y detr\u00e1s de estas paredes\u2026 Transcurre un siglo de historia familiar, que merece ser sacada a la luz para que perdure en el tiempo y en la memoria de las futuras generaciones.<\/p>\n","protected":false},"excerpt":{"rendered":"<div class=\"page\" title=\"Page 6\">\n<div class=\"layoutArea\">\n<div class=\"column\">\n<p><strong>ISBN: 978-84-1386-468-6<\/strong><\/p>\n<\/div>\n<\/div>\n<\/div>\n<p>As\u00ed reza este azulejo tradicional andaluz (concretamente de Sevilla, del barrio de Santa Cruz) Tra\u00eddo de uno de mis viajes. Arriba el n\u00famero tres, original azulejo valenciano pintado a mano en azul sobre fondo blanco. Y detr\u00e1s de estas paredes\u2026 Transcurre un siglo de historia familiar, que merece ser sacada a la luz para que perdure en el tiempo y en la memoria de las futuras generaciones.<\/p>\n","protected":false},"featured_media":96538,"comment_status":"closed","ping_status":"open","template":"","meta":{"_acf_changed":false},"libro":[],"product_brand":[],"product_cat":[21],"product_tag":[],"class_list":{"0":"post-96537","1":"product","2":"type-product","3":"status-publish","4":"has-post-thumbnail","6":"product_cat-relato","8":"first","9":"instock","10":"purchasable","11":"product-type-simple"},"acf":{"autor":[75207],"enlace_de_compra":""},"yoast_head":"<!-- This site is optimized with the Yoast SEO plugin v27.4 - https:\/\/yoast.com\/product\/yoast-seo-wordpress\/ -->\n<title>La casa de la abuela - Catalogo | Letrame Grupo Editorial<\/title>\n<meta name=\"robots\" content=\"index, follow, max-snippet:-1, max-image-preview:large, max-video-preview:-1\" \/>\n<link rel=\"canonical\" href=\"https:\/\/letrame.com\/catalogo\/producto\/la-casa-de-la-abuela\/\" \/>\n<meta property=\"og:locale\" content=\"es_ES\" \/>\n<meta property=\"og:type\" content=\"article\" \/>\n<meta property=\"og:title\" content=\"La casa de la abuela - Catalogo | Letrame Grupo Editorial\" \/>\n<meta property=\"og:description\" content=\"ISBN: 978-84-1386-468-6   As\u00ed reza este azulejo tradicional andaluz (concretamente de Sevilla, del barrio de Santa Cruz) Tra\u00eddo de uno de mis viajes. Arriba el n\u00famero tres, original azulejo valenciano pintado a mano en azul sobre fondo blanco. Y detr\u00e1s de estas paredes\u2026 Transcurre un siglo de historia familiar, que merece ser sacada a la luz para que perdure en el tiempo y en la memoria de las futuras generaciones.\" \/>\n<meta property=\"og:url\" content=\"https:\/\/letrame.com\/catalogo\/producto\/la-casa-de-la-abuela\/\" \/>\n<meta property=\"og:site_name\" content=\"Catalogo | Letrame Grupo Editorial\" \/>\n<meta property=\"article:modified_time\" content=\"2024-04-29T09:01:01+00:00\" \/>\n<meta property=\"og:image\" content=\"https:\/\/letrame.com\/catalogo\/wp-content\/uploads\/2024\/04\/la-casa-de-la-abuela.jpg\" \/>\n\t<meta property=\"og:image:width\" content=\"1772\" \/>\n\t<meta property=\"og:image:height\" content=\"2480\" \/>\n\t<meta property=\"og:image:type\" content=\"image\/jpeg\" \/>\n<meta name=\"twitter:card\" content=\"summary_large_image\" \/>\n<script type=\"application\/ld+json\" class=\"yoast-schema-graph\">{\"@context\":\"https:\\\/\\\/schema.org\",\"@graph\":[{\"@type\":\"WebPage\",\"@id\":\"https:\\\/\\\/letrame.com\\\/catalogo\\\/producto\\\/la-casa-de-la-abuela\\\/\",\"url\":\"https:\\\/\\\/letrame.com\\\/catalogo\\\/producto\\\/la-casa-de-la-abuela\\\/\",\"name\":\"La casa de la abuela - Catalogo | Letrame Grupo Editorial\",\"isPartOf\":{\"@id\":\"https:\\\/\\\/letrame.com\\\/catalogo\\\/#website\"},\"primaryImageOfPage\":{\"@id\":\"https:\\\/\\\/letrame.com\\\/catalogo\\\/producto\\\/la-casa-de-la-abuela\\\/#primaryimage\"},\"image\":{\"@id\":\"https:\\\/\\\/letrame.com\\\/catalogo\\\/producto\\\/la-casa-de-la-abuela\\\/#primaryimage\"},\"thumbnailUrl\":\"https:\\\/\\\/letrame.com\\\/catalogo\\\/wp-content\\\/uploads\\\/2024\\\/04\\\/la-casa-de-la-abuela.jpg\",\"datePublished\":\"2024-04-29T09:00:08+00:00\",\"dateModified\":\"2024-04-29T09:01:01+00:00\",\"breadcrumb\":{\"@id\":\"https:\\\/\\\/letrame.com\\\/catalogo\\\/producto\\\/la-casa-de-la-abuela\\\/#breadcrumb\"},\"inLanguage\":\"es\",\"potentialAction\":[{\"@type\":\"ReadAction\",\"target\":[\"https:\\\/\\\/letrame.com\\\/catalogo\\\/producto\\\/la-casa-de-la-abuela\\\/\"]}]},{\"@type\":\"ImageObject\",\"inLanguage\":\"es\",\"@id\":\"https:\\\/\\\/letrame.com\\\/catalogo\\\/producto\\\/la-casa-de-la-abuela\\\/#primaryimage\",\"url\":\"https:\\\/\\\/letrame.com\\\/catalogo\\\/wp-content\\\/uploads\\\/2024\\\/04\\\/la-casa-de-la-abuela.jpg\",\"contentUrl\":\"https:\\\/\\\/letrame.com\\\/catalogo\\\/wp-content\\\/uploads\\\/2024\\\/04\\\/la-casa-de-la-abuela.jpg\",\"width\":1772,\"height\":2480},{\"@type\":\"BreadcrumbList\",\"@id\":\"https:\\\/\\\/letrame.com\\\/catalogo\\\/producto\\\/la-casa-de-la-abuela\\\/#breadcrumb\",\"itemListElement\":[{\"@type\":\"ListItem\",\"position\":1,\"name\":\"Portada\",\"item\":\"https:\\\/\\\/letrame.com\\\/catalogo\\\/\"},{\"@type\":\"ListItem\",\"position\":2,\"name\":\"Cat\u00e1logo\",\"item\":\"https:\\\/\\\/letrame.com\\\/catalogo\\\/\"},{\"@type\":\"ListItem\",\"position\":3,\"name\":\"La casa de la abuela\"}]},{\"@type\":\"WebSite\",\"@id\":\"https:\\\/\\\/letrame.com\\\/catalogo\\\/#website\",\"url\":\"https:\\\/\\\/letrame.com\\\/catalogo\\\/\",\"name\":\"Catalogo | Letrame Grupo Editorial\",\"description\":\"\",\"publisher\":{\"@id\":\"https:\\\/\\\/letrame.com\\\/catalogo\\\/#organization\"},\"potentialAction\":[{\"@type\":\"SearchAction\",\"target\":{\"@type\":\"EntryPoint\",\"urlTemplate\":\"https:\\\/\\\/letrame.com\\\/catalogo\\\/?s={search_term_string}\"},\"query-input\":{\"@type\":\"PropertyValueSpecification\",\"valueRequired\":true,\"valueName\":\"search_term_string\"}}],\"inLanguage\":\"es\"},{\"@type\":\"Organization\",\"@id\":\"https:\\\/\\\/letrame.com\\\/catalogo\\\/#organization\",\"name\":\"Catalogo | Letrame Grupo Editorial\",\"url\":\"https:\\\/\\\/letrame.com\\\/catalogo\\\/\",\"logo\":{\"@type\":\"ImageObject\",\"inLanguage\":\"es\",\"@id\":\"https:\\\/\\\/letrame.com\\\/catalogo\\\/#\\\/schema\\\/logo\\\/image\\\/\",\"url\":\"https:\\\/\\\/letrame.com\\\/catalogo\\\/wp-content\\\/uploads\\\/2024\\\/03\\\/logo2.webp\",\"contentUrl\":\"https:\\\/\\\/letrame.com\\\/catalogo\\\/wp-content\\\/uploads\\\/2024\\\/03\\\/logo2.webp\",\"width\":394,\"height\":128,\"caption\":\"Catalogo | Letrame Grupo Editorial\"},\"image\":{\"@id\":\"https:\\\/\\\/letrame.com\\\/catalogo\\\/#\\\/schema\\\/logo\\\/image\\\/\"}}]}<\/script>\n<!-- \/ Yoast SEO plugin. -->","yoast_head_json":{"title":"La casa de la abuela - Catalogo | Letrame Grupo Editorial","robots":{"index":"index","follow":"follow","max-snippet":"max-snippet:-1","max-image-preview":"max-image-preview:large","max-video-preview":"max-video-preview:-1"},"canonical":"https:\/\/letrame.com\/catalogo\/producto\/la-casa-de-la-abuela\/","og_locale":"es_ES","og_type":"article","og_title":"La casa de la abuela - Catalogo | Letrame Grupo Editorial","og_description":"ISBN: 978-84-1386-468-6   As\u00ed reza este azulejo tradicional andaluz (concretamente de Sevilla, del barrio de Santa Cruz) Tra\u00eddo de uno de mis viajes. Arriba el n\u00famero tres, original azulejo valenciano pintado a mano en azul sobre fondo blanco. Y detr\u00e1s de estas paredes\u2026 Transcurre un siglo de historia familiar, que merece ser sacada a la luz para que perdure en el tiempo y en la memoria de las futuras generaciones.","og_url":"https:\/\/letrame.com\/catalogo\/producto\/la-casa-de-la-abuela\/","og_site_name":"Catalogo | Letrame Grupo Editorial","article_modified_time":"2024-04-29T09:01:01+00:00","og_image":[{"width":1772,"height":2480,"url":"https:\/\/letrame.com\/catalogo\/wp-content\/uploads\/2024\/04\/la-casa-de-la-abuela.jpg","type":"image\/jpeg"}],"twitter_card":"summary_large_image","schema":{"@context":"https:\/\/schema.org","@graph":[{"@type":"WebPage","@id":"https:\/\/letrame.com\/catalogo\/producto\/la-casa-de-la-abuela\/","url":"https:\/\/letrame.com\/catalogo\/producto\/la-casa-de-la-abuela\/","name":"La casa de la abuela - Catalogo | Letrame Grupo Editorial","isPartOf":{"@id":"https:\/\/letrame.com\/catalogo\/#website"},"primaryImageOfPage":{"@id":"https:\/\/letrame.com\/catalogo\/producto\/la-casa-de-la-abuela\/#primaryimage"},"image":{"@id":"https:\/\/letrame.com\/catalogo\/producto\/la-casa-de-la-abuela\/#primaryimage"},"thumbnailUrl":"https:\/\/letrame.com\/catalogo\/wp-content\/uploads\/2024\/04\/la-casa-de-la-abuela.jpg","datePublished":"2024-04-29T09:00:08+00:00","dateModified":"2024-04-29T09:01:01+00:00","breadcrumb":{"@id":"https:\/\/letrame.com\/catalogo\/producto\/la-casa-de-la-abuela\/#breadcrumb"},"inLanguage":"es","potentialAction":[{"@type":"ReadAction","target":["https:\/\/letrame.com\/catalogo\/producto\/la-casa-de-la-abuela\/"]}]},{"@type":"ImageObject","inLanguage":"es","@id":"https:\/\/letrame.com\/catalogo\/producto\/la-casa-de-la-abuela\/#primaryimage","url":"https:\/\/letrame.com\/catalogo\/wp-content\/uploads\/2024\/04\/la-casa-de-la-abuela.jpg","contentUrl":"https:\/\/letrame.com\/catalogo\/wp-content\/uploads\/2024\/04\/la-casa-de-la-abuela.jpg","width":1772,"height":2480},{"@type":"BreadcrumbList","@id":"https:\/\/letrame.com\/catalogo\/producto\/la-casa-de-la-abuela\/#breadcrumb","itemListElement":[{"@type":"ListItem","position":1,"name":"Portada","item":"https:\/\/letrame.com\/catalogo\/"},{"@type":"ListItem","position":2,"name":"Cat\u00e1logo","item":"https:\/\/letrame.com\/catalogo\/"},{"@type":"ListItem","position":3,"name":"La casa de la abuela"}]},{"@type":"WebSite","@id":"https:\/\/letrame.com\/catalogo\/#website","url":"https:\/\/letrame.com\/catalogo\/","name":"Catalogo | Letrame Grupo Editorial","description":"","publisher":{"@id":"https:\/\/letrame.com\/catalogo\/#organization"},"potentialAction":[{"@type":"SearchAction","target":{"@type":"EntryPoint","urlTemplate":"https:\/\/letrame.com\/catalogo\/?s={search_term_string}"},"query-input":{"@type":"PropertyValueSpecification","valueRequired":true,"valueName":"search_term_string"}}],"inLanguage":"es"},{"@type":"Organization","@id":"https:\/\/letrame.com\/catalogo\/#organization","name":"Catalogo | Letrame Grupo Editorial","url":"https:\/\/letrame.com\/catalogo\/","logo":{"@type":"ImageObject","inLanguage":"es","@id":"https:\/\/letrame.com\/catalogo\/#\/schema\/logo\/image\/","url":"https:\/\/letrame.com\/catalogo\/wp-content\/uploads\/2024\/03\/logo2.webp","contentUrl":"https:\/\/letrame.com\/catalogo\/wp-content\/uploads\/2024\/03\/logo2.webp","width":394,"height":128,"caption":"Catalogo | Letrame Grupo Editorial"},"image":{"@id":"https:\/\/letrame.com\/catalogo\/#\/schema\/logo\/image\/"}}]}},"_links":{"self":[{"href":"https:\/\/letrame.com\/catalogo\/wp-json\/wp\/v2\/product\/96537","targetHints":{"allow":["GET"]}}],"collection":[{"href":"https:\/\/letrame.com\/catalogo\/wp-json\/wp\/v2\/product"}],"about":[{"href":"https:\/\/letrame.com\/catalogo\/wp-json\/wp\/v2\/types\/product"}],"replies":[{"embeddable":true,"href":"https:\/\/letrame.com\/catalogo\/wp-json\/wp\/v2\/comments?post=96537"}],"wp:featuredmedia":[{"embeddable":true,"href":"https:\/\/letrame.com\/catalogo\/wp-json\/wp\/v2\/media\/96538"}],"wp:attachment":[{"href":"https:\/\/letrame.com\/catalogo\/wp-json\/wp\/v2\/media?parent=96537"}],"wp:term":[{"taxonomy":"libro","embeddable":true,"href":"https:\/\/letrame.com\/catalogo\/wp-json\/wp\/v2\/libro?post=96537"},{"taxonomy":"product_brand","embeddable":true,"href":"https:\/\/letrame.com\/catalogo\/wp-json\/wp\/v2\/product_brand?post=96537"},{"taxonomy":"product_cat","embeddable":true,"href":"https:\/\/letrame.com\/catalogo\/wp-json\/wp\/v2\/product_cat?post=96537"},{"taxonomy":"product_tag","embeddable":true,"href":"https:\/\/letrame.com\/catalogo\/wp-json\/wp\/v2\/product_tag?post=96537"}],"curies":[{"name":"wp","href":"https:\/\/api.w.org\/{rel}","templated":true}]}}

<div class="page" title="Page 6">
<div class="layoutArea">
<div class="column">
<p><strong>ISBN</strong>: 978-84-1386-468-6</p>
</div>
</div>
</div>
<p><b>Título</b><span style="font-weight: 400;">: La casa de la abuela</span><span style="font-weight: 400;"><br />
</span><b>Fecha</b><span style="font-weight: 400;">: 2021</span><span style="font-weight: 400;"><br />
</span><b>Páginas</b><span style="font-weight: 400;">: 120</span></p>
<p><b>SINOPSIS</b></p>
<p>Así reza este azulejo tradicional andaluz (concretamente de Sevilla, del barrio de Santa Cruz) Traído de uno de mis viajes. Arriba el número tres, original azulejo valenciano pintado a mano en azul sobre fondo blanco. Y detrás de estas paredes… Transcurre un siglo de historia familiar, que merece ser sacada a la luz para que perdure en el tiempo y en la memoria de las futuras generaciones.</p>

<div class="page" title="Page 6">
<div class="layoutArea">
<div class="column">
<p><strong>ISBN: 978-84-1386-468-6</strong></p>
</div>
</div>
</div>
<p>Así reza este azulejo tradicional andaluz (concretamente de Sevilla, del barrio de Santa Cruz) Traído de uno de mis viajes. Arriba el número tres, original azulejo valenciano pintado a mano en azul sobre fondo blanco. Y detrás de estas paredes… Transcurre un siglo de historia familiar, que merece ser sacada a la luz para que perdure en el tiempo y en la memoria de las futuras generaciones.</p>

<!-- This site is optimized with the Yoast SEO plugin v27.4 - https://yoast.com/product/yoast-seo-wordpress/ -->
<title>La casa de la abuela - Catalogo | Letrame Grupo Editorial</title>
<meta name="robots" content="index, follow, max-snippet:-1, max-image-preview:large, max-video-preview:-1" />
<link rel="canonical" href="https://letrame.com/catalogo/producto/la-casa-de-la-abuela/" />
<meta property="og:locale" content="es_ES" />
<meta property="og:type" content="article" />
<meta property="og:title" content="La casa de la abuela - Catalogo | Letrame Grupo Editorial" />
<meta property="og:description" content="ISBN: 978-84-1386-468-6   Así reza este azulejo tradicional andaluz (concretamente de Sevilla, del barrio de Santa Cruz) Traído de uno de mis viajes. Arriba el número tres, original azulejo valenciano pintado a mano en azul sobre fondo blanco. Y detrás de estas paredes… Transcurre un siglo de historia familiar, que merece ser sacada a la luz para que perdure en el tiempo y en la memoria de las futuras generaciones." />
<meta property="og:url" content="https://letrame.com/catalogo/producto/la-casa-de-la-abuela/" />
<meta property="og:site_name" content="Catalogo | Letrame Grupo Editorial" />
<meta property="article:modified_time" content="2024-04-29T09:01:01+00:00" />
<meta property="og:image" content="https://letrame.com/catalogo/wp-content/uploads/2024/04/la-casa-de-la-abuela.jpg" />
	<meta property="og:image:width" content="1772" />
	<meta property="og:image:height" content="2480" />
	<meta property="og:image:type" content="image/jpeg" />
<meta name="twitter:card" content="summary_large_image" />
<script type="application/ld+json" class="yoast-schema-graph">{"@context":"https:\/\/schema.org","@graph":[{"@type":"WebPage","@id":"https:\/\/letrame.com\/catalogo\/producto\/la-casa-de-la-abuela\/","url":"https:\/\/letrame.com\/catalogo\/producto\/la-casa-de-la-abuela\/","name":"La casa de la abuela - Catalogo | Letrame Grupo Editorial","isPartOf":{"@id":"https:\/\/letrame.com\/catalogo\/#website"},"primaryImageOfPage":{"@id":"https:\/\/letrame.com\/catalogo\/producto\/la-casa-de-la-abuela\/#primaryimage"},"image":{"@id":"https:\/\/letrame.com\/catalogo\/producto\/la-casa-de-la-abuela\/#primaryimage"},"thumbnailUrl":"https:\/\/letrame.com\/catalogo\/wp-content\/uploads\/2024\/04\/la-casa-de-la-abuela.jpg","datePublished":"2024-04-29T09:00:08+00:00","dateModified":"2024-04-29T09:01:01+00:00","breadcrumb":{"@id":"https:\/\/letrame.com\/catalogo\/producto\/la-casa-de-la-abuela\/#breadcrumb"},"inLanguage":"es","potentialAction":[{"@type":"ReadAction","target":["https:\/\/letrame.com\/catalogo\/producto\/la-casa-de-la-abuela\/"]}]},{"@type":"ImageObject","inLanguage":"es","@id":"https:\/\/letrame.com\/catalogo\/producto\/la-casa-de-la-abuela\/#primaryimage","url":"https:\/\/letrame.com\/catalogo\/wp-content\/uploads\/2024\/04\/la-casa-de-la-abuela.jpg","contentUrl":"https:\/\/letrame.com\/catalogo\/wp-content\/uploads\/2024\/04\/la-casa-de-la-abuela.jpg","width":1772,"height":2480},{"@type":"BreadcrumbList","@id":"https:\/\/letrame.com\/catalogo\/producto\/la-casa-de-la-abuela\/#breadcrumb","itemListElement":[{"@type":"ListItem","position":1,"name":"Portada","item":"https:\/\/letrame.com\/catalogo\/"},{"@type":"ListItem","position":2,"name":"Catálogo","item":"https:\/\/letrame.com\/catalogo\/"},{"@type":"ListItem","position":3,"name":"La casa de la abuela"}]},{"@type":"WebSite","@id":"https:\/\/letrame.com\/catalogo\/#website","url":"https:\/\/letrame.com\/catalogo\/","name":"Catalogo | Letrame Grupo Editorial","description":"","publisher":{"@id":"https:\/\/letrame.com\/catalogo\/#organization"},"potentialAction":[{"@type":"SearchAction","target":{"@type":"EntryPoint","urlTemplate":"https:\/\/letrame.com\/catalogo\/?s={search_term_string}"},"query-input":{"@type":"PropertyValueSpecification","valueRequired":true,"valueName":"search_term_string"}}],"inLanguage":"es"},{"@type":"Organization","@id":"https:\/\/letrame.com\/catalogo\/#organization","name":"Catalogo | Letrame Grupo Editorial","url":"https:\/\/letrame.com\/catalogo\/","logo":{"@type":"ImageObject","inLanguage":"es","@id":"https:\/\/letrame.com\/catalogo\/#\/schema\/logo\/image\/","url":"https:\/\/letrame.com\/catalogo\/wp-content\/uploads\/2024\/03\/logo2.webp","contentUrl":"https:\/\/letrame.com\/catalogo\/wp-content\/uploads\/2024\/03\/logo2.webp","width":394,"height":128,"caption":"Catalogo | Letrame Grupo Editorial"},"image":{"@id":"https:\/\/letrame.com\/catalogo\/#\/schema\/logo\/image\/"}}]}</script>
<!-- / Yoast SEO plugin. -->

ISBN: 978-84-1386-468-6   Así reza este azulejo tradicional andaluz (concretamente de Sevilla, del barrio de Santa Cruz) Traído de uno de mis viajes. Arriba el número tres, original azulejo valenciano pintado a mano en azul sobre fondo blanco. Y detrás de estas paredes… Transcurre un siglo de historia familiar, que merece ser sacada a la luz para que perdure en el tiempo y en la memoria de las futuras generaciones.

Catálogo
