{"id":96236,"date":"2024-04-29T10:16:57","date_gmt":"2024-04-29T08:16:57","guid":{"rendered":"https:\/\/letrame.com\/catalogo\/producto\/habitos-para-sentirte-bien\/"},"modified":"2024-07-19T11:32:22","modified_gmt":"2024-07-19T09:32:22","slug":"habitos-para-sentirte-bien","status":"publish","type":"product","link":"https:\/\/letrame.com\/catalogo\/producto\/habitos-para-sentirte-bien\/","title":{"rendered":"H\u00e1bitos para sentirte bien"},"content":{"rendered":"<div class=\"page\" title=\"Page 6\">\n<div class=\"layoutArea\">\n<div class=\"column\">\n<p><strong>ISBN: 978-84-1386-015-2<\/strong><\/p>\n<\/div>\n<\/div>\n<\/div>\n<p><b>T\u00edtulo<\/b><span style=\"font-weight: 400;\">: H\u00e1bitos para sentirte bien<\/span><\/p>\n<div id=\"titlewrap\"><b>Fecha<\/b><span style=\"font-weight: 400;\">: 2021<\/span><span style=\"font-weight: 400;\"><br \/>\n<\/span><b>P\u00e1ginas<\/b><span style=\"font-weight: 400;\">: 262<\/span><\/div>\n<p><b>SINOPSIS<\/b><\/p>\n<p>Un libro repleto de estrategias psicol\u00f3gicas sencillas para disfrutar de una vida plena.<\/p>\n<p>Todos y cada uno de los caminos que tomas para ser feliz llevan a una misma direcci\u00f3n: sentirte bien.<br \/>\n\u00bfPuedes ser feliz practicando h\u00e1bitos mentalmente saludables? Lo tengo claro. La respuesta es: \u00a1Por supuesto que s\u00ed! Puedes sentirte bien y feliz si incluyes h\u00e1bitos psicol\u00f3gica y emocionalmente saludables en tu d\u00eda a d\u00eda.<br \/>\nNo te enga\u00f1es. No se trata de encontrar un estado de plenitud m\u00e1xima en todas las \u00e1reas de tu vida y en todo momento, pues he de decirte que \u00a1esto no existe! As\u00ed, sin pa\u00f1os calientes. Que no te vendan el humo de la felicidad veinticuatro horas los siete d\u00edas de la semana porque ser\u00eda in\u00fatil y frustrante. La felicidad no va de esto.<br \/>\nTen en cuenta que cuando lo que haces, dices, piensas y sientes est\u00e1n en concordancia y armon\u00eda encuentras la clave del bienestar emocional. Te sientes bien. De esto va la felicidad.<\/p>\n<p>En este libro encontrar\u00e1s 41 diferentes h\u00e1bitos mentalmente saludables para que aprendas a encontrar tu satisfacci\u00f3n vital y a sentirte bien psicol\u00f3gica y emocionalmente. En cada cap\u00edtulo te acompa\u00f1ar\u00e9 ofreci\u00e9ndote estrategias sencillas que te proporcionar\u00e1n peque\u00f1as grandes dosis de plenitud. Descubrir\u00e1s ejercicios pr\u00e1cticos que te ayudar\u00e1n a reflexionar acerca de c\u00f3mo vas en los h\u00e1bitos mentalmente saludables, los cambios a introducir y las herramientas para conseguir tus objetivos.<\/p>\n<p>H\u00e1bitos para sentirte bien. Un libro de recetas psicol\u00f3gicas sencillas para disfrutar<br \/>\nde una vida plena, tener las riendas y cuidar de tu AUTOESTIMA, as\u00ed, en may\u00fasculas.<br \/>\nDeja que te acompa\u00f1e en tu emocionante camino a trav\u00e9s de esta lectura.<\/p>\n","protected":false},"excerpt":{"rendered":"<div class=\"page\" title=\"Page 6\">\n<div class=\"layoutArea\">\n<div class=\"column\">\n<p><strong>ISBN: 978-84-1386-015-2<\/strong><\/p>\n<\/div>\n<\/div>\n<\/div>\n<p>Un libro repleto de estrategias psicol\u00f3gicas sencillas para disfrutar de una vida plena.<\/p>\n<p>Todos y cada uno de los caminos que tomas para ser feliz llevan a una misma direcci\u00f3n: sentirte bien.<br \/>\n\u00bfPuedes ser feliz practicando h\u00e1bitos mentalmente saludables? Lo tengo claro. La respuesta es: \u00a1Por supuesto que s\u00ed! Puedes sentirte bien y feliz si incluyes h\u00e1bitos psicol\u00f3gica y emocionalmente saludables en tu d\u00eda a d\u00eda.<\/p>\n","protected":false},"featured_media":96237,"comment_status":"closed","ping_status":"closed","template":"","meta":{"_acf_changed":false},"libro":[],"product_brand":[],"product_cat":[18],"product_tag":[],"class_list":{"0":"post-96236","1":"product","2":"type-product","3":"status-publish","4":"has-post-thumbnail","6":"product_cat-autoayuda","8":"first","9":"instock","10":"product-type-simple"},"acf":{"autor":[77864],"enlace_de_compra":"https:\/\/www.paypal.com\/cgi-bin\/webscr?cmd=_s-xclick&amp;hosted_button_id=79ZHWVCGN8PZY"},"yoast_head":"<!-- This site is optimized with the Yoast SEO plugin v27.4 - https:\/\/yoast.com\/product\/yoast-seo-wordpress\/ -->\n<title>H\u00e1bitos para sentirte bien - Catalogo | Letrame Grupo Editorial<\/title>\n<meta name=\"robots\" content=\"index, follow, max-snippet:-1, max-image-preview:large, max-video-preview:-1\" \/>\n<link rel=\"canonical\" href=\"https:\/\/letrame.com\/catalogo\/producto\/habitos-para-sentirte-bien\/\" \/>\n<meta property=\"og:locale\" content=\"es_ES\" \/>\n<meta property=\"og:type\" content=\"article\" \/>\n<meta property=\"og:title\" content=\"H\u00e1bitos para sentirte bien - Catalogo | Letrame Grupo Editorial\" \/>\n<meta property=\"og:description\" content=\"ISBN: 978-84-1386-015-2     Un libro repleto de estrategias psicol\u00f3gicas sencillas para disfrutar de una vida plena.  Todos y cada uno de los caminos que tomas para ser feliz llevan a una misma direcci\u00f3n: sentirte bien. \u00bfPuedes ser feliz practicando h\u00e1bitos mentalmente saludables? Lo tengo claro. La respuesta es: \u00a1Por supuesto que s\u00ed! Puedes sentirte bien y feliz si incluyes h\u00e1bitos psicol\u00f3gica y emocionalmente saludables en tu d\u00eda a d\u00eda.\" \/>\n<meta property=\"og:url\" content=\"https:\/\/letrame.com\/catalogo\/producto\/habitos-para-sentirte-bien\/\" \/>\n<meta property=\"og:site_name\" content=\"Catalogo | Letrame Grupo Editorial\" \/>\n<meta property=\"article:modified_time\" content=\"2024-07-19T09:32:22+00:00\" \/>\n<meta property=\"og:image\" content=\"https:\/\/letrame.com\/catalogo\/wp-content\/uploads\/2024\/04\/habitos-para-sentirse-bien-scaled-1.jpg\" \/>\n\t<meta property=\"og:image:width\" content=\"1746\" \/>\n\t<meta property=\"og:image:height\" content=\"2560\" \/>\n\t<meta property=\"og:image:type\" content=\"image\/jpeg\" \/>\n<meta name=\"twitter:card\" content=\"summary_large_image\" \/>\n<meta name=\"twitter:label1\" content=\"Tiempo de lectura\" \/>\n\t<meta name=\"twitter:data1\" content=\"2 minutos\" \/>\n<script type=\"application\/ld+json\" class=\"yoast-schema-graph\">{\"@context\":\"https:\\\/\\\/schema.org\",\"@graph\":[{\"@type\":\"WebPage\",\"@id\":\"https:\\\/\\\/letrame.com\\\/catalogo\\\/producto\\\/habitos-para-sentirte-bien\\\/\",\"url\":\"https:\\\/\\\/letrame.com\\\/catalogo\\\/producto\\\/habitos-para-sentirte-bien\\\/\",\"name\":\"H\u00e1bitos para sentirte bien - Catalogo | Letrame Grupo Editorial\",\"isPartOf\":{\"@id\":\"https:\\\/\\\/letrame.com\\\/catalogo\\\/#website\"},\"primaryImageOfPage\":{\"@id\":\"https:\\\/\\\/letrame.com\\\/catalogo\\\/producto\\\/habitos-para-sentirte-bien\\\/#primaryimage\"},\"image\":{\"@id\":\"https:\\\/\\\/letrame.com\\\/catalogo\\\/producto\\\/habitos-para-sentirte-bien\\\/#primaryimage\"},\"thumbnailUrl\":\"https:\\\/\\\/letrame.com\\\/catalogo\\\/wp-content\\\/uploads\\\/2024\\\/04\\\/habitos-para-sentirse-bien-scaled-1.jpg\",\"datePublished\":\"2024-04-29T08:16:57+00:00\",\"dateModified\":\"2024-07-19T09:32:22+00:00\",\"breadcrumb\":{\"@id\":\"https:\\\/\\\/letrame.com\\\/catalogo\\\/producto\\\/habitos-para-sentirte-bien\\\/#breadcrumb\"},\"inLanguage\":\"es\",\"potentialAction\":[{\"@type\":\"ReadAction\",\"target\":[\"https:\\\/\\\/letrame.com\\\/catalogo\\\/producto\\\/habitos-para-sentirte-bien\\\/\"]}]},{\"@type\":\"ImageObject\",\"inLanguage\":\"es\",\"@id\":\"https:\\\/\\\/letrame.com\\\/catalogo\\\/producto\\\/habitos-para-sentirte-bien\\\/#primaryimage\",\"url\":\"https:\\\/\\\/letrame.com\\\/catalogo\\\/wp-content\\\/uploads\\\/2024\\\/04\\\/habitos-para-sentirse-bien-scaled-1.jpg\",\"contentUrl\":\"https:\\\/\\\/letrame.com\\\/catalogo\\\/wp-content\\\/uploads\\\/2024\\\/04\\\/habitos-para-sentirse-bien-scaled-1.jpg\",\"width\":1746,\"height\":2560},{\"@type\":\"BreadcrumbList\",\"@id\":\"https:\\\/\\\/letrame.com\\\/catalogo\\\/producto\\\/habitos-para-sentirte-bien\\\/#breadcrumb\",\"itemListElement\":[{\"@type\":\"ListItem\",\"position\":1,\"name\":\"Portada\",\"item\":\"https:\\\/\\\/letrame.com\\\/catalogo\\\/\"},{\"@type\":\"ListItem\",\"position\":2,\"name\":\"Cat\u00e1logo\",\"item\":\"https:\\\/\\\/letrame.com\\\/catalogo\\\/\"},{\"@type\":\"ListItem\",\"position\":3,\"name\":\"H\u00e1bitos para sentirte bien\"}]},{\"@type\":\"WebSite\",\"@id\":\"https:\\\/\\\/letrame.com\\\/catalogo\\\/#website\",\"url\":\"https:\\\/\\\/letrame.com\\\/catalogo\\\/\",\"name\":\"Catalogo | Letrame Grupo Editorial\",\"description\":\"\",\"publisher\":{\"@id\":\"https:\\\/\\\/letrame.com\\\/catalogo\\\/#organization\"},\"potentialAction\":[{\"@type\":\"SearchAction\",\"target\":{\"@type\":\"EntryPoint\",\"urlTemplate\":\"https:\\\/\\\/letrame.com\\\/catalogo\\\/?s={search_term_string}\"},\"query-input\":{\"@type\":\"PropertyValueSpecification\",\"valueRequired\":true,\"valueName\":\"search_term_string\"}}],\"inLanguage\":\"es\"},{\"@type\":\"Organization\",\"@id\":\"https:\\\/\\\/letrame.com\\\/catalogo\\\/#organization\",\"name\":\"Catalogo | Letrame Grupo Editorial\",\"url\":\"https:\\\/\\\/letrame.com\\\/catalogo\\\/\",\"logo\":{\"@type\":\"ImageObject\",\"inLanguage\":\"es\",\"@id\":\"https:\\\/\\\/letrame.com\\\/catalogo\\\/#\\\/schema\\\/logo\\\/image\\\/\",\"url\":\"https:\\\/\\\/letrame.com\\\/catalogo\\\/wp-content\\\/uploads\\\/2024\\\/03\\\/logo2.webp\",\"contentUrl\":\"https:\\\/\\\/letrame.com\\\/catalogo\\\/wp-content\\\/uploads\\\/2024\\\/03\\\/logo2.webp\",\"width\":394,\"height\":128,\"caption\":\"Catalogo | Letrame Grupo Editorial\"},\"image\":{\"@id\":\"https:\\\/\\\/letrame.com\\\/catalogo\\\/#\\\/schema\\\/logo\\\/image\\\/\"}}]}<\/script>\n<!-- \/ Yoast SEO plugin. -->","yoast_head_json":{"title":"H\u00e1bitos para sentirte bien - Catalogo | Letrame Grupo Editorial","robots":{"index":"index","follow":"follow","max-snippet":"max-snippet:-1","max-image-preview":"max-image-preview:large","max-video-preview":"max-video-preview:-1"},"canonical":"https:\/\/letrame.com\/catalogo\/producto\/habitos-para-sentirte-bien\/","og_locale":"es_ES","og_type":"article","og_title":"H\u00e1bitos para sentirte bien - Catalogo | Letrame Grupo Editorial","og_description":"ISBN: 978-84-1386-015-2     Un libro repleto de estrategias psicol\u00f3gicas sencillas para disfrutar de una vida plena.  Todos y cada uno de los caminos que tomas para ser feliz llevan a una misma direcci\u00f3n: sentirte bien. \u00bfPuedes ser feliz practicando h\u00e1bitos mentalmente saludables? Lo tengo claro. La respuesta es: \u00a1Por supuesto que s\u00ed! Puedes sentirte bien y feliz si incluyes h\u00e1bitos psicol\u00f3gica y emocionalmente saludables en tu d\u00eda a d\u00eda.","og_url":"https:\/\/letrame.com\/catalogo\/producto\/habitos-para-sentirte-bien\/","og_site_name":"Catalogo | Letrame Grupo Editorial","article_modified_time":"2024-07-19T09:32:22+00:00","og_image":[{"width":1746,"height":2560,"url":"https:\/\/letrame.com\/catalogo\/wp-content\/uploads\/2024\/04\/habitos-para-sentirse-bien-scaled-1.jpg","type":"image\/jpeg"}],"twitter_card":"summary_large_image","twitter_misc":{"Tiempo de lectura":"2 minutos"},"schema":{"@context":"https:\/\/schema.org","@graph":[{"@type":"WebPage","@id":"https:\/\/letrame.com\/catalogo\/producto\/habitos-para-sentirte-bien\/","url":"https:\/\/letrame.com\/catalogo\/producto\/habitos-para-sentirte-bien\/","name":"H\u00e1bitos para sentirte bien - Catalogo | Letrame Grupo Editorial","isPartOf":{"@id":"https:\/\/letrame.com\/catalogo\/#website"},"primaryImageOfPage":{"@id":"https:\/\/letrame.com\/catalogo\/producto\/habitos-para-sentirte-bien\/#primaryimage"},"image":{"@id":"https:\/\/letrame.com\/catalogo\/producto\/habitos-para-sentirte-bien\/#primaryimage"},"thumbnailUrl":"https:\/\/letrame.com\/catalogo\/wp-content\/uploads\/2024\/04\/habitos-para-sentirse-bien-scaled-1.jpg","datePublished":"2024-04-29T08:16:57+00:00","dateModified":"2024-07-19T09:32:22+00:00","breadcrumb":{"@id":"https:\/\/letrame.com\/catalogo\/producto\/habitos-para-sentirte-bien\/#breadcrumb"},"inLanguage":"es","potentialAction":[{"@type":"ReadAction","target":["https:\/\/letrame.com\/catalogo\/producto\/habitos-para-sentirte-bien\/"]}]},{"@type":"ImageObject","inLanguage":"es","@id":"https:\/\/letrame.com\/catalogo\/producto\/habitos-para-sentirte-bien\/#primaryimage","url":"https:\/\/letrame.com\/catalogo\/wp-content\/uploads\/2024\/04\/habitos-para-sentirse-bien-scaled-1.jpg","contentUrl":"https:\/\/letrame.com\/catalogo\/wp-content\/uploads\/2024\/04\/habitos-para-sentirse-bien-scaled-1.jpg","width":1746,"height":2560},{"@type":"BreadcrumbList","@id":"https:\/\/letrame.com\/catalogo\/producto\/habitos-para-sentirte-bien\/#breadcrumb","itemListElement":[{"@type":"ListItem","position":1,"name":"Portada","item":"https:\/\/letrame.com\/catalogo\/"},{"@type":"ListItem","position":2,"name":"Cat\u00e1logo","item":"https:\/\/letrame.com\/catalogo\/"},{"@type":"ListItem","position":3,"name":"H\u00e1bitos para sentirte bien"}]},{"@type":"WebSite","@id":"https:\/\/letrame.com\/catalogo\/#website","url":"https:\/\/letrame.com\/catalogo\/","name":"Catalogo | Letrame Grupo Editorial","description":"","publisher":{"@id":"https:\/\/letrame.com\/catalogo\/#organization"},"potentialAction":[{"@type":"SearchAction","target":{"@type":"EntryPoint","urlTemplate":"https:\/\/letrame.com\/catalogo\/?s={search_term_string}"},"query-input":{"@type":"PropertyValueSpecification","valueRequired":true,"valueName":"search_term_string"}}],"inLanguage":"es"},{"@type":"Organization","@id":"https:\/\/letrame.com\/catalogo\/#organization","name":"Catalogo | Letrame Grupo Editorial","url":"https:\/\/letrame.com\/catalogo\/","logo":{"@type":"ImageObject","inLanguage":"es","@id":"https:\/\/letrame.com\/catalogo\/#\/schema\/logo\/image\/","url":"https:\/\/letrame.com\/catalogo\/wp-content\/uploads\/2024\/03\/logo2.webp","contentUrl":"https:\/\/letrame.com\/catalogo\/wp-content\/uploads\/2024\/03\/logo2.webp","width":394,"height":128,"caption":"Catalogo | Letrame Grupo Editorial"},"image":{"@id":"https:\/\/letrame.com\/catalogo\/#\/schema\/logo\/image\/"}}]}},"_links":{"self":[{"href":"https:\/\/letrame.com\/catalogo\/wp-json\/wp\/v2\/product\/96236","targetHints":{"allow":["GET"]}}],"collection":[{"href":"https:\/\/letrame.com\/catalogo\/wp-json\/wp\/v2\/product"}],"about":[{"href":"https:\/\/letrame.com\/catalogo\/wp-json\/wp\/v2\/types\/product"}],"replies":[{"embeddable":true,"href":"https:\/\/letrame.com\/catalogo\/wp-json\/wp\/v2\/comments?post=96236"}],"acf:post":[{"embeddable":true,"href":"https:\/\/letrame.com\/catalogo\/wp-json\/wp\/v2\/author_book\/77864"}],"wp:featuredmedia":[{"embeddable":true,"href":"https:\/\/letrame.com\/catalogo\/wp-json\/wp\/v2\/media\/96237"}],"wp:attachment":[{"href":"https:\/\/letrame.com\/catalogo\/wp-json\/wp\/v2\/media?parent=96236"}],"wp:term":[{"taxonomy":"libro","embeddable":true,"href":"https:\/\/letrame.com\/catalogo\/wp-json\/wp\/v2\/libro?post=96236"},{"taxonomy":"product_brand","embeddable":true,"href":"https:\/\/letrame.com\/catalogo\/wp-json\/wp\/v2\/product_brand?post=96236"},{"taxonomy":"product_cat","embeddable":true,"href":"https:\/\/letrame.com\/catalogo\/wp-json\/wp\/v2\/product_cat?post=96236"},{"taxonomy":"product_tag","embeddable":true,"href":"https:\/\/letrame.com\/catalogo\/wp-json\/wp\/v2\/product_tag?post=96236"}],"curies":[{"name":"wp","href":"https:\/\/api.w.org\/{rel}","templated":true}]}}