{"id":96229,"date":"2024-04-29T10:15:39","date_gmt":"2024-04-29T08:15:39","guid":{"rendered":"https:\/\/letrame.com\/catalogo\/producto\/historias-de-las-333\/"},"modified":"2024-05-15T16:38:54","modified_gmt":"2024-05-15T14:38:54","slug":"historias-de-las-333","status":"publish","type":"product","link":"https:\/\/letrame.com\/catalogo\/producto\/historias-de-las-333\/","title":{"rendered":"Historias de las 3:33"},"content":{"rendered":"<p><b>ISBN<\/b><span style=\"font-weight: 400;\">: <\/span>978-84-1386-040-4<\/p>\n<p><b>T\u00edtulo<\/b><span style=\"font-weight: 400;\">: Historias de las 3:33<\/span><span style=\"font-weight: 400;\"><br \/>\n<\/span><b>Fecha<\/b><span style=\"font-weight: 400;\">: 2021<\/span><span style=\"font-weight: 400;\"><br \/>\n<\/span><b>P\u00e1ginas<\/b><span style=\"font-weight: 400;\">: 244<\/span><\/p>\n<p><b>SINOPSIS<\/b><\/p>\n<p>\u00bfAlguna vez te has despertado de noche a las 3?33 y te has sentido observado? \u00bfAlguna vez has tenido la necesidad de encender todas las luces de tu casa despu\u00e9s de ver una pel\u00edcula de terror? \u00bfAlguna vez has pensado que tus pesadillas eran demasiado reales?<\/p>\n<p>A\u00fan viviendo en una sociedad tecnol\u00f3gica siempre habr\u00e1 miedos profundos que, desde peque\u00f1os, nos han ido acompa\u00f1ando en nuestra vida: el miedo a las p\u00e9rdidas personales, a la oscuridad o a no poder afrontar el futuro cercano son algunas de las pesadillas que asolan a nuestro protagonista.<\/p>\n<p><em>Historias de las 3: 33<\/em> es\u00a0 un recorrido por los terrores m\u00e1s profundos del siglo XXI, una conversaci\u00f3n entre un muchacho y su facultativo, una serie de pesadillas que atormentan el pasado, presente y \u00bffuturo? de un hombre que, desde ni\u00f1o, ten\u00eda miedo al hombre de ojos rojos\u2026 \u00bfQui\u00e9n o qu\u00e9 ser\u00e1?<\/p>\n<p>Novela dividida en cuatro partes, con una introducci\u00f3n y un final sorprendente, <em>Historias de las 3.33<\/em> est\u00e1 escrita en forma de relato corto intercambiados con una historia general que nos llevar\u00e1 a adentrarnos en los pensamientos m\u00e1s oscuros del protagonista porque \u00abno todas las historias de terror son falsas\u00bb.<\/p>\n","protected":false},"excerpt":{"rendered":"<p><strong>ISBN: 978-84-1386-040-4<\/strong><\/p>\n<p>Alguna vez te has despertado de noche a las 3?33 y te has sentido observado? \u00bfAlguna vez has tenido la necesidad de encender todas las luces de tu casa despu\u00e9s de ver una pel\u00edcula de terror? \u00bfAlguna vez has pensado que tus pesadillas eran demasiado reales?<\/p>\n<p>A\u00fan viviendo en una sociedad tecnol\u00f3gica siempre habr\u00e1 miedos profundos que, desde peque\u00f1os, nos han ido acompa\u00f1ando en nuestra vida: el miedo a las p\u00e9rdidas personales, a la oscuridad o a no poder afrontar el futuro cercano son algunas de las pesadillas que asolan a nuestro protagonista.<\/p>\n<p><em>Historias de las 3: 33<\/em> es\u00a0 un recorrido por los terrores m\u00e1s profundos del siglo XXI, una conversaci\u00f3n entre un muchacho y su facultativo, una serie de pesadillas que atormentan el pasado, presente y \u00bffuturo? de un hombre que, desde ni\u00f1o, ten\u00eda miedo al hombre de ojos rojos\u2026 \u00bfQui\u00e9n o qu\u00e9 ser\u00e1?<\/p>\n","protected":false},"featured_media":100158,"comment_status":"closed","ping_status":"closed","template":"","meta":{"_acf_changed":false},"libro":[],"product_brand":[],"product_cat":[15],"product_tag":[],"class_list":{"0":"post-96229","1":"product","2":"type-product","3":"status-publish","4":"has-post-thumbnail","6":"product_cat-sin-categorizar","8":"first","9":"instock","10":"product-type-simple"},"acf":{"autor":"","enlace_de_compra":"https:\/\/www.paypal.com\/cgi-bin\/webscr?cmd=_s-xclick&amp;hosted_button_id=2BMN43A4KXAKA"},"yoast_head":"<!-- This site is optimized with the Yoast SEO plugin v26.6 - https:\/\/yoast.com\/wordpress\/plugins\/seo\/ -->\n<title>Historias de las 3:33 - Catalogo | Letrame Grupo Editorial<\/title>\n<meta name=\"robots\" content=\"index, follow, max-snippet:-1, max-image-preview:large, max-video-preview:-1\" \/>\n<link rel=\"canonical\" href=\"https:\/\/letrame.com\/catalogo\/producto\/historias-de-las-333\/\" \/>\n<meta property=\"og:locale\" content=\"es_ES\" \/>\n<meta property=\"og:type\" content=\"article\" \/>\n<meta property=\"og:title\" content=\"Historias de las 3:33 - Catalogo | Letrame Grupo Editorial\" \/>\n<meta property=\"og:description\" content=\"ISBN: 978-84-1386-040-4  Alguna vez te has despertado de noche a las 3?33 y te has sentido observado? \u00bfAlguna vez has tenido la necesidad de encender todas las luces de tu casa despu\u00e9s de ver una pel\u00edcula de terror? \u00bfAlguna vez has pensado que tus pesadillas eran demasiado reales?  A\u00fan viviendo en una sociedad tecnol\u00f3gica siempre habr\u00e1 miedos profundos que, desde peque\u00f1os, nos han ido acompa\u00f1ando en nuestra vida: el miedo a las p\u00e9rdidas personales, a la oscuridad o a no poder afrontar el futuro cercano son algunas de las pesadillas que asolan a nuestro protagonista.  Historias de las 3: 33 es\u00a0 un recorrido por los terrores m\u00e1s profundos del siglo XXI, una conversaci\u00f3n entre un muchacho y su facultativo, una serie de pesadillas que atormentan el pasado, presente y \u00bffuturo? de un hombre que, desde ni\u00f1o, ten\u00eda miedo al hombre de ojos rojos\u2026 \u00bfQui\u00e9n o qu\u00e9 ser\u00e1?\" \/>\n<meta property=\"og:url\" content=\"https:\/\/letrame.com\/catalogo\/producto\/historias-de-las-333\/\" \/>\n<meta property=\"og:site_name\" content=\"Catalogo | Letrame Grupo Editorial\" \/>\n<meta property=\"article:modified_time\" content=\"2024-05-15T14:38:54+00:00\" \/>\n<meta property=\"og:image\" content=\"https:\/\/letrame.com\/catalogo\/wp-content\/uploads\/2024\/04\/Hisotrias-de-las-333-scaled-1.webp\" \/>\n\t<meta property=\"og:image:width\" content=\"1746\" \/>\n\t<meta property=\"og:image:height\" content=\"2560\" \/>\n\t<meta property=\"og:image:type\" content=\"image\/webp\" \/>\n<meta name=\"twitter:card\" content=\"summary_large_image\" \/>\n<meta name=\"twitter:label1\" content=\"Tiempo de lectura\" \/>\n\t<meta name=\"twitter:data1\" content=\"2 minutos\" \/>\n<script type=\"application\/ld+json\" class=\"yoast-schema-graph\">{\"@context\":\"https:\/\/schema.org\",\"@graph\":[{\"@type\":\"WebPage\",\"@id\":\"https:\/\/letrame.com\/catalogo\/producto\/historias-de-las-333\/\",\"url\":\"https:\/\/letrame.com\/catalogo\/producto\/historias-de-las-333\/\",\"name\":\"Historias de las 3:33 - Catalogo | Letrame Grupo Editorial\",\"isPartOf\":{\"@id\":\"https:\/\/letrame.com\/catalogo\/#website\"},\"primaryImageOfPage\":{\"@id\":\"https:\/\/letrame.com\/catalogo\/producto\/historias-de-las-333\/#primaryimage\"},\"image\":{\"@id\":\"https:\/\/letrame.com\/catalogo\/producto\/historias-de-las-333\/#primaryimage\"},\"thumbnailUrl\":\"https:\/\/letrame.com\/catalogo\/wp-content\/uploads\/2024\/04\/Hisotrias-de-las-333-scaled-1.webp\",\"datePublished\":\"2024-04-29T08:15:39+00:00\",\"dateModified\":\"2024-05-15T14:38:54+00:00\",\"breadcrumb\":{\"@id\":\"https:\/\/letrame.com\/catalogo\/producto\/historias-de-las-333\/#breadcrumb\"},\"inLanguage\":\"es\",\"potentialAction\":[{\"@type\":\"ReadAction\",\"target\":[\"https:\/\/letrame.com\/catalogo\/producto\/historias-de-las-333\/\"]}]},{\"@type\":\"ImageObject\",\"inLanguage\":\"es\",\"@id\":\"https:\/\/letrame.com\/catalogo\/producto\/historias-de-las-333\/#primaryimage\",\"url\":\"https:\/\/letrame.com\/catalogo\/wp-content\/uploads\/2024\/04\/Hisotrias-de-las-333-scaled-1.webp\",\"contentUrl\":\"https:\/\/letrame.com\/catalogo\/wp-content\/uploads\/2024\/04\/Hisotrias-de-las-333-scaled-1.webp\",\"width\":1746,\"height\":2560},{\"@type\":\"BreadcrumbList\",\"@id\":\"https:\/\/letrame.com\/catalogo\/producto\/historias-de-las-333\/#breadcrumb\",\"itemListElement\":[{\"@type\":\"ListItem\",\"position\":1,\"name\":\"Portada\",\"item\":\"https:\/\/letrame.com\/catalogo\/\"},{\"@type\":\"ListItem\",\"position\":2,\"name\":\"Cat\u00e1logo\",\"item\":\"https:\/\/letrame.com\/catalogo\/\"},{\"@type\":\"ListItem\",\"position\":3,\"name\":\"Historias de las 3:33\"}]},{\"@type\":\"WebSite\",\"@id\":\"https:\/\/letrame.com\/catalogo\/#website\",\"url\":\"https:\/\/letrame.com\/catalogo\/\",\"name\":\"Catalogo | Letrame Grupo Editorial\",\"description\":\"\",\"publisher\":{\"@id\":\"https:\/\/letrame.com\/catalogo\/#organization\"},\"potentialAction\":[{\"@type\":\"SearchAction\",\"target\":{\"@type\":\"EntryPoint\",\"urlTemplate\":\"https:\/\/letrame.com\/catalogo\/?s={search_term_string}\"},\"query-input\":{\"@type\":\"PropertyValueSpecification\",\"valueRequired\":true,\"valueName\":\"search_term_string\"}}],\"inLanguage\":\"es\"},{\"@type\":\"Organization\",\"@id\":\"https:\/\/letrame.com\/catalogo\/#organization\",\"name\":\"Catalogo | Letrame Grupo Editorial\",\"url\":\"https:\/\/letrame.com\/catalogo\/\",\"logo\":{\"@type\":\"ImageObject\",\"inLanguage\":\"es\",\"@id\":\"https:\/\/letrame.com\/catalogo\/#\/schema\/logo\/image\/\",\"url\":\"https:\/\/letrame.com\/catalogo\/wp-content\/uploads\/2024\/03\/logo2.webp\",\"contentUrl\":\"https:\/\/letrame.com\/catalogo\/wp-content\/uploads\/2024\/03\/logo2.webp\",\"width\":394,\"height\":128,\"caption\":\"Catalogo | Letrame Grupo Editorial\"},\"image\":{\"@id\":\"https:\/\/letrame.com\/catalogo\/#\/schema\/logo\/image\/\"}}]}<\/script>\n<!-- \/ Yoast SEO plugin. -->","yoast_head_json":{"title":"Historias de las 3:33 - Catalogo | Letrame Grupo Editorial","robots":{"index":"index","follow":"follow","max-snippet":"max-snippet:-1","max-image-preview":"max-image-preview:large","max-video-preview":"max-video-preview:-1"},"canonical":"https:\/\/letrame.com\/catalogo\/producto\/historias-de-las-333\/","og_locale":"es_ES","og_type":"article","og_title":"Historias de las 3:33 - Catalogo | Letrame Grupo Editorial","og_description":"ISBN: 978-84-1386-040-4  Alguna vez te has despertado de noche a las 3?33 y te has sentido observado? \u00bfAlguna vez has tenido la necesidad de encender todas las luces de tu casa despu\u00e9s de ver una pel\u00edcula de terror? \u00bfAlguna vez has pensado que tus pesadillas eran demasiado reales?  A\u00fan viviendo en una sociedad tecnol\u00f3gica siempre habr\u00e1 miedos profundos que, desde peque\u00f1os, nos han ido acompa\u00f1ando en nuestra vida: el miedo a las p\u00e9rdidas personales, a la oscuridad o a no poder afrontar el futuro cercano son algunas de las pesadillas que asolan a nuestro protagonista.  Historias de las 3: 33 es\u00a0 un recorrido por los terrores m\u00e1s profundos del siglo XXI, una conversaci\u00f3n entre un muchacho y su facultativo, una serie de pesadillas que atormentan el pasado, presente y \u00bffuturo? de un hombre que, desde ni\u00f1o, ten\u00eda miedo al hombre de ojos rojos\u2026 \u00bfQui\u00e9n o qu\u00e9 ser\u00e1?","og_url":"https:\/\/letrame.com\/catalogo\/producto\/historias-de-las-333\/","og_site_name":"Catalogo | Letrame Grupo Editorial","article_modified_time":"2024-05-15T14:38:54+00:00","og_image":[{"width":1746,"height":2560,"url":"https:\/\/letrame.com\/catalogo\/wp-content\/uploads\/2024\/04\/Hisotrias-de-las-333-scaled-1.webp","type":"image\/webp"}],"twitter_card":"summary_large_image","twitter_misc":{"Tiempo de lectura":"2 minutos"},"schema":{"@context":"https:\/\/schema.org","@graph":[{"@type":"WebPage","@id":"https:\/\/letrame.com\/catalogo\/producto\/historias-de-las-333\/","url":"https:\/\/letrame.com\/catalogo\/producto\/historias-de-las-333\/","name":"Historias de las 3:33 - Catalogo | Letrame Grupo Editorial","isPartOf":{"@id":"https:\/\/letrame.com\/catalogo\/#website"},"primaryImageOfPage":{"@id":"https:\/\/letrame.com\/catalogo\/producto\/historias-de-las-333\/#primaryimage"},"image":{"@id":"https:\/\/letrame.com\/catalogo\/producto\/historias-de-las-333\/#primaryimage"},"thumbnailUrl":"https:\/\/letrame.com\/catalogo\/wp-content\/uploads\/2024\/04\/Hisotrias-de-las-333-scaled-1.webp","datePublished":"2024-04-29T08:15:39+00:00","dateModified":"2024-05-15T14:38:54+00:00","breadcrumb":{"@id":"https:\/\/letrame.com\/catalogo\/producto\/historias-de-las-333\/#breadcrumb"},"inLanguage":"es","potentialAction":[{"@type":"ReadAction","target":["https:\/\/letrame.com\/catalogo\/producto\/historias-de-las-333\/"]}]},{"@type":"ImageObject","inLanguage":"es","@id":"https:\/\/letrame.com\/catalogo\/producto\/historias-de-las-333\/#primaryimage","url":"https:\/\/letrame.com\/catalogo\/wp-content\/uploads\/2024\/04\/Hisotrias-de-las-333-scaled-1.webp","contentUrl":"https:\/\/letrame.com\/catalogo\/wp-content\/uploads\/2024\/04\/Hisotrias-de-las-333-scaled-1.webp","width":1746,"height":2560},{"@type":"BreadcrumbList","@id":"https:\/\/letrame.com\/catalogo\/producto\/historias-de-las-333\/#breadcrumb","itemListElement":[{"@type":"ListItem","position":1,"name":"Portada","item":"https:\/\/letrame.com\/catalogo\/"},{"@type":"ListItem","position":2,"name":"Cat\u00e1logo","item":"https:\/\/letrame.com\/catalogo\/"},{"@type":"ListItem","position":3,"name":"Historias de las 3:33"}]},{"@type":"WebSite","@id":"https:\/\/letrame.com\/catalogo\/#website","url":"https:\/\/letrame.com\/catalogo\/","name":"Catalogo | Letrame Grupo Editorial","description":"","publisher":{"@id":"https:\/\/letrame.com\/catalogo\/#organization"},"potentialAction":[{"@type":"SearchAction","target":{"@type":"EntryPoint","urlTemplate":"https:\/\/letrame.com\/catalogo\/?s={search_term_string}"},"query-input":{"@type":"PropertyValueSpecification","valueRequired":true,"valueName":"search_term_string"}}],"inLanguage":"es"},{"@type":"Organization","@id":"https:\/\/letrame.com\/catalogo\/#organization","name":"Catalogo | Letrame Grupo Editorial","url":"https:\/\/letrame.com\/catalogo\/","logo":{"@type":"ImageObject","inLanguage":"es","@id":"https:\/\/letrame.com\/catalogo\/#\/schema\/logo\/image\/","url":"https:\/\/letrame.com\/catalogo\/wp-content\/uploads\/2024\/03\/logo2.webp","contentUrl":"https:\/\/letrame.com\/catalogo\/wp-content\/uploads\/2024\/03\/logo2.webp","width":394,"height":128,"caption":"Catalogo | Letrame Grupo Editorial"},"image":{"@id":"https:\/\/letrame.com\/catalogo\/#\/schema\/logo\/image\/"}}]}},"_links":{"self":[{"href":"https:\/\/letrame.com\/catalogo\/wp-json\/wp\/v2\/product\/96229","targetHints":{"allow":["GET"]}}],"collection":[{"href":"https:\/\/letrame.com\/catalogo\/wp-json\/wp\/v2\/product"}],"about":[{"href":"https:\/\/letrame.com\/catalogo\/wp-json\/wp\/v2\/types\/product"}],"replies":[{"embeddable":true,"href":"https:\/\/letrame.com\/catalogo\/wp-json\/wp\/v2\/comments?post=96229"}],"wp:featuredmedia":[{"embeddable":true,"href":"https:\/\/letrame.com\/catalogo\/wp-json\/wp\/v2\/media\/100158"}],"wp:attachment":[{"href":"https:\/\/letrame.com\/catalogo\/wp-json\/wp\/v2\/media?parent=96229"}],"wp:term":[{"taxonomy":"libro","embeddable":true,"href":"https:\/\/letrame.com\/catalogo\/wp-json\/wp\/v2\/libro?post=96229"},{"taxonomy":"product_brand","embeddable":true,"href":"https:\/\/letrame.com\/catalogo\/wp-json\/wp\/v2\/product_brand?post=96229"},{"taxonomy":"product_cat","embeddable":true,"href":"https:\/\/letrame.com\/catalogo\/wp-json\/wp\/v2\/product_cat?post=96229"},{"taxonomy":"product_tag","embeddable":true,"href":"https:\/\/letrame.com\/catalogo\/wp-json\/wp\/v2\/product_tag?post=96229"}],"curies":[{"name":"wp","href":"https:\/\/api.w.org\/{rel}","templated":true}]}}