{"id":96225,"date":"2024-04-29T10:15:39","date_gmt":"2024-04-29T08:15:39","guid":{"rendered":"https:\/\/letrame.com\/catalogo\/producto\/entre-la-espada-y-la-pared\/"},"modified":"2024-04-29T10:15:53","modified_gmt":"2024-04-29T08:15:53","slug":"entre-la-espada-y-la-pared","status":"publish","type":"product","link":"https:\/\/letrame.com\/catalogo\/producto\/entre-la-espada-y-la-pared\/","title":{"rendered":"Entre la espada y la pared"},"content":{"rendered":"<p><b>ISBN<\/b><span style=\"font-weight: 400;\">: <\/span>978-84-1386-032-9<\/p>\n<p><b>T\u00edtulo<\/b><span style=\"font-weight: 400;\">: Entre la espada y la pared<\/span><span style=\"font-weight: 400;\"><br \/>\n<\/span><b>Fecha<\/b><span style=\"font-weight: 400;\">: 2021<\/span><span style=\"font-weight: 400;\"><br \/>\n<\/span><b>P\u00e1ginas<\/b><span style=\"font-weight: 400;\">: 140<\/span><\/p>\n<p><b>SINOPSIS<\/b><\/p>\n<p>Si necesitas saber de que va este libro para leerlo, es porque no necesitas leerlo.<\/p>\n<p>Solo te dir\u00e9 que yo lo escrib\u00ed para olvidar y que acab\u00e9 recordando todas las veces que me enamor\u00e9. Aqu\u00ed recojo todas las palabras que nunca dije pero que mis ojos gritaban. Es revivir tus heridas con la tranquilidad de no volver a abrirlas. Es una historia de todos los amores que pasaron por mi vida.<\/p>\n<p>Pero tambi\u00e9n es una reivindicaci\u00f3n a una sociedad corrompida, eg\u00f3latra, digitalizada, aut\u00f3mata y empobrecida en el arte de vivir.<\/p>\n","protected":false},"excerpt":{"rendered":"<p><strong>ISBN: 978-84-1386-032-9<\/strong><\/p>\n<p>Si necesitas saber de que va este libro para leerlo, es porque no necesitas leerlo.<\/p>\n<p>Solo te dir\u00e9 que yo lo escrib\u00ed para olvidar y que acab\u00e9 recordando todas las veces que me enamor\u00e9. Aqu\u00ed recojo todas las palabras que nunca dije pero que mis ojos gritaban. Es revivir tus heridas con la tranquilidad de no volver a abrirlas. Es una historia de todos los amores que pasaron por mi vida.<\/p>\n<p>Pero tambi\u00e9n es una reivindicaci\u00f3n a una sociedad corrompida, eg\u00f3latra, digitalizada, aut\u00f3mata y empobrecida en el arte de vivir.<\/p>\n","protected":false},"featured_media":96226,"comment_status":"closed","ping_status":"open","template":"","meta":{"_acf_changed":false},"libro":[],"product_brand":[],"product_cat":[20],"product_tag":[],"class_list":{"0":"post-96225","1":"product","2":"type-product","3":"status-publish","4":"has-post-thumbnail","6":"product_cat-poesia","8":"first","9":"instock","10":"purchasable","11":"product-type-simple"},"acf":{"autor":[74917],"enlace_de_compra":"https:\/\/www.paypal.com\/cgi-bin\/webscr?cmd=_s-xclick&amp;hosted_button_id=NZYS5WGV2RK5N"},"yoast_head":"<!-- This site is optimized with the Yoast SEO plugin v27.4 - https:\/\/yoast.com\/product\/yoast-seo-wordpress\/ -->\n<title>Entre la espada y la pared - Catalogo | Letrame Grupo Editorial<\/title>\n<meta name=\"robots\" content=\"index, follow, max-snippet:-1, max-image-preview:large, max-video-preview:-1\" \/>\n<link rel=\"canonical\" href=\"https:\/\/letrame.com\/catalogo\/producto\/entre-la-espada-y-la-pared\/\" \/>\n<meta property=\"og:locale\" content=\"es_ES\" \/>\n<meta property=\"og:type\" content=\"article\" \/>\n<meta property=\"og:title\" content=\"Entre la espada y la pared - Catalogo | Letrame Grupo Editorial\" \/>\n<meta property=\"og:description\" content=\"ISBN: 978-84-1386-032-9 Si necesitas saber de que va este libro para leerlo, es porque no necesitas leerlo. Solo te dir\u00e9 que yo lo escrib\u00ed para olvidar y que acab\u00e9 recordando todas las veces que me enamor\u00e9. Aqu\u00ed recojo todas las palabras que nunca dije pero que mis ojos gritaban. Es revivir tus heridas con la tranquilidad de no volver a abrirlas. Es una historia de todos los amores que pasaron por mi vida. Pero tambi\u00e9n es una reivindicaci\u00f3n a una sociedad corrompida, eg\u00f3latra, digitalizada, aut\u00f3mata y empobrecida en el arte de vivir.\" \/>\n<meta property=\"og:url\" content=\"https:\/\/letrame.com\/catalogo\/producto\/entre-la-espada-y-la-pared\/\" \/>\n<meta property=\"og:site_name\" content=\"Catalogo | Letrame Grupo Editorial\" \/>\n<meta property=\"article:modified_time\" content=\"2024-04-29T08:15:53+00:00\" \/>\n<meta property=\"og:image\" content=\"https:\/\/letrame.com\/catalogo\/wp-content\/uploads\/2024\/04\/Entre-la-espada-y-la-pared.jpg\" \/>\n\t<meta property=\"og:image:width\" content=\"1594\" \/>\n\t<meta property=\"og:image:height\" content=\"2303\" \/>\n\t<meta property=\"og:image:type\" content=\"image\/jpeg\" \/>\n<meta name=\"twitter:card\" content=\"summary_large_image\" \/>\n<meta name=\"twitter:label1\" content=\"Tiempo de lectura\" \/>\n\t<meta name=\"twitter:data1\" content=\"1 minuto\" \/>\n<script type=\"application\/ld+json\" class=\"yoast-schema-graph\">{\"@context\":\"https:\\\/\\\/schema.org\",\"@graph\":[{\"@type\":\"WebPage\",\"@id\":\"https:\\\/\\\/letrame.com\\\/catalogo\\\/producto\\\/entre-la-espada-y-la-pared\\\/\",\"url\":\"https:\\\/\\\/letrame.com\\\/catalogo\\\/producto\\\/entre-la-espada-y-la-pared\\\/\",\"name\":\"Entre la espada y la pared - Catalogo | Letrame Grupo Editorial\",\"isPartOf\":{\"@id\":\"https:\\\/\\\/letrame.com\\\/catalogo\\\/#website\"},\"primaryImageOfPage\":{\"@id\":\"https:\\\/\\\/letrame.com\\\/catalogo\\\/producto\\\/entre-la-espada-y-la-pared\\\/#primaryimage\"},\"image\":{\"@id\":\"https:\\\/\\\/letrame.com\\\/catalogo\\\/producto\\\/entre-la-espada-y-la-pared\\\/#primaryimage\"},\"thumbnailUrl\":\"https:\\\/\\\/letrame.com\\\/catalogo\\\/wp-content\\\/uploads\\\/2024\\\/04\\\/Entre-la-espada-y-la-pared.jpg\",\"datePublished\":\"2024-04-29T08:15:39+00:00\",\"dateModified\":\"2024-04-29T08:15:53+00:00\",\"breadcrumb\":{\"@id\":\"https:\\\/\\\/letrame.com\\\/catalogo\\\/producto\\\/entre-la-espada-y-la-pared\\\/#breadcrumb\"},\"inLanguage\":\"es\",\"potentialAction\":[{\"@type\":\"ReadAction\",\"target\":[\"https:\\\/\\\/letrame.com\\\/catalogo\\\/producto\\\/entre-la-espada-y-la-pared\\\/\"]}]},{\"@type\":\"ImageObject\",\"inLanguage\":\"es\",\"@id\":\"https:\\\/\\\/letrame.com\\\/catalogo\\\/producto\\\/entre-la-espada-y-la-pared\\\/#primaryimage\",\"url\":\"https:\\\/\\\/letrame.com\\\/catalogo\\\/wp-content\\\/uploads\\\/2024\\\/04\\\/Entre-la-espada-y-la-pared.jpg\",\"contentUrl\":\"https:\\\/\\\/letrame.com\\\/catalogo\\\/wp-content\\\/uploads\\\/2024\\\/04\\\/Entre-la-espada-y-la-pared.jpg\",\"width\":1594,\"height\":2303},{\"@type\":\"BreadcrumbList\",\"@id\":\"https:\\\/\\\/letrame.com\\\/catalogo\\\/producto\\\/entre-la-espada-y-la-pared\\\/#breadcrumb\",\"itemListElement\":[{\"@type\":\"ListItem\",\"position\":1,\"name\":\"Portada\",\"item\":\"https:\\\/\\\/letrame.com\\\/catalogo\\\/\"},{\"@type\":\"ListItem\",\"position\":2,\"name\":\"Cat\u00e1logo\",\"item\":\"https:\\\/\\\/letrame.com\\\/catalogo\\\/\"},{\"@type\":\"ListItem\",\"position\":3,\"name\":\"Entre la espada y la pared\"}]},{\"@type\":\"WebSite\",\"@id\":\"https:\\\/\\\/letrame.com\\\/catalogo\\\/#website\",\"url\":\"https:\\\/\\\/letrame.com\\\/catalogo\\\/\",\"name\":\"Catalogo | Letrame Grupo Editorial\",\"description\":\"\",\"publisher\":{\"@id\":\"https:\\\/\\\/letrame.com\\\/catalogo\\\/#organization\"},\"potentialAction\":[{\"@type\":\"SearchAction\",\"target\":{\"@type\":\"EntryPoint\",\"urlTemplate\":\"https:\\\/\\\/letrame.com\\\/catalogo\\\/?s={search_term_string}\"},\"query-input\":{\"@type\":\"PropertyValueSpecification\",\"valueRequired\":true,\"valueName\":\"search_term_string\"}}],\"inLanguage\":\"es\"},{\"@type\":\"Organization\",\"@id\":\"https:\\\/\\\/letrame.com\\\/catalogo\\\/#organization\",\"name\":\"Catalogo | Letrame Grupo Editorial\",\"url\":\"https:\\\/\\\/letrame.com\\\/catalogo\\\/\",\"logo\":{\"@type\":\"ImageObject\",\"inLanguage\":\"es\",\"@id\":\"https:\\\/\\\/letrame.com\\\/catalogo\\\/#\\\/schema\\\/logo\\\/image\\\/\",\"url\":\"https:\\\/\\\/letrame.com\\\/catalogo\\\/wp-content\\\/uploads\\\/2024\\\/03\\\/logo2.webp\",\"contentUrl\":\"https:\\\/\\\/letrame.com\\\/catalogo\\\/wp-content\\\/uploads\\\/2024\\\/03\\\/logo2.webp\",\"width\":394,\"height\":128,\"caption\":\"Catalogo | Letrame Grupo Editorial\"},\"image\":{\"@id\":\"https:\\\/\\\/letrame.com\\\/catalogo\\\/#\\\/schema\\\/logo\\\/image\\\/\"}}]}<\/script>\n<!-- \/ Yoast SEO plugin. -->","yoast_head_json":{"title":"Entre la espada y la pared - Catalogo | Letrame Grupo Editorial","robots":{"index":"index","follow":"follow","max-snippet":"max-snippet:-1","max-image-preview":"max-image-preview:large","max-video-preview":"max-video-preview:-1"},"canonical":"https:\/\/letrame.com\/catalogo\/producto\/entre-la-espada-y-la-pared\/","og_locale":"es_ES","og_type":"article","og_title":"Entre la espada y la pared - Catalogo | Letrame Grupo Editorial","og_description":"ISBN: 978-84-1386-032-9 Si necesitas saber de que va este libro para leerlo, es porque no necesitas leerlo. Solo te dir\u00e9 que yo lo escrib\u00ed para olvidar y que acab\u00e9 recordando todas las veces que me enamor\u00e9. Aqu\u00ed recojo todas las palabras que nunca dije pero que mis ojos gritaban. Es revivir tus heridas con la tranquilidad de no volver a abrirlas. Es una historia de todos los amores que pasaron por mi vida. Pero tambi\u00e9n es una reivindicaci\u00f3n a una sociedad corrompida, eg\u00f3latra, digitalizada, aut\u00f3mata y empobrecida en el arte de vivir.","og_url":"https:\/\/letrame.com\/catalogo\/producto\/entre-la-espada-y-la-pared\/","og_site_name":"Catalogo | Letrame Grupo Editorial","article_modified_time":"2024-04-29T08:15:53+00:00","og_image":[{"width":1594,"height":2303,"url":"https:\/\/letrame.com\/catalogo\/wp-content\/uploads\/2024\/04\/Entre-la-espada-y-la-pared.jpg","type":"image\/jpeg"}],"twitter_card":"summary_large_image","twitter_misc":{"Tiempo de lectura":"1 minuto"},"schema":{"@context":"https:\/\/schema.org","@graph":[{"@type":"WebPage","@id":"https:\/\/letrame.com\/catalogo\/producto\/entre-la-espada-y-la-pared\/","url":"https:\/\/letrame.com\/catalogo\/producto\/entre-la-espada-y-la-pared\/","name":"Entre la espada y la pared - Catalogo | Letrame Grupo Editorial","isPartOf":{"@id":"https:\/\/letrame.com\/catalogo\/#website"},"primaryImageOfPage":{"@id":"https:\/\/letrame.com\/catalogo\/producto\/entre-la-espada-y-la-pared\/#primaryimage"},"image":{"@id":"https:\/\/letrame.com\/catalogo\/producto\/entre-la-espada-y-la-pared\/#primaryimage"},"thumbnailUrl":"https:\/\/letrame.com\/catalogo\/wp-content\/uploads\/2024\/04\/Entre-la-espada-y-la-pared.jpg","datePublished":"2024-04-29T08:15:39+00:00","dateModified":"2024-04-29T08:15:53+00:00","breadcrumb":{"@id":"https:\/\/letrame.com\/catalogo\/producto\/entre-la-espada-y-la-pared\/#breadcrumb"},"inLanguage":"es","potentialAction":[{"@type":"ReadAction","target":["https:\/\/letrame.com\/catalogo\/producto\/entre-la-espada-y-la-pared\/"]}]},{"@type":"ImageObject","inLanguage":"es","@id":"https:\/\/letrame.com\/catalogo\/producto\/entre-la-espada-y-la-pared\/#primaryimage","url":"https:\/\/letrame.com\/catalogo\/wp-content\/uploads\/2024\/04\/Entre-la-espada-y-la-pared.jpg","contentUrl":"https:\/\/letrame.com\/catalogo\/wp-content\/uploads\/2024\/04\/Entre-la-espada-y-la-pared.jpg","width":1594,"height":2303},{"@type":"BreadcrumbList","@id":"https:\/\/letrame.com\/catalogo\/producto\/entre-la-espada-y-la-pared\/#breadcrumb","itemListElement":[{"@type":"ListItem","position":1,"name":"Portada","item":"https:\/\/letrame.com\/catalogo\/"},{"@type":"ListItem","position":2,"name":"Cat\u00e1logo","item":"https:\/\/letrame.com\/catalogo\/"},{"@type":"ListItem","position":3,"name":"Entre la espada y la pared"}]},{"@type":"WebSite","@id":"https:\/\/letrame.com\/catalogo\/#website","url":"https:\/\/letrame.com\/catalogo\/","name":"Catalogo | Letrame Grupo Editorial","description":"","publisher":{"@id":"https:\/\/letrame.com\/catalogo\/#organization"},"potentialAction":[{"@type":"SearchAction","target":{"@type":"EntryPoint","urlTemplate":"https:\/\/letrame.com\/catalogo\/?s={search_term_string}"},"query-input":{"@type":"PropertyValueSpecification","valueRequired":true,"valueName":"search_term_string"}}],"inLanguage":"es"},{"@type":"Organization","@id":"https:\/\/letrame.com\/catalogo\/#organization","name":"Catalogo | Letrame Grupo Editorial","url":"https:\/\/letrame.com\/catalogo\/","logo":{"@type":"ImageObject","inLanguage":"es","@id":"https:\/\/letrame.com\/catalogo\/#\/schema\/logo\/image\/","url":"https:\/\/letrame.com\/catalogo\/wp-content\/uploads\/2024\/03\/logo2.webp","contentUrl":"https:\/\/letrame.com\/catalogo\/wp-content\/uploads\/2024\/03\/logo2.webp","width":394,"height":128,"caption":"Catalogo | Letrame Grupo Editorial"},"image":{"@id":"https:\/\/letrame.com\/catalogo\/#\/schema\/logo\/image\/"}}]}},"_links":{"self":[{"href":"https:\/\/letrame.com\/catalogo\/wp-json\/wp\/v2\/product\/96225","targetHints":{"allow":["GET"]}}],"collection":[{"href":"https:\/\/letrame.com\/catalogo\/wp-json\/wp\/v2\/product"}],"about":[{"href":"https:\/\/letrame.com\/catalogo\/wp-json\/wp\/v2\/types\/product"}],"replies":[{"embeddable":true,"href":"https:\/\/letrame.com\/catalogo\/wp-json\/wp\/v2\/comments?post=96225"}],"acf:post":[{"embeddable":true,"href":"https:\/\/letrame.com\/catalogo\/wp-json\/wp\/v2\/author_book\/74917"}],"wp:featuredmedia":[{"embeddable":true,"href":"https:\/\/letrame.com\/catalogo\/wp-json\/wp\/v2\/media\/96226"}],"wp:attachment":[{"href":"https:\/\/letrame.com\/catalogo\/wp-json\/wp\/v2\/media?parent=96225"}],"wp:term":[{"taxonomy":"libro","embeddable":true,"href":"https:\/\/letrame.com\/catalogo\/wp-json\/wp\/v2\/libro?post=96225"},{"taxonomy":"product_brand","embeddable":true,"href":"https:\/\/letrame.com\/catalogo\/wp-json\/wp\/v2\/product_brand?post=96225"},{"taxonomy":"product_cat","embeddable":true,"href":"https:\/\/letrame.com\/catalogo\/wp-json\/wp\/v2\/product_cat?post=96225"},{"taxonomy":"product_tag","embeddable":true,"href":"https:\/\/letrame.com\/catalogo\/wp-json\/wp\/v2\/product_tag?post=96225"}],"curies":[{"name":"wp","href":"https:\/\/api.w.org\/{rel}","templated":true}]}}

<p><b>ISBN</b><span style="font-weight: 400;">: </span>978-84-1386-032-9</p>
<p><b>Título</b><span style="font-weight: 400;">: Entre la espada y la pared</span><span style="font-weight: 400;"><br />
</span><b>Fecha</b><span style="font-weight: 400;">: 2021</span><span style="font-weight: 400;"><br />
</span><b>Páginas</b><span style="font-weight: 400;">: 140</span></p>
<p><b>SINOPSIS</b></p>
<p>Si necesitas saber de que va este libro para leerlo, es porque no necesitas leerlo.</p>
<p>Solo te diré que yo lo escribí para olvidar y que acabé recordando todas las veces que me enamoré. Aquí recojo todas las palabras que nunca dije pero que mis ojos gritaban. Es revivir tus heridas con la tranquilidad de no volver a abrirlas. Es una historia de todos los amores que pasaron por mi vida.</p>
<p>Pero también es una reivindicación a una sociedad corrompida, ególatra, digitalizada, autómata y empobrecida en el arte de vivir.</p>

<p><strong>ISBN: 978-84-1386-032-9</strong></p>
<p>Si necesitas saber de que va este libro para leerlo, es porque no necesitas leerlo.</p>
<p>Solo te diré que yo lo escribí para olvidar y que acabé recordando todas las veces que me enamoré. Aquí recojo todas las palabras que nunca dije pero que mis ojos gritaban. Es revivir tus heridas con la tranquilidad de no volver a abrirlas. Es una historia de todos los amores que pasaron por mi vida.</p>
<p>Pero también es una reivindicación a una sociedad corrompida, ególatra, digitalizada, autómata y empobrecida en el arte de vivir.</p>

<!-- This site is optimized with the Yoast SEO plugin v27.4 - https://yoast.com/product/yoast-seo-wordpress/ -->
<title>Entre la espada y la pared - Catalogo | Letrame Grupo Editorial</title>
<meta name="robots" content="index, follow, max-snippet:-1, max-image-preview:large, max-video-preview:-1" />
<link rel="canonical" href="https://letrame.com/catalogo/producto/entre-la-espada-y-la-pared/" />
<meta property="og:locale" content="es_ES" />
<meta property="og:type" content="article" />
<meta property="og:title" content="Entre la espada y la pared - Catalogo | Letrame Grupo Editorial" />
<meta property="og:description" content="ISBN: 978-84-1386-032-9 Si necesitas saber de que va este libro para leerlo, es porque no necesitas leerlo. Solo te diré que yo lo escribí para olvidar y que acabé recordando todas las veces que me enamoré. Aquí recojo todas las palabras que nunca dije pero que mis ojos gritaban. Es revivir tus heridas con la tranquilidad de no volver a abrirlas. Es una historia de todos los amores que pasaron por mi vida. Pero también es una reivindicación a una sociedad corrompida, ególatra, digitalizada, autómata y empobrecida en el arte de vivir." />
<meta property="og:url" content="https://letrame.com/catalogo/producto/entre-la-espada-y-la-pared/" />
<meta property="og:site_name" content="Catalogo | Letrame Grupo Editorial" />
<meta property="article:modified_time" content="2024-04-29T08:15:53+00:00" />
<meta property="og:image" content="https://letrame.com/catalogo/wp-content/uploads/2024/04/Entre-la-espada-y-la-pared.jpg" />
	<meta property="og:image:width" content="1594" />
	<meta property="og:image:height" content="2303" />
	<meta property="og:image:type" content="image/jpeg" />
<meta name="twitter:card" content="summary_large_image" />
<meta name="twitter:label1" content="Tiempo de lectura" />
	<meta name="twitter:data1" content="1 minuto" />
<script type="application/ld+json" class="yoast-schema-graph">{"@context":"https:\/\/schema.org","@graph":[{"@type":"WebPage","@id":"https:\/\/letrame.com\/catalogo\/producto\/entre-la-espada-y-la-pared\/","url":"https:\/\/letrame.com\/catalogo\/producto\/entre-la-espada-y-la-pared\/","name":"Entre la espada y la pared - Catalogo | Letrame Grupo Editorial","isPartOf":{"@id":"https:\/\/letrame.com\/catalogo\/#website"},"primaryImageOfPage":{"@id":"https:\/\/letrame.com\/catalogo\/producto\/entre-la-espada-y-la-pared\/#primaryimage"},"image":{"@id":"https:\/\/letrame.com\/catalogo\/producto\/entre-la-espada-y-la-pared\/#primaryimage"},"thumbnailUrl":"https:\/\/letrame.com\/catalogo\/wp-content\/uploads\/2024\/04\/Entre-la-espada-y-la-pared.jpg","datePublished":"2024-04-29T08:15:39+00:00","dateModified":"2024-04-29T08:15:53+00:00","breadcrumb":{"@id":"https:\/\/letrame.com\/catalogo\/producto\/entre-la-espada-y-la-pared\/#breadcrumb"},"inLanguage":"es","potentialAction":[{"@type":"ReadAction","target":["https:\/\/letrame.com\/catalogo\/producto\/entre-la-espada-y-la-pared\/"]}]},{"@type":"ImageObject","inLanguage":"es","@id":"https:\/\/letrame.com\/catalogo\/producto\/entre-la-espada-y-la-pared\/#primaryimage","url":"https:\/\/letrame.com\/catalogo\/wp-content\/uploads\/2024\/04\/Entre-la-espada-y-la-pared.jpg","contentUrl":"https:\/\/letrame.com\/catalogo\/wp-content\/uploads\/2024\/04\/Entre-la-espada-y-la-pared.jpg","width":1594,"height":2303},{"@type":"BreadcrumbList","@id":"https:\/\/letrame.com\/catalogo\/producto\/entre-la-espada-y-la-pared\/#breadcrumb","itemListElement":[{"@type":"ListItem","position":1,"name":"Portada","item":"https:\/\/letrame.com\/catalogo\/"},{"@type":"ListItem","position":2,"name":"Catálogo","item":"https:\/\/letrame.com\/catalogo\/"},{"@type":"ListItem","position":3,"name":"Entre la espada y la pared"}]},{"@type":"WebSite","@id":"https:\/\/letrame.com\/catalogo\/#website","url":"https:\/\/letrame.com\/catalogo\/","name":"Catalogo | Letrame Grupo Editorial","description":"","publisher":{"@id":"https:\/\/letrame.com\/catalogo\/#organization"},"potentialAction":[{"@type":"SearchAction","target":{"@type":"EntryPoint","urlTemplate":"https:\/\/letrame.com\/catalogo\/?s={search_term_string}"},"query-input":{"@type":"PropertyValueSpecification","valueRequired":true,"valueName":"search_term_string"}}],"inLanguage":"es"},{"@type":"Organization","@id":"https:\/\/letrame.com\/catalogo\/#organization","name":"Catalogo | Letrame Grupo Editorial","url":"https:\/\/letrame.com\/catalogo\/","logo":{"@type":"ImageObject","inLanguage":"es","@id":"https:\/\/letrame.com\/catalogo\/#\/schema\/logo\/image\/","url":"https:\/\/letrame.com\/catalogo\/wp-content\/uploads\/2024\/03\/logo2.webp","contentUrl":"https:\/\/letrame.com\/catalogo\/wp-content\/uploads\/2024\/03\/logo2.webp","width":394,"height":128,"caption":"Catalogo | Letrame Grupo Editorial"},"image":{"@id":"https:\/\/letrame.com\/catalogo\/#\/schema\/logo\/image\/"}}]}</script>
<!-- / Yoast SEO plugin. -->

ISBN: 978-84-1386-032-9 Si necesitas saber de que va este libro para leerlo, es porque no necesitas leerlo. Solo te diré que yo lo escribí para olvidar y que acabé recordando todas las veces que me enamoré. Aquí recojo todas las palabras que nunca dije pero que mis ojos gritaban. Es revivir tus heridas con la tranquilidad de no volver a abrirlas. Es una historia de todos los amores que pasaron por mi vida. Pero también es una reivindicación a una sociedad corrompida, ególatra, digitalizada, autómata y empobrecida en el arte de vivir.

Catálogo
