{"id":96217,"date":"2024-04-29T10:14:29","date_gmt":"2024-04-29T08:14:29","guid":{"rendered":"https:\/\/letrame.com\/catalogo\/producto\/la-chica-del-grajo-y-los-duendes-de-bierzo\/"},"modified":"2024-04-29T10:14:54","modified_gmt":"2024-04-29T08:14:54","slug":"la-chica-del-grajo-y-los-duendes-de-bierzo","status":"publish","type":"product","link":"https:\/\/letrame.com\/catalogo\/producto\/la-chica-del-grajo-y-los-duendes-de-bierzo\/","title":{"rendered":"La chica del Grajo y los duendes de Bierzo"},"content":{"rendered":"<p>&nbsp;<\/p>\n<p><b>ISBN<\/b><span style=\"font-weight: 400;\">: <\/span>978-84-1386-108-1<\/p>\n<p><b>T\u00edtulo<\/b><span style=\"font-weight: 400;\">: La chica del Grajo y los duendes de Bierzo<\/span><span style=\"font-weight: 400;\"><br \/>\n<\/span><b>Fecha<\/b><span style=\"font-weight: 400;\">: 2021<\/span><span style=\"font-weight: 400;\"><br \/>\n<\/span><b>P\u00e1ginas<\/b><span style=\"font-weight: 400;\">: 170<\/span><\/p>\n<p><b>SINOPSIS<\/b><\/p>\n<p>Nora Alfar es una chica especial, su nivel de concentraci\u00f3n le permite introducirse en las historias de los libros que lee, mismos que guarda en la biblioteca de su residencia, avanzados algunos a\u00f1os en la segunda mitad del siglo xx. Un d\u00eda decide visitar el bosque de Gawron, lugar m\u00edstico y de contrastes, donde habita un grajo que constantemente la vigila.<\/p>\n<p>Ah\u00ed encuentra el Libro de Gublinduf, medio por el cual navega a otra dimensi\u00f3n para introducirse en el personaje principal del escrito, y as\u00ed defender la libertad de los duendes de Domonia y luchar contra las asechanzas del malvado Wolfgang. La chica del grajo defender\u00e1 a los suyos en la figura de Caballero de Valdueza. Sin embargo, los eventos no ocurren como est\u00e1n escritos y deber\u00e1 construir un nuevo final en la historia si quiere regresar a su vida real en Gawron.<\/p>\n","protected":false},"excerpt":{"rendered":"<p><strong>ISBN: 978-84-1386-108-1<\/strong><\/p>\n<p>&nbsp;<\/p>\n<p>Nora Alfar es una chica especial, su nivel de concentraci\u00f3n le permite introducirse en las historias de los libros que lee, mismos que guarda en la biblioteca de su residencia, avanzados algunos a\u00f1os en la segunda mitad del siglo xx. Un d\u00eda decide visitar el bosque de Gawron, lugar m\u00edstico y de contrastes, donde habita un grajo que constantemente la vigila.<\/p>\n","protected":false},"featured_media":96218,"comment_status":"closed","ping_status":"open","template":"","meta":{"_acf_changed":false},"libro":[],"product_brand":[],"product_cat":[16],"product_tag":[],"class_list":{"0":"post-96217","1":"product","2":"type-product","3":"status-publish","4":"has-post-thumbnail","6":"product_cat-novela","8":"first","9":"instock","10":"purchasable","11":"product-type-simple"},"acf":{"autor":[74910],"enlace_de_compra":"https:\/\/www.amazon.es\/chica-del-grajo-duendes-Bierzo\/dp\/841386108X\/ref=sr_1_1?__mk_es_ES=%C3%85M%C3%85%C5%BD%C3%95%C3%91&amp;dchild=1&amp;keywords=la+chica+del+grajo+letrame&amp;qid=1612186589&amp;sr=8-1"},"yoast_head":"<!-- This site is optimized with the Yoast SEO plugin v26.6 - https:\/\/yoast.com\/wordpress\/plugins\/seo\/ -->\n<title>La chica del Grajo y los duendes de Bierzo - Catalogo | Letrame Grupo Editorial<\/title>\n<meta name=\"robots\" content=\"index, follow, max-snippet:-1, max-image-preview:large, max-video-preview:-1\" \/>\n<link rel=\"canonical\" href=\"https:\/\/letrame.com\/catalogo\/producto\/la-chica-del-grajo-y-los-duendes-de-bierzo\/\" \/>\n<meta property=\"og:locale\" content=\"es_ES\" \/>\n<meta property=\"og:type\" content=\"article\" \/>\n<meta property=\"og:title\" content=\"La chica del Grajo y los duendes de Bierzo - Catalogo | Letrame Grupo Editorial\" \/>\n<meta property=\"og:description\" content=\"ISBN: 978-84-1386-108-1 &nbsp; Nora Alfar es una chica especial, su nivel de concentraci\u00f3n le permite introducirse en las historias de los libros que lee, mismos que guarda en la biblioteca de su residencia, avanzados algunos a\u00f1os en la segunda mitad del siglo xx. Un d\u00eda decide visitar el bosque de Gawron, lugar m\u00edstico y de contrastes, donde habita un grajo que constantemente la vigila.\" \/>\n<meta property=\"og:url\" content=\"https:\/\/letrame.com\/catalogo\/producto\/la-chica-del-grajo-y-los-duendes-de-bierzo\/\" \/>\n<meta property=\"og:site_name\" content=\"Catalogo | Letrame Grupo Editorial\" \/>\n<meta property=\"article:modified_time\" content=\"2024-04-29T08:14:54+00:00\" \/>\n<meta property=\"og:image\" content=\"https:\/\/letrame.com\/catalogo\/wp-content\/uploads\/2024\/04\/LaChicadelgrajo-scaled-1.jpg\" \/>\n\t<meta property=\"og:image:width\" content=\"1746\" \/>\n\t<meta property=\"og:image:height\" content=\"2560\" \/>\n\t<meta property=\"og:image:type\" content=\"image\/jpeg\" \/>\n<meta name=\"twitter:card\" content=\"summary_large_image\" \/>\n<meta name=\"twitter:label1\" content=\"Tiempo de lectura\" \/>\n\t<meta name=\"twitter:data1\" content=\"1 minuto\" \/>\n<script type=\"application\/ld+json\" class=\"yoast-schema-graph\">{\"@context\":\"https:\/\/schema.org\",\"@graph\":[{\"@type\":\"WebPage\",\"@id\":\"https:\/\/letrame.com\/catalogo\/producto\/la-chica-del-grajo-y-los-duendes-de-bierzo\/\",\"url\":\"https:\/\/letrame.com\/catalogo\/producto\/la-chica-del-grajo-y-los-duendes-de-bierzo\/\",\"name\":\"La chica del Grajo y los duendes de Bierzo - Catalogo | Letrame Grupo Editorial\",\"isPartOf\":{\"@id\":\"https:\/\/letrame.com\/catalogo\/#website\"},\"primaryImageOfPage\":{\"@id\":\"https:\/\/letrame.com\/catalogo\/producto\/la-chica-del-grajo-y-los-duendes-de-bierzo\/#primaryimage\"},\"image\":{\"@id\":\"https:\/\/letrame.com\/catalogo\/producto\/la-chica-del-grajo-y-los-duendes-de-bierzo\/#primaryimage\"},\"thumbnailUrl\":\"https:\/\/letrame.com\/catalogo\/wp-content\/uploads\/2024\/04\/LaChicadelgrajo-scaled-1.jpg\",\"datePublished\":\"2024-04-29T08:14:29+00:00\",\"dateModified\":\"2024-04-29T08:14:54+00:00\",\"breadcrumb\":{\"@id\":\"https:\/\/letrame.com\/catalogo\/producto\/la-chica-del-grajo-y-los-duendes-de-bierzo\/#breadcrumb\"},\"inLanguage\":\"es\",\"potentialAction\":[{\"@type\":\"ReadAction\",\"target\":[\"https:\/\/letrame.com\/catalogo\/producto\/la-chica-del-grajo-y-los-duendes-de-bierzo\/\"]}]},{\"@type\":\"ImageObject\",\"inLanguage\":\"es\",\"@id\":\"https:\/\/letrame.com\/catalogo\/producto\/la-chica-del-grajo-y-los-duendes-de-bierzo\/#primaryimage\",\"url\":\"https:\/\/letrame.com\/catalogo\/wp-content\/uploads\/2024\/04\/LaChicadelgrajo-scaled-1.jpg\",\"contentUrl\":\"https:\/\/letrame.com\/catalogo\/wp-content\/uploads\/2024\/04\/LaChicadelgrajo-scaled-1.jpg\",\"width\":1746,\"height\":2560},{\"@type\":\"BreadcrumbList\",\"@id\":\"https:\/\/letrame.com\/catalogo\/producto\/la-chica-del-grajo-y-los-duendes-de-bierzo\/#breadcrumb\",\"itemListElement\":[{\"@type\":\"ListItem\",\"position\":1,\"name\":\"Portada\",\"item\":\"https:\/\/letrame.com\/catalogo\/\"},{\"@type\":\"ListItem\",\"position\":2,\"name\":\"Cat\u00e1logo\",\"item\":\"https:\/\/letrame.com\/catalogo\/\"},{\"@type\":\"ListItem\",\"position\":3,\"name\":\"La chica del Grajo y los duendes de Bierzo\"}]},{\"@type\":\"WebSite\",\"@id\":\"https:\/\/letrame.com\/catalogo\/#website\",\"url\":\"https:\/\/letrame.com\/catalogo\/\",\"name\":\"Catalogo | Letrame Grupo Editorial\",\"description\":\"\",\"publisher\":{\"@id\":\"https:\/\/letrame.com\/catalogo\/#organization\"},\"potentialAction\":[{\"@type\":\"SearchAction\",\"target\":{\"@type\":\"EntryPoint\",\"urlTemplate\":\"https:\/\/letrame.com\/catalogo\/?s={search_term_string}\"},\"query-input\":{\"@type\":\"PropertyValueSpecification\",\"valueRequired\":true,\"valueName\":\"search_term_string\"}}],\"inLanguage\":\"es\"},{\"@type\":\"Organization\",\"@id\":\"https:\/\/letrame.com\/catalogo\/#organization\",\"name\":\"Catalogo | Letrame Grupo Editorial\",\"url\":\"https:\/\/letrame.com\/catalogo\/\",\"logo\":{\"@type\":\"ImageObject\",\"inLanguage\":\"es\",\"@id\":\"https:\/\/letrame.com\/catalogo\/#\/schema\/logo\/image\/\",\"url\":\"https:\/\/letrame.com\/catalogo\/wp-content\/uploads\/2024\/03\/logo2.webp\",\"contentUrl\":\"https:\/\/letrame.com\/catalogo\/wp-content\/uploads\/2024\/03\/logo2.webp\",\"width\":394,\"height\":128,\"caption\":\"Catalogo | Letrame Grupo Editorial\"},\"image\":{\"@id\":\"https:\/\/letrame.com\/catalogo\/#\/schema\/logo\/image\/\"}}]}<\/script>\n<!-- \/ Yoast SEO plugin. -->","yoast_head_json":{"title":"La chica del Grajo y los duendes de Bierzo - Catalogo | Letrame Grupo Editorial","robots":{"index":"index","follow":"follow","max-snippet":"max-snippet:-1","max-image-preview":"max-image-preview:large","max-video-preview":"max-video-preview:-1"},"canonical":"https:\/\/letrame.com\/catalogo\/producto\/la-chica-del-grajo-y-los-duendes-de-bierzo\/","og_locale":"es_ES","og_type":"article","og_title":"La chica del Grajo y los duendes de Bierzo - Catalogo | Letrame Grupo Editorial","og_description":"ISBN: 978-84-1386-108-1 &nbsp; Nora Alfar es una chica especial, su nivel de concentraci\u00f3n le permite introducirse en las historias de los libros que lee, mismos que guarda en la biblioteca de su residencia, avanzados algunos a\u00f1os en la segunda mitad del siglo xx. Un d\u00eda decide visitar el bosque de Gawron, lugar m\u00edstico y de contrastes, donde habita un grajo que constantemente la vigila.","og_url":"https:\/\/letrame.com\/catalogo\/producto\/la-chica-del-grajo-y-los-duendes-de-bierzo\/","og_site_name":"Catalogo | Letrame Grupo Editorial","article_modified_time":"2024-04-29T08:14:54+00:00","og_image":[{"width":1746,"height":2560,"url":"https:\/\/letrame.com\/catalogo\/wp-content\/uploads\/2024\/04\/LaChicadelgrajo-scaled-1.jpg","type":"image\/jpeg"}],"twitter_card":"summary_large_image","twitter_misc":{"Tiempo de lectura":"1 minuto"},"schema":{"@context":"https:\/\/schema.org","@graph":[{"@type":"WebPage","@id":"https:\/\/letrame.com\/catalogo\/producto\/la-chica-del-grajo-y-los-duendes-de-bierzo\/","url":"https:\/\/letrame.com\/catalogo\/producto\/la-chica-del-grajo-y-los-duendes-de-bierzo\/","name":"La chica del Grajo y los duendes de Bierzo - Catalogo | Letrame Grupo Editorial","isPartOf":{"@id":"https:\/\/letrame.com\/catalogo\/#website"},"primaryImageOfPage":{"@id":"https:\/\/letrame.com\/catalogo\/producto\/la-chica-del-grajo-y-los-duendes-de-bierzo\/#primaryimage"},"image":{"@id":"https:\/\/letrame.com\/catalogo\/producto\/la-chica-del-grajo-y-los-duendes-de-bierzo\/#primaryimage"},"thumbnailUrl":"https:\/\/letrame.com\/catalogo\/wp-content\/uploads\/2024\/04\/LaChicadelgrajo-scaled-1.jpg","datePublished":"2024-04-29T08:14:29+00:00","dateModified":"2024-04-29T08:14:54+00:00","breadcrumb":{"@id":"https:\/\/letrame.com\/catalogo\/producto\/la-chica-del-grajo-y-los-duendes-de-bierzo\/#breadcrumb"},"inLanguage":"es","potentialAction":[{"@type":"ReadAction","target":["https:\/\/letrame.com\/catalogo\/producto\/la-chica-del-grajo-y-los-duendes-de-bierzo\/"]}]},{"@type":"ImageObject","inLanguage":"es","@id":"https:\/\/letrame.com\/catalogo\/producto\/la-chica-del-grajo-y-los-duendes-de-bierzo\/#primaryimage","url":"https:\/\/letrame.com\/catalogo\/wp-content\/uploads\/2024\/04\/LaChicadelgrajo-scaled-1.jpg","contentUrl":"https:\/\/letrame.com\/catalogo\/wp-content\/uploads\/2024\/04\/LaChicadelgrajo-scaled-1.jpg","width":1746,"height":2560},{"@type":"BreadcrumbList","@id":"https:\/\/letrame.com\/catalogo\/producto\/la-chica-del-grajo-y-los-duendes-de-bierzo\/#breadcrumb","itemListElement":[{"@type":"ListItem","position":1,"name":"Portada","item":"https:\/\/letrame.com\/catalogo\/"},{"@type":"ListItem","position":2,"name":"Cat\u00e1logo","item":"https:\/\/letrame.com\/catalogo\/"},{"@type":"ListItem","position":3,"name":"La chica del Grajo y los duendes de Bierzo"}]},{"@type":"WebSite","@id":"https:\/\/letrame.com\/catalogo\/#website","url":"https:\/\/letrame.com\/catalogo\/","name":"Catalogo | Letrame Grupo Editorial","description":"","publisher":{"@id":"https:\/\/letrame.com\/catalogo\/#organization"},"potentialAction":[{"@type":"SearchAction","target":{"@type":"EntryPoint","urlTemplate":"https:\/\/letrame.com\/catalogo\/?s={search_term_string}"},"query-input":{"@type":"PropertyValueSpecification","valueRequired":true,"valueName":"search_term_string"}}],"inLanguage":"es"},{"@type":"Organization","@id":"https:\/\/letrame.com\/catalogo\/#organization","name":"Catalogo | Letrame Grupo Editorial","url":"https:\/\/letrame.com\/catalogo\/","logo":{"@type":"ImageObject","inLanguage":"es","@id":"https:\/\/letrame.com\/catalogo\/#\/schema\/logo\/image\/","url":"https:\/\/letrame.com\/catalogo\/wp-content\/uploads\/2024\/03\/logo2.webp","contentUrl":"https:\/\/letrame.com\/catalogo\/wp-content\/uploads\/2024\/03\/logo2.webp","width":394,"height":128,"caption":"Catalogo | Letrame Grupo Editorial"},"image":{"@id":"https:\/\/letrame.com\/catalogo\/#\/schema\/logo\/image\/"}}]}},"_links":{"self":[{"href":"https:\/\/letrame.com\/catalogo\/wp-json\/wp\/v2\/product\/96217","targetHints":{"allow":["GET"]}}],"collection":[{"href":"https:\/\/letrame.com\/catalogo\/wp-json\/wp\/v2\/product"}],"about":[{"href":"https:\/\/letrame.com\/catalogo\/wp-json\/wp\/v2\/types\/product"}],"replies":[{"embeddable":true,"href":"https:\/\/letrame.com\/catalogo\/wp-json\/wp\/v2\/comments?post=96217"}],"acf:post":[{"embeddable":true,"href":"https:\/\/letrame.com\/catalogo\/wp-json\/wp\/v2\/author_book\/74910"}],"wp:featuredmedia":[{"embeddable":true,"href":"https:\/\/letrame.com\/catalogo\/wp-json\/wp\/v2\/media\/96218"}],"wp:attachment":[{"href":"https:\/\/letrame.com\/catalogo\/wp-json\/wp\/v2\/media?parent=96217"}],"wp:term":[{"taxonomy":"libro","embeddable":true,"href":"https:\/\/letrame.com\/catalogo\/wp-json\/wp\/v2\/libro?post=96217"},{"taxonomy":"product_brand","embeddable":true,"href":"https:\/\/letrame.com\/catalogo\/wp-json\/wp\/v2\/product_brand?post=96217"},{"taxonomy":"product_cat","embeddable":true,"href":"https:\/\/letrame.com\/catalogo\/wp-json\/wp\/v2\/product_cat?post=96217"},{"taxonomy":"product_tag","embeddable":true,"href":"https:\/\/letrame.com\/catalogo\/wp-json\/wp\/v2\/product_tag?post=96217"}],"curies":[{"name":"wp","href":"https:\/\/api.w.org\/{rel}","templated":true}]}}