{"id":96147,"date":"2024-04-29T10:06:14","date_gmt":"2024-04-29T08:06:14","guid":{"rendered":"https:\/\/letrame.com\/catalogo\/producto\/la-joya-de-laura\/"},"modified":"2024-04-29T10:06:14","modified_gmt":"2024-04-29T08:06:14","slug":"la-joya-de-laura","status":"publish","type":"product","link":"https:\/\/letrame.com\/catalogo\/producto\/la-joya-de-laura\/","title":{"rendered":"La joya de Laura"},"content":{"rendered":"\n<p><strong>ISBN<\/strong>:\u00a0978-8418585364<\/p>\n\n\n\n<p><strong>T\u00edtulo<\/strong>: La joya de Laura<br><strong>Fecha<\/strong>: 2020<br><strong>P\u00e1ginas<\/strong>:\u00a0382<\/p>\n\n\n\n<p><strong>SINOPSIS<\/strong><\/p>\n\n\n\n<p><strong>\u00bfQu\u00e9 har\u00edas<\/strong>&nbsp;si el d\u00eda que te juegas tu ansiado ascenso, alguien comete el error de secuestrar a tu hija y pedirte algo imposible?<\/p>\n\n\n\n<p><strong>\u00bfQu\u00e9 pasar\u00eda<\/strong>&nbsp;por tu cabeza si descubres que alguien tiene retenida a tu vecina, de la que llevas enamorado desde los diez a\u00f1os?<\/p>\n\n\n\n<p><strong>\u00bfC\u00f3mo actuar\u00edas<\/strong>&nbsp;si dej\u00e1ndote llevar por tu hijo te ves involucrado en un secuestro del que ser\u00e1 dif\u00edcil salir airoso?<\/p>\n","protected":false},"excerpt":{"rendered":"<p><strong><span class=\"a-list-item\"><span class=\"a-text-bold\">ISBN: <\/span>978-8418585364<\/span><\/strong><\/p>\n<p><span class=\"book-desc\">\u00bfQu\u00e9 har\u00edas si el d\u00eda que te juegas tu ansiado ascenso, alguien comete el error de secuestrar a tu hija y pedirte algo imposible? \u00bfQu\u00e9 pasar\u00eda por tu cabeza si descubres que alguien tiene retenida a tu vecina, de la que llevas enamorado desde los diez a\u00f1os? \u00bfC\u00f3mo actuar\u00edas si dej\u00e1ndote llevar por tu hijo te ves involucrado en un secuestro del que ser\u00e1 dif\u00edcil salir airoso?<\/span><\/p>\n","protected":false},"featured_media":96148,"comment_status":"closed","ping_status":"open","template":"","meta":{"_acf_changed":false},"libro":[],"product_brand":[],"product_cat":[16],"product_tag":[],"class_list":{"0":"post-96147","1":"product","2":"type-product","3":"status-publish","4":"has-post-thumbnail","6":"product_cat-novela","8":"first","9":"instock","10":"purchasable","11":"product-type-simple"},"acf":{"autor":[74845],"enlace_de_compra":"https:\/\/www.amazon.es\/joya-Laura-Novela-Ra%C3%BAl-Moresco\/dp\/8418585366\/ref=sr_1_1?__mk_es_ES=%C3%85M%C3%85%C5%BD%C3%95%C3%91&amp;dchild=1&amp;keywords=La+joya+de+Laura&amp;qid=1609848693&amp;sr=8-1"},"yoast_head":"<!-- This site is optimized with the Yoast SEO plugin v26.6 - https:\/\/yoast.com\/wordpress\/plugins\/seo\/ -->\n<title>La joya de Laura - Catalogo | Letrame Grupo Editorial<\/title>\n<meta name=\"robots\" content=\"index, follow, max-snippet:-1, max-image-preview:large, max-video-preview:-1\" \/>\n<link rel=\"canonical\" href=\"https:\/\/letrame.com\/catalogo\/producto\/la-joya-de-laura\/\" \/>\n<meta property=\"og:locale\" content=\"es_ES\" \/>\n<meta property=\"og:type\" content=\"article\" \/>\n<meta property=\"og:title\" content=\"La joya de Laura - Catalogo | Letrame Grupo Editorial\" \/>\n<meta property=\"og:description\" content=\"ISBN: 978-8418585364 \u00bfQu\u00e9 har\u00edas si el d\u00eda que te juegas tu ansiado ascenso, alguien comete el error de secuestrar a tu hija y pedirte algo imposible? \u00bfQu\u00e9 pasar\u00eda por tu cabeza si descubres que alguien tiene retenida a tu vecina, de la que llevas enamorado desde los diez a\u00f1os? \u00bfC\u00f3mo actuar\u00edas si dej\u00e1ndote llevar por tu hijo te ves involucrado en un secuestro del que ser\u00e1 dif\u00edcil salir airoso?\" \/>\n<meta property=\"og:url\" content=\"https:\/\/letrame.com\/catalogo\/producto\/la-joya-de-laura\/\" \/>\n<meta property=\"og:site_name\" content=\"Catalogo | Letrame Grupo Editorial\" \/>\n<meta property=\"og:image\" content=\"https:\/\/letrame.com\/catalogo\/wp-content\/uploads\/2024\/04\/La-joya-de-Laura.jpg\" \/>\n\t<meta property=\"og:image:width\" content=\"474\" \/>\n\t<meta property=\"og:image:height\" content=\"712\" \/>\n\t<meta property=\"og:image:type\" content=\"image\/jpeg\" \/>\n<meta name=\"twitter:card\" content=\"summary_large_image\" \/>\n<script type=\"application\/ld+json\" class=\"yoast-schema-graph\">{\"@context\":\"https:\/\/schema.org\",\"@graph\":[{\"@type\":\"WebPage\",\"@id\":\"https:\/\/letrame.com\/catalogo\/producto\/la-joya-de-laura\/\",\"url\":\"https:\/\/letrame.com\/catalogo\/producto\/la-joya-de-laura\/\",\"name\":\"La joya de Laura - Catalogo | Letrame Grupo Editorial\",\"isPartOf\":{\"@id\":\"https:\/\/letrame.com\/catalogo\/#website\"},\"primaryImageOfPage\":{\"@id\":\"https:\/\/letrame.com\/catalogo\/producto\/la-joya-de-laura\/#primaryimage\"},\"image\":{\"@id\":\"https:\/\/letrame.com\/catalogo\/producto\/la-joya-de-laura\/#primaryimage\"},\"thumbnailUrl\":\"https:\/\/letrame.com\/catalogo\/wp-content\/uploads\/2024\/04\/La-joya-de-Laura.jpg\",\"datePublished\":\"2024-04-29T08:06:14+00:00\",\"breadcrumb\":{\"@id\":\"https:\/\/letrame.com\/catalogo\/producto\/la-joya-de-laura\/#breadcrumb\"},\"inLanguage\":\"es\",\"potentialAction\":[{\"@type\":\"ReadAction\",\"target\":[\"https:\/\/letrame.com\/catalogo\/producto\/la-joya-de-laura\/\"]}]},{\"@type\":\"ImageObject\",\"inLanguage\":\"es\",\"@id\":\"https:\/\/letrame.com\/catalogo\/producto\/la-joya-de-laura\/#primaryimage\",\"url\":\"https:\/\/letrame.com\/catalogo\/wp-content\/uploads\/2024\/04\/La-joya-de-Laura.jpg\",\"contentUrl\":\"https:\/\/letrame.com\/catalogo\/wp-content\/uploads\/2024\/04\/La-joya-de-Laura.jpg\",\"width\":474,\"height\":712},{\"@type\":\"BreadcrumbList\",\"@id\":\"https:\/\/letrame.com\/catalogo\/producto\/la-joya-de-laura\/#breadcrumb\",\"itemListElement\":[{\"@type\":\"ListItem\",\"position\":1,\"name\":\"Portada\",\"item\":\"https:\/\/letrame.com\/catalogo\/\"},{\"@type\":\"ListItem\",\"position\":2,\"name\":\"Cat\u00e1logo\",\"item\":\"https:\/\/letrame.com\/catalogo\/\"},{\"@type\":\"ListItem\",\"position\":3,\"name\":\"La joya de Laura\"}]},{\"@type\":\"WebSite\",\"@id\":\"https:\/\/letrame.com\/catalogo\/#website\",\"url\":\"https:\/\/letrame.com\/catalogo\/\",\"name\":\"Catalogo | Letrame Grupo Editorial\",\"description\":\"\",\"publisher\":{\"@id\":\"https:\/\/letrame.com\/catalogo\/#organization\"},\"potentialAction\":[{\"@type\":\"SearchAction\",\"target\":{\"@type\":\"EntryPoint\",\"urlTemplate\":\"https:\/\/letrame.com\/catalogo\/?s={search_term_string}\"},\"query-input\":{\"@type\":\"PropertyValueSpecification\",\"valueRequired\":true,\"valueName\":\"search_term_string\"}}],\"inLanguage\":\"es\"},{\"@type\":\"Organization\",\"@id\":\"https:\/\/letrame.com\/catalogo\/#organization\",\"name\":\"Catalogo | Letrame Grupo Editorial\",\"url\":\"https:\/\/letrame.com\/catalogo\/\",\"logo\":{\"@type\":\"ImageObject\",\"inLanguage\":\"es\",\"@id\":\"https:\/\/letrame.com\/catalogo\/#\/schema\/logo\/image\/\",\"url\":\"https:\/\/letrame.com\/catalogo\/wp-content\/uploads\/2024\/03\/logo2.webp\",\"contentUrl\":\"https:\/\/letrame.com\/catalogo\/wp-content\/uploads\/2024\/03\/logo2.webp\",\"width\":394,\"height\":128,\"caption\":\"Catalogo | Letrame Grupo Editorial\"},\"image\":{\"@id\":\"https:\/\/letrame.com\/catalogo\/#\/schema\/logo\/image\/\"}}]}<\/script>\n<!-- \/ Yoast SEO plugin. -->","yoast_head_json":{"title":"La joya de Laura - Catalogo | Letrame Grupo Editorial","robots":{"index":"index","follow":"follow","max-snippet":"max-snippet:-1","max-image-preview":"max-image-preview:large","max-video-preview":"max-video-preview:-1"},"canonical":"https:\/\/letrame.com\/catalogo\/producto\/la-joya-de-laura\/","og_locale":"es_ES","og_type":"article","og_title":"La joya de Laura - Catalogo | Letrame Grupo Editorial","og_description":"ISBN: 978-8418585364 \u00bfQu\u00e9 har\u00edas si el d\u00eda que te juegas tu ansiado ascenso, alguien comete el error de secuestrar a tu hija y pedirte algo imposible? \u00bfQu\u00e9 pasar\u00eda por tu cabeza si descubres que alguien tiene retenida a tu vecina, de la que llevas enamorado desde los diez a\u00f1os? \u00bfC\u00f3mo actuar\u00edas si dej\u00e1ndote llevar por tu hijo te ves involucrado en un secuestro del que ser\u00e1 dif\u00edcil salir airoso?","og_url":"https:\/\/letrame.com\/catalogo\/producto\/la-joya-de-laura\/","og_site_name":"Catalogo | Letrame Grupo Editorial","og_image":[{"width":474,"height":712,"url":"https:\/\/letrame.com\/catalogo\/wp-content\/uploads\/2024\/04\/La-joya-de-Laura.jpg","type":"image\/jpeg"}],"twitter_card":"summary_large_image","schema":{"@context":"https:\/\/schema.org","@graph":[{"@type":"WebPage","@id":"https:\/\/letrame.com\/catalogo\/producto\/la-joya-de-laura\/","url":"https:\/\/letrame.com\/catalogo\/producto\/la-joya-de-laura\/","name":"La joya de Laura - Catalogo | Letrame Grupo Editorial","isPartOf":{"@id":"https:\/\/letrame.com\/catalogo\/#website"},"primaryImageOfPage":{"@id":"https:\/\/letrame.com\/catalogo\/producto\/la-joya-de-laura\/#primaryimage"},"image":{"@id":"https:\/\/letrame.com\/catalogo\/producto\/la-joya-de-laura\/#primaryimage"},"thumbnailUrl":"https:\/\/letrame.com\/catalogo\/wp-content\/uploads\/2024\/04\/La-joya-de-Laura.jpg","datePublished":"2024-04-29T08:06:14+00:00","breadcrumb":{"@id":"https:\/\/letrame.com\/catalogo\/producto\/la-joya-de-laura\/#breadcrumb"},"inLanguage":"es","potentialAction":[{"@type":"ReadAction","target":["https:\/\/letrame.com\/catalogo\/producto\/la-joya-de-laura\/"]}]},{"@type":"ImageObject","inLanguage":"es","@id":"https:\/\/letrame.com\/catalogo\/producto\/la-joya-de-laura\/#primaryimage","url":"https:\/\/letrame.com\/catalogo\/wp-content\/uploads\/2024\/04\/La-joya-de-Laura.jpg","contentUrl":"https:\/\/letrame.com\/catalogo\/wp-content\/uploads\/2024\/04\/La-joya-de-Laura.jpg","width":474,"height":712},{"@type":"BreadcrumbList","@id":"https:\/\/letrame.com\/catalogo\/producto\/la-joya-de-laura\/#breadcrumb","itemListElement":[{"@type":"ListItem","position":1,"name":"Portada","item":"https:\/\/letrame.com\/catalogo\/"},{"@type":"ListItem","position":2,"name":"Cat\u00e1logo","item":"https:\/\/letrame.com\/catalogo\/"},{"@type":"ListItem","position":3,"name":"La joya de Laura"}]},{"@type":"WebSite","@id":"https:\/\/letrame.com\/catalogo\/#website","url":"https:\/\/letrame.com\/catalogo\/","name":"Catalogo | Letrame Grupo Editorial","description":"","publisher":{"@id":"https:\/\/letrame.com\/catalogo\/#organization"},"potentialAction":[{"@type":"SearchAction","target":{"@type":"EntryPoint","urlTemplate":"https:\/\/letrame.com\/catalogo\/?s={search_term_string}"},"query-input":{"@type":"PropertyValueSpecification","valueRequired":true,"valueName":"search_term_string"}}],"inLanguage":"es"},{"@type":"Organization","@id":"https:\/\/letrame.com\/catalogo\/#organization","name":"Catalogo | Letrame Grupo Editorial","url":"https:\/\/letrame.com\/catalogo\/","logo":{"@type":"ImageObject","inLanguage":"es","@id":"https:\/\/letrame.com\/catalogo\/#\/schema\/logo\/image\/","url":"https:\/\/letrame.com\/catalogo\/wp-content\/uploads\/2024\/03\/logo2.webp","contentUrl":"https:\/\/letrame.com\/catalogo\/wp-content\/uploads\/2024\/03\/logo2.webp","width":394,"height":128,"caption":"Catalogo | Letrame Grupo Editorial"},"image":{"@id":"https:\/\/letrame.com\/catalogo\/#\/schema\/logo\/image\/"}}]}},"_links":{"self":[{"href":"https:\/\/letrame.com\/catalogo\/wp-json\/wp\/v2\/product\/96147","targetHints":{"allow":["GET"]}}],"collection":[{"href":"https:\/\/letrame.com\/catalogo\/wp-json\/wp\/v2\/product"}],"about":[{"href":"https:\/\/letrame.com\/catalogo\/wp-json\/wp\/v2\/types\/product"}],"replies":[{"embeddable":true,"href":"https:\/\/letrame.com\/catalogo\/wp-json\/wp\/v2\/comments?post=96147"}],"acf:post":[{"embeddable":true,"href":"https:\/\/letrame.com\/catalogo\/wp-json\/wp\/v2\/author_book\/74845"}],"wp:featuredmedia":[{"embeddable":true,"href":"https:\/\/letrame.com\/catalogo\/wp-json\/wp\/v2\/media\/96148"}],"wp:attachment":[{"href":"https:\/\/letrame.com\/catalogo\/wp-json\/wp\/v2\/media?parent=96147"}],"wp:term":[{"taxonomy":"libro","embeddable":true,"href":"https:\/\/letrame.com\/catalogo\/wp-json\/wp\/v2\/libro?post=96147"},{"taxonomy":"product_brand","embeddable":true,"href":"https:\/\/letrame.com\/catalogo\/wp-json\/wp\/v2\/product_brand?post=96147"},{"taxonomy":"product_cat","embeddable":true,"href":"https:\/\/letrame.com\/catalogo\/wp-json\/wp\/v2\/product_cat?post=96147"},{"taxonomy":"product_tag","embeddable":true,"href":"https:\/\/letrame.com\/catalogo\/wp-json\/wp\/v2\/product_tag?post=96147"}],"curies":[{"name":"wp","href":"https:\/\/api.w.org\/{rel}","templated":true}]}}