{"id":96089,"date":"2024-04-29T09:48:04","date_gmt":"2024-04-29T07:48:04","guid":{"rendered":"https:\/\/letrame.com\/catalogo\/producto\/yo-decido-mi-destino-yo-decido-ser-feliz\/"},"modified":"2024-04-29T09:49:58","modified_gmt":"2024-04-29T07:49:58","slug":"yo-decido-mi-destino-yo-decido-ser-feliz","status":"publish","type":"product","link":"https:\/\/letrame.com\/catalogo\/producto\/yo-decido-mi-destino-yo-decido-ser-feliz\/","title":{"rendered":"Yo decido mi destino. Yo decido ser feliz"},"content":{"rendered":"\n<p><strong>ISBN<\/strong>:\u00a0978-8418542664<\/p>\n\n\n\n<p><strong>T\u00edtulo<\/strong>: Yo decido mi destino. Yo decido ser feliz<br \/><strong>Fecha<\/strong>: 2020<br \/><strong>P\u00e1ginas<\/strong>:\u00a070<\/p>\n\n\n\n<p><strong>SINOPSIS<\/strong><\/p>\n\n\n\n<p>Cada cap\u00edtulo que conforma este libro, es un viaje en el tiempo. Para poder entender la felicidad a plenitud, debemos ir al principio de nuestra existencia. En donde se comenz\u00f3 a escribir el libro de nuestra vida. Entender que todo es un proceso y cada ciclo tiene su fecha de caducidad. Este libro es una gu\u00eda con base en mi experiencia de vida, de lo que tenemos que saber para poder entender nuestro karma.<\/p>\n\n\n\n<p>Cada \u00e1mbito es un maestro, en donde como alumnos debemos poner a trabajar a todos nuestros sentidos para lograr ver el aprendizaje. Te invito a abrir tu coraz\u00f3n, para que sanes eso que tanto da\u00f1o te caus\u00f3 y que, a pesar de eso, elijas ser feliz. \u201cLa c\u00e1bala me ense\u00f1\u00f3 que debemos recibir para compartir, es por eso, que, si la vida me premi\u00f3 con un despertar espiritual, lo \u00fanico que me queda es compartir luz con los dem\u00e1s\u201d.<\/p>\n","protected":false},"excerpt":{"rendered":"<p><strong>ISBN: 978-8418542664<\/strong> Cada cap\u00edtulo que conforma este libro, es un viaje en el tiempo. Para poder entender la felicidad a plenitud, debemos ir al principio de nuestra existencia. En donde se comenz\u00f3 a escribir el libro de nuestra vida. Entender que todo es un proceso y cada ciclo tiene su fecha de caducidad. Este libro es una gu\u00eda con base en mi experiencia de vida, de lo que tenemos que saber para poder entender nuestro karma. <\/p>\n","protected":false},"featured_media":96090,"comment_status":"closed","ping_status":"open","template":"","meta":{"_acf_changed":false},"libro":[],"product_brand":[],"product_cat":[18],"product_tag":[],"class_list":{"0":"post-96089","1":"product","2":"type-product","3":"status-publish","4":"has-post-thumbnail","6":"product_cat-autoayuda","8":"first","9":"instock","10":"purchasable","11":"product-type-simple"},"acf":{"autor":[74793],"enlace_de_compra":"https:\/\/www.amazon.es\/decido-destino-ser-feliz-Autoayuda\/dp\/8418542667\/ref=sr_1_2?__mk_es_ES=%C3%85M%C3%85%C5%BD%C3%95%C3%91&amp;dchild=1&amp;keywords=Yo+decido+mi+destino&amp;qid=1608036812&amp;sr=8-2"},"yoast_head":"<!-- This site is optimized with the Yoast SEO plugin v26.6 - https:\/\/yoast.com\/wordpress\/plugins\/seo\/ -->\n<title>Yo decido mi destino. Yo decido ser feliz - Catalogo | Letrame Grupo Editorial<\/title>\n<meta name=\"robots\" content=\"index, follow, max-snippet:-1, max-image-preview:large, max-video-preview:-1\" \/>\n<link rel=\"canonical\" href=\"https:\/\/letrame.com\/catalogo\/producto\/yo-decido-mi-destino-yo-decido-ser-feliz\/\" \/>\n<meta property=\"og:locale\" content=\"es_ES\" \/>\n<meta property=\"og:type\" content=\"article\" \/>\n<meta property=\"og:title\" content=\"Yo decido mi destino. Yo decido ser feliz - Catalogo | Letrame Grupo Editorial\" \/>\n<meta property=\"og:description\" content=\"ISBN: 978-8418542664 Cada cap\u00edtulo que conforma este libro, es un viaje en el tiempo. Para poder entender la felicidad a plenitud, debemos ir al principio de nuestra existencia. En donde se comenz\u00f3 a escribir el libro de nuestra vida. Entender que todo es un proceso y cada ciclo tiene su fecha de caducidad. Este libro es una gu\u00eda con base en mi experiencia de vida, de lo que tenemos que saber para poder entender nuestro karma.\" \/>\n<meta property=\"og:url\" content=\"https:\/\/letrame.com\/catalogo\/producto\/yo-decido-mi-destino-yo-decido-ser-feliz\/\" \/>\n<meta property=\"og:site_name\" content=\"Catalogo | Letrame Grupo Editorial\" \/>\n<meta property=\"article:modified_time\" content=\"2024-04-29T07:49:58+00:00\" \/>\n<meta property=\"og:image\" content=\"https:\/\/letrame.com\/catalogo\/wp-content\/uploads\/2024\/04\/Yo-decido-mi-destino.-scaled-1.jpg\" \/>\n\t<meta property=\"og:image:width\" content=\"1746\" \/>\n\t<meta property=\"og:image:height\" content=\"2560\" \/>\n\t<meta property=\"og:image:type\" content=\"image\/jpeg\" \/>\n<meta name=\"twitter:card\" content=\"summary_large_image\" \/>\n<meta name=\"twitter:label1\" content=\"Tiempo de lectura\" \/>\n\t<meta name=\"twitter:data1\" content=\"1 minuto\" \/>\n<script type=\"application\/ld+json\" class=\"yoast-schema-graph\">{\"@context\":\"https:\/\/schema.org\",\"@graph\":[{\"@type\":\"WebPage\",\"@id\":\"https:\/\/letrame.com\/catalogo\/producto\/yo-decido-mi-destino-yo-decido-ser-feliz\/\",\"url\":\"https:\/\/letrame.com\/catalogo\/producto\/yo-decido-mi-destino-yo-decido-ser-feliz\/\",\"name\":\"Yo decido mi destino. Yo decido ser feliz - Catalogo | Letrame Grupo Editorial\",\"isPartOf\":{\"@id\":\"https:\/\/letrame.com\/catalogo\/#website\"},\"primaryImageOfPage\":{\"@id\":\"https:\/\/letrame.com\/catalogo\/producto\/yo-decido-mi-destino-yo-decido-ser-feliz\/#primaryimage\"},\"image\":{\"@id\":\"https:\/\/letrame.com\/catalogo\/producto\/yo-decido-mi-destino-yo-decido-ser-feliz\/#primaryimage\"},\"thumbnailUrl\":\"https:\/\/letrame.com\/catalogo\/wp-content\/uploads\/2024\/04\/Yo-decido-mi-destino.-scaled-1.jpg\",\"datePublished\":\"2024-04-29T07:48:04+00:00\",\"dateModified\":\"2024-04-29T07:49:58+00:00\",\"breadcrumb\":{\"@id\":\"https:\/\/letrame.com\/catalogo\/producto\/yo-decido-mi-destino-yo-decido-ser-feliz\/#breadcrumb\"},\"inLanguage\":\"es\",\"potentialAction\":[{\"@type\":\"ReadAction\",\"target\":[\"https:\/\/letrame.com\/catalogo\/producto\/yo-decido-mi-destino-yo-decido-ser-feliz\/\"]}]},{\"@type\":\"ImageObject\",\"inLanguage\":\"es\",\"@id\":\"https:\/\/letrame.com\/catalogo\/producto\/yo-decido-mi-destino-yo-decido-ser-feliz\/#primaryimage\",\"url\":\"https:\/\/letrame.com\/catalogo\/wp-content\/uploads\/2024\/04\/Yo-decido-mi-destino.-scaled-1.jpg\",\"contentUrl\":\"https:\/\/letrame.com\/catalogo\/wp-content\/uploads\/2024\/04\/Yo-decido-mi-destino.-scaled-1.jpg\",\"width\":1746,\"height\":2560},{\"@type\":\"BreadcrumbList\",\"@id\":\"https:\/\/letrame.com\/catalogo\/producto\/yo-decido-mi-destino-yo-decido-ser-feliz\/#breadcrumb\",\"itemListElement\":[{\"@type\":\"ListItem\",\"position\":1,\"name\":\"Portada\",\"item\":\"https:\/\/letrame.com\/catalogo\/\"},{\"@type\":\"ListItem\",\"position\":2,\"name\":\"Cat\u00e1logo\",\"item\":\"https:\/\/letrame.com\/catalogo\/\"},{\"@type\":\"ListItem\",\"position\":3,\"name\":\"Yo decido mi destino. Yo decido ser feliz\"}]},{\"@type\":\"WebSite\",\"@id\":\"https:\/\/letrame.com\/catalogo\/#website\",\"url\":\"https:\/\/letrame.com\/catalogo\/\",\"name\":\"Catalogo | Letrame Grupo Editorial\",\"description\":\"\",\"publisher\":{\"@id\":\"https:\/\/letrame.com\/catalogo\/#organization\"},\"potentialAction\":[{\"@type\":\"SearchAction\",\"target\":{\"@type\":\"EntryPoint\",\"urlTemplate\":\"https:\/\/letrame.com\/catalogo\/?s={search_term_string}\"},\"query-input\":{\"@type\":\"PropertyValueSpecification\",\"valueRequired\":true,\"valueName\":\"search_term_string\"}}],\"inLanguage\":\"es\"},{\"@type\":\"Organization\",\"@id\":\"https:\/\/letrame.com\/catalogo\/#organization\",\"name\":\"Catalogo | Letrame Grupo Editorial\",\"url\":\"https:\/\/letrame.com\/catalogo\/\",\"logo\":{\"@type\":\"ImageObject\",\"inLanguage\":\"es\",\"@id\":\"https:\/\/letrame.com\/catalogo\/#\/schema\/logo\/image\/\",\"url\":\"https:\/\/letrame.com\/catalogo\/wp-content\/uploads\/2024\/03\/logo2.webp\",\"contentUrl\":\"https:\/\/letrame.com\/catalogo\/wp-content\/uploads\/2024\/03\/logo2.webp\",\"width\":394,\"height\":128,\"caption\":\"Catalogo | Letrame Grupo Editorial\"},\"image\":{\"@id\":\"https:\/\/letrame.com\/catalogo\/#\/schema\/logo\/image\/\"}}]}<\/script>\n<!-- \/ Yoast SEO plugin. -->","yoast_head_json":{"title":"Yo decido mi destino. Yo decido ser feliz - Catalogo | Letrame Grupo Editorial","robots":{"index":"index","follow":"follow","max-snippet":"max-snippet:-1","max-image-preview":"max-image-preview:large","max-video-preview":"max-video-preview:-1"},"canonical":"https:\/\/letrame.com\/catalogo\/producto\/yo-decido-mi-destino-yo-decido-ser-feliz\/","og_locale":"es_ES","og_type":"article","og_title":"Yo decido mi destino. Yo decido ser feliz - Catalogo | Letrame Grupo Editorial","og_description":"ISBN: 978-8418542664 Cada cap\u00edtulo que conforma este libro, es un viaje en el tiempo. Para poder entender la felicidad a plenitud, debemos ir al principio de nuestra existencia. En donde se comenz\u00f3 a escribir el libro de nuestra vida. Entender que todo es un proceso y cada ciclo tiene su fecha de caducidad. Este libro es una gu\u00eda con base en mi experiencia de vida, de lo que tenemos que saber para poder entender nuestro karma.","og_url":"https:\/\/letrame.com\/catalogo\/producto\/yo-decido-mi-destino-yo-decido-ser-feliz\/","og_site_name":"Catalogo | Letrame Grupo Editorial","article_modified_time":"2024-04-29T07:49:58+00:00","og_image":[{"width":1746,"height":2560,"url":"https:\/\/letrame.com\/catalogo\/wp-content\/uploads\/2024\/04\/Yo-decido-mi-destino.-scaled-1.jpg","type":"image\/jpeg"}],"twitter_card":"summary_large_image","twitter_misc":{"Tiempo de lectura":"1 minuto"},"schema":{"@context":"https:\/\/schema.org","@graph":[{"@type":"WebPage","@id":"https:\/\/letrame.com\/catalogo\/producto\/yo-decido-mi-destino-yo-decido-ser-feliz\/","url":"https:\/\/letrame.com\/catalogo\/producto\/yo-decido-mi-destino-yo-decido-ser-feliz\/","name":"Yo decido mi destino. Yo decido ser feliz - Catalogo | Letrame Grupo Editorial","isPartOf":{"@id":"https:\/\/letrame.com\/catalogo\/#website"},"primaryImageOfPage":{"@id":"https:\/\/letrame.com\/catalogo\/producto\/yo-decido-mi-destino-yo-decido-ser-feliz\/#primaryimage"},"image":{"@id":"https:\/\/letrame.com\/catalogo\/producto\/yo-decido-mi-destino-yo-decido-ser-feliz\/#primaryimage"},"thumbnailUrl":"https:\/\/letrame.com\/catalogo\/wp-content\/uploads\/2024\/04\/Yo-decido-mi-destino.-scaled-1.jpg","datePublished":"2024-04-29T07:48:04+00:00","dateModified":"2024-04-29T07:49:58+00:00","breadcrumb":{"@id":"https:\/\/letrame.com\/catalogo\/producto\/yo-decido-mi-destino-yo-decido-ser-feliz\/#breadcrumb"},"inLanguage":"es","potentialAction":[{"@type":"ReadAction","target":["https:\/\/letrame.com\/catalogo\/producto\/yo-decido-mi-destino-yo-decido-ser-feliz\/"]}]},{"@type":"ImageObject","inLanguage":"es","@id":"https:\/\/letrame.com\/catalogo\/producto\/yo-decido-mi-destino-yo-decido-ser-feliz\/#primaryimage","url":"https:\/\/letrame.com\/catalogo\/wp-content\/uploads\/2024\/04\/Yo-decido-mi-destino.-scaled-1.jpg","contentUrl":"https:\/\/letrame.com\/catalogo\/wp-content\/uploads\/2024\/04\/Yo-decido-mi-destino.-scaled-1.jpg","width":1746,"height":2560},{"@type":"BreadcrumbList","@id":"https:\/\/letrame.com\/catalogo\/producto\/yo-decido-mi-destino-yo-decido-ser-feliz\/#breadcrumb","itemListElement":[{"@type":"ListItem","position":1,"name":"Portada","item":"https:\/\/letrame.com\/catalogo\/"},{"@type":"ListItem","position":2,"name":"Cat\u00e1logo","item":"https:\/\/letrame.com\/catalogo\/"},{"@type":"ListItem","position":3,"name":"Yo decido mi destino. Yo decido ser feliz"}]},{"@type":"WebSite","@id":"https:\/\/letrame.com\/catalogo\/#website","url":"https:\/\/letrame.com\/catalogo\/","name":"Catalogo | Letrame Grupo Editorial","description":"","publisher":{"@id":"https:\/\/letrame.com\/catalogo\/#organization"},"potentialAction":[{"@type":"SearchAction","target":{"@type":"EntryPoint","urlTemplate":"https:\/\/letrame.com\/catalogo\/?s={search_term_string}"},"query-input":{"@type":"PropertyValueSpecification","valueRequired":true,"valueName":"search_term_string"}}],"inLanguage":"es"},{"@type":"Organization","@id":"https:\/\/letrame.com\/catalogo\/#organization","name":"Catalogo | Letrame Grupo Editorial","url":"https:\/\/letrame.com\/catalogo\/","logo":{"@type":"ImageObject","inLanguage":"es","@id":"https:\/\/letrame.com\/catalogo\/#\/schema\/logo\/image\/","url":"https:\/\/letrame.com\/catalogo\/wp-content\/uploads\/2024\/03\/logo2.webp","contentUrl":"https:\/\/letrame.com\/catalogo\/wp-content\/uploads\/2024\/03\/logo2.webp","width":394,"height":128,"caption":"Catalogo | Letrame Grupo Editorial"},"image":{"@id":"https:\/\/letrame.com\/catalogo\/#\/schema\/logo\/image\/"}}]}},"_links":{"self":[{"href":"https:\/\/letrame.com\/catalogo\/wp-json\/wp\/v2\/product\/96089","targetHints":{"allow":["GET"]}}],"collection":[{"href":"https:\/\/letrame.com\/catalogo\/wp-json\/wp\/v2\/product"}],"about":[{"href":"https:\/\/letrame.com\/catalogo\/wp-json\/wp\/v2\/types\/product"}],"replies":[{"embeddable":true,"href":"https:\/\/letrame.com\/catalogo\/wp-json\/wp\/v2\/comments?post=96089"}],"acf:post":[{"embeddable":true,"href":"https:\/\/letrame.com\/catalogo\/wp-json\/wp\/v2\/author_book\/74793"}],"wp:featuredmedia":[{"embeddable":true,"href":"https:\/\/letrame.com\/catalogo\/wp-json\/wp\/v2\/media\/96090"}],"wp:attachment":[{"href":"https:\/\/letrame.com\/catalogo\/wp-json\/wp\/v2\/media?parent=96089"}],"wp:term":[{"taxonomy":"libro","embeddable":true,"href":"https:\/\/letrame.com\/catalogo\/wp-json\/wp\/v2\/libro?post=96089"},{"taxonomy":"product_brand","embeddable":true,"href":"https:\/\/letrame.com\/catalogo\/wp-json\/wp\/v2\/product_brand?post=96089"},{"taxonomy":"product_cat","embeddable":true,"href":"https:\/\/letrame.com\/catalogo\/wp-json\/wp\/v2\/product_cat?post=96089"},{"taxonomy":"product_tag","embeddable":true,"href":"https:\/\/letrame.com\/catalogo\/wp-json\/wp\/v2\/product_tag?post=96089"}],"curies":[{"name":"wp","href":"https:\/\/api.w.org\/{rel}","templated":true}]}}