{"id":96084,"date":"2024-04-29T09:48:04","date_gmt":"2024-04-29T07:48:04","guid":{"rendered":"https:\/\/letrame.com\/catalogo\/producto\/tu-donde-vas-sin-ti\/"},"modified":"2024-05-15T15:41:08","modified_gmt":"2024-05-15T13:41:08","slug":"tu-donde-vas-sin-ti","status":"publish","type":"product","link":"https:\/\/letrame.com\/catalogo\/producto\/tu-donde-vas-sin-ti\/","title":{"rendered":"T\u00fa, \u00bfd\u00f3nde vas sin ti?"},"content":{"rendered":"\r\n<p><strong>ISBN<\/strong>:\u00a0978-84-18512-18-6<\/p>\r\n\r\n\r\n\r\n<p><strong>T\u00edtulo<\/strong>: T\u00fa, \u00bfd\u00f3nde vas sin ti?<br \/><strong>Fecha<\/strong>: 2020<br \/><strong>P\u00e1ginas<\/strong>:\u00a0104<\/p>\r\n\r\n\r\n\r\n<p><strong>SINOPSIS<\/strong><\/p>\r\n\r\n\r\n\r\n<p>Descubrirse para poder so\u00f1ar, imaginar y construir nuevas formas de vivir, de crear, de organizarse, con la fuerza de nuestro dominio personal, valorando lo que es posible para poder alcanzarlo.<\/p>\r\n\r\n\r\n\r\n<p>Este libro est\u00e1 dirigido a cualquier persona que desee conectar con su s\u00ed mismo, sin reglas, normas ni prisas, sino con un \u00abdarse cuenta\u00bb que nos lleve a ese espacio interior para dialogar en \u00e9l sin voltear la mirada, porque lo que queremos es encontrarnos con lo realmente significativo.<\/p>\r\n\r\n\r\n\r\n<p><em>T\u00fa, \u00bfd\u00f3nde vas sin ti?<\/em> se nutre de una investigaci\u00f3n de un modelo de cambio apreciativo, donde el descubrirse constituye una pausa importante para el encuentro consigo mismo, identificando las fuerzas impulsoras que nos permitan cambiar el pensamiento de mirar primero lo negativo por el acercamiento\u00a0 a nuestro n\u00facleo positivo de capacidad y oportunidad. Cuando lo mejor de lo que ha sido es descubierto la mente empieza a buscar m\u00e1s all\u00e1 y comienza a imaginarse nuevas posibilidades en el hoy, <strong>sin condenar el tiempo con la espera.<\/strong><\/p>\r\n","protected":false},"excerpt":{"rendered":"<p><strong>ISBN: 978-84-18512-18-6<\/strong> Este libro est\u00e1 dirigido a cualquier persona que desee conectar con su s\u00ed mismo, sin reglas, normas ni prisas, sino con un \u00abdarse cuenta\u00bb que nos lleve a ese espacio interior para dialogar en \u00e9l sin voltear la mirada, porque lo que queremos es encontrarnos con lo realmente significativo.<\/p>\n","protected":false},"featured_media":100092,"comment_status":"closed","ping_status":"closed","template":"","meta":{"_acf_changed":false},"libro":[],"product_brand":[],"product_cat":[18],"product_tag":[],"class_list":{"0":"post-96084","1":"product","2":"type-product","3":"status-publish","4":"has-post-thumbnail","6":"product_cat-autoayuda","8":"first","9":"instock","10":"purchasable","11":"product-type-simple"},"acf":{"autor":[74786],"enlace_de_compra":"https:\/\/www.amazon.es\/T%C3%BA-%C2%BFd%C3%B3nde-vas-sin-Autoayuda\/dp\/8418512180\/ref=sr_1_1?__mk_es_ES=%C3%85M%C3%85%C5%BD%C3%95%C3%91&amp;dchild=1&amp;keywords=T%C3%BA%2C+%C2%BFd%C3%B3nde+vas+sin+ti%3F&amp;qid=1607947236&amp;sr=8-1"},"yoast_head":"<!-- This site is optimized with the Yoast SEO plugin v27.4 - https:\/\/yoast.com\/product\/yoast-seo-wordpress\/ -->\n<title>T\u00fa, \u00bfd\u00f3nde vas sin ti? - Catalogo | Letrame Grupo Editorial<\/title>\n<meta name=\"robots\" content=\"index, follow, max-snippet:-1, max-image-preview:large, max-video-preview:-1\" \/>\n<link rel=\"canonical\" href=\"https:\/\/letrame.com\/catalogo\/producto\/tu-donde-vas-sin-ti\/\" \/>\n<meta property=\"og:locale\" content=\"es_ES\" \/>\n<meta property=\"og:type\" content=\"article\" \/>\n<meta property=\"og:title\" content=\"T\u00fa, \u00bfd\u00f3nde vas sin ti? - Catalogo | Letrame Grupo Editorial\" \/>\n<meta property=\"og:description\" content=\"ISBN: 978-84-18512-18-6 Este libro est\u00e1 dirigido a cualquier persona que desee conectar con su s\u00ed mismo, sin reglas, normas ni prisas, sino con un \u00abdarse cuenta\u00bb que nos lleve a ese espacio interior para dialogar en \u00e9l sin voltear la mirada, porque lo que queremos es encontrarnos con lo realmente significativo.\" \/>\n<meta property=\"og:url\" content=\"https:\/\/letrame.com\/catalogo\/producto\/tu-donde-vas-sin-ti\/\" \/>\n<meta property=\"og:site_name\" content=\"Catalogo | Letrame Grupo Editorial\" \/>\n<meta property=\"article:modified_time\" content=\"2024-05-15T13:41:08+00:00\" \/>\n<meta property=\"og:image\" content=\"https:\/\/letrame.com\/catalogo\/wp-content\/uploads\/2024\/04\/portada_tu\u00bfdondevas_49mm-1-compressed-2-scaled-1.webp\" \/>\n\t<meta property=\"og:image:width\" content=\"1746\" \/>\n\t<meta property=\"og:image:height\" content=\"2560\" \/>\n\t<meta property=\"og:image:type\" content=\"image\/webp\" \/>\n<meta name=\"twitter:card\" content=\"summary_large_image\" \/>\n<meta name=\"twitter:label1\" content=\"Tiempo de lectura\" \/>\n\t<meta name=\"twitter:data1\" content=\"2 minutos\" \/>\n<script type=\"application\/ld+json\" class=\"yoast-schema-graph\">{\"@context\":\"https:\\\/\\\/schema.org\",\"@graph\":[{\"@type\":\"WebPage\",\"@id\":\"https:\\\/\\\/letrame.com\\\/catalogo\\\/producto\\\/tu-donde-vas-sin-ti\\\/\",\"url\":\"https:\\\/\\\/letrame.com\\\/catalogo\\\/producto\\\/tu-donde-vas-sin-ti\\\/\",\"name\":\"T\u00fa, \u00bfd\u00f3nde vas sin ti? - Catalogo | Letrame Grupo Editorial\",\"isPartOf\":{\"@id\":\"https:\\\/\\\/letrame.com\\\/catalogo\\\/#website\"},\"primaryImageOfPage\":{\"@id\":\"https:\\\/\\\/letrame.com\\\/catalogo\\\/producto\\\/tu-donde-vas-sin-ti\\\/#primaryimage\"},\"image\":{\"@id\":\"https:\\\/\\\/letrame.com\\\/catalogo\\\/producto\\\/tu-donde-vas-sin-ti\\\/#primaryimage\"},\"thumbnailUrl\":\"https:\\\/\\\/letrame.com\\\/catalogo\\\/wp-content\\\/uploads\\\/2024\\\/04\\\/portada_tu\u00bfdondevas_49mm-1-compressed-2-scaled-1.webp\",\"datePublished\":\"2024-04-29T07:48:04+00:00\",\"dateModified\":\"2024-05-15T13:41:08+00:00\",\"breadcrumb\":{\"@id\":\"https:\\\/\\\/letrame.com\\\/catalogo\\\/producto\\\/tu-donde-vas-sin-ti\\\/#breadcrumb\"},\"inLanguage\":\"es\",\"potentialAction\":[{\"@type\":\"ReadAction\",\"target\":[\"https:\\\/\\\/letrame.com\\\/catalogo\\\/producto\\\/tu-donde-vas-sin-ti\\\/\"]}]},{\"@type\":\"ImageObject\",\"inLanguage\":\"es\",\"@id\":\"https:\\\/\\\/letrame.com\\\/catalogo\\\/producto\\\/tu-donde-vas-sin-ti\\\/#primaryimage\",\"url\":\"https:\\\/\\\/letrame.com\\\/catalogo\\\/wp-content\\\/uploads\\\/2024\\\/04\\\/portada_tu\u00bfdondevas_49mm-1-compressed-2-scaled-1.webp\",\"contentUrl\":\"https:\\\/\\\/letrame.com\\\/catalogo\\\/wp-content\\\/uploads\\\/2024\\\/04\\\/portada_tu\u00bfdondevas_49mm-1-compressed-2-scaled-1.webp\",\"width\":1746,\"height\":2560},{\"@type\":\"BreadcrumbList\",\"@id\":\"https:\\\/\\\/letrame.com\\\/catalogo\\\/producto\\\/tu-donde-vas-sin-ti\\\/#breadcrumb\",\"itemListElement\":[{\"@type\":\"ListItem\",\"position\":1,\"name\":\"Portada\",\"item\":\"https:\\\/\\\/letrame.com\\\/catalogo\\\/\"},{\"@type\":\"ListItem\",\"position\":2,\"name\":\"Cat\u00e1logo\",\"item\":\"https:\\\/\\\/letrame.com\\\/catalogo\\\/\"},{\"@type\":\"ListItem\",\"position\":3,\"name\":\"T\u00fa, \u00bfd\u00f3nde vas sin ti?\"}]},{\"@type\":\"WebSite\",\"@id\":\"https:\\\/\\\/letrame.com\\\/catalogo\\\/#website\",\"url\":\"https:\\\/\\\/letrame.com\\\/catalogo\\\/\",\"name\":\"Catalogo | Letrame Grupo Editorial\",\"description\":\"\",\"publisher\":{\"@id\":\"https:\\\/\\\/letrame.com\\\/catalogo\\\/#organization\"},\"potentialAction\":[{\"@type\":\"SearchAction\",\"target\":{\"@type\":\"EntryPoint\",\"urlTemplate\":\"https:\\\/\\\/letrame.com\\\/catalogo\\\/?s={search_term_string}\"},\"query-input\":{\"@type\":\"PropertyValueSpecification\",\"valueRequired\":true,\"valueName\":\"search_term_string\"}}],\"inLanguage\":\"es\"},{\"@type\":\"Organization\",\"@id\":\"https:\\\/\\\/letrame.com\\\/catalogo\\\/#organization\",\"name\":\"Catalogo | Letrame Grupo Editorial\",\"url\":\"https:\\\/\\\/letrame.com\\\/catalogo\\\/\",\"logo\":{\"@type\":\"ImageObject\",\"inLanguage\":\"es\",\"@id\":\"https:\\\/\\\/letrame.com\\\/catalogo\\\/#\\\/schema\\\/logo\\\/image\\\/\",\"url\":\"https:\\\/\\\/letrame.com\\\/catalogo\\\/wp-content\\\/uploads\\\/2024\\\/03\\\/logo2.webp\",\"contentUrl\":\"https:\\\/\\\/letrame.com\\\/catalogo\\\/wp-content\\\/uploads\\\/2024\\\/03\\\/logo2.webp\",\"width\":394,\"height\":128,\"caption\":\"Catalogo | Letrame Grupo Editorial\"},\"image\":{\"@id\":\"https:\\\/\\\/letrame.com\\\/catalogo\\\/#\\\/schema\\\/logo\\\/image\\\/\"}}]}<\/script>\n<!-- \/ Yoast SEO plugin. -->","yoast_head_json":{"title":"T\u00fa, \u00bfd\u00f3nde vas sin ti? - Catalogo | Letrame Grupo Editorial","robots":{"index":"index","follow":"follow","max-snippet":"max-snippet:-1","max-image-preview":"max-image-preview:large","max-video-preview":"max-video-preview:-1"},"canonical":"https:\/\/letrame.com\/catalogo\/producto\/tu-donde-vas-sin-ti\/","og_locale":"es_ES","og_type":"article","og_title":"T\u00fa, \u00bfd\u00f3nde vas sin ti? - Catalogo | Letrame Grupo Editorial","og_description":"ISBN: 978-84-18512-18-6 Este libro est\u00e1 dirigido a cualquier persona que desee conectar con su s\u00ed mismo, sin reglas, normas ni prisas, sino con un \u00abdarse cuenta\u00bb que nos lleve a ese espacio interior para dialogar en \u00e9l sin voltear la mirada, porque lo que queremos es encontrarnos con lo realmente significativo.","og_url":"https:\/\/letrame.com\/catalogo\/producto\/tu-donde-vas-sin-ti\/","og_site_name":"Catalogo | Letrame Grupo Editorial","article_modified_time":"2024-05-15T13:41:08+00:00","og_image":[{"width":1746,"height":2560,"url":"https:\/\/letrame.com\/catalogo\/wp-content\/uploads\/2024\/04\/portada_tu\u00bfdondevas_49mm-1-compressed-2-scaled-1.webp","type":"image\/webp"}],"twitter_card":"summary_large_image","twitter_misc":{"Tiempo de lectura":"2 minutos"},"schema":{"@context":"https:\/\/schema.org","@graph":[{"@type":"WebPage","@id":"https:\/\/letrame.com\/catalogo\/producto\/tu-donde-vas-sin-ti\/","url":"https:\/\/letrame.com\/catalogo\/producto\/tu-donde-vas-sin-ti\/","name":"T\u00fa, \u00bfd\u00f3nde vas sin ti? - Catalogo | Letrame Grupo Editorial","isPartOf":{"@id":"https:\/\/letrame.com\/catalogo\/#website"},"primaryImageOfPage":{"@id":"https:\/\/letrame.com\/catalogo\/producto\/tu-donde-vas-sin-ti\/#primaryimage"},"image":{"@id":"https:\/\/letrame.com\/catalogo\/producto\/tu-donde-vas-sin-ti\/#primaryimage"},"thumbnailUrl":"https:\/\/letrame.com\/catalogo\/wp-content\/uploads\/2024\/04\/portada_tu\u00bfdondevas_49mm-1-compressed-2-scaled-1.webp","datePublished":"2024-04-29T07:48:04+00:00","dateModified":"2024-05-15T13:41:08+00:00","breadcrumb":{"@id":"https:\/\/letrame.com\/catalogo\/producto\/tu-donde-vas-sin-ti\/#breadcrumb"},"inLanguage":"es","potentialAction":[{"@type":"ReadAction","target":["https:\/\/letrame.com\/catalogo\/producto\/tu-donde-vas-sin-ti\/"]}]},{"@type":"ImageObject","inLanguage":"es","@id":"https:\/\/letrame.com\/catalogo\/producto\/tu-donde-vas-sin-ti\/#primaryimage","url":"https:\/\/letrame.com\/catalogo\/wp-content\/uploads\/2024\/04\/portada_tu\u00bfdondevas_49mm-1-compressed-2-scaled-1.webp","contentUrl":"https:\/\/letrame.com\/catalogo\/wp-content\/uploads\/2024\/04\/portada_tu\u00bfdondevas_49mm-1-compressed-2-scaled-1.webp","width":1746,"height":2560},{"@type":"BreadcrumbList","@id":"https:\/\/letrame.com\/catalogo\/producto\/tu-donde-vas-sin-ti\/#breadcrumb","itemListElement":[{"@type":"ListItem","position":1,"name":"Portada","item":"https:\/\/letrame.com\/catalogo\/"},{"@type":"ListItem","position":2,"name":"Cat\u00e1logo","item":"https:\/\/letrame.com\/catalogo\/"},{"@type":"ListItem","position":3,"name":"T\u00fa, \u00bfd\u00f3nde vas sin ti?"}]},{"@type":"WebSite","@id":"https:\/\/letrame.com\/catalogo\/#website","url":"https:\/\/letrame.com\/catalogo\/","name":"Catalogo | Letrame Grupo Editorial","description":"","publisher":{"@id":"https:\/\/letrame.com\/catalogo\/#organization"},"potentialAction":[{"@type":"SearchAction","target":{"@type":"EntryPoint","urlTemplate":"https:\/\/letrame.com\/catalogo\/?s={search_term_string}"},"query-input":{"@type":"PropertyValueSpecification","valueRequired":true,"valueName":"search_term_string"}}],"inLanguage":"es"},{"@type":"Organization","@id":"https:\/\/letrame.com\/catalogo\/#organization","name":"Catalogo | Letrame Grupo Editorial","url":"https:\/\/letrame.com\/catalogo\/","logo":{"@type":"ImageObject","inLanguage":"es","@id":"https:\/\/letrame.com\/catalogo\/#\/schema\/logo\/image\/","url":"https:\/\/letrame.com\/catalogo\/wp-content\/uploads\/2024\/03\/logo2.webp","contentUrl":"https:\/\/letrame.com\/catalogo\/wp-content\/uploads\/2024\/03\/logo2.webp","width":394,"height":128,"caption":"Catalogo | Letrame Grupo Editorial"},"image":{"@id":"https:\/\/letrame.com\/catalogo\/#\/schema\/logo\/image\/"}}]}},"_links":{"self":[{"href":"https:\/\/letrame.com\/catalogo\/wp-json\/wp\/v2\/product\/96084","targetHints":{"allow":["GET"]}}],"collection":[{"href":"https:\/\/letrame.com\/catalogo\/wp-json\/wp\/v2\/product"}],"about":[{"href":"https:\/\/letrame.com\/catalogo\/wp-json\/wp\/v2\/types\/product"}],"replies":[{"embeddable":true,"href":"https:\/\/letrame.com\/catalogo\/wp-json\/wp\/v2\/comments?post=96084"}],"wp:featuredmedia":[{"embeddable":true,"href":"https:\/\/letrame.com\/catalogo\/wp-json\/wp\/v2\/media\/100092"}],"wp:attachment":[{"href":"https:\/\/letrame.com\/catalogo\/wp-json\/wp\/v2\/media?parent=96084"}],"wp:term":[{"taxonomy":"libro","embeddable":true,"href":"https:\/\/letrame.com\/catalogo\/wp-json\/wp\/v2\/libro?post=96084"},{"taxonomy":"product_brand","embeddable":true,"href":"https:\/\/letrame.com\/catalogo\/wp-json\/wp\/v2\/product_brand?post=96084"},{"taxonomy":"product_cat","embeddable":true,"href":"https:\/\/letrame.com\/catalogo\/wp-json\/wp\/v2\/product_cat?post=96084"},{"taxonomy":"product_tag","embeddable":true,"href":"https:\/\/letrame.com\/catalogo\/wp-json\/wp\/v2\/product_tag?post=96084"}],"curies":[{"name":"wp","href":"https:\/\/api.w.org\/{rel}","templated":true}]}}