{"id":96071,"date":"2024-04-29T09:45:24","date_gmt":"2024-04-29T07:45:24","guid":{"rendered":"https:\/\/letrame.com\/catalogo\/producto\/meditad-sobre-vuestros-caminos\/"},"modified":"2024-04-29T09:45:38","modified_gmt":"2024-04-29T07:45:38","slug":"meditad-sobre-vuestros-caminos","status":"publish","type":"product","link":"https:\/\/letrame.com\/catalogo\/producto\/meditad-sobre-vuestros-caminos\/","title":{"rendered":"Meditad sobre vuestros caminos"},"content":{"rendered":"\n<p><strong>ISBN<\/strong>:\u00a0978-8418542855<\/p>\n\n\n\n<p><strong>T\u00edtulo<\/strong>: Meditad sobre vuestros caminos<br \/><strong>Fecha<\/strong>: 2020<br \/><strong>P\u00e1ginas<\/strong>:\u00a0432<\/p>\n\n\n\n<p><strong>SINOPSIS<\/strong><\/p>\n\n\n\n<p>\u00bfQu\u00e9 tal es tu vida devocional y tiempo con Dios? \u00bfQu\u00e9 hay en tu mesa de noche? \u00bfUna tablet, un m\u00f3vil, un ordenador, o la Biblia y un buen libro que te lleva a cerrar tus ojos cada noche y a abrirlos cada ma\u00f1ana pensando en Dios y en c\u00f3mo poder agradarle en cada momento?<\/p>\n\n\n\n<p>Dec\u00eda un antiguo dicho popular: \u201cQue somos lo que comemos\u201d. Quiero darle una vuelta de tuerca a ese dicho y usarlo para decir: \u201cSomos aquello de lo que llenamos nuestra mente y coraz\u00f3n\u201d.<\/p>\n\n\n\n<p>La Palabra de Dios lo expresa de una manera magistral en la \u00faltima parte del vers\u00edculo de Lucas 6:45. \u201c\u2026Porque de la abundancia del coraz\u00f3n habla la boca\u201d.Meditad sobre vuestros caminos tiene el prop\u00f3sito de dirigirte a Dios y a la Biblia. Por ello, este libro siempre comenzar\u00e1 con un pasaje b\u00edblico, seguir\u00e1 con alguna frase c\u00e9lebre, alguna f\u00e1bula, o historia de la vida real que nos llevar\u00e1 a pensar en c\u00f3mo poder aplicar a nuestro diario vivir las verdades que encontramos en la Palabra de Dios.<\/p>\n\n\n\n<p>Y terminar\u00e1 con un breve desarrollo de ese pasaje que estamos leyendo ese d\u00eda del a\u00f1o, anim\u00e1ndonos y ret\u00e1ndonos a vivir cada d\u00eda por y para la gloria de Dios, que para ello fuimos creados.Si deseas de todo coraz\u00f3n pasar un tiempo de calidad a solas con Dios, \u00a1algo que no es tan dif\u00edcil! Meditad sobre vuestros caminos, es un libro que te llevar\u00e1 a lo largo de todo un a\u00f1o a pensar, reflexionar y madurar en tu vida espiritual para que tu relaci\u00f3n con Dios pueda ser cada d\u00eda m\u00e1s especial.<\/p>\n","protected":false},"excerpt":{"rendered":"<p><strong>ISBN:\u00a0978-8418542855<\/strong> \u00bfQu\u00e9 tal es tu vida devocional y tiempo con Dios? \u00bfQu\u00e9 hay en tu mesa de noche? \u00bfUna tablet, un m\u00f3vil, un ordenador, o la Biblia y un buen libro que te lleva a cerrar tus ojos cada noche y a abrirlos cada ma\u00f1ana pensando en Dios y en c\u00f3mo poder agradarle en cada momento? <\/p>\n","protected":false},"featured_media":96072,"comment_status":"closed","ping_status":"open","template":"","meta":{"_acf_changed":false},"libro":[],"product_brand":[],"product_cat":[25],"product_tag":[],"class_list":{"0":"post-96071","1":"product","2":"type-product","3":"status-publish","4":"has-post-thumbnail","6":"product_cat-religion-y-espiritualidad","8":"first","9":"instock","10":"purchasable","11":"product-type-simple"},"acf":{"autor":[74771],"enlace_de_compra":"https:\/\/www.amazon.es\/dp\/8418542853\/ref=sr_1_1?__mk_es_ES=%C3%85M%C3%85%C5%BD%C3%95%C3%91&amp;dchild=1&amp;keywords=Meditad+sobre+vuestros+caminos&amp;qid=1607688850&amp;sr=8-1"},"yoast_head":"<!-- This site is optimized with the Yoast SEO plugin v26.6 - https:\/\/yoast.com\/wordpress\/plugins\/seo\/ -->\n<title>Meditad sobre vuestros caminos - Catalogo | Letrame Grupo Editorial<\/title>\n<meta name=\"robots\" content=\"index, follow, max-snippet:-1, max-image-preview:large, max-video-preview:-1\" \/>\n<link rel=\"canonical\" href=\"https:\/\/letrame.com\/catalogo\/producto\/meditad-sobre-vuestros-caminos\/\" \/>\n<meta property=\"og:locale\" content=\"es_ES\" \/>\n<meta property=\"og:type\" content=\"article\" \/>\n<meta property=\"og:title\" content=\"Meditad sobre vuestros caminos - Catalogo | Letrame Grupo Editorial\" \/>\n<meta property=\"og:description\" content=\"ISBN:\u00a0978-8418542855 \u00bfQu\u00e9 tal es tu vida devocional y tiempo con Dios? \u00bfQu\u00e9 hay en tu mesa de noche? \u00bfUna tablet, un m\u00f3vil, un ordenador, o la Biblia y un buen libro que te lleva a cerrar tus ojos cada noche y a abrirlos cada ma\u00f1ana pensando en Dios y en c\u00f3mo poder agradarle en cada momento?\" \/>\n<meta property=\"og:url\" content=\"https:\/\/letrame.com\/catalogo\/producto\/meditad-sobre-vuestros-caminos\/\" \/>\n<meta property=\"og:site_name\" content=\"Catalogo | Letrame Grupo Editorial\" \/>\n<meta property=\"article:modified_time\" content=\"2024-04-29T07:45:38+00:00\" \/>\n<meta property=\"og:image\" content=\"https:\/\/letrame.com\/catalogo\/wp-content\/uploads\/2024\/04\/Meditad-sobre-vuestro-caminos-scaled-1.jpg\" \/>\n\t<meta property=\"og:image:width\" content=\"1746\" \/>\n\t<meta property=\"og:image:height\" content=\"2560\" \/>\n\t<meta property=\"og:image:type\" content=\"image\/jpeg\" \/>\n<meta name=\"twitter:card\" content=\"summary_large_image\" \/>\n<meta name=\"twitter:label1\" content=\"Tiempo de lectura\" \/>\n\t<meta name=\"twitter:data1\" content=\"2 minutos\" \/>\n<script type=\"application\/ld+json\" class=\"yoast-schema-graph\">{\"@context\":\"https:\/\/schema.org\",\"@graph\":[{\"@type\":\"WebPage\",\"@id\":\"https:\/\/letrame.com\/catalogo\/producto\/meditad-sobre-vuestros-caminos\/\",\"url\":\"https:\/\/letrame.com\/catalogo\/producto\/meditad-sobre-vuestros-caminos\/\",\"name\":\"Meditad sobre vuestros caminos - Catalogo | Letrame Grupo Editorial\",\"isPartOf\":{\"@id\":\"https:\/\/letrame.com\/catalogo\/#website\"},\"primaryImageOfPage\":{\"@id\":\"https:\/\/letrame.com\/catalogo\/producto\/meditad-sobre-vuestros-caminos\/#primaryimage\"},\"image\":{\"@id\":\"https:\/\/letrame.com\/catalogo\/producto\/meditad-sobre-vuestros-caminos\/#primaryimage\"},\"thumbnailUrl\":\"https:\/\/letrame.com\/catalogo\/wp-content\/uploads\/2024\/04\/Meditad-sobre-vuestro-caminos-scaled-1.jpg\",\"datePublished\":\"2024-04-29T07:45:24+00:00\",\"dateModified\":\"2024-04-29T07:45:38+00:00\",\"breadcrumb\":{\"@id\":\"https:\/\/letrame.com\/catalogo\/producto\/meditad-sobre-vuestros-caminos\/#breadcrumb\"},\"inLanguage\":\"es\",\"potentialAction\":[{\"@type\":\"ReadAction\",\"target\":[\"https:\/\/letrame.com\/catalogo\/producto\/meditad-sobre-vuestros-caminos\/\"]}]},{\"@type\":\"ImageObject\",\"inLanguage\":\"es\",\"@id\":\"https:\/\/letrame.com\/catalogo\/producto\/meditad-sobre-vuestros-caminos\/#primaryimage\",\"url\":\"https:\/\/letrame.com\/catalogo\/wp-content\/uploads\/2024\/04\/Meditad-sobre-vuestro-caminos-scaled-1.jpg\",\"contentUrl\":\"https:\/\/letrame.com\/catalogo\/wp-content\/uploads\/2024\/04\/Meditad-sobre-vuestro-caminos-scaled-1.jpg\",\"width\":1746,\"height\":2560},{\"@type\":\"BreadcrumbList\",\"@id\":\"https:\/\/letrame.com\/catalogo\/producto\/meditad-sobre-vuestros-caminos\/#breadcrumb\",\"itemListElement\":[{\"@type\":\"ListItem\",\"position\":1,\"name\":\"Portada\",\"item\":\"https:\/\/letrame.com\/catalogo\/\"},{\"@type\":\"ListItem\",\"position\":2,\"name\":\"Cat\u00e1logo\",\"item\":\"https:\/\/letrame.com\/catalogo\/\"},{\"@type\":\"ListItem\",\"position\":3,\"name\":\"Meditad sobre vuestros caminos\"}]},{\"@type\":\"WebSite\",\"@id\":\"https:\/\/letrame.com\/catalogo\/#website\",\"url\":\"https:\/\/letrame.com\/catalogo\/\",\"name\":\"Catalogo | Letrame Grupo Editorial\",\"description\":\"\",\"publisher\":{\"@id\":\"https:\/\/letrame.com\/catalogo\/#organization\"},\"potentialAction\":[{\"@type\":\"SearchAction\",\"target\":{\"@type\":\"EntryPoint\",\"urlTemplate\":\"https:\/\/letrame.com\/catalogo\/?s={search_term_string}\"},\"query-input\":{\"@type\":\"PropertyValueSpecification\",\"valueRequired\":true,\"valueName\":\"search_term_string\"}}],\"inLanguage\":\"es\"},{\"@type\":\"Organization\",\"@id\":\"https:\/\/letrame.com\/catalogo\/#organization\",\"name\":\"Catalogo | Letrame Grupo Editorial\",\"url\":\"https:\/\/letrame.com\/catalogo\/\",\"logo\":{\"@type\":\"ImageObject\",\"inLanguage\":\"es\",\"@id\":\"https:\/\/letrame.com\/catalogo\/#\/schema\/logo\/image\/\",\"url\":\"https:\/\/letrame.com\/catalogo\/wp-content\/uploads\/2024\/03\/logo2.webp\",\"contentUrl\":\"https:\/\/letrame.com\/catalogo\/wp-content\/uploads\/2024\/03\/logo2.webp\",\"width\":394,\"height\":128,\"caption\":\"Catalogo | Letrame Grupo Editorial\"},\"image\":{\"@id\":\"https:\/\/letrame.com\/catalogo\/#\/schema\/logo\/image\/\"}}]}<\/script>\n<!-- \/ Yoast SEO plugin. -->","yoast_head_json":{"title":"Meditad sobre vuestros caminos - Catalogo | Letrame Grupo Editorial","robots":{"index":"index","follow":"follow","max-snippet":"max-snippet:-1","max-image-preview":"max-image-preview:large","max-video-preview":"max-video-preview:-1"},"canonical":"https:\/\/letrame.com\/catalogo\/producto\/meditad-sobre-vuestros-caminos\/","og_locale":"es_ES","og_type":"article","og_title":"Meditad sobre vuestros caminos - Catalogo | Letrame Grupo Editorial","og_description":"ISBN:\u00a0978-8418542855 \u00bfQu\u00e9 tal es tu vida devocional y tiempo con Dios? \u00bfQu\u00e9 hay en tu mesa de noche? \u00bfUna tablet, un m\u00f3vil, un ordenador, o la Biblia y un buen libro que te lleva a cerrar tus ojos cada noche y a abrirlos cada ma\u00f1ana pensando en Dios y en c\u00f3mo poder agradarle en cada momento?","og_url":"https:\/\/letrame.com\/catalogo\/producto\/meditad-sobre-vuestros-caminos\/","og_site_name":"Catalogo | Letrame Grupo Editorial","article_modified_time":"2024-04-29T07:45:38+00:00","og_image":[{"width":1746,"height":2560,"url":"https:\/\/letrame.com\/catalogo\/wp-content\/uploads\/2024\/04\/Meditad-sobre-vuestro-caminos-scaled-1.jpg","type":"image\/jpeg"}],"twitter_card":"summary_large_image","twitter_misc":{"Tiempo de lectura":"2 minutos"},"schema":{"@context":"https:\/\/schema.org","@graph":[{"@type":"WebPage","@id":"https:\/\/letrame.com\/catalogo\/producto\/meditad-sobre-vuestros-caminos\/","url":"https:\/\/letrame.com\/catalogo\/producto\/meditad-sobre-vuestros-caminos\/","name":"Meditad sobre vuestros caminos - Catalogo | Letrame Grupo Editorial","isPartOf":{"@id":"https:\/\/letrame.com\/catalogo\/#website"},"primaryImageOfPage":{"@id":"https:\/\/letrame.com\/catalogo\/producto\/meditad-sobre-vuestros-caminos\/#primaryimage"},"image":{"@id":"https:\/\/letrame.com\/catalogo\/producto\/meditad-sobre-vuestros-caminos\/#primaryimage"},"thumbnailUrl":"https:\/\/letrame.com\/catalogo\/wp-content\/uploads\/2024\/04\/Meditad-sobre-vuestro-caminos-scaled-1.jpg","datePublished":"2024-04-29T07:45:24+00:00","dateModified":"2024-04-29T07:45:38+00:00","breadcrumb":{"@id":"https:\/\/letrame.com\/catalogo\/producto\/meditad-sobre-vuestros-caminos\/#breadcrumb"},"inLanguage":"es","potentialAction":[{"@type":"ReadAction","target":["https:\/\/letrame.com\/catalogo\/producto\/meditad-sobre-vuestros-caminos\/"]}]},{"@type":"ImageObject","inLanguage":"es","@id":"https:\/\/letrame.com\/catalogo\/producto\/meditad-sobre-vuestros-caminos\/#primaryimage","url":"https:\/\/letrame.com\/catalogo\/wp-content\/uploads\/2024\/04\/Meditad-sobre-vuestro-caminos-scaled-1.jpg","contentUrl":"https:\/\/letrame.com\/catalogo\/wp-content\/uploads\/2024\/04\/Meditad-sobre-vuestro-caminos-scaled-1.jpg","width":1746,"height":2560},{"@type":"BreadcrumbList","@id":"https:\/\/letrame.com\/catalogo\/producto\/meditad-sobre-vuestros-caminos\/#breadcrumb","itemListElement":[{"@type":"ListItem","position":1,"name":"Portada","item":"https:\/\/letrame.com\/catalogo\/"},{"@type":"ListItem","position":2,"name":"Cat\u00e1logo","item":"https:\/\/letrame.com\/catalogo\/"},{"@type":"ListItem","position":3,"name":"Meditad sobre vuestros caminos"}]},{"@type":"WebSite","@id":"https:\/\/letrame.com\/catalogo\/#website","url":"https:\/\/letrame.com\/catalogo\/","name":"Catalogo | Letrame Grupo Editorial","description":"","publisher":{"@id":"https:\/\/letrame.com\/catalogo\/#organization"},"potentialAction":[{"@type":"SearchAction","target":{"@type":"EntryPoint","urlTemplate":"https:\/\/letrame.com\/catalogo\/?s={search_term_string}"},"query-input":{"@type":"PropertyValueSpecification","valueRequired":true,"valueName":"search_term_string"}}],"inLanguage":"es"},{"@type":"Organization","@id":"https:\/\/letrame.com\/catalogo\/#organization","name":"Catalogo | Letrame Grupo Editorial","url":"https:\/\/letrame.com\/catalogo\/","logo":{"@type":"ImageObject","inLanguage":"es","@id":"https:\/\/letrame.com\/catalogo\/#\/schema\/logo\/image\/","url":"https:\/\/letrame.com\/catalogo\/wp-content\/uploads\/2024\/03\/logo2.webp","contentUrl":"https:\/\/letrame.com\/catalogo\/wp-content\/uploads\/2024\/03\/logo2.webp","width":394,"height":128,"caption":"Catalogo | Letrame Grupo Editorial"},"image":{"@id":"https:\/\/letrame.com\/catalogo\/#\/schema\/logo\/image\/"}}]}},"_links":{"self":[{"href":"https:\/\/letrame.com\/catalogo\/wp-json\/wp\/v2\/product\/96071","targetHints":{"allow":["GET"]}}],"collection":[{"href":"https:\/\/letrame.com\/catalogo\/wp-json\/wp\/v2\/product"}],"about":[{"href":"https:\/\/letrame.com\/catalogo\/wp-json\/wp\/v2\/types\/product"}],"replies":[{"embeddable":true,"href":"https:\/\/letrame.com\/catalogo\/wp-json\/wp\/v2\/comments?post=96071"}],"acf:post":[{"embeddable":true,"href":"https:\/\/letrame.com\/catalogo\/wp-json\/wp\/v2\/author_book\/74771"}],"wp:featuredmedia":[{"embeddable":true,"href":"https:\/\/letrame.com\/catalogo\/wp-json\/wp\/v2\/media\/96072"}],"wp:attachment":[{"href":"https:\/\/letrame.com\/catalogo\/wp-json\/wp\/v2\/media?parent=96071"}],"wp:term":[{"taxonomy":"libro","embeddable":true,"href":"https:\/\/letrame.com\/catalogo\/wp-json\/wp\/v2\/libro?post=96071"},{"taxonomy":"product_brand","embeddable":true,"href":"https:\/\/letrame.com\/catalogo\/wp-json\/wp\/v2\/product_brand?post=96071"},{"taxonomy":"product_cat","embeddable":true,"href":"https:\/\/letrame.com\/catalogo\/wp-json\/wp\/v2\/product_cat?post=96071"},{"taxonomy":"product_tag","embeddable":true,"href":"https:\/\/letrame.com\/catalogo\/wp-json\/wp\/v2\/product_tag?post=96071"}],"curies":[{"name":"wp","href":"https:\/\/api.w.org\/{rel}","templated":true}]}}