{"id":96025,"date":"2024-04-18T14:27:31","date_gmt":"2024-04-18T12:27:31","guid":{"rendered":"https:\/\/letrame.com\/catalogo\/producto\/como-aprendo-y-enseno-ajedrez\/"},"modified":"2024-05-15T15:46:39","modified_gmt":"2024-05-15T13:46:39","slug":"como-aprendo-y-enseno-ajedrez","status":"publish","type":"product","link":"https:\/\/letrame.com\/catalogo\/producto\/como-aprendo-y-enseno-ajedrez\/","title":{"rendered":"C\u00f3mo aprendo y ense\u00f1o ajedrez"},"content":{"rendered":"\r\n<p><strong>ISBN<\/strong>:\u00a0978-84-18344-29-9<\/p>\r\n\r\n\r\n\r\n<p><strong>T\u00edtulo<\/strong>: C\u00f3mo aprendo y ense\u00f1o ajedrez<br \/><strong>Fecha<\/strong>: 2020<br \/><strong>P\u00e1ginas<\/strong>:\u00a0 92<\/p>\r\n\r\n\r\n\r\n<p><strong>SINOPSIS<\/strong><\/p>\r\n\r\n\r\n\r\n<p>C\u00f3mo conseguir que un juego tan complicado parezca sencillo?\u00a0\u00a0\u00a0\u00a0\u00a0\u00a0\u00a0\u00a0\u00a0\u00a0\u00a0\u00a0\u00a0\u00a0\u00a0\u00a0\u00a0\u00a0\u00a0\u00a0\u00a0\u00a0\u00a0\u00a0\u00a0\u00a0\u00a0\u00a0\u00a0\u00a0\u00a0\u00a0\u00a0\u00a0\u00a0\u00a0\u00a0\u00a0\u00a0\u00a0\u00a0\u00a0\u00a0\u00a0\u00a0\u00a0\u00a0 Muchos libros de ajedrez han pasado por mis manos;\u00a0 En la mayor\u00eda de ellos se facilitaba la tarea al aprendiz, y en tantos otros al ense\u00f1ante\u2026 \u00bfPor qu\u00e9 no ayudar a ambos?\u00a0\u00a0\u00a0\u00a0\u00a0\u00a0\u00a0\u00a0\u00a0\u00a0\u00a0\u00a0\u00a0\u00a0\u00a0\u00a0\u00a0\u00a0\u00a0\u00a0\u00a0\u00a0\u00a0\u00a0\u00a0\u00a0\u00a0\u00a0\u00a0\u00a0\u00a0\u00a0\u00a0 Tras muchas horas de escribir (y tachar), fui d\u00e1ndole forma a lo que quer\u00eda mostrarles.<\/p>\r\n\r\n\r\n\r\n<p>\u00bfCu\u00e1ntos padres y madres acuden a ver a sus hijos jugar partidas de ajedrez sin saber lo que hacen?, \u00bfCu\u00e1ntos monitores trabajan\u00a0 sin la gu\u00eda correcta?, \u00bfCu\u00e1ntos alumnos se quedan con m\u00e1s ganas de ajedrez, despu\u00e9s de sus clases? y \u00bfCu\u00e1ntos de ellos no entendieron la explicaci\u00f3n del monitor?<\/p>\r\n\r\n\r\n\r\n<p>Poco antes de darle fin a la obra, quise comprobar si pod\u00eda ayudar a un sector tan amplio.\u00a0 La respuesta fue afirmativa.\u00a0 Escog\u00ed para ello a una persona que nunca practic\u00f3 ning\u00fan juego de mesa y le dej\u00e9 los apuntes de este libro antes su edici\u00f3n.\u00a0 En dos semanas mov\u00edan las piezas, y al cabo de un mes, ya jugaba partidas de ajedrez con cierta soltura, y todo ello sin ning\u00fan tipo de ayuda externa, aparte del libro que ahora tienes en tus manos.<\/p>\r\n\r\n\r\n\r\n<p>Es por eso que ahora ver\u00e1s el ajedrez como ese juego sencillo que siempre te pareci\u00f3 tan complicado y lejano.<\/p>\r\n","protected":false},"excerpt":{"rendered":"<p><strong>ISBN: 978-84-18344-29-9<\/strong> \u00bfCu\u00e1ntos padres y madres acuden a ver a sus hijos jugar partidas de ajedrez sin saber lo que hacen?, \u00bfCu\u00e1ntos monitores trabajan\u00a0 sin la gu\u00eda correcta?, \u00bfCu\u00e1ntos alumnos se quedan con m\u00e1s ganas de ajedrez, despu\u00e9s de sus clases? y \u00bfCu\u00e1ntos de ellos no entendieron la explicaci\u00f3n del monitor?<\/p>\n","protected":false},"featured_media":100111,"comment_status":"closed","ping_status":"closed","template":"","meta":{"_acf_changed":false},"libro":[],"product_brand":[],"product_cat":[22,23],"product_tag":[],"class_list":{"0":"post-96025","1":"product","2":"type-product","3":"status-publish","4":"has-post-thumbnail","6":"product_cat-docencia","7":"product_cat-ensayos","9":"first","10":"instock","11":"product-type-simple"},"acf":{"autor":[74734],"enlace_de_compra":"https:\/\/www.amazon.es\/C%C3%B3mo-aprendo-ense%C3%B1o-ajedrez-01\/dp\/8418344296\/ref=sr_1_1?__mk_es_ES=%C3%85M%C3%85%C5%BD%C3%95%C3%91&amp;dchild=1&amp;keywords=Letrame+S.L.+C%C3%B3mo+aprendo+y+ense%C3%B1o+ajedrez&amp;qid=1623834521&amp;sr=8-1"},"yoast_head":"<!-- This site is optimized with the Yoast SEO plugin v27.4 - https:\/\/yoast.com\/product\/yoast-seo-wordpress\/ -->\n<title>C\u00f3mo aprendo y ense\u00f1o ajedrez - Catalogo | Letrame Grupo Editorial<\/title>\n<meta name=\"robots\" content=\"index, follow, max-snippet:-1, max-image-preview:large, max-video-preview:-1\" \/>\n<link rel=\"canonical\" href=\"https:\/\/letrame.com\/catalogo\/producto\/como-aprendo-y-enseno-ajedrez\/\" \/>\n<meta property=\"og:locale\" content=\"es_ES\" \/>\n<meta property=\"og:type\" content=\"article\" \/>\n<meta property=\"og:title\" content=\"C\u00f3mo aprendo y ense\u00f1o ajedrez - Catalogo | Letrame Grupo Editorial\" \/>\n<meta property=\"og:description\" content=\"ISBN: 978-84-18344-29-9 \u00bfCu\u00e1ntos padres y madres acuden a ver a sus hijos jugar partidas de ajedrez sin saber lo que hacen?, \u00bfCu\u00e1ntos monitores trabajan\u00a0 sin la gu\u00eda correcta?, \u00bfCu\u00e1ntos alumnos se quedan con m\u00e1s ganas de ajedrez, despu\u00e9s de sus clases? y \u00bfCu\u00e1ntos de ellos no entendieron la explicaci\u00f3n del monitor?\" \/>\n<meta property=\"og:url\" content=\"https:\/\/letrame.com\/catalogo\/producto\/como-aprendo-y-enseno-ajedrez\/\" \/>\n<meta property=\"og:site_name\" content=\"Catalogo | Letrame Grupo Editorial\" \/>\n<meta property=\"article:modified_time\" content=\"2024-05-15T13:46:39+00:00\" \/>\n<meta property=\"og:image\" content=\"https:\/\/letrame.com\/catalogo\/wp-content\/uploads\/2024\/04\/Como-aprendo-y-enseno-ajedrez-scaled-1.webp\" \/>\n\t<meta property=\"og:image:width\" content=\"1746\" \/>\n\t<meta property=\"og:image:height\" content=\"2560\" \/>\n\t<meta property=\"og:image:type\" content=\"image\/webp\" \/>\n<meta name=\"twitter:card\" content=\"summary_large_image\" \/>\n<meta name=\"twitter:label1\" content=\"Tiempo de lectura\" \/>\n\t<meta name=\"twitter:data1\" content=\"2 minutos\" \/>\n<script type=\"application\/ld+json\" class=\"yoast-schema-graph\">{\"@context\":\"https:\\\/\\\/schema.org\",\"@graph\":[{\"@type\":\"WebPage\",\"@id\":\"https:\\\/\\\/letrame.com\\\/catalogo\\\/producto\\\/como-aprendo-y-enseno-ajedrez\\\/\",\"url\":\"https:\\\/\\\/letrame.com\\\/catalogo\\\/producto\\\/como-aprendo-y-enseno-ajedrez\\\/\",\"name\":\"C\u00f3mo aprendo y ense\u00f1o ajedrez - Catalogo | Letrame Grupo Editorial\",\"isPartOf\":{\"@id\":\"https:\\\/\\\/letrame.com\\\/catalogo\\\/#website\"},\"primaryImageOfPage\":{\"@id\":\"https:\\\/\\\/letrame.com\\\/catalogo\\\/producto\\\/como-aprendo-y-enseno-ajedrez\\\/#primaryimage\"},\"image\":{\"@id\":\"https:\\\/\\\/letrame.com\\\/catalogo\\\/producto\\\/como-aprendo-y-enseno-ajedrez\\\/#primaryimage\"},\"thumbnailUrl\":\"https:\\\/\\\/letrame.com\\\/catalogo\\\/wp-content\\\/uploads\\\/2024\\\/04\\\/Como-aprendo-y-enseno-ajedrez-scaled-1.webp\",\"datePublished\":\"2024-04-18T12:27:31+00:00\",\"dateModified\":\"2024-05-15T13:46:39+00:00\",\"breadcrumb\":{\"@id\":\"https:\\\/\\\/letrame.com\\\/catalogo\\\/producto\\\/como-aprendo-y-enseno-ajedrez\\\/#breadcrumb\"},\"inLanguage\":\"es\",\"potentialAction\":[{\"@type\":\"ReadAction\",\"target\":[\"https:\\\/\\\/letrame.com\\\/catalogo\\\/producto\\\/como-aprendo-y-enseno-ajedrez\\\/\"]}]},{\"@type\":\"ImageObject\",\"inLanguage\":\"es\",\"@id\":\"https:\\\/\\\/letrame.com\\\/catalogo\\\/producto\\\/como-aprendo-y-enseno-ajedrez\\\/#primaryimage\",\"url\":\"https:\\\/\\\/letrame.com\\\/catalogo\\\/wp-content\\\/uploads\\\/2024\\\/04\\\/Como-aprendo-y-enseno-ajedrez-scaled-1.webp\",\"contentUrl\":\"https:\\\/\\\/letrame.com\\\/catalogo\\\/wp-content\\\/uploads\\\/2024\\\/04\\\/Como-aprendo-y-enseno-ajedrez-scaled-1.webp\",\"width\":1746,\"height\":2560},{\"@type\":\"BreadcrumbList\",\"@id\":\"https:\\\/\\\/letrame.com\\\/catalogo\\\/producto\\\/como-aprendo-y-enseno-ajedrez\\\/#breadcrumb\",\"itemListElement\":[{\"@type\":\"ListItem\",\"position\":1,\"name\":\"Portada\",\"item\":\"https:\\\/\\\/letrame.com\\\/catalogo\\\/\"},{\"@type\":\"ListItem\",\"position\":2,\"name\":\"Cat\u00e1logo\",\"item\":\"https:\\\/\\\/letrame.com\\\/catalogo\\\/\"},{\"@type\":\"ListItem\",\"position\":3,\"name\":\"C\u00f3mo aprendo y ense\u00f1o ajedrez\"}]},{\"@type\":\"WebSite\",\"@id\":\"https:\\\/\\\/letrame.com\\\/catalogo\\\/#website\",\"url\":\"https:\\\/\\\/letrame.com\\\/catalogo\\\/\",\"name\":\"Catalogo | Letrame Grupo Editorial\",\"description\":\"\",\"publisher\":{\"@id\":\"https:\\\/\\\/letrame.com\\\/catalogo\\\/#organization\"},\"potentialAction\":[{\"@type\":\"SearchAction\",\"target\":{\"@type\":\"EntryPoint\",\"urlTemplate\":\"https:\\\/\\\/letrame.com\\\/catalogo\\\/?s={search_term_string}\"},\"query-input\":{\"@type\":\"PropertyValueSpecification\",\"valueRequired\":true,\"valueName\":\"search_term_string\"}}],\"inLanguage\":\"es\"},{\"@type\":\"Organization\",\"@id\":\"https:\\\/\\\/letrame.com\\\/catalogo\\\/#organization\",\"name\":\"Catalogo | Letrame Grupo Editorial\",\"url\":\"https:\\\/\\\/letrame.com\\\/catalogo\\\/\",\"logo\":{\"@type\":\"ImageObject\",\"inLanguage\":\"es\",\"@id\":\"https:\\\/\\\/letrame.com\\\/catalogo\\\/#\\\/schema\\\/logo\\\/image\\\/\",\"url\":\"https:\\\/\\\/letrame.com\\\/catalogo\\\/wp-content\\\/uploads\\\/2024\\\/03\\\/logo2.webp\",\"contentUrl\":\"https:\\\/\\\/letrame.com\\\/catalogo\\\/wp-content\\\/uploads\\\/2024\\\/03\\\/logo2.webp\",\"width\":394,\"height\":128,\"caption\":\"Catalogo | Letrame Grupo Editorial\"},\"image\":{\"@id\":\"https:\\\/\\\/letrame.com\\\/catalogo\\\/#\\\/schema\\\/logo\\\/image\\\/\"}}]}<\/script>\n<!-- \/ Yoast SEO plugin. -->","yoast_head_json":{"title":"C\u00f3mo aprendo y ense\u00f1o ajedrez - Catalogo | Letrame Grupo Editorial","robots":{"index":"index","follow":"follow","max-snippet":"max-snippet:-1","max-image-preview":"max-image-preview:large","max-video-preview":"max-video-preview:-1"},"canonical":"https:\/\/letrame.com\/catalogo\/producto\/como-aprendo-y-enseno-ajedrez\/","og_locale":"es_ES","og_type":"article","og_title":"C\u00f3mo aprendo y ense\u00f1o ajedrez - Catalogo | Letrame Grupo Editorial","og_description":"ISBN: 978-84-18344-29-9 \u00bfCu\u00e1ntos padres y madres acuden a ver a sus hijos jugar partidas de ajedrez sin saber lo que hacen?, \u00bfCu\u00e1ntos monitores trabajan\u00a0 sin la gu\u00eda correcta?, \u00bfCu\u00e1ntos alumnos se quedan con m\u00e1s ganas de ajedrez, despu\u00e9s de sus clases? y \u00bfCu\u00e1ntos de ellos no entendieron la explicaci\u00f3n del monitor?","og_url":"https:\/\/letrame.com\/catalogo\/producto\/como-aprendo-y-enseno-ajedrez\/","og_site_name":"Catalogo | Letrame Grupo Editorial","article_modified_time":"2024-05-15T13:46:39+00:00","og_image":[{"width":1746,"height":2560,"url":"https:\/\/letrame.com\/catalogo\/wp-content\/uploads\/2024\/04\/Como-aprendo-y-enseno-ajedrez-scaled-1.webp","type":"image\/webp"}],"twitter_card":"summary_large_image","twitter_misc":{"Tiempo de lectura":"2 minutos"},"schema":{"@context":"https:\/\/schema.org","@graph":[{"@type":"WebPage","@id":"https:\/\/letrame.com\/catalogo\/producto\/como-aprendo-y-enseno-ajedrez\/","url":"https:\/\/letrame.com\/catalogo\/producto\/como-aprendo-y-enseno-ajedrez\/","name":"C\u00f3mo aprendo y ense\u00f1o ajedrez - Catalogo | Letrame Grupo Editorial","isPartOf":{"@id":"https:\/\/letrame.com\/catalogo\/#website"},"primaryImageOfPage":{"@id":"https:\/\/letrame.com\/catalogo\/producto\/como-aprendo-y-enseno-ajedrez\/#primaryimage"},"image":{"@id":"https:\/\/letrame.com\/catalogo\/producto\/como-aprendo-y-enseno-ajedrez\/#primaryimage"},"thumbnailUrl":"https:\/\/letrame.com\/catalogo\/wp-content\/uploads\/2024\/04\/Como-aprendo-y-enseno-ajedrez-scaled-1.webp","datePublished":"2024-04-18T12:27:31+00:00","dateModified":"2024-05-15T13:46:39+00:00","breadcrumb":{"@id":"https:\/\/letrame.com\/catalogo\/producto\/como-aprendo-y-enseno-ajedrez\/#breadcrumb"},"inLanguage":"es","potentialAction":[{"@type":"ReadAction","target":["https:\/\/letrame.com\/catalogo\/producto\/como-aprendo-y-enseno-ajedrez\/"]}]},{"@type":"ImageObject","inLanguage":"es","@id":"https:\/\/letrame.com\/catalogo\/producto\/como-aprendo-y-enseno-ajedrez\/#primaryimage","url":"https:\/\/letrame.com\/catalogo\/wp-content\/uploads\/2024\/04\/Como-aprendo-y-enseno-ajedrez-scaled-1.webp","contentUrl":"https:\/\/letrame.com\/catalogo\/wp-content\/uploads\/2024\/04\/Como-aprendo-y-enseno-ajedrez-scaled-1.webp","width":1746,"height":2560},{"@type":"BreadcrumbList","@id":"https:\/\/letrame.com\/catalogo\/producto\/como-aprendo-y-enseno-ajedrez\/#breadcrumb","itemListElement":[{"@type":"ListItem","position":1,"name":"Portada","item":"https:\/\/letrame.com\/catalogo\/"},{"@type":"ListItem","position":2,"name":"Cat\u00e1logo","item":"https:\/\/letrame.com\/catalogo\/"},{"@type":"ListItem","position":3,"name":"C\u00f3mo aprendo y ense\u00f1o ajedrez"}]},{"@type":"WebSite","@id":"https:\/\/letrame.com\/catalogo\/#website","url":"https:\/\/letrame.com\/catalogo\/","name":"Catalogo | Letrame Grupo Editorial","description":"","publisher":{"@id":"https:\/\/letrame.com\/catalogo\/#organization"},"potentialAction":[{"@type":"SearchAction","target":{"@type":"EntryPoint","urlTemplate":"https:\/\/letrame.com\/catalogo\/?s={search_term_string}"},"query-input":{"@type":"PropertyValueSpecification","valueRequired":true,"valueName":"search_term_string"}}],"inLanguage":"es"},{"@type":"Organization","@id":"https:\/\/letrame.com\/catalogo\/#organization","name":"Catalogo | Letrame Grupo Editorial","url":"https:\/\/letrame.com\/catalogo\/","logo":{"@type":"ImageObject","inLanguage":"es","@id":"https:\/\/letrame.com\/catalogo\/#\/schema\/logo\/image\/","url":"https:\/\/letrame.com\/catalogo\/wp-content\/uploads\/2024\/03\/logo2.webp","contentUrl":"https:\/\/letrame.com\/catalogo\/wp-content\/uploads\/2024\/03\/logo2.webp","width":394,"height":128,"caption":"Catalogo | Letrame Grupo Editorial"},"image":{"@id":"https:\/\/letrame.com\/catalogo\/#\/schema\/logo\/image\/"}}]}},"_links":{"self":[{"href":"https:\/\/letrame.com\/catalogo\/wp-json\/wp\/v2\/product\/96025","targetHints":{"allow":["GET"]}}],"collection":[{"href":"https:\/\/letrame.com\/catalogo\/wp-json\/wp\/v2\/product"}],"about":[{"href":"https:\/\/letrame.com\/catalogo\/wp-json\/wp\/v2\/types\/product"}],"replies":[{"embeddable":true,"href":"https:\/\/letrame.com\/catalogo\/wp-json\/wp\/v2\/comments?post=96025"}],"acf:post":[{"embeddable":true,"href":"https:\/\/letrame.com\/catalogo\/wp-json\/wp\/v2\/author_book\/74734"}],"wp:featuredmedia":[{"embeddable":true,"href":"https:\/\/letrame.com\/catalogo\/wp-json\/wp\/v2\/media\/100111"}],"wp:attachment":[{"href":"https:\/\/letrame.com\/catalogo\/wp-json\/wp\/v2\/media?parent=96025"}],"wp:term":[{"taxonomy":"libro","embeddable":true,"href":"https:\/\/letrame.com\/catalogo\/wp-json\/wp\/v2\/libro?post=96025"},{"taxonomy":"product_brand","embeddable":true,"href":"https:\/\/letrame.com\/catalogo\/wp-json\/wp\/v2\/product_brand?post=96025"},{"taxonomy":"product_cat","embeddable":true,"href":"https:\/\/letrame.com\/catalogo\/wp-json\/wp\/v2\/product_cat?post=96025"},{"taxonomy":"product_tag","embeddable":true,"href":"https:\/\/letrame.com\/catalogo\/wp-json\/wp\/v2\/product_tag?post=96025"}],"curies":[{"name":"wp","href":"https:\/\/api.w.org\/{rel}","templated":true}]}}