{"id":95651,"date":"2024-04-18T13:07:32","date_gmt":"2024-04-18T11:07:32","guid":{"rendered":"https:\/\/letrame.com\/catalogo\/producto\/felicidad-2\/"},"modified":"2024-04-18T13:07:44","modified_gmt":"2024-04-18T11:07:44","slug":"felicidad-2","status":"publish","type":"product","link":"https:\/\/letrame.com\/catalogo\/producto\/felicidad-2\/","title":{"rendered":"\u00a1Felicidad!"},"content":{"rendered":"\n<p><strong>ISBN<\/strong>: 978-84-18090-58-5&nbsp;<br><strong>T\u00edtulo<\/strong>: \u00a1Felicidad!<br><strong>Fecha<\/strong>: 2019<br><strong>P\u00e1ginas<\/strong>:&nbsp;188<\/p>\n\n\n\n<p><strong>SINOPSIS<\/strong><\/p>\n\n\n\n<p>Todas las personas desean ser felices. Es m\u00e1s sencillo serlo cuando todo va bien en nuestras vidas, pero\u2026 \u00bfQu\u00e9 ocurre cuando no es as\u00ed?<\/p>\n\n\n\n<p>La felicidad, como una b\u00fasqueda, como si fuera una meta, un lugar al que llegar, algo externo a nosotros, se aleja a medida que la perseguimos.&nbsp;<\/p>\n\n\n\n<p>El modo m\u00e1s eficiente para ser felices es ser resilientes. Inevitablemente, la alta resiliencia te conducir\u00e1 a sentirte m\u00e1s feliz, no a llegar a ning\u00fan lugar. Porque el viaje est\u00e1 en tu interior.<\/p>\n\n\n\n<p>&nbsp;Y en este viaje te acompa\u00f1o cont\u00e1ndote historias de superaci\u00f3n, de personas comunes y corrientes, para que te sirvan de inspiraci\u00f3n. Citas c\u00e9lebres que podr\u00e1s usar como mantras de cabecera. Y sobre todo te proporcionar\u00e9 algo que siempre que leo un libro de autoayuda me falla: ejercicios concretos, pautas para trabajar y que no se quede todo en un \u201cOh, qu\u00e9 bonito, pero \u00bfahora qu\u00e9 hago?\u201d.<\/p>\n\n\n\n<p>Cada cap\u00edtulo se puede leer de manera independiente y tiene su propio apartado de ejercicios y pautas para trabajar cada aspecto del que se habla. No hay excusas, tienes ante ti un manual pr\u00e1ctico de resiliencia.&nbsp;<\/p>\n\n\n\n<p>Para que seas feliz, con independencia del momento vital que est\u00e9s pasando.<\/p>\n\n\n\n<p>\u00a1Feliz viaje!<\/p>\n\n\n\n<p><\/p>\n","protected":false},"excerpt":{"rendered":"<p><strong>ISBN: 978-84-18090-58-5 \u00a0<\/strong><\/p>\n<p>Todas las personas desean ser felices. Es m\u00e1s sencillo serlo cuando todo va bien en nuestras vidas, pero\u2026 \u00bfQu\u00e9 ocurre cuando no es as\u00ed? \u00a0<\/p>\n","protected":false},"featured_media":95652,"comment_status":"closed","ping_status":"open","template":"","meta":{"_acf_changed":false},"libro":[],"product_brand":[],"product_cat":[18],"product_tag":[],"class_list":{"0":"post-95651","1":"product","2":"type-product","3":"status-publish","4":"has-post-thumbnail","6":"product_cat-autoayuda","8":"first","9":"instock","10":"purchasable","11":"product-type-simple"},"acf":{"autor":[74420],"enlace_de_compra":"https:\/\/www.amazon.es\/%C2%A1Felicidad-Autoayuda-Susana-Ivorra-Ortega\/dp\/8417779329"},"yoast_head":"<!-- This site is optimized with the Yoast SEO plugin v26.6 - https:\/\/yoast.com\/wordpress\/plugins\/seo\/ -->\n<title>\u00a1Felicidad! - Catalogo | Letrame Grupo Editorial<\/title>\n<meta name=\"robots\" content=\"index, follow, max-snippet:-1, max-image-preview:large, max-video-preview:-1\" \/>\n<link rel=\"canonical\" href=\"https:\/\/letrame.com\/catalogo\/producto\/felicidad-2\/\" \/>\n<meta property=\"og:locale\" content=\"es_ES\" \/>\n<meta property=\"og:type\" content=\"article\" \/>\n<meta property=\"og:title\" content=\"\u00a1Felicidad! - Catalogo | Letrame Grupo Editorial\" \/>\n<meta property=\"og:description\" content=\"ISBN: 978-84-18090-58-5 \u00a0 Todas las personas desean ser felices. Es m\u00e1s sencillo serlo cuando todo va bien en nuestras vidas, pero\u2026 \u00bfQu\u00e9 ocurre cuando no es as\u00ed? \u00a0\" \/>\n<meta property=\"og:url\" content=\"https:\/\/letrame.com\/catalogo\/producto\/felicidad-2\/\" \/>\n<meta property=\"og:site_name\" content=\"Catalogo | Letrame Grupo Editorial\" \/>\n<meta property=\"article:modified_time\" content=\"2024-04-18T11:07:44+00:00\" \/>\n<meta property=\"og:image\" content=\"https:\/\/letrame.com\/catalogo\/wp-content\/uploads\/2024\/04\/portada_felicidad.png\" \/>\n\t<meta property=\"og:image:width\" content=\"517\" \/>\n\t<meta property=\"og:image:height\" content=\"726\" \/>\n\t<meta property=\"og:image:type\" content=\"image\/png\" \/>\n<meta name=\"twitter:card\" content=\"summary_large_image\" \/>\n<meta name=\"twitter:label1\" content=\"Tiempo de lectura\" \/>\n\t<meta name=\"twitter:data1\" content=\"1 minuto\" \/>\n<script type=\"application\/ld+json\" class=\"yoast-schema-graph\">{\"@context\":\"https:\/\/schema.org\",\"@graph\":[{\"@type\":\"WebPage\",\"@id\":\"https:\/\/letrame.com\/catalogo\/producto\/felicidad-2\/\",\"url\":\"https:\/\/letrame.com\/catalogo\/producto\/felicidad-2\/\",\"name\":\"\u00a1Felicidad! - Catalogo | Letrame Grupo Editorial\",\"isPartOf\":{\"@id\":\"https:\/\/letrame.com\/catalogo\/#website\"},\"primaryImageOfPage\":{\"@id\":\"https:\/\/letrame.com\/catalogo\/producto\/felicidad-2\/#primaryimage\"},\"image\":{\"@id\":\"https:\/\/letrame.com\/catalogo\/producto\/felicidad-2\/#primaryimage\"},\"thumbnailUrl\":\"https:\/\/letrame.com\/catalogo\/wp-content\/uploads\/2024\/04\/portada_felicidad.png\",\"datePublished\":\"2024-04-18T11:07:32+00:00\",\"dateModified\":\"2024-04-18T11:07:44+00:00\",\"breadcrumb\":{\"@id\":\"https:\/\/letrame.com\/catalogo\/producto\/felicidad-2\/#breadcrumb\"},\"inLanguage\":\"es\",\"potentialAction\":[{\"@type\":\"ReadAction\",\"target\":[\"https:\/\/letrame.com\/catalogo\/producto\/felicidad-2\/\"]}]},{\"@type\":\"ImageObject\",\"inLanguage\":\"es\",\"@id\":\"https:\/\/letrame.com\/catalogo\/producto\/felicidad-2\/#primaryimage\",\"url\":\"https:\/\/letrame.com\/catalogo\/wp-content\/uploads\/2024\/04\/portada_felicidad.png\",\"contentUrl\":\"https:\/\/letrame.com\/catalogo\/wp-content\/uploads\/2024\/04\/portada_felicidad.png\",\"width\":517,\"height\":726},{\"@type\":\"BreadcrumbList\",\"@id\":\"https:\/\/letrame.com\/catalogo\/producto\/felicidad-2\/#breadcrumb\",\"itemListElement\":[{\"@type\":\"ListItem\",\"position\":1,\"name\":\"Portada\",\"item\":\"https:\/\/letrame.com\/catalogo\/\"},{\"@type\":\"ListItem\",\"position\":2,\"name\":\"Cat\u00e1logo\",\"item\":\"https:\/\/letrame.com\/catalogo\/\"},{\"@type\":\"ListItem\",\"position\":3,\"name\":\"\u00a1Felicidad!\"}]},{\"@type\":\"WebSite\",\"@id\":\"https:\/\/letrame.com\/catalogo\/#website\",\"url\":\"https:\/\/letrame.com\/catalogo\/\",\"name\":\"Catalogo | Letrame Grupo Editorial\",\"description\":\"\",\"publisher\":{\"@id\":\"https:\/\/letrame.com\/catalogo\/#organization\"},\"potentialAction\":[{\"@type\":\"SearchAction\",\"target\":{\"@type\":\"EntryPoint\",\"urlTemplate\":\"https:\/\/letrame.com\/catalogo\/?s={search_term_string}\"},\"query-input\":{\"@type\":\"PropertyValueSpecification\",\"valueRequired\":true,\"valueName\":\"search_term_string\"}}],\"inLanguage\":\"es\"},{\"@type\":\"Organization\",\"@id\":\"https:\/\/letrame.com\/catalogo\/#organization\",\"name\":\"Catalogo | Letrame Grupo Editorial\",\"url\":\"https:\/\/letrame.com\/catalogo\/\",\"logo\":{\"@type\":\"ImageObject\",\"inLanguage\":\"es\",\"@id\":\"https:\/\/letrame.com\/catalogo\/#\/schema\/logo\/image\/\",\"url\":\"https:\/\/letrame.com\/catalogo\/wp-content\/uploads\/2024\/03\/logo2.webp\",\"contentUrl\":\"https:\/\/letrame.com\/catalogo\/wp-content\/uploads\/2024\/03\/logo2.webp\",\"width\":394,\"height\":128,\"caption\":\"Catalogo | Letrame Grupo Editorial\"},\"image\":{\"@id\":\"https:\/\/letrame.com\/catalogo\/#\/schema\/logo\/image\/\"}}]}<\/script>\n<!-- \/ Yoast SEO plugin. -->","yoast_head_json":{"title":"\u00a1Felicidad! - Catalogo | Letrame Grupo Editorial","robots":{"index":"index","follow":"follow","max-snippet":"max-snippet:-1","max-image-preview":"max-image-preview:large","max-video-preview":"max-video-preview:-1"},"canonical":"https:\/\/letrame.com\/catalogo\/producto\/felicidad-2\/","og_locale":"es_ES","og_type":"article","og_title":"\u00a1Felicidad! - Catalogo | Letrame Grupo Editorial","og_description":"ISBN: 978-84-18090-58-5 \u00a0 Todas las personas desean ser felices. Es m\u00e1s sencillo serlo cuando todo va bien en nuestras vidas, pero\u2026 \u00bfQu\u00e9 ocurre cuando no es as\u00ed? \u00a0","og_url":"https:\/\/letrame.com\/catalogo\/producto\/felicidad-2\/","og_site_name":"Catalogo | Letrame Grupo Editorial","article_modified_time":"2024-04-18T11:07:44+00:00","og_image":[{"width":517,"height":726,"url":"https:\/\/letrame.com\/catalogo\/wp-content\/uploads\/2024\/04\/portada_felicidad.png","type":"image\/png"}],"twitter_card":"summary_large_image","twitter_misc":{"Tiempo de lectura":"1 minuto"},"schema":{"@context":"https:\/\/schema.org","@graph":[{"@type":"WebPage","@id":"https:\/\/letrame.com\/catalogo\/producto\/felicidad-2\/","url":"https:\/\/letrame.com\/catalogo\/producto\/felicidad-2\/","name":"\u00a1Felicidad! - Catalogo | Letrame Grupo Editorial","isPartOf":{"@id":"https:\/\/letrame.com\/catalogo\/#website"},"primaryImageOfPage":{"@id":"https:\/\/letrame.com\/catalogo\/producto\/felicidad-2\/#primaryimage"},"image":{"@id":"https:\/\/letrame.com\/catalogo\/producto\/felicidad-2\/#primaryimage"},"thumbnailUrl":"https:\/\/letrame.com\/catalogo\/wp-content\/uploads\/2024\/04\/portada_felicidad.png","datePublished":"2024-04-18T11:07:32+00:00","dateModified":"2024-04-18T11:07:44+00:00","breadcrumb":{"@id":"https:\/\/letrame.com\/catalogo\/producto\/felicidad-2\/#breadcrumb"},"inLanguage":"es","potentialAction":[{"@type":"ReadAction","target":["https:\/\/letrame.com\/catalogo\/producto\/felicidad-2\/"]}]},{"@type":"ImageObject","inLanguage":"es","@id":"https:\/\/letrame.com\/catalogo\/producto\/felicidad-2\/#primaryimage","url":"https:\/\/letrame.com\/catalogo\/wp-content\/uploads\/2024\/04\/portada_felicidad.png","contentUrl":"https:\/\/letrame.com\/catalogo\/wp-content\/uploads\/2024\/04\/portada_felicidad.png","width":517,"height":726},{"@type":"BreadcrumbList","@id":"https:\/\/letrame.com\/catalogo\/producto\/felicidad-2\/#breadcrumb","itemListElement":[{"@type":"ListItem","position":1,"name":"Portada","item":"https:\/\/letrame.com\/catalogo\/"},{"@type":"ListItem","position":2,"name":"Cat\u00e1logo","item":"https:\/\/letrame.com\/catalogo\/"},{"@type":"ListItem","position":3,"name":"\u00a1Felicidad!"}]},{"@type":"WebSite","@id":"https:\/\/letrame.com\/catalogo\/#website","url":"https:\/\/letrame.com\/catalogo\/","name":"Catalogo | Letrame Grupo Editorial","description":"","publisher":{"@id":"https:\/\/letrame.com\/catalogo\/#organization"},"potentialAction":[{"@type":"SearchAction","target":{"@type":"EntryPoint","urlTemplate":"https:\/\/letrame.com\/catalogo\/?s={search_term_string}"},"query-input":{"@type":"PropertyValueSpecification","valueRequired":true,"valueName":"search_term_string"}}],"inLanguage":"es"},{"@type":"Organization","@id":"https:\/\/letrame.com\/catalogo\/#organization","name":"Catalogo | Letrame Grupo Editorial","url":"https:\/\/letrame.com\/catalogo\/","logo":{"@type":"ImageObject","inLanguage":"es","@id":"https:\/\/letrame.com\/catalogo\/#\/schema\/logo\/image\/","url":"https:\/\/letrame.com\/catalogo\/wp-content\/uploads\/2024\/03\/logo2.webp","contentUrl":"https:\/\/letrame.com\/catalogo\/wp-content\/uploads\/2024\/03\/logo2.webp","width":394,"height":128,"caption":"Catalogo | Letrame Grupo Editorial"},"image":{"@id":"https:\/\/letrame.com\/catalogo\/#\/schema\/logo\/image\/"}}]}},"_links":{"self":[{"href":"https:\/\/letrame.com\/catalogo\/wp-json\/wp\/v2\/product\/95651","targetHints":{"allow":["GET"]}}],"collection":[{"href":"https:\/\/letrame.com\/catalogo\/wp-json\/wp\/v2\/product"}],"about":[{"href":"https:\/\/letrame.com\/catalogo\/wp-json\/wp\/v2\/types\/product"}],"replies":[{"embeddable":true,"href":"https:\/\/letrame.com\/catalogo\/wp-json\/wp\/v2\/comments?post=95651"}],"acf:post":[{"embeddable":true,"href":"https:\/\/letrame.com\/catalogo\/wp-json\/wp\/v2\/author_book\/74420"}],"wp:featuredmedia":[{"embeddable":true,"href":"https:\/\/letrame.com\/catalogo\/wp-json\/wp\/v2\/media\/95652"}],"wp:attachment":[{"href":"https:\/\/letrame.com\/catalogo\/wp-json\/wp\/v2\/media?parent=95651"}],"wp:term":[{"taxonomy":"libro","embeddable":true,"href":"https:\/\/letrame.com\/catalogo\/wp-json\/wp\/v2\/libro?post=95651"},{"taxonomy":"product_brand","embeddable":true,"href":"https:\/\/letrame.com\/catalogo\/wp-json\/wp\/v2\/product_brand?post=95651"},{"taxonomy":"product_cat","embeddable":true,"href":"https:\/\/letrame.com\/catalogo\/wp-json\/wp\/v2\/product_cat?post=95651"},{"taxonomy":"product_tag","embeddable":true,"href":"https:\/\/letrame.com\/catalogo\/wp-json\/wp\/v2\/product_tag?post=95651"}],"curies":[{"name":"wp","href":"https:\/\/api.w.org\/{rel}","templated":true}]}}