{"id":95633,"date":"2024-04-18T13:05:47","date_gmt":"2024-04-18T11:05:47","guid":{"rendered":"https:\/\/letrame.com\/catalogo\/producto\/la-formacion-del-caracter-en-las-novelas-de-harry-potter\/"},"modified":"2024-04-18T13:05:59","modified_gmt":"2024-04-18T11:05:59","slug":"la-formacion-del-caracter-en-las-novelas-de-harry-potter","status":"publish","type":"product","link":"https:\/\/letrame.com\/catalogo\/producto\/la-formacion-del-caracter-en-las-novelas-de-harry-potter\/","title":{"rendered":"La formaci\u00f3n del car\u00e1cter en las novelas de Harry Potter"},"content":{"rendered":"\n<p><strong>ISBN<\/strong>: 978-84-18186-94-3<br><strong>T\u00edtulo<\/strong>: La formaci\u00f3n del car\u00e1cter en las novelas de Harry Potter<br><strong>Fecha<\/strong>: 2020<br><strong>P\u00e1ginas<\/strong>: 106<\/p>\n\n\n\n<div style=\"height:39px\" aria-hidden=\"true\" class=\"wp-block-spacer\"><\/div>\n\n\n\n<p><strong>SINOPSIS<\/strong><\/p>\n\n\n\n<p>Cuando apareci\u00f3 hace 20 a\u00f1os en las librer\u00edas la primera novela de J.K. Rowling Harry Potter y la piedra filosofal me llam\u00f3 la atenci\u00f3n que una novela actual incluyese la palabra filosof\u00eda en su t\u00edtulo. Para una profesora de filosof\u00eda como yo esto significaba que lo que explicaba en las clases ten\u00eda cierta popularidad y estaba de moda. Mis alumnos hablaban de la novela de Harry Potter, el joven mago, y pens\u00e9 que ten\u00eda que leerla. Compr\u00e9 el libro y me entusiasm\u00f3. Cada a\u00f1o esperaba la nueva entrega con la misma ilusi\u00f3n que ellos. Descubr\u00ed no solo una historia literaria sino una manera de acercar a los j\u00f3venes conceptos filos\u00f3ficos como la amistad, el amor, el bien, la fidelidad, la muerte y el poder. A partir de entonces pod\u00eda conversar con mis alumnos , compartir experiencias y emociones que sirvieron para el di\u00e1logo, la reflexi\u00f3n, el conocimiento y la actitud cr\u00edtica. La filosof\u00eda es por definici\u00f3n amor a la sabidur\u00eda, una sabidur\u00eda que sirve para ayudar a vivir mejor y buscar respuestas a algunas de las preguntas m\u00e1s importantes en la vida: qui\u00e9n soy y cu\u00e1l es mi misi\u00f3n. En estas p\u00e1ginas est\u00e1 escrita solo una peque\u00f1a parte de lo que he aprendido y me he emocionado con la lectura de esta gran historia de Harry Potter, sus aventuras y su heroicidad. Mi deseo es compartirlo. Es una peque\u00f1a aportaci\u00f3n de lo que nos puede ense\u00f1ar y est\u00e1 por descubrir. Siempre agradecida a su autora y a todos mis alumnos. Espero que os guste.<\/p>\n","protected":false},"excerpt":{"rendered":"<p><strong>ISBN:\u00a0<span class=\"sku\">978-84-18186-94-3<\/span><\/strong><\/p>\n<p>Cuando apareci\u00f3 hace 20 a\u00f1os en las librer\u00edas la primera novela de J.K. Rowling Harry Potter y la piedra filosofal me llam\u00f3 la atenci\u00f3n que una novela actual incluyese la palabra filosof\u00eda en su t\u00edtulo. Para una profesora de filosof\u00eda como yo esto significaba que lo que explicaba en las clases ten\u00eda cierta popularidad y estaba de moda. Mis alumnos hablaban de la novela de Harry Potter, el joven mago, y pens\u00e9 que ten\u00eda que leerla.\u00a0\u00a0<\/p>\n","protected":false},"featured_media":95634,"comment_status":"closed","ping_status":"open","template":"","meta":{"_acf_changed":false},"libro":[],"product_brand":[],"product_cat":[23],"product_tag":[],"class_list":{"0":"post-95633","1":"product","2":"type-product","3":"status-publish","4":"has-post-thumbnail","6":"product_cat-ensayos","8":"first","9":"instock","10":"purchasable","11":"product-type-simple"},"acf":{"autor":[74295],"enlace_de_compra":""},"yoast_head":"<!-- This site is optimized with the Yoast SEO plugin v26.6 - https:\/\/yoast.com\/wordpress\/plugins\/seo\/ -->\n<title>La formaci\u00f3n del car\u00e1cter en las novelas de Harry Potter - Catalogo | Letrame Grupo Editorial<\/title>\n<meta name=\"robots\" content=\"index, follow, max-snippet:-1, max-image-preview:large, max-video-preview:-1\" \/>\n<link rel=\"canonical\" href=\"https:\/\/letrame.com\/catalogo\/producto\/la-formacion-del-caracter-en-las-novelas-de-harry-potter\/\" \/>\n<meta property=\"og:locale\" content=\"es_ES\" \/>\n<meta property=\"og:type\" content=\"article\" \/>\n<meta property=\"og:title\" content=\"La formaci\u00f3n del car\u00e1cter en las novelas de Harry Potter - Catalogo | Letrame Grupo Editorial\" \/>\n<meta property=\"og:description\" content=\"ISBN:\u00a0978-84-18186-94-3 Cuando apareci\u00f3 hace 20 a\u00f1os en las librer\u00edas la primera novela de J.K. Rowling Harry Potter y la piedra filosofal me llam\u00f3 la atenci\u00f3n que una novela actual incluyese la palabra filosof\u00eda en su t\u00edtulo. Para una profesora de filosof\u00eda como yo esto significaba que lo que explicaba en las clases ten\u00eda cierta popularidad y estaba de moda. Mis alumnos hablaban de la novela de Harry Potter, el joven mago, y pens\u00e9 que ten\u00eda que leerla.\u00a0\u00a0\" \/>\n<meta property=\"og:url\" content=\"https:\/\/letrame.com\/catalogo\/producto\/la-formacion-del-caracter-en-las-novelas-de-harry-potter\/\" \/>\n<meta property=\"og:site_name\" content=\"Catalogo | Letrame Grupo Editorial\" \/>\n<meta property=\"article:modified_time\" content=\"2024-04-18T11:05:59+00:00\" \/>\n<meta property=\"og:image\" content=\"https:\/\/letrame.com\/catalogo\/wp-content\/uploads\/2024\/04\/La-formacion-del-caracter-en-las-novelas-de-Harry-Potter-scaled-1.jpg\" \/>\n\t<meta property=\"og:image:width\" content=\"1746\" \/>\n\t<meta property=\"og:image:height\" content=\"2560\" \/>\n\t<meta property=\"og:image:type\" content=\"image\/jpeg\" \/>\n<meta name=\"twitter:card\" content=\"summary_large_image\" \/>\n<meta name=\"twitter:label1\" content=\"Tiempo de lectura\" \/>\n\t<meta name=\"twitter:data1\" content=\"2 minutos\" \/>\n<script type=\"application\/ld+json\" class=\"yoast-schema-graph\">{\"@context\":\"https:\/\/schema.org\",\"@graph\":[{\"@type\":\"WebPage\",\"@id\":\"https:\/\/letrame.com\/catalogo\/producto\/la-formacion-del-caracter-en-las-novelas-de-harry-potter\/\",\"url\":\"https:\/\/letrame.com\/catalogo\/producto\/la-formacion-del-caracter-en-las-novelas-de-harry-potter\/\",\"name\":\"La formaci\u00f3n del car\u00e1cter en las novelas de Harry Potter - Catalogo | Letrame Grupo Editorial\",\"isPartOf\":{\"@id\":\"https:\/\/letrame.com\/catalogo\/#website\"},\"primaryImageOfPage\":{\"@id\":\"https:\/\/letrame.com\/catalogo\/producto\/la-formacion-del-caracter-en-las-novelas-de-harry-potter\/#primaryimage\"},\"image\":{\"@id\":\"https:\/\/letrame.com\/catalogo\/producto\/la-formacion-del-caracter-en-las-novelas-de-harry-potter\/#primaryimage\"},\"thumbnailUrl\":\"https:\/\/letrame.com\/catalogo\/wp-content\/uploads\/2024\/04\/La-formacion-del-caracter-en-las-novelas-de-Harry-Potter-scaled-1.jpg\",\"datePublished\":\"2024-04-18T11:05:47+00:00\",\"dateModified\":\"2024-04-18T11:05:59+00:00\",\"breadcrumb\":{\"@id\":\"https:\/\/letrame.com\/catalogo\/producto\/la-formacion-del-caracter-en-las-novelas-de-harry-potter\/#breadcrumb\"},\"inLanguage\":\"es\",\"potentialAction\":[{\"@type\":\"ReadAction\",\"target\":[\"https:\/\/letrame.com\/catalogo\/producto\/la-formacion-del-caracter-en-las-novelas-de-harry-potter\/\"]}]},{\"@type\":\"ImageObject\",\"inLanguage\":\"es\",\"@id\":\"https:\/\/letrame.com\/catalogo\/producto\/la-formacion-del-caracter-en-las-novelas-de-harry-potter\/#primaryimage\",\"url\":\"https:\/\/letrame.com\/catalogo\/wp-content\/uploads\/2024\/04\/La-formacion-del-caracter-en-las-novelas-de-Harry-Potter-scaled-1.jpg\",\"contentUrl\":\"https:\/\/letrame.com\/catalogo\/wp-content\/uploads\/2024\/04\/La-formacion-del-caracter-en-las-novelas-de-Harry-Potter-scaled-1.jpg\",\"width\":1746,\"height\":2560},{\"@type\":\"BreadcrumbList\",\"@id\":\"https:\/\/letrame.com\/catalogo\/producto\/la-formacion-del-caracter-en-las-novelas-de-harry-potter\/#breadcrumb\",\"itemListElement\":[{\"@type\":\"ListItem\",\"position\":1,\"name\":\"Portada\",\"item\":\"https:\/\/letrame.com\/catalogo\/\"},{\"@type\":\"ListItem\",\"position\":2,\"name\":\"Cat\u00e1logo\",\"item\":\"https:\/\/letrame.com\/catalogo\/\"},{\"@type\":\"ListItem\",\"position\":3,\"name\":\"La formaci\u00f3n del car\u00e1cter en las novelas de Harry Potter\"}]},{\"@type\":\"WebSite\",\"@id\":\"https:\/\/letrame.com\/catalogo\/#website\",\"url\":\"https:\/\/letrame.com\/catalogo\/\",\"name\":\"Catalogo | Letrame Grupo Editorial\",\"description\":\"\",\"publisher\":{\"@id\":\"https:\/\/letrame.com\/catalogo\/#organization\"},\"potentialAction\":[{\"@type\":\"SearchAction\",\"target\":{\"@type\":\"EntryPoint\",\"urlTemplate\":\"https:\/\/letrame.com\/catalogo\/?s={search_term_string}\"},\"query-input\":{\"@type\":\"PropertyValueSpecification\",\"valueRequired\":true,\"valueName\":\"search_term_string\"}}],\"inLanguage\":\"es\"},{\"@type\":\"Organization\",\"@id\":\"https:\/\/letrame.com\/catalogo\/#organization\",\"name\":\"Catalogo | Letrame Grupo Editorial\",\"url\":\"https:\/\/letrame.com\/catalogo\/\",\"logo\":{\"@type\":\"ImageObject\",\"inLanguage\":\"es\",\"@id\":\"https:\/\/letrame.com\/catalogo\/#\/schema\/logo\/image\/\",\"url\":\"https:\/\/letrame.com\/catalogo\/wp-content\/uploads\/2024\/03\/logo2.webp\",\"contentUrl\":\"https:\/\/letrame.com\/catalogo\/wp-content\/uploads\/2024\/03\/logo2.webp\",\"width\":394,\"height\":128,\"caption\":\"Catalogo | Letrame Grupo Editorial\"},\"image\":{\"@id\":\"https:\/\/letrame.com\/catalogo\/#\/schema\/logo\/image\/\"}}]}<\/script>\n<!-- \/ Yoast SEO plugin. -->","yoast_head_json":{"title":"La formaci\u00f3n del car\u00e1cter en las novelas de Harry Potter - Catalogo | Letrame Grupo Editorial","robots":{"index":"index","follow":"follow","max-snippet":"max-snippet:-1","max-image-preview":"max-image-preview:large","max-video-preview":"max-video-preview:-1"},"canonical":"https:\/\/letrame.com\/catalogo\/producto\/la-formacion-del-caracter-en-las-novelas-de-harry-potter\/","og_locale":"es_ES","og_type":"article","og_title":"La formaci\u00f3n del car\u00e1cter en las novelas de Harry Potter - Catalogo | Letrame Grupo Editorial","og_description":"ISBN:\u00a0978-84-18186-94-3 Cuando apareci\u00f3 hace 20 a\u00f1os en las librer\u00edas la primera novela de J.K. Rowling Harry Potter y la piedra filosofal me llam\u00f3 la atenci\u00f3n que una novela actual incluyese la palabra filosof\u00eda en su t\u00edtulo. Para una profesora de filosof\u00eda como yo esto significaba que lo que explicaba en las clases ten\u00eda cierta popularidad y estaba de moda. Mis alumnos hablaban de la novela de Harry Potter, el joven mago, y pens\u00e9 que ten\u00eda que leerla.\u00a0\u00a0","og_url":"https:\/\/letrame.com\/catalogo\/producto\/la-formacion-del-caracter-en-las-novelas-de-harry-potter\/","og_site_name":"Catalogo | Letrame Grupo Editorial","article_modified_time":"2024-04-18T11:05:59+00:00","og_image":[{"width":1746,"height":2560,"url":"https:\/\/letrame.com\/catalogo\/wp-content\/uploads\/2024\/04\/La-formacion-del-caracter-en-las-novelas-de-Harry-Potter-scaled-1.jpg","type":"image\/jpeg"}],"twitter_card":"summary_large_image","twitter_misc":{"Tiempo de lectura":"2 minutos"},"schema":{"@context":"https:\/\/schema.org","@graph":[{"@type":"WebPage","@id":"https:\/\/letrame.com\/catalogo\/producto\/la-formacion-del-caracter-en-las-novelas-de-harry-potter\/","url":"https:\/\/letrame.com\/catalogo\/producto\/la-formacion-del-caracter-en-las-novelas-de-harry-potter\/","name":"La formaci\u00f3n del car\u00e1cter en las novelas de Harry Potter - Catalogo | Letrame Grupo Editorial","isPartOf":{"@id":"https:\/\/letrame.com\/catalogo\/#website"},"primaryImageOfPage":{"@id":"https:\/\/letrame.com\/catalogo\/producto\/la-formacion-del-caracter-en-las-novelas-de-harry-potter\/#primaryimage"},"image":{"@id":"https:\/\/letrame.com\/catalogo\/producto\/la-formacion-del-caracter-en-las-novelas-de-harry-potter\/#primaryimage"},"thumbnailUrl":"https:\/\/letrame.com\/catalogo\/wp-content\/uploads\/2024\/04\/La-formacion-del-caracter-en-las-novelas-de-Harry-Potter-scaled-1.jpg","datePublished":"2024-04-18T11:05:47+00:00","dateModified":"2024-04-18T11:05:59+00:00","breadcrumb":{"@id":"https:\/\/letrame.com\/catalogo\/producto\/la-formacion-del-caracter-en-las-novelas-de-harry-potter\/#breadcrumb"},"inLanguage":"es","potentialAction":[{"@type":"ReadAction","target":["https:\/\/letrame.com\/catalogo\/producto\/la-formacion-del-caracter-en-las-novelas-de-harry-potter\/"]}]},{"@type":"ImageObject","inLanguage":"es","@id":"https:\/\/letrame.com\/catalogo\/producto\/la-formacion-del-caracter-en-las-novelas-de-harry-potter\/#primaryimage","url":"https:\/\/letrame.com\/catalogo\/wp-content\/uploads\/2024\/04\/La-formacion-del-caracter-en-las-novelas-de-Harry-Potter-scaled-1.jpg","contentUrl":"https:\/\/letrame.com\/catalogo\/wp-content\/uploads\/2024\/04\/La-formacion-del-caracter-en-las-novelas-de-Harry-Potter-scaled-1.jpg","width":1746,"height":2560},{"@type":"BreadcrumbList","@id":"https:\/\/letrame.com\/catalogo\/producto\/la-formacion-del-caracter-en-las-novelas-de-harry-potter\/#breadcrumb","itemListElement":[{"@type":"ListItem","position":1,"name":"Portada","item":"https:\/\/letrame.com\/catalogo\/"},{"@type":"ListItem","position":2,"name":"Cat\u00e1logo","item":"https:\/\/letrame.com\/catalogo\/"},{"@type":"ListItem","position":3,"name":"La formaci\u00f3n del car\u00e1cter en las novelas de Harry Potter"}]},{"@type":"WebSite","@id":"https:\/\/letrame.com\/catalogo\/#website","url":"https:\/\/letrame.com\/catalogo\/","name":"Catalogo | Letrame Grupo Editorial","description":"","publisher":{"@id":"https:\/\/letrame.com\/catalogo\/#organization"},"potentialAction":[{"@type":"SearchAction","target":{"@type":"EntryPoint","urlTemplate":"https:\/\/letrame.com\/catalogo\/?s={search_term_string}"},"query-input":{"@type":"PropertyValueSpecification","valueRequired":true,"valueName":"search_term_string"}}],"inLanguage":"es"},{"@type":"Organization","@id":"https:\/\/letrame.com\/catalogo\/#organization","name":"Catalogo | Letrame Grupo Editorial","url":"https:\/\/letrame.com\/catalogo\/","logo":{"@type":"ImageObject","inLanguage":"es","@id":"https:\/\/letrame.com\/catalogo\/#\/schema\/logo\/image\/","url":"https:\/\/letrame.com\/catalogo\/wp-content\/uploads\/2024\/03\/logo2.webp","contentUrl":"https:\/\/letrame.com\/catalogo\/wp-content\/uploads\/2024\/03\/logo2.webp","width":394,"height":128,"caption":"Catalogo | Letrame Grupo Editorial"},"image":{"@id":"https:\/\/letrame.com\/catalogo\/#\/schema\/logo\/image\/"}}]}},"_links":{"self":[{"href":"https:\/\/letrame.com\/catalogo\/wp-json\/wp\/v2\/product\/95633","targetHints":{"allow":["GET"]}}],"collection":[{"href":"https:\/\/letrame.com\/catalogo\/wp-json\/wp\/v2\/product"}],"about":[{"href":"https:\/\/letrame.com\/catalogo\/wp-json\/wp\/v2\/types\/product"}],"replies":[{"embeddable":true,"href":"https:\/\/letrame.com\/catalogo\/wp-json\/wp\/v2\/comments?post=95633"}],"acf:post":[{"embeddable":true,"href":"https:\/\/letrame.com\/catalogo\/wp-json\/wp\/v2\/author_book\/74295"}],"wp:featuredmedia":[{"embeddable":true,"href":"https:\/\/letrame.com\/catalogo\/wp-json\/wp\/v2\/media\/95634"}],"wp:attachment":[{"href":"https:\/\/letrame.com\/catalogo\/wp-json\/wp\/v2\/media?parent=95633"}],"wp:term":[{"taxonomy":"libro","embeddable":true,"href":"https:\/\/letrame.com\/catalogo\/wp-json\/wp\/v2\/libro?post=95633"},{"taxonomy":"product_brand","embeddable":true,"href":"https:\/\/letrame.com\/catalogo\/wp-json\/wp\/v2\/product_brand?post=95633"},{"taxonomy":"product_cat","embeddable":true,"href":"https:\/\/letrame.com\/catalogo\/wp-json\/wp\/v2\/product_cat?post=95633"},{"taxonomy":"product_tag","embeddable":true,"href":"https:\/\/letrame.com\/catalogo\/wp-json\/wp\/v2\/product_tag?post=95633"}],"curies":[{"name":"wp","href":"https:\/\/api.w.org\/{rel}","templated":true}]}}