{"id":95560,"date":"2024-04-18T12:57:54","date_gmt":"2024-04-18T10:57:54","guid":{"rendered":"https:\/\/letrame.com\/catalogo\/producto\/todo-va-a-ir-bien\/"},"modified":"2024-04-18T12:57:54","modified_gmt":"2024-04-18T10:57:54","slug":"todo-va-a-ir-bien","status":"publish","type":"product","link":"https:\/\/letrame.com\/catalogo\/producto\/todo-va-a-ir-bien\/","title":{"rendered":"Todo va a ir bien"},"content":{"rendered":"\n<p><strong>ISBN<\/strong>: 978-84-18240-77-5<br><strong>T\u00edtulo<\/strong>: Todo va a ir bien<br><strong>Fecha<\/strong>: 2020<br><strong>P\u00e1ginas<\/strong>: 84<\/p>\n\n\n\n<div style=\"height:62px\" aria-hidden=\"true\" class=\"wp-block-spacer\"><\/div>\n\n\n\n<p><strong>SINOPSIS<\/strong><\/p>\n\n\n\n<p>Una antigua amante bajo la lluvia. Una chelista ciega encendiendo la luz. Un francotirador que odia los calcetines de colores. Un fot\u00f3grafo perdido en sus mapas. Mariposas volando en un atraco. Senderos en el bosque. Caf\u00e9s en pueblos sin nombre. Copas de vino brindando por lo imposible. Br\u00fajulas con cinco puntos cardinales\u2026 Distintos tejidos, cosidos con el hilo de una prosa po\u00e9tica que sugiere mucho m\u00e1s de lo que dice. Un viaje por las carreteras secundarias del amor, que desciende desde los bosques del norte, cruza los trigales de la meseta y nos deja en la orilla del mar, a\u00fan sin encontrar todas las respuestas. Relatos ambientados en la cartograf\u00eda imprecisa de las emociones, como ventanas abiertas en la rutina, que nos permiten asomarnos al territorio de los deseos no formulados, donde todo es posible si olvidamos el instinto de autoprotecci\u00f3n. El autor nos invita en estos relatos a un viaje interminable y sin esperanzas porque hemos aceptado que nunca vamos a llegar a ning\u00fan lugar&nbsp;y, adem\u00e1s, no importa: Todo va a ir bien.<\/p>\n","protected":false},"excerpt":{"rendered":"<p><strong>ISBN:\u00a0<span class=\"sku\">978-84-18240-77-5<\/span><\/strong><\/p>\n<p>Una antigua amante bajo la lluvia. Una chelista ciega encendiendo la luz. Un francotirador que odia los calcetines de colores. Un fot\u00f3grafo perdido en sus mapas. Mariposas volando en un atraco. Senderos en el bosque. Caf\u00e9s en pueblos sin nombre. Copas de vino brindando por lo imposible. Br\u00fajulas con cinco puntos cardinales\u2026 Distintos tejidos, cosidos con el hilo de una prosa po\u00e9tica que sugiere mucho m\u00e1s de lo que dice. Un viaje por las carreteras secundarias del amor, que desciende desde los bosques del norte, cruza los trigales de la meseta y nos deja en la orilla del mar, a\u00fan sin encontrar todas las respuestas.\u00a0 \u00a0<\/p>\n","protected":false},"featured_media":95561,"comment_status":"closed","ping_status":"open","template":"","meta":{"_acf_changed":false},"libro":[],"product_brand":[],"product_cat":[16],"product_tag":[],"class_list":{"0":"post-95560","1":"product","2":"type-product","3":"status-publish","4":"has-post-thumbnail","6":"product_cat-novela","8":"first","9":"instock","10":"purchasable","11":"product-type-simple"},"acf":{"autor":[74358],"enlace_de_compra":"https:\/\/www.amazon.es\/Todo-bien-%C3%81ngel-Mart%C3%ADn-Rodr%C3%ADguez\/dp\/8418240776\/ref=sr_1_1?__mk_es_ES=%C3%85M%C3%85%C5%BD%C3%95%C3%91&amp&dchild=1&amp&keywords=Todo+va+a+ir+bien+letrame&amp&qid=1594726980&amp&s=books&amp&sr=1-1"},"yoast_head":"<!-- This site is optimized with the Yoast SEO plugin v26.6 - https:\/\/yoast.com\/wordpress\/plugins\/seo\/ -->\n<title>Todo va a ir bien - Catalogo | Letrame Grupo Editorial<\/title>\n<meta name=\"robots\" content=\"index, follow, max-snippet:-1, max-image-preview:large, max-video-preview:-1\" \/>\n<link rel=\"canonical\" href=\"https:\/\/letrame.com\/catalogo\/producto\/todo-va-a-ir-bien\/\" \/>\n<meta property=\"og:locale\" content=\"es_ES\" \/>\n<meta property=\"og:type\" content=\"article\" \/>\n<meta property=\"og:title\" content=\"Todo va a ir bien - Catalogo | Letrame Grupo Editorial\" \/>\n<meta property=\"og:description\" content=\"ISBN:\u00a0978-84-18240-77-5 Una antigua amante bajo la lluvia. Una chelista ciega encendiendo la luz. Un francotirador que odia los calcetines de colores. Un fot\u00f3grafo perdido en sus mapas. Mariposas volando en un atraco. Senderos en el bosque. Caf\u00e9s en pueblos sin nombre. Copas de vino brindando por lo imposible. Br\u00fajulas con cinco puntos cardinales\u2026 Distintos tejidos, cosidos con el hilo de una prosa po\u00e9tica que sugiere mucho m\u00e1s de lo que dice. Un viaje por las carreteras secundarias del amor, que desciende desde los bosques del norte, cruza los trigales de la meseta y nos deja en la orilla del mar, a\u00fan sin encontrar todas las respuestas.\u00a0 \u00a0\" \/>\n<meta property=\"og:url\" content=\"https:\/\/letrame.com\/catalogo\/producto\/todo-va-a-ir-bien\/\" \/>\n<meta property=\"og:site_name\" content=\"Catalogo | Letrame Grupo Editorial\" \/>\n<meta property=\"og:image\" content=\"https:\/\/letrame.com\/catalogo\/wp-content\/uploads\/2024\/04\/Todo-va-a-ir-bien-scaled-1.jpg\" \/>\n\t<meta property=\"og:image:width\" content=\"1746\" \/>\n\t<meta property=\"og:image:height\" content=\"2560\" \/>\n\t<meta property=\"og:image:type\" content=\"image\/jpeg\" \/>\n<meta name=\"twitter:card\" content=\"summary_large_image\" \/>\n<meta name=\"twitter:label1\" content=\"Tiempo de lectura\" \/>\n\t<meta name=\"twitter:data1\" content=\"1 minuto\" \/>\n<script type=\"application\/ld+json\" class=\"yoast-schema-graph\">{\"@context\":\"https:\/\/schema.org\",\"@graph\":[{\"@type\":\"WebPage\",\"@id\":\"https:\/\/letrame.com\/catalogo\/producto\/todo-va-a-ir-bien\/\",\"url\":\"https:\/\/letrame.com\/catalogo\/producto\/todo-va-a-ir-bien\/\",\"name\":\"Todo va a ir bien - Catalogo | Letrame Grupo Editorial\",\"isPartOf\":{\"@id\":\"https:\/\/letrame.com\/catalogo\/#website\"},\"primaryImageOfPage\":{\"@id\":\"https:\/\/letrame.com\/catalogo\/producto\/todo-va-a-ir-bien\/#primaryimage\"},\"image\":{\"@id\":\"https:\/\/letrame.com\/catalogo\/producto\/todo-va-a-ir-bien\/#primaryimage\"},\"thumbnailUrl\":\"https:\/\/letrame.com\/catalogo\/wp-content\/uploads\/2024\/04\/Todo-va-a-ir-bien-scaled-1.jpg\",\"datePublished\":\"2024-04-18T10:57:54+00:00\",\"breadcrumb\":{\"@id\":\"https:\/\/letrame.com\/catalogo\/producto\/todo-va-a-ir-bien\/#breadcrumb\"},\"inLanguage\":\"es\",\"potentialAction\":[{\"@type\":\"ReadAction\",\"target\":[\"https:\/\/letrame.com\/catalogo\/producto\/todo-va-a-ir-bien\/\"]}]},{\"@type\":\"ImageObject\",\"inLanguage\":\"es\",\"@id\":\"https:\/\/letrame.com\/catalogo\/producto\/todo-va-a-ir-bien\/#primaryimage\",\"url\":\"https:\/\/letrame.com\/catalogo\/wp-content\/uploads\/2024\/04\/Todo-va-a-ir-bien-scaled-1.jpg\",\"contentUrl\":\"https:\/\/letrame.com\/catalogo\/wp-content\/uploads\/2024\/04\/Todo-va-a-ir-bien-scaled-1.jpg\",\"width\":1746,\"height\":2560},{\"@type\":\"BreadcrumbList\",\"@id\":\"https:\/\/letrame.com\/catalogo\/producto\/todo-va-a-ir-bien\/#breadcrumb\",\"itemListElement\":[{\"@type\":\"ListItem\",\"position\":1,\"name\":\"Portada\",\"item\":\"https:\/\/letrame.com\/catalogo\/\"},{\"@type\":\"ListItem\",\"position\":2,\"name\":\"Cat\u00e1logo\",\"item\":\"https:\/\/letrame.com\/catalogo\/\"},{\"@type\":\"ListItem\",\"position\":3,\"name\":\"Todo va a ir bien\"}]},{\"@type\":\"WebSite\",\"@id\":\"https:\/\/letrame.com\/catalogo\/#website\",\"url\":\"https:\/\/letrame.com\/catalogo\/\",\"name\":\"Catalogo | Letrame Grupo Editorial\",\"description\":\"\",\"publisher\":{\"@id\":\"https:\/\/letrame.com\/catalogo\/#organization\"},\"potentialAction\":[{\"@type\":\"SearchAction\",\"target\":{\"@type\":\"EntryPoint\",\"urlTemplate\":\"https:\/\/letrame.com\/catalogo\/?s={search_term_string}\"},\"query-input\":{\"@type\":\"PropertyValueSpecification\",\"valueRequired\":true,\"valueName\":\"search_term_string\"}}],\"inLanguage\":\"es\"},{\"@type\":\"Organization\",\"@id\":\"https:\/\/letrame.com\/catalogo\/#organization\",\"name\":\"Catalogo | Letrame Grupo Editorial\",\"url\":\"https:\/\/letrame.com\/catalogo\/\",\"logo\":{\"@type\":\"ImageObject\",\"inLanguage\":\"es\",\"@id\":\"https:\/\/letrame.com\/catalogo\/#\/schema\/logo\/image\/\",\"url\":\"https:\/\/letrame.com\/catalogo\/wp-content\/uploads\/2024\/03\/logo2.webp\",\"contentUrl\":\"https:\/\/letrame.com\/catalogo\/wp-content\/uploads\/2024\/03\/logo2.webp\",\"width\":394,\"height\":128,\"caption\":\"Catalogo | Letrame Grupo Editorial\"},\"image\":{\"@id\":\"https:\/\/letrame.com\/catalogo\/#\/schema\/logo\/image\/\"}}]}<\/script>\n<!-- \/ Yoast SEO plugin. -->","yoast_head_json":{"title":"Todo va a ir bien - Catalogo | Letrame Grupo Editorial","robots":{"index":"index","follow":"follow","max-snippet":"max-snippet:-1","max-image-preview":"max-image-preview:large","max-video-preview":"max-video-preview:-1"},"canonical":"https:\/\/letrame.com\/catalogo\/producto\/todo-va-a-ir-bien\/","og_locale":"es_ES","og_type":"article","og_title":"Todo va a ir bien - Catalogo | Letrame Grupo Editorial","og_description":"ISBN:\u00a0978-84-18240-77-5 Una antigua amante bajo la lluvia. Una chelista ciega encendiendo la luz. Un francotirador que odia los calcetines de colores. Un fot\u00f3grafo perdido en sus mapas. Mariposas volando en un atraco. Senderos en el bosque. Caf\u00e9s en pueblos sin nombre. Copas de vino brindando por lo imposible. Br\u00fajulas con cinco puntos cardinales\u2026 Distintos tejidos, cosidos con el hilo de una prosa po\u00e9tica que sugiere mucho m\u00e1s de lo que dice. Un viaje por las carreteras secundarias del amor, que desciende desde los bosques del norte, cruza los trigales de la meseta y nos deja en la orilla del mar, a\u00fan sin encontrar todas las respuestas.\u00a0 \u00a0","og_url":"https:\/\/letrame.com\/catalogo\/producto\/todo-va-a-ir-bien\/","og_site_name":"Catalogo | Letrame Grupo Editorial","og_image":[{"width":1746,"height":2560,"url":"https:\/\/letrame.com\/catalogo\/wp-content\/uploads\/2024\/04\/Todo-va-a-ir-bien-scaled-1.jpg","type":"image\/jpeg"}],"twitter_card":"summary_large_image","twitter_misc":{"Tiempo de lectura":"1 minuto"},"schema":{"@context":"https:\/\/schema.org","@graph":[{"@type":"WebPage","@id":"https:\/\/letrame.com\/catalogo\/producto\/todo-va-a-ir-bien\/","url":"https:\/\/letrame.com\/catalogo\/producto\/todo-va-a-ir-bien\/","name":"Todo va a ir bien - Catalogo | Letrame Grupo Editorial","isPartOf":{"@id":"https:\/\/letrame.com\/catalogo\/#website"},"primaryImageOfPage":{"@id":"https:\/\/letrame.com\/catalogo\/producto\/todo-va-a-ir-bien\/#primaryimage"},"image":{"@id":"https:\/\/letrame.com\/catalogo\/producto\/todo-va-a-ir-bien\/#primaryimage"},"thumbnailUrl":"https:\/\/letrame.com\/catalogo\/wp-content\/uploads\/2024\/04\/Todo-va-a-ir-bien-scaled-1.jpg","datePublished":"2024-04-18T10:57:54+00:00","breadcrumb":{"@id":"https:\/\/letrame.com\/catalogo\/producto\/todo-va-a-ir-bien\/#breadcrumb"},"inLanguage":"es","potentialAction":[{"@type":"ReadAction","target":["https:\/\/letrame.com\/catalogo\/producto\/todo-va-a-ir-bien\/"]}]},{"@type":"ImageObject","inLanguage":"es","@id":"https:\/\/letrame.com\/catalogo\/producto\/todo-va-a-ir-bien\/#primaryimage","url":"https:\/\/letrame.com\/catalogo\/wp-content\/uploads\/2024\/04\/Todo-va-a-ir-bien-scaled-1.jpg","contentUrl":"https:\/\/letrame.com\/catalogo\/wp-content\/uploads\/2024\/04\/Todo-va-a-ir-bien-scaled-1.jpg","width":1746,"height":2560},{"@type":"BreadcrumbList","@id":"https:\/\/letrame.com\/catalogo\/producto\/todo-va-a-ir-bien\/#breadcrumb","itemListElement":[{"@type":"ListItem","position":1,"name":"Portada","item":"https:\/\/letrame.com\/catalogo\/"},{"@type":"ListItem","position":2,"name":"Cat\u00e1logo","item":"https:\/\/letrame.com\/catalogo\/"},{"@type":"ListItem","position":3,"name":"Todo va a ir bien"}]},{"@type":"WebSite","@id":"https:\/\/letrame.com\/catalogo\/#website","url":"https:\/\/letrame.com\/catalogo\/","name":"Catalogo | Letrame Grupo Editorial","description":"","publisher":{"@id":"https:\/\/letrame.com\/catalogo\/#organization"},"potentialAction":[{"@type":"SearchAction","target":{"@type":"EntryPoint","urlTemplate":"https:\/\/letrame.com\/catalogo\/?s={search_term_string}"},"query-input":{"@type":"PropertyValueSpecification","valueRequired":true,"valueName":"search_term_string"}}],"inLanguage":"es"},{"@type":"Organization","@id":"https:\/\/letrame.com\/catalogo\/#organization","name":"Catalogo | Letrame Grupo Editorial","url":"https:\/\/letrame.com\/catalogo\/","logo":{"@type":"ImageObject","inLanguage":"es","@id":"https:\/\/letrame.com\/catalogo\/#\/schema\/logo\/image\/","url":"https:\/\/letrame.com\/catalogo\/wp-content\/uploads\/2024\/03\/logo2.webp","contentUrl":"https:\/\/letrame.com\/catalogo\/wp-content\/uploads\/2024\/03\/logo2.webp","width":394,"height":128,"caption":"Catalogo | Letrame Grupo Editorial"},"image":{"@id":"https:\/\/letrame.com\/catalogo\/#\/schema\/logo\/image\/"}}]}},"_links":{"self":[{"href":"https:\/\/letrame.com\/catalogo\/wp-json\/wp\/v2\/product\/95560","targetHints":{"allow":["GET"]}}],"collection":[{"href":"https:\/\/letrame.com\/catalogo\/wp-json\/wp\/v2\/product"}],"about":[{"href":"https:\/\/letrame.com\/catalogo\/wp-json\/wp\/v2\/types\/product"}],"replies":[{"embeddable":true,"href":"https:\/\/letrame.com\/catalogo\/wp-json\/wp\/v2\/comments?post=95560"}],"acf:post":[{"embeddable":true,"href":"https:\/\/letrame.com\/catalogo\/wp-json\/wp\/v2\/author_book\/74358"}],"wp:featuredmedia":[{"embeddable":true,"href":"https:\/\/letrame.com\/catalogo\/wp-json\/wp\/v2\/media\/95561"}],"wp:attachment":[{"href":"https:\/\/letrame.com\/catalogo\/wp-json\/wp\/v2\/media?parent=95560"}],"wp:term":[{"taxonomy":"libro","embeddable":true,"href":"https:\/\/letrame.com\/catalogo\/wp-json\/wp\/v2\/libro?post=95560"},{"taxonomy":"product_brand","embeddable":true,"href":"https:\/\/letrame.com\/catalogo\/wp-json\/wp\/v2\/product_brand?post=95560"},{"taxonomy":"product_cat","embeddable":true,"href":"https:\/\/letrame.com\/catalogo\/wp-json\/wp\/v2\/product_cat?post=95560"},{"taxonomy":"product_tag","embeddable":true,"href":"https:\/\/letrame.com\/catalogo\/wp-json\/wp\/v2\/product_tag?post=95560"}],"curies":[{"name":"wp","href":"https:\/\/api.w.org\/{rel}","templated":true}]}}