{"id":95554,"date":"2024-04-18T12:57:25","date_gmt":"2024-04-18T10:57:25","guid":{"rendered":"https:\/\/letrame.com\/catalogo\/producto\/el-quinto-cerebro\/"},"modified":"2025-04-08T16:06:43","modified_gmt":"2025-04-08T14:06:43","slug":"el-quinto-cerebro","status":"publish","type":"product","link":"https:\/\/letrame.com\/catalogo\/producto\/el-quinto-cerebro\/","title":{"rendered":"EL QUINTO CEREBRO. 2\u00aa Edici\u00f3n"},"content":{"rendered":"\r\n<p><strong>ISBN<\/strong>: 978-84-1089-917-9<br \/><br \/><strong>T\u00edtulo<\/strong>: EL QUINTO CEREBRO<br \/><br \/><strong>Fecha<\/strong>: 2025<br \/><br \/><strong>P\u00e1ginas<\/strong>: 310<\/p>\r\n\r\n\r\n\r\n<p><strong>SINOPSIS<\/strong><\/p>\r\n\r\n\r\n\r\n<p>Un sorprendente y cautivador viaje por la experiencia y el conocimiento de un profesional, cuyo relato se va convirtiendo en una lecci\u00f3n magistral capaz de transformar al lector en agente activo de su propia salud, de ense\u00f1arle a conectar con sus facultades autocurativas, de aumentar su autoconsciencia y de convertir su quinto cerebro en su mayor aliado. En su gran m\u00e9dico interior. Con un lenguaje ameno, sencillo, pedag\u00f3gico y sumamente emp\u00e1tico, el autor busca la reflexi\u00f3n del lector y promueve su motivaci\u00f3n para provocar aquellos clics mentales que le ayudar\u00e1n a adquirir un nuevo y positivo conocimiento, y a romper antiguos moldes limitantes. El poder de la mente sobre el cuerpo y sobre la salud es explicado bajo una perspectiva objetiva y razonada, desvelando al mismo tiempo distintas t\u00e9cnicas que pueden utilizarse para beneficiarse de ese poder. Los trastornos emocionales y las enfermedades psicosom\u00e1ticas pierden ese misterio biom\u00e9dico que las envuelven para convertirse en verdades desnudas. Los misterios del segundo, tercer y cuarto cerebro, la controversia del efecto placebo, el avance de la psiconeuroinmunolog\u00eda, el mundo de las personas altamente sensibles, los secretos del omega-3, la importancia de la alimentaci\u00f3n y del ejercicio, el imparable crecimiento de la depresi\u00f3n y la ansiedad, la innegable realidad de las enfermedades del bienestar, o la voluntariosa lucha contra grandes enfermedades como la fibromialgia, el Alzheimer y el c\u00e1ncer son, entre otros muchos temas, abordados desde una perspectiva nunca vista.<\/p>\r\n","protected":false},"excerpt":{"rendered":"<p><strong>ISBN: <\/strong>978-84-1089-917-9<\/p>\n<p><strong>SINOPSIS<\/strong><\/p>\n<p>Un sorprendente y cautivador viaje por la experiencia y el conocimiento de un profesional, cuyo relato se va convirtiendo en una lecci\u00f3n magistral capaz de transformar al lector en agente activo de su propia salud, de ense\u00f1arle a conectar con sus facultades autocurativas, de aumentar su autoconsciencia y de convertir su quinto cerebro en su mayor aliado. En su gran m\u00e9dico interior.\u00a0 \u00a0<\/p>\n","protected":false},"featured_media":108432,"comment_status":"closed","ping_status":"closed","template":"","meta":{"_acf_changed":false},"libro":[],"product_brand":[],"product_cat":[23],"product_tag":[],"class_list":{"0":"post-95554","1":"product","2":"type-product","3":"status-publish","4":"has-post-thumbnail","6":"product_cat-ensayos","8":"first","9":"instock","10":"purchasable","11":"product-type-simple"},"acf":{"autor":[74363],"enlace_de_compra":"https:\/\/www.amazon.es\/dp\/8410899175"},"yoast_head":"<!-- This site is optimized with the Yoast SEO plugin v26.6 - https:\/\/yoast.com\/wordpress\/plugins\/seo\/ -->\n<title>EL QUINTO CEREBRO. 2\u00aa Edici\u00f3n - Catalogo | Letrame Grupo Editorial<\/title>\n<meta name=\"robots\" content=\"index, follow, max-snippet:-1, max-image-preview:large, max-video-preview:-1\" \/>\n<link rel=\"canonical\" href=\"https:\/\/letrame.com\/catalogo\/producto\/el-quinto-cerebro\/\" \/>\n<meta property=\"og:locale\" content=\"es_ES\" \/>\n<meta property=\"og:type\" content=\"article\" \/>\n<meta property=\"og:title\" content=\"EL QUINTO CEREBRO. 2\u00aa Edici\u00f3n - Catalogo | Letrame Grupo Editorial\" \/>\n<meta property=\"og:description\" content=\"ISBN: 978-84-1089-917-9SINOPSIS Un sorprendente y cautivador viaje por la experiencia y el conocimiento de un profesional, cuyo relato se va convirtiendo en una lecci\u00f3n magistral capaz de transformar al lector en agente activo de su propia salud, de ense\u00f1arle a conectar con sus facultades autocurativas, de aumentar su autoconsciencia y de convertir su quinto cerebro en su mayor aliado. En su gran m\u00e9dico interior.\u00a0 \u00a0\" \/>\n<meta property=\"og:url\" content=\"https:\/\/letrame.com\/catalogo\/producto\/el-quinto-cerebro\/\" \/>\n<meta property=\"og:site_name\" content=\"Catalogo | Letrame Grupo Editorial\" \/>\n<meta property=\"article:modified_time\" content=\"2025-04-08T14:06:43+00:00\" \/>\n<meta property=\"og:image\" content=\"https:\/\/letrame.com\/catalogo\/wp-content\/uploads\/2024\/04\/2a-Edicion-El-quinto-cerebro.jpg\" \/>\n\t<meta property=\"og:image:width\" content=\"354\" \/>\n\t<meta property=\"og:image:height\" content=\"520\" \/>\n\t<meta property=\"og:image:type\" content=\"image\/jpeg\" \/>\n<meta name=\"twitter:card\" content=\"summary_large_image\" \/>\n<meta name=\"twitter:label1\" content=\"Tiempo de lectura\" \/>\n\t<meta name=\"twitter:data1\" content=\"2 minutos\" \/>\n<script type=\"application\/ld+json\" class=\"yoast-schema-graph\">{\"@context\":\"https:\/\/schema.org\",\"@graph\":[{\"@type\":\"WebPage\",\"@id\":\"https:\/\/letrame.com\/catalogo\/producto\/el-quinto-cerebro\/\",\"url\":\"https:\/\/letrame.com\/catalogo\/producto\/el-quinto-cerebro\/\",\"name\":\"EL QUINTO CEREBRO. 2\u00aa Edici\u00f3n - Catalogo | Letrame Grupo Editorial\",\"isPartOf\":{\"@id\":\"https:\/\/letrame.com\/catalogo\/#website\"},\"primaryImageOfPage\":{\"@id\":\"https:\/\/letrame.com\/catalogo\/producto\/el-quinto-cerebro\/#primaryimage\"},\"image\":{\"@id\":\"https:\/\/letrame.com\/catalogo\/producto\/el-quinto-cerebro\/#primaryimage\"},\"thumbnailUrl\":\"https:\/\/letrame.com\/catalogo\/wp-content\/uploads\/2024\/04\/2a-Edicion-El-quinto-cerebro.jpg\",\"datePublished\":\"2024-04-18T10:57:25+00:00\",\"dateModified\":\"2025-04-08T14:06:43+00:00\",\"breadcrumb\":{\"@id\":\"https:\/\/letrame.com\/catalogo\/producto\/el-quinto-cerebro\/#breadcrumb\"},\"inLanguage\":\"es\",\"potentialAction\":[{\"@type\":\"ReadAction\",\"target\":[\"https:\/\/letrame.com\/catalogo\/producto\/el-quinto-cerebro\/\"]}]},{\"@type\":\"ImageObject\",\"inLanguage\":\"es\",\"@id\":\"https:\/\/letrame.com\/catalogo\/producto\/el-quinto-cerebro\/#primaryimage\",\"url\":\"https:\/\/letrame.com\/catalogo\/wp-content\/uploads\/2024\/04\/2a-Edicion-El-quinto-cerebro.jpg\",\"contentUrl\":\"https:\/\/letrame.com\/catalogo\/wp-content\/uploads\/2024\/04\/2a-Edicion-El-quinto-cerebro.jpg\",\"width\":354,\"height\":520,\"caption\":\"El quinto cerebro\"},{\"@type\":\"BreadcrumbList\",\"@id\":\"https:\/\/letrame.com\/catalogo\/producto\/el-quinto-cerebro\/#breadcrumb\",\"itemListElement\":[{\"@type\":\"ListItem\",\"position\":1,\"name\":\"Portada\",\"item\":\"https:\/\/letrame.com\/catalogo\/\"},{\"@type\":\"ListItem\",\"position\":2,\"name\":\"Cat\u00e1logo\",\"item\":\"https:\/\/letrame.com\/catalogo\/\"},{\"@type\":\"ListItem\",\"position\":3,\"name\":\"EL QUINTO CEREBRO. 2\u00aa Edici\u00f3n\"}]},{\"@type\":\"WebSite\",\"@id\":\"https:\/\/letrame.com\/catalogo\/#website\",\"url\":\"https:\/\/letrame.com\/catalogo\/\",\"name\":\"Catalogo | Letrame Grupo Editorial\",\"description\":\"\",\"publisher\":{\"@id\":\"https:\/\/letrame.com\/catalogo\/#organization\"},\"potentialAction\":[{\"@type\":\"SearchAction\",\"target\":{\"@type\":\"EntryPoint\",\"urlTemplate\":\"https:\/\/letrame.com\/catalogo\/?s={search_term_string}\"},\"query-input\":{\"@type\":\"PropertyValueSpecification\",\"valueRequired\":true,\"valueName\":\"search_term_string\"}}],\"inLanguage\":\"es\"},{\"@type\":\"Organization\",\"@id\":\"https:\/\/letrame.com\/catalogo\/#organization\",\"name\":\"Catalogo | Letrame Grupo Editorial\",\"url\":\"https:\/\/letrame.com\/catalogo\/\",\"logo\":{\"@type\":\"ImageObject\",\"inLanguage\":\"es\",\"@id\":\"https:\/\/letrame.com\/catalogo\/#\/schema\/logo\/image\/\",\"url\":\"https:\/\/letrame.com\/catalogo\/wp-content\/uploads\/2024\/03\/logo2.webp\",\"contentUrl\":\"https:\/\/letrame.com\/catalogo\/wp-content\/uploads\/2024\/03\/logo2.webp\",\"width\":394,\"height\":128,\"caption\":\"Catalogo | Letrame Grupo Editorial\"},\"image\":{\"@id\":\"https:\/\/letrame.com\/catalogo\/#\/schema\/logo\/image\/\"}}]}<\/script>\n<!-- \/ Yoast SEO plugin. -->","yoast_head_json":{"title":"EL QUINTO CEREBRO. 2\u00aa Edici\u00f3n - Catalogo | Letrame Grupo Editorial","robots":{"index":"index","follow":"follow","max-snippet":"max-snippet:-1","max-image-preview":"max-image-preview:large","max-video-preview":"max-video-preview:-1"},"canonical":"https:\/\/letrame.com\/catalogo\/producto\/el-quinto-cerebro\/","og_locale":"es_ES","og_type":"article","og_title":"EL QUINTO CEREBRO. 2\u00aa Edici\u00f3n - Catalogo | Letrame Grupo Editorial","og_description":"ISBN: 978-84-1089-917-9SINOPSIS Un sorprendente y cautivador viaje por la experiencia y el conocimiento de un profesional, cuyo relato se va convirtiendo en una lecci\u00f3n magistral capaz de transformar al lector en agente activo de su propia salud, de ense\u00f1arle a conectar con sus facultades autocurativas, de aumentar su autoconsciencia y de convertir su quinto cerebro en su mayor aliado. En su gran m\u00e9dico interior.\u00a0 \u00a0","og_url":"https:\/\/letrame.com\/catalogo\/producto\/el-quinto-cerebro\/","og_site_name":"Catalogo | Letrame Grupo Editorial","article_modified_time":"2025-04-08T14:06:43+00:00","og_image":[{"width":354,"height":520,"url":"https:\/\/letrame.com\/catalogo\/wp-content\/uploads\/2024\/04\/2a-Edicion-El-quinto-cerebro.jpg","type":"image\/jpeg"}],"twitter_card":"summary_large_image","twitter_misc":{"Tiempo de lectura":"2 minutos"},"schema":{"@context":"https:\/\/schema.org","@graph":[{"@type":"WebPage","@id":"https:\/\/letrame.com\/catalogo\/producto\/el-quinto-cerebro\/","url":"https:\/\/letrame.com\/catalogo\/producto\/el-quinto-cerebro\/","name":"EL QUINTO CEREBRO. 2\u00aa Edici\u00f3n - Catalogo | Letrame Grupo Editorial","isPartOf":{"@id":"https:\/\/letrame.com\/catalogo\/#website"},"primaryImageOfPage":{"@id":"https:\/\/letrame.com\/catalogo\/producto\/el-quinto-cerebro\/#primaryimage"},"image":{"@id":"https:\/\/letrame.com\/catalogo\/producto\/el-quinto-cerebro\/#primaryimage"},"thumbnailUrl":"https:\/\/letrame.com\/catalogo\/wp-content\/uploads\/2024\/04\/2a-Edicion-El-quinto-cerebro.jpg","datePublished":"2024-04-18T10:57:25+00:00","dateModified":"2025-04-08T14:06:43+00:00","breadcrumb":{"@id":"https:\/\/letrame.com\/catalogo\/producto\/el-quinto-cerebro\/#breadcrumb"},"inLanguage":"es","potentialAction":[{"@type":"ReadAction","target":["https:\/\/letrame.com\/catalogo\/producto\/el-quinto-cerebro\/"]}]},{"@type":"ImageObject","inLanguage":"es","@id":"https:\/\/letrame.com\/catalogo\/producto\/el-quinto-cerebro\/#primaryimage","url":"https:\/\/letrame.com\/catalogo\/wp-content\/uploads\/2024\/04\/2a-Edicion-El-quinto-cerebro.jpg","contentUrl":"https:\/\/letrame.com\/catalogo\/wp-content\/uploads\/2024\/04\/2a-Edicion-El-quinto-cerebro.jpg","width":354,"height":520,"caption":"El quinto cerebro"},{"@type":"BreadcrumbList","@id":"https:\/\/letrame.com\/catalogo\/producto\/el-quinto-cerebro\/#breadcrumb","itemListElement":[{"@type":"ListItem","position":1,"name":"Portada","item":"https:\/\/letrame.com\/catalogo\/"},{"@type":"ListItem","position":2,"name":"Cat\u00e1logo","item":"https:\/\/letrame.com\/catalogo\/"},{"@type":"ListItem","position":3,"name":"EL QUINTO CEREBRO. 2\u00aa Edici\u00f3n"}]},{"@type":"WebSite","@id":"https:\/\/letrame.com\/catalogo\/#website","url":"https:\/\/letrame.com\/catalogo\/","name":"Catalogo | Letrame Grupo Editorial","description":"","publisher":{"@id":"https:\/\/letrame.com\/catalogo\/#organization"},"potentialAction":[{"@type":"SearchAction","target":{"@type":"EntryPoint","urlTemplate":"https:\/\/letrame.com\/catalogo\/?s={search_term_string}"},"query-input":{"@type":"PropertyValueSpecification","valueRequired":true,"valueName":"search_term_string"}}],"inLanguage":"es"},{"@type":"Organization","@id":"https:\/\/letrame.com\/catalogo\/#organization","name":"Catalogo | Letrame Grupo Editorial","url":"https:\/\/letrame.com\/catalogo\/","logo":{"@type":"ImageObject","inLanguage":"es","@id":"https:\/\/letrame.com\/catalogo\/#\/schema\/logo\/image\/","url":"https:\/\/letrame.com\/catalogo\/wp-content\/uploads\/2024\/03\/logo2.webp","contentUrl":"https:\/\/letrame.com\/catalogo\/wp-content\/uploads\/2024\/03\/logo2.webp","width":394,"height":128,"caption":"Catalogo | Letrame Grupo Editorial"},"image":{"@id":"https:\/\/letrame.com\/catalogo\/#\/schema\/logo\/image\/"}}]}},"_links":{"self":[{"href":"https:\/\/letrame.com\/catalogo\/wp-json\/wp\/v2\/product\/95554","targetHints":{"allow":["GET"]}}],"collection":[{"href":"https:\/\/letrame.com\/catalogo\/wp-json\/wp\/v2\/product"}],"about":[{"href":"https:\/\/letrame.com\/catalogo\/wp-json\/wp\/v2\/types\/product"}],"replies":[{"embeddable":true,"href":"https:\/\/letrame.com\/catalogo\/wp-json\/wp\/v2\/comments?post=95554"}],"acf:post":[{"embeddable":true,"href":"https:\/\/letrame.com\/catalogo\/wp-json\/wp\/v2\/author_book\/74363"}],"wp:featuredmedia":[{"embeddable":true,"href":"https:\/\/letrame.com\/catalogo\/wp-json\/wp\/v2\/media\/108432"}],"wp:attachment":[{"href":"https:\/\/letrame.com\/catalogo\/wp-json\/wp\/v2\/media?parent=95554"}],"wp:term":[{"taxonomy":"libro","embeddable":true,"href":"https:\/\/letrame.com\/catalogo\/wp-json\/wp\/v2\/libro?post=95554"},{"taxonomy":"product_brand","embeddable":true,"href":"https:\/\/letrame.com\/catalogo\/wp-json\/wp\/v2\/product_brand?post=95554"},{"taxonomy":"product_cat","embeddable":true,"href":"https:\/\/letrame.com\/catalogo\/wp-json\/wp\/v2\/product_cat?post=95554"},{"taxonomy":"product_tag","embeddable":true,"href":"https:\/\/letrame.com\/catalogo\/wp-json\/wp\/v2\/product_tag?post=95554"}],"curies":[{"name":"wp","href":"https:\/\/api.w.org\/{rel}","templated":true}]}}