{"id":95538,"date":"2024-04-18T12:55:41","date_gmt":"2024-04-18T10:55:41","guid":{"rendered":"https:\/\/letrame.com\/catalogo\/producto\/la-felicidad-un-camino-hacia-nuestro-interior\/"},"modified":"2024-04-18T12:55:47","modified_gmt":"2024-04-18T10:55:47","slug":"la-felicidad-un-camino-hacia-nuestro-interior","status":"publish","type":"product","link":"https:\/\/letrame.com\/catalogo\/producto\/la-felicidad-un-camino-hacia-nuestro-interior\/","title":{"rendered":"LA FELICIDAD, UN CAMINO HACIA NUESTRO INTERIOR"},"content":{"rendered":"\n<p><strong>ISBN<\/strong>: 978-84-18240-49-2<br><strong>T\u00edtulo<\/strong>: LA FELICIDAD, UN CAMINO HACIA NUESTRO INTERIOR<br><strong>Fecha<\/strong>: 2020<br><strong>P\u00e1ginas<\/strong>: 68<\/p>\n\n\n\n<p><strong>SINOPSIS<\/strong><\/p>\n\n\n\n<p>La vida es como un arco y yo soy la flecha, cuando me aparece un problema y este me hace retroceder o hundirme es porque realmente se tensa m\u00e1s. Debo concentrarme y apuntar bien a donde voy y mantener la vista fija en el objetivo. Es un viaje a trav\u00e9s de las experiencias que han marcado mi vida. Pienso que nos merecemos todos los ciudadanos de este mundo ser felices. La Felicidad es una actitud positiva hacia la vida, mi filosof\u00eda de esta vida, en la que debemos sentirnos satisfechos con nosotros mismos, adaptarnos mientras vamos cambiando las situaciones que nos aparecen cada d\u00eda, aunque la vida no nos da siempre lo que queremos. Miguel, un periodista, busca la Felicidad a trav\u00e9s de un viaje que le har\u00e1 ver el lado bueno de las cosas. Hace la entrevista de su vida al Dal\u00e1i Lama y de esa entrevista extraer\u00e1 lo bueno que hay en \u00e9l y dar\u00e1 lo mejor de s\u00ed mismo a los dem\u00e1s.<\/p>\n","protected":false},"excerpt":{"rendered":"<p><strong>ISBN:\u00a0<span class=\"sku\">978-84-18240-49-2<\/span><\/strong><\/p>\n<p>La vida es como un arco y yo soy la flecha, cuando me aparece un problema y este me hace retroceder o hundirme es porque realmente se tensa m\u00e1s. Debo concentrarme y apuntar bien a donde voy y mantener la vista fija en el objetivo. Es un viaje a trav\u00e9s de las experiencias que han marcado mi vida. Pienso que nos merecemos todos los ciudadanos de este mundo ser felices. \u00a0<\/p>\n","protected":false},"featured_media":95539,"comment_status":"closed","ping_status":"open","template":"","meta":{"_acf_changed":false},"libro":[],"product_brand":[],"product_cat":[18],"product_tag":[],"class_list":{"0":"post-95538","1":"product","2":"type-product","3":"status-publish","4":"has-post-thumbnail","6":"product_cat-autoayuda","8":"first","9":"instock","10":"purchasable","11":"product-type-simple"},"acf":{"autor":[74374],"enlace_de_compra":""},"yoast_head":"<!-- This site is optimized with the Yoast SEO plugin v27.4 - https:\/\/yoast.com\/product\/yoast-seo-wordpress\/ -->\n<title>LA FELICIDAD, UN CAMINO HACIA NUESTRO INTERIOR - Catalogo | Letrame Grupo Editorial<\/title>\n<meta name=\"robots\" content=\"index, follow, max-snippet:-1, max-image-preview:large, max-video-preview:-1\" \/>\n<link rel=\"canonical\" href=\"https:\/\/letrame.com\/catalogo\/producto\/la-felicidad-un-camino-hacia-nuestro-interior\/\" \/>\n<meta property=\"og:locale\" content=\"es_ES\" \/>\n<meta property=\"og:type\" content=\"article\" \/>\n<meta property=\"og:title\" content=\"LA FELICIDAD, UN CAMINO HACIA NUESTRO INTERIOR - Catalogo | Letrame Grupo Editorial\" \/>\n<meta property=\"og:description\" content=\"ISBN:\u00a0978-84-18240-49-2 La vida es como un arco y yo soy la flecha, cuando me aparece un problema y este me hace retroceder o hundirme es porque realmente se tensa m\u00e1s. Debo concentrarme y apuntar bien a donde voy y mantener la vista fija en el objetivo. Es un viaje a trav\u00e9s de las experiencias que han marcado mi vida. Pienso que nos merecemos todos los ciudadanos de este mundo ser felices. \u00a0\" \/>\n<meta property=\"og:url\" content=\"https:\/\/letrame.com\/catalogo\/producto\/la-felicidad-un-camino-hacia-nuestro-interior\/\" \/>\n<meta property=\"og:site_name\" content=\"Catalogo | Letrame Grupo Editorial\" \/>\n<meta property=\"article:modified_time\" content=\"2024-04-18T10:55:47+00:00\" \/>\n<meta property=\"og:image\" content=\"https:\/\/letrame.com\/catalogo\/wp-content\/uploads\/2024\/04\/LA-FELICIDAD-UN-CAMINO-HACIA-NUESTRO-INTERIOR-scaled-1.jpg\" \/>\n\t<meta property=\"og:image:width\" content=\"1746\" \/>\n\t<meta property=\"og:image:height\" content=\"2560\" \/>\n\t<meta property=\"og:image:type\" content=\"image\/jpeg\" \/>\n<meta name=\"twitter:card\" content=\"summary_large_image\" \/>\n<meta name=\"twitter:label1\" content=\"Tiempo de lectura\" \/>\n\t<meta name=\"twitter:data1\" content=\"1 minuto\" \/>\n<script type=\"application\/ld+json\" class=\"yoast-schema-graph\">{\"@context\":\"https:\\\/\\\/schema.org\",\"@graph\":[{\"@type\":\"WebPage\",\"@id\":\"https:\\\/\\\/letrame.com\\\/catalogo\\\/producto\\\/la-felicidad-un-camino-hacia-nuestro-interior\\\/\",\"url\":\"https:\\\/\\\/letrame.com\\\/catalogo\\\/producto\\\/la-felicidad-un-camino-hacia-nuestro-interior\\\/\",\"name\":\"LA FELICIDAD, UN CAMINO HACIA NUESTRO INTERIOR - Catalogo | Letrame Grupo Editorial\",\"isPartOf\":{\"@id\":\"https:\\\/\\\/letrame.com\\\/catalogo\\\/#website\"},\"primaryImageOfPage\":{\"@id\":\"https:\\\/\\\/letrame.com\\\/catalogo\\\/producto\\\/la-felicidad-un-camino-hacia-nuestro-interior\\\/#primaryimage\"},\"image\":{\"@id\":\"https:\\\/\\\/letrame.com\\\/catalogo\\\/producto\\\/la-felicidad-un-camino-hacia-nuestro-interior\\\/#primaryimage\"},\"thumbnailUrl\":\"https:\\\/\\\/letrame.com\\\/catalogo\\\/wp-content\\\/uploads\\\/2024\\\/04\\\/LA-FELICIDAD-UN-CAMINO-HACIA-NUESTRO-INTERIOR-scaled-1.jpg\",\"datePublished\":\"2024-04-18T10:55:41+00:00\",\"dateModified\":\"2024-04-18T10:55:47+00:00\",\"breadcrumb\":{\"@id\":\"https:\\\/\\\/letrame.com\\\/catalogo\\\/producto\\\/la-felicidad-un-camino-hacia-nuestro-interior\\\/#breadcrumb\"},\"inLanguage\":\"es\",\"potentialAction\":[{\"@type\":\"ReadAction\",\"target\":[\"https:\\\/\\\/letrame.com\\\/catalogo\\\/producto\\\/la-felicidad-un-camino-hacia-nuestro-interior\\\/\"]}]},{\"@type\":\"ImageObject\",\"inLanguage\":\"es\",\"@id\":\"https:\\\/\\\/letrame.com\\\/catalogo\\\/producto\\\/la-felicidad-un-camino-hacia-nuestro-interior\\\/#primaryimage\",\"url\":\"https:\\\/\\\/letrame.com\\\/catalogo\\\/wp-content\\\/uploads\\\/2024\\\/04\\\/LA-FELICIDAD-UN-CAMINO-HACIA-NUESTRO-INTERIOR-scaled-1.jpg\",\"contentUrl\":\"https:\\\/\\\/letrame.com\\\/catalogo\\\/wp-content\\\/uploads\\\/2024\\\/04\\\/LA-FELICIDAD-UN-CAMINO-HACIA-NUESTRO-INTERIOR-scaled-1.jpg\",\"width\":1746,\"height\":2560},{\"@type\":\"BreadcrumbList\",\"@id\":\"https:\\\/\\\/letrame.com\\\/catalogo\\\/producto\\\/la-felicidad-un-camino-hacia-nuestro-interior\\\/#breadcrumb\",\"itemListElement\":[{\"@type\":\"ListItem\",\"position\":1,\"name\":\"Portada\",\"item\":\"https:\\\/\\\/letrame.com\\\/catalogo\\\/\"},{\"@type\":\"ListItem\",\"position\":2,\"name\":\"Cat\u00e1logo\",\"item\":\"https:\\\/\\\/letrame.com\\\/catalogo\\\/\"},{\"@type\":\"ListItem\",\"position\":3,\"name\":\"LA FELICIDAD, UN CAMINO HACIA NUESTRO INTERIOR\"}]},{\"@type\":\"WebSite\",\"@id\":\"https:\\\/\\\/letrame.com\\\/catalogo\\\/#website\",\"url\":\"https:\\\/\\\/letrame.com\\\/catalogo\\\/\",\"name\":\"Catalogo | Letrame Grupo Editorial\",\"description\":\"\",\"publisher\":{\"@id\":\"https:\\\/\\\/letrame.com\\\/catalogo\\\/#organization\"},\"potentialAction\":[{\"@type\":\"SearchAction\",\"target\":{\"@type\":\"EntryPoint\",\"urlTemplate\":\"https:\\\/\\\/letrame.com\\\/catalogo\\\/?s={search_term_string}\"},\"query-input\":{\"@type\":\"PropertyValueSpecification\",\"valueRequired\":true,\"valueName\":\"search_term_string\"}}],\"inLanguage\":\"es\"},{\"@type\":\"Organization\",\"@id\":\"https:\\\/\\\/letrame.com\\\/catalogo\\\/#organization\",\"name\":\"Catalogo | Letrame Grupo Editorial\",\"url\":\"https:\\\/\\\/letrame.com\\\/catalogo\\\/\",\"logo\":{\"@type\":\"ImageObject\",\"inLanguage\":\"es\",\"@id\":\"https:\\\/\\\/letrame.com\\\/catalogo\\\/#\\\/schema\\\/logo\\\/image\\\/\",\"url\":\"https:\\\/\\\/letrame.com\\\/catalogo\\\/wp-content\\\/uploads\\\/2024\\\/03\\\/logo2.webp\",\"contentUrl\":\"https:\\\/\\\/letrame.com\\\/catalogo\\\/wp-content\\\/uploads\\\/2024\\\/03\\\/logo2.webp\",\"width\":394,\"height\":128,\"caption\":\"Catalogo | Letrame Grupo Editorial\"},\"image\":{\"@id\":\"https:\\\/\\\/letrame.com\\\/catalogo\\\/#\\\/schema\\\/logo\\\/image\\\/\"}}]}<\/script>\n<!-- \/ Yoast SEO plugin. -->","yoast_head_json":{"title":"LA FELICIDAD, UN CAMINO HACIA NUESTRO INTERIOR - Catalogo | Letrame Grupo Editorial","robots":{"index":"index","follow":"follow","max-snippet":"max-snippet:-1","max-image-preview":"max-image-preview:large","max-video-preview":"max-video-preview:-1"},"canonical":"https:\/\/letrame.com\/catalogo\/producto\/la-felicidad-un-camino-hacia-nuestro-interior\/","og_locale":"es_ES","og_type":"article","og_title":"LA FELICIDAD, UN CAMINO HACIA NUESTRO INTERIOR - Catalogo | Letrame Grupo Editorial","og_description":"ISBN:\u00a0978-84-18240-49-2 La vida es como un arco y yo soy la flecha, cuando me aparece un problema y este me hace retroceder o hundirme es porque realmente se tensa m\u00e1s. Debo concentrarme y apuntar bien a donde voy y mantener la vista fija en el objetivo. Es un viaje a trav\u00e9s de las experiencias que han marcado mi vida. Pienso que nos merecemos todos los ciudadanos de este mundo ser felices. \u00a0","og_url":"https:\/\/letrame.com\/catalogo\/producto\/la-felicidad-un-camino-hacia-nuestro-interior\/","og_site_name":"Catalogo | Letrame Grupo Editorial","article_modified_time":"2024-04-18T10:55:47+00:00","og_image":[{"width":1746,"height":2560,"url":"https:\/\/letrame.com\/catalogo\/wp-content\/uploads\/2024\/04\/LA-FELICIDAD-UN-CAMINO-HACIA-NUESTRO-INTERIOR-scaled-1.jpg","type":"image\/jpeg"}],"twitter_card":"summary_large_image","twitter_misc":{"Tiempo de lectura":"1 minuto"},"schema":{"@context":"https:\/\/schema.org","@graph":[{"@type":"WebPage","@id":"https:\/\/letrame.com\/catalogo\/producto\/la-felicidad-un-camino-hacia-nuestro-interior\/","url":"https:\/\/letrame.com\/catalogo\/producto\/la-felicidad-un-camino-hacia-nuestro-interior\/","name":"LA FELICIDAD, UN CAMINO HACIA NUESTRO INTERIOR - Catalogo | Letrame Grupo Editorial","isPartOf":{"@id":"https:\/\/letrame.com\/catalogo\/#website"},"primaryImageOfPage":{"@id":"https:\/\/letrame.com\/catalogo\/producto\/la-felicidad-un-camino-hacia-nuestro-interior\/#primaryimage"},"image":{"@id":"https:\/\/letrame.com\/catalogo\/producto\/la-felicidad-un-camino-hacia-nuestro-interior\/#primaryimage"},"thumbnailUrl":"https:\/\/letrame.com\/catalogo\/wp-content\/uploads\/2024\/04\/LA-FELICIDAD-UN-CAMINO-HACIA-NUESTRO-INTERIOR-scaled-1.jpg","datePublished":"2024-04-18T10:55:41+00:00","dateModified":"2024-04-18T10:55:47+00:00","breadcrumb":{"@id":"https:\/\/letrame.com\/catalogo\/producto\/la-felicidad-un-camino-hacia-nuestro-interior\/#breadcrumb"},"inLanguage":"es","potentialAction":[{"@type":"ReadAction","target":["https:\/\/letrame.com\/catalogo\/producto\/la-felicidad-un-camino-hacia-nuestro-interior\/"]}]},{"@type":"ImageObject","inLanguage":"es","@id":"https:\/\/letrame.com\/catalogo\/producto\/la-felicidad-un-camino-hacia-nuestro-interior\/#primaryimage","url":"https:\/\/letrame.com\/catalogo\/wp-content\/uploads\/2024\/04\/LA-FELICIDAD-UN-CAMINO-HACIA-NUESTRO-INTERIOR-scaled-1.jpg","contentUrl":"https:\/\/letrame.com\/catalogo\/wp-content\/uploads\/2024\/04\/LA-FELICIDAD-UN-CAMINO-HACIA-NUESTRO-INTERIOR-scaled-1.jpg","width":1746,"height":2560},{"@type":"BreadcrumbList","@id":"https:\/\/letrame.com\/catalogo\/producto\/la-felicidad-un-camino-hacia-nuestro-interior\/#breadcrumb","itemListElement":[{"@type":"ListItem","position":1,"name":"Portada","item":"https:\/\/letrame.com\/catalogo\/"},{"@type":"ListItem","position":2,"name":"Cat\u00e1logo","item":"https:\/\/letrame.com\/catalogo\/"},{"@type":"ListItem","position":3,"name":"LA FELICIDAD, UN CAMINO HACIA NUESTRO INTERIOR"}]},{"@type":"WebSite","@id":"https:\/\/letrame.com\/catalogo\/#website","url":"https:\/\/letrame.com\/catalogo\/","name":"Catalogo | Letrame Grupo Editorial","description":"","publisher":{"@id":"https:\/\/letrame.com\/catalogo\/#organization"},"potentialAction":[{"@type":"SearchAction","target":{"@type":"EntryPoint","urlTemplate":"https:\/\/letrame.com\/catalogo\/?s={search_term_string}"},"query-input":{"@type":"PropertyValueSpecification","valueRequired":true,"valueName":"search_term_string"}}],"inLanguage":"es"},{"@type":"Organization","@id":"https:\/\/letrame.com\/catalogo\/#organization","name":"Catalogo | Letrame Grupo Editorial","url":"https:\/\/letrame.com\/catalogo\/","logo":{"@type":"ImageObject","inLanguage":"es","@id":"https:\/\/letrame.com\/catalogo\/#\/schema\/logo\/image\/","url":"https:\/\/letrame.com\/catalogo\/wp-content\/uploads\/2024\/03\/logo2.webp","contentUrl":"https:\/\/letrame.com\/catalogo\/wp-content\/uploads\/2024\/03\/logo2.webp","width":394,"height":128,"caption":"Catalogo | Letrame Grupo Editorial"},"image":{"@id":"https:\/\/letrame.com\/catalogo\/#\/schema\/logo\/image\/"}}]}},"_links":{"self":[{"href":"https:\/\/letrame.com\/catalogo\/wp-json\/wp\/v2\/product\/95538","targetHints":{"allow":["GET"]}}],"collection":[{"href":"https:\/\/letrame.com\/catalogo\/wp-json\/wp\/v2\/product"}],"about":[{"href":"https:\/\/letrame.com\/catalogo\/wp-json\/wp\/v2\/types\/product"}],"replies":[{"embeddable":true,"href":"https:\/\/letrame.com\/catalogo\/wp-json\/wp\/v2\/comments?post=95538"}],"acf:post":[{"embeddable":true,"href":"https:\/\/letrame.com\/catalogo\/wp-json\/wp\/v2\/author_book\/74374"}],"wp:featuredmedia":[{"embeddable":true,"href":"https:\/\/letrame.com\/catalogo\/wp-json\/wp\/v2\/media\/95539"}],"wp:attachment":[{"href":"https:\/\/letrame.com\/catalogo\/wp-json\/wp\/v2\/media?parent=95538"}],"wp:term":[{"taxonomy":"libro","embeddable":true,"href":"https:\/\/letrame.com\/catalogo\/wp-json\/wp\/v2\/libro?post=95538"},{"taxonomy":"product_brand","embeddable":true,"href":"https:\/\/letrame.com\/catalogo\/wp-json\/wp\/v2\/product_brand?post=95538"},{"taxonomy":"product_cat","embeddable":true,"href":"https:\/\/letrame.com\/catalogo\/wp-json\/wp\/v2\/product_cat?post=95538"},{"taxonomy":"product_tag","embeddable":true,"href":"https:\/\/letrame.com\/catalogo\/wp-json\/wp\/v2\/product_tag?post=95538"}],"curies":[{"name":"wp","href":"https:\/\/api.w.org\/{rel}","templated":true}]}}