{"id":95409,"date":"2024-04-18T12:42:23","date_gmt":"2024-04-18T10:42:23","guid":{"rendered":"https:\/\/letrame.com\/catalogo\/producto\/espana-una-letra-para-su-himno\/"},"modified":"2024-05-15T14:38:09","modified_gmt":"2024-05-15T12:38:09","slug":"espana-una-letra-para-su-himno","status":"publish","type":"product","link":"https:\/\/letrame.com\/catalogo\/producto\/espana-una-letra-para-su-himno\/","title":{"rendered":"Espa\u00f1a: Una letra para su himno"},"content":{"rendered":"<p><strong>ISBN<\/strong>: 978-84-16916-90-0<br \/>\n<strong>T\u00edtulo<\/strong>: Espa\u00f1a: Una letra para su himno<br \/>\n<strong>Fecha<\/strong>: 2017<br \/>\n<strong>P\u00e1ginas<\/strong>: 219<\/p>\n<p>&nbsp;<\/p>\n<p><strong>SINOPSIS<\/strong><\/p>\n<section>\n<div class=\"about-this-book\">\n<div class=\"container\">\n<div class=\"right-detail shop-detail1 pull-right col-md-8 col-sm-8 col-xs-12\">\n<div id=\"editionnal-reviews\" class=\"book-desc-detail\"><span class=\"detail-desc box-detail-desc\">El patriotismo es el pensamiento que vincula a un ser humano con su Patria. Todas las naciones -excepto San Marino y Espa\u00f1a- disfrutan de un himno con letra y sus ciudadanos pueden expresar cantando sus sentimientos de uni\u00f3n con sus compatriotas, todos ellos hermanados en un sentimiento com\u00fan. El Presidente del Gobierno, Mariano Rajoy, ha manifestado que \u201cEspa\u00f1a necesita un himno que nos identifique como Naci\u00f3n. Por supuesto que quiero que Espa\u00f1a tenga un himno con letra\u201d. El historiador Ricardo Garc\u00eda C\u00e1rcel ha dicho que \u201cla carencia de letra en el himno de Espa\u00f1a es una vieja e hist\u00f3rica asignatura pendiente\u201d. Pero no ha sido \u00e9l s\u00f3lo. El Presidente del Comit\u00e9 Ol\u00edmpico Espa\u00f1ol (COE), Alejandro Blanco, ha afirmado en reiteradas ocasiones que \u201cel himno pide una letra\u201d; que \u201clos deportistas espa\u00f1oles reclaman una letra cuando suben al podio\u201d; que \u201cquieren sentirse orgullosos de su pertenencia, igual que franceses, ingleses, etc.\u201d. El gran tenor Pl\u00e1cido Domingo, ha manifestado que \u201ca nuestro himno le falta una letra que suscite el mismo sentimiento de orgullo que en cualquier parte de Espa\u00f1a despiertan Cervantes o Goya. La pregunta es \u00bfseremos capaces?\u201d. Porque, como dijo D. Jos\u00e9 Ortega y Gasset, \u201cUn himno no es tal si no se canta\u201d.<\/span><\/div>\n<div id=\"clear-scroll\" class=\"clearfix\"><\/div>\n<\/div>\n<\/div>\n<\/div>\n<\/section>\n<div class=\"feature-section feature-option2\">\n<div class=\"container\">\n<div class=\"related products\">\n<div class=\"title-box\"><\/div>\n<\/div>\n<\/div>\n<\/div>\n<p><iframe data-src=\"https:\/\/player.vimeo.com\/video\/205357220?title=0&amp;byline=0&amp;portrait=0\" width=\"640\" height=\"360\" frameborder=\"0\" allowfullscreen=\"allowfullscreen\" src=\"data:image\/svg+xml;base64,PHN2ZyB3aWR0aD0iMSIgaGVpZ2h0PSIxIiB4bWxucz0iaHR0cDovL3d3dy53My5vcmcvMjAwMC9zdmciPjwvc3ZnPg==\" class=\"lazyload\" data-load-mode=\"1\"><\/iframe><\/p>\n","protected":false},"excerpt":{"rendered":"<p><strong>ISBN: 978-84-16916-90-0<\/strong><\/p>\n<p>El patriotismo es el pensamiento que vincula a un ser humano con su Patria. Todas las naciones -excepto San Marino y Espa\u00f1a- disfrutan de un himno con letra y sus ciudadanos pueden expresar cantando sus sentimientos de uni\u00f3n con sus compatriotas, todos ellos hermanados en un sentimiento com\u00fan&#8230;<\/p>\n","protected":false},"featured_media":100027,"comment_status":"closed","ping_status":"closed","template":"","meta":{"_acf_changed":false},"libro":[],"product_brand":[],"product_cat":[20],"product_tag":[],"class_list":{"0":"post-95409","1":"product","2":"type-product","3":"status-publish","4":"has-post-thumbnail","6":"product_cat-poesia","8":"first","9":"instock","10":"purchasable","11":"product-type-simple"},"acf":{"autor":[74067],"enlace_de_compra":"https:\/\/www.amazon.es\/dp\/841691690X\/ref=cm_sw_r_cp_ep_dp_PpqqzbDC52JNK"},"yoast_head":"<!-- This site is optimized with the Yoast SEO plugin v26.6 - https:\/\/yoast.com\/wordpress\/plugins\/seo\/ -->\n<title>Espa\u00f1a: Una letra para su himno - Catalogo | Letrame Grupo Editorial<\/title>\n<meta name=\"robots\" content=\"index, follow, max-snippet:-1, max-image-preview:large, max-video-preview:-1\" \/>\n<link rel=\"canonical\" href=\"https:\/\/letrame.com\/catalogo\/producto\/espana-una-letra-para-su-himno\/\" \/>\n<meta property=\"og:locale\" content=\"es_ES\" \/>\n<meta property=\"og:type\" content=\"article\" \/>\n<meta property=\"og:title\" content=\"Espa\u00f1a: Una letra para su himno - Catalogo | Letrame Grupo Editorial\" \/>\n<meta property=\"og:description\" content=\"ISBN: 978-84-16916-90-0  El patriotismo es el pensamiento que vincula a un ser humano con su Patria. Todas las naciones -excepto San Marino y Espa\u00f1a- disfrutan de un himno con letra y sus ciudadanos pueden expresar cantando sus sentimientos de uni\u00f3n con sus compatriotas, todos ellos hermanados en un sentimiento com\u00fan...\" \/>\n<meta property=\"og:url\" content=\"https:\/\/letrame.com\/catalogo\/producto\/espana-una-letra-para-su-himno\/\" \/>\n<meta property=\"og:site_name\" content=\"Catalogo | Letrame Grupo Editorial\" \/>\n<meta property=\"article:modified_time\" content=\"2024-05-15T12:38:09+00:00\" \/>\n<meta property=\"og:image\" content=\"https:\/\/letrame.com\/catalogo\/wp-content\/uploads\/2024\/04\/Espana-Una-letra-para-su-himno.webp\" \/>\n\t<meta property=\"og:image:width\" content=\"375\" \/>\n\t<meta property=\"og:image:height\" content=\"562\" \/>\n\t<meta property=\"og:image:type\" content=\"image\/webp\" \/>\n<meta name=\"twitter:card\" content=\"summary_large_image\" \/>\n<meta name=\"twitter:label1\" content=\"Tiempo de lectura\" \/>\n\t<meta name=\"twitter:data1\" content=\"2 minutos\" \/>\n<script type=\"application\/ld+json\" class=\"yoast-schema-graph\">{\"@context\":\"https:\/\/schema.org\",\"@graph\":[{\"@type\":\"WebPage\",\"@id\":\"https:\/\/letrame.com\/catalogo\/producto\/espana-una-letra-para-su-himno\/\",\"url\":\"https:\/\/letrame.com\/catalogo\/producto\/espana-una-letra-para-su-himno\/\",\"name\":\"Espa\u00f1a: Una letra para su himno - Catalogo | Letrame Grupo Editorial\",\"isPartOf\":{\"@id\":\"https:\/\/letrame.com\/catalogo\/#website\"},\"primaryImageOfPage\":{\"@id\":\"https:\/\/letrame.com\/catalogo\/producto\/espana-una-letra-para-su-himno\/#primaryimage\"},\"image\":{\"@id\":\"https:\/\/letrame.com\/catalogo\/producto\/espana-una-letra-para-su-himno\/#primaryimage\"},\"thumbnailUrl\":\"https:\/\/letrame.com\/catalogo\/wp-content\/uploads\/2024\/04\/Espana-Una-letra-para-su-himno.webp\",\"datePublished\":\"2024-04-18T10:42:23+00:00\",\"dateModified\":\"2024-05-15T12:38:09+00:00\",\"breadcrumb\":{\"@id\":\"https:\/\/letrame.com\/catalogo\/producto\/espana-una-letra-para-su-himno\/#breadcrumb\"},\"inLanguage\":\"es\",\"potentialAction\":[{\"@type\":\"ReadAction\",\"target\":[\"https:\/\/letrame.com\/catalogo\/producto\/espana-una-letra-para-su-himno\/\"]}]},{\"@type\":\"ImageObject\",\"inLanguage\":\"es\",\"@id\":\"https:\/\/letrame.com\/catalogo\/producto\/espana-una-letra-para-su-himno\/#primaryimage\",\"url\":\"https:\/\/letrame.com\/catalogo\/wp-content\/uploads\/2024\/04\/Espana-Una-letra-para-su-himno.webp\",\"contentUrl\":\"https:\/\/letrame.com\/catalogo\/wp-content\/uploads\/2024\/04\/Espana-Una-letra-para-su-himno.webp\",\"width\":375,\"height\":562},{\"@type\":\"BreadcrumbList\",\"@id\":\"https:\/\/letrame.com\/catalogo\/producto\/espana-una-letra-para-su-himno\/#breadcrumb\",\"itemListElement\":[{\"@type\":\"ListItem\",\"position\":1,\"name\":\"Portada\",\"item\":\"https:\/\/letrame.com\/catalogo\/\"},{\"@type\":\"ListItem\",\"position\":2,\"name\":\"Cat\u00e1logo\",\"item\":\"https:\/\/letrame.com\/catalogo\/\"},{\"@type\":\"ListItem\",\"position\":3,\"name\":\"Espa\u00f1a: Una letra para su himno\"}]},{\"@type\":\"WebSite\",\"@id\":\"https:\/\/letrame.com\/catalogo\/#website\",\"url\":\"https:\/\/letrame.com\/catalogo\/\",\"name\":\"Catalogo | Letrame Grupo Editorial\",\"description\":\"\",\"publisher\":{\"@id\":\"https:\/\/letrame.com\/catalogo\/#organization\"},\"potentialAction\":[{\"@type\":\"SearchAction\",\"target\":{\"@type\":\"EntryPoint\",\"urlTemplate\":\"https:\/\/letrame.com\/catalogo\/?s={search_term_string}\"},\"query-input\":{\"@type\":\"PropertyValueSpecification\",\"valueRequired\":true,\"valueName\":\"search_term_string\"}}],\"inLanguage\":\"es\"},{\"@type\":\"Organization\",\"@id\":\"https:\/\/letrame.com\/catalogo\/#organization\",\"name\":\"Catalogo | Letrame Grupo Editorial\",\"url\":\"https:\/\/letrame.com\/catalogo\/\",\"logo\":{\"@type\":\"ImageObject\",\"inLanguage\":\"es\",\"@id\":\"https:\/\/letrame.com\/catalogo\/#\/schema\/logo\/image\/\",\"url\":\"https:\/\/letrame.com\/catalogo\/wp-content\/uploads\/2024\/03\/logo2.webp\",\"contentUrl\":\"https:\/\/letrame.com\/catalogo\/wp-content\/uploads\/2024\/03\/logo2.webp\",\"width\":394,\"height\":128,\"caption\":\"Catalogo | Letrame Grupo Editorial\"},\"image\":{\"@id\":\"https:\/\/letrame.com\/catalogo\/#\/schema\/logo\/image\/\"}}]}<\/script>\n<!-- \/ Yoast SEO plugin. -->","yoast_head_json":{"title":"Espa\u00f1a: Una letra para su himno - Catalogo | Letrame Grupo Editorial","robots":{"index":"index","follow":"follow","max-snippet":"max-snippet:-1","max-image-preview":"max-image-preview:large","max-video-preview":"max-video-preview:-1"},"canonical":"https:\/\/letrame.com\/catalogo\/producto\/espana-una-letra-para-su-himno\/","og_locale":"es_ES","og_type":"article","og_title":"Espa\u00f1a: Una letra para su himno - Catalogo | Letrame Grupo Editorial","og_description":"ISBN: 978-84-16916-90-0  El patriotismo es el pensamiento que vincula a un ser humano con su Patria. Todas las naciones -excepto San Marino y Espa\u00f1a- disfrutan de un himno con letra y sus ciudadanos pueden expresar cantando sus sentimientos de uni\u00f3n con sus compatriotas, todos ellos hermanados en un sentimiento com\u00fan...","og_url":"https:\/\/letrame.com\/catalogo\/producto\/espana-una-letra-para-su-himno\/","og_site_name":"Catalogo | Letrame Grupo Editorial","article_modified_time":"2024-05-15T12:38:09+00:00","og_image":[{"width":375,"height":562,"url":"https:\/\/letrame.com\/catalogo\/wp-content\/uploads\/2024\/04\/Espana-Una-letra-para-su-himno.webp","type":"image\/webp"}],"twitter_card":"summary_large_image","twitter_misc":{"Tiempo de lectura":"2 minutos"},"schema":{"@context":"https:\/\/schema.org","@graph":[{"@type":"WebPage","@id":"https:\/\/letrame.com\/catalogo\/producto\/espana-una-letra-para-su-himno\/","url":"https:\/\/letrame.com\/catalogo\/producto\/espana-una-letra-para-su-himno\/","name":"Espa\u00f1a: Una letra para su himno - Catalogo | Letrame Grupo Editorial","isPartOf":{"@id":"https:\/\/letrame.com\/catalogo\/#website"},"primaryImageOfPage":{"@id":"https:\/\/letrame.com\/catalogo\/producto\/espana-una-letra-para-su-himno\/#primaryimage"},"image":{"@id":"https:\/\/letrame.com\/catalogo\/producto\/espana-una-letra-para-su-himno\/#primaryimage"},"thumbnailUrl":"https:\/\/letrame.com\/catalogo\/wp-content\/uploads\/2024\/04\/Espana-Una-letra-para-su-himno.webp","datePublished":"2024-04-18T10:42:23+00:00","dateModified":"2024-05-15T12:38:09+00:00","breadcrumb":{"@id":"https:\/\/letrame.com\/catalogo\/producto\/espana-una-letra-para-su-himno\/#breadcrumb"},"inLanguage":"es","potentialAction":[{"@type":"ReadAction","target":["https:\/\/letrame.com\/catalogo\/producto\/espana-una-letra-para-su-himno\/"]}]},{"@type":"ImageObject","inLanguage":"es","@id":"https:\/\/letrame.com\/catalogo\/producto\/espana-una-letra-para-su-himno\/#primaryimage","url":"https:\/\/letrame.com\/catalogo\/wp-content\/uploads\/2024\/04\/Espana-Una-letra-para-su-himno.webp","contentUrl":"https:\/\/letrame.com\/catalogo\/wp-content\/uploads\/2024\/04\/Espana-Una-letra-para-su-himno.webp","width":375,"height":562},{"@type":"BreadcrumbList","@id":"https:\/\/letrame.com\/catalogo\/producto\/espana-una-letra-para-su-himno\/#breadcrumb","itemListElement":[{"@type":"ListItem","position":1,"name":"Portada","item":"https:\/\/letrame.com\/catalogo\/"},{"@type":"ListItem","position":2,"name":"Cat\u00e1logo","item":"https:\/\/letrame.com\/catalogo\/"},{"@type":"ListItem","position":3,"name":"Espa\u00f1a: Una letra para su himno"}]},{"@type":"WebSite","@id":"https:\/\/letrame.com\/catalogo\/#website","url":"https:\/\/letrame.com\/catalogo\/","name":"Catalogo | Letrame Grupo Editorial","description":"","publisher":{"@id":"https:\/\/letrame.com\/catalogo\/#organization"},"potentialAction":[{"@type":"SearchAction","target":{"@type":"EntryPoint","urlTemplate":"https:\/\/letrame.com\/catalogo\/?s={search_term_string}"},"query-input":{"@type":"PropertyValueSpecification","valueRequired":true,"valueName":"search_term_string"}}],"inLanguage":"es"},{"@type":"Organization","@id":"https:\/\/letrame.com\/catalogo\/#organization","name":"Catalogo | Letrame Grupo Editorial","url":"https:\/\/letrame.com\/catalogo\/","logo":{"@type":"ImageObject","inLanguage":"es","@id":"https:\/\/letrame.com\/catalogo\/#\/schema\/logo\/image\/","url":"https:\/\/letrame.com\/catalogo\/wp-content\/uploads\/2024\/03\/logo2.webp","contentUrl":"https:\/\/letrame.com\/catalogo\/wp-content\/uploads\/2024\/03\/logo2.webp","width":394,"height":128,"caption":"Catalogo | Letrame Grupo Editorial"},"image":{"@id":"https:\/\/letrame.com\/catalogo\/#\/schema\/logo\/image\/"}}]}},"_links":{"self":[{"href":"https:\/\/letrame.com\/catalogo\/wp-json\/wp\/v2\/product\/95409","targetHints":{"allow":["GET"]}}],"collection":[{"href":"https:\/\/letrame.com\/catalogo\/wp-json\/wp\/v2\/product"}],"about":[{"href":"https:\/\/letrame.com\/catalogo\/wp-json\/wp\/v2\/types\/product"}],"replies":[{"embeddable":true,"href":"https:\/\/letrame.com\/catalogo\/wp-json\/wp\/v2\/comments?post=95409"}],"acf:post":[{"embeddable":true,"href":"https:\/\/letrame.com\/catalogo\/wp-json\/wp\/v2\/author_book\/74067"}],"wp:featuredmedia":[{"embeddable":true,"href":"https:\/\/letrame.com\/catalogo\/wp-json\/wp\/v2\/media\/100027"}],"wp:attachment":[{"href":"https:\/\/letrame.com\/catalogo\/wp-json\/wp\/v2\/media?parent=95409"}],"wp:term":[{"taxonomy":"libro","embeddable":true,"href":"https:\/\/letrame.com\/catalogo\/wp-json\/wp\/v2\/libro?post=95409"},{"taxonomy":"product_brand","embeddable":true,"href":"https:\/\/letrame.com\/catalogo\/wp-json\/wp\/v2\/product_brand?post=95409"},{"taxonomy":"product_cat","embeddable":true,"href":"https:\/\/letrame.com\/catalogo\/wp-json\/wp\/v2\/product_cat?post=95409"},{"taxonomy":"product_tag","embeddable":true,"href":"https:\/\/letrame.com\/catalogo\/wp-json\/wp\/v2\/product_tag?post=95409"}],"curies":[{"name":"wp","href":"https:\/\/api.w.org\/{rel}","templated":true}]}}