{"id":95330,"date":"2024-04-18T12:33:35","date_gmt":"2024-04-18T10:33:35","guid":{"rendered":"https:\/\/letrame.com\/catalogo\/producto\/descubriendo-la-empresa\/"},"modified":"2024-04-18T12:33:36","modified_gmt":"2024-04-18T10:33:36","slug":"descubriendo-la-empresa","status":"publish","type":"product","link":"https:\/\/letrame.com\/catalogo\/producto\/descubriendo-la-empresa\/","title":{"rendered":"Descubriendo la empresa"},"content":{"rendered":"<p><strong>ISBN<\/strong>: 978-84-18240-75-1<br \/>\n<strong>T\u00edtulo<\/strong>: Descubriendo la empresa<br \/>\n<strong>Fecha<\/strong>: 2020<br \/>\n<strong>P\u00e1ginas<\/strong>: 384<\/p>\n<p>&nbsp;<\/p>\n<p><strong>SINOPSIS<\/strong><\/p>\n<section>\n<div class=\"about-this-book\">\n<div class=\"container\">\n<div class=\"right-detail shop-detail1 pull-right col-md-8 col-sm-8 col-xs-12\">\n<div id=\"editionnal-reviews\" class=\"book-desc-detail\"><span class=\"detail-desc box-detail-desc\">La obra que tiene el lector en sus manos es un libro b\u00e1sico sobre la empresa que, a modo de manual, trata de ofrecer una visi\u00f3n transversal de los principales temas o departamentos de la misma, uniendo teor\u00eda, experiencia y ejercicios pr\u00e1cticos. El contenido se expresa con un lenguaje cercano, claro, no matem\u00e1tico, para facilitar su lectura a personas que no son expertas en algunas de estas materias. Dirigido a: -Estudiantes que quieran ver c\u00f3mo las teor\u00edas que est\u00e1n recibiendo en el aula se concretan en el mundo empresarial. -Directivos que procedan de otros sectores o tengan una formaci\u00f3n muy especializada, y necesiten obtener una visi\u00f3n de otras \u00e1reas o global de la empresa. -Empresarios y personas relacionadas con la empresa, que quieran pensar contrastar ideas sobre el desarrollo del negocio a trav\u00e9s de procesos, sistemas, enfoques con el fin de mejorar las principales variables, especialmente el beneficio. En este volumen podemos encontrar por ejemplo: -T\u00e9cnicas actuales de Marketing, incluyendo el Marketing Digital. -Diversos tipos de Coste imprescindibles para el funcionamiento de la empresa. -Sistemas de Compras y control de Stocks que permiten obtener la m\u00e1xima rentabilidad y evitar el despilfarro. -Modelos de Operaciones que van m\u00e1s all\u00e1 de la producci\u00f3n, buscando la productividad, mejora continua, la calidad y la innovaci\u00f3n. -Aprendizaje de la Contabilidad desde una manera b\u00e1sica hasta alcanzar cierto nivel pr\u00e1ctico. -Instrumentos y T\u00e9cnicas Financieras que posibilitan el equilibrio y financiaci\u00f3n de la empresa durante su actividad, crecimiento y desarrollo. Incluye: Estudio Financiero. -Visi\u00f3n del Negocio mediante una estructura \u00abM\u00e1quina del Beneficio\u00bb, en la que se explicita el circuito y los mecanismos que generan y mejoran el beneficio. Incluye: Estudio Econ\u00f3mico. -Y otros temas: Estrategia empresarial, Plan Estrat\u00e9gico, Pol\u00edticas, Innovaci\u00f3n, Modelos de Negocio, Balanced Scorecard, Planes de Viabilidad, Emprendedores, Creaci\u00f3n de Negocio, etc.<\/span><\/div>\n<div id=\"clear-scroll\" class=\"clearfix\"><\/div>\n<\/div>\n<\/div>\n<\/div>\n<\/section>\n<div class=\"feature-section feature-option2\">\n<div class=\"container\">\n<div class=\"related products\">\n<div class=\"title-box\"><\/div>\n<\/div>\n<\/div>\n<\/div>\n","protected":false},"excerpt":{"rendered":"<p><strong>ISBN: 978-84-18240-75-1<\/strong><\/p>\n<p>La obra que tiene el lector en sus manos es un libro b\u00e1sico sobre la empresa que, a modo de manual, trata de ofrecer una visi\u00f3n transversal de los principales temas o departamentos de la misma, uniendo teor\u00eda, experiencia y ejercicios pr\u00e1cticos.<\/p>\n<p>El contenido se expresa con un lenguaje cercano, claro, no matem\u00e1tico, para facilitar su lectura a personas que no son expertas en algunas de estas materias.<\/p>\n","protected":false},"featured_media":95331,"comment_status":"closed","ping_status":"open","template":"","meta":{"_acf_changed":false},"libro":[],"product_brand":[],"product_cat":[23],"product_tag":[],"class_list":{"0":"post-95330","1":"product","2":"type-product","3":"status-publish","4":"has-post-thumbnail","6":"product_cat-ensayos","8":"first","9":"instock","10":"purchasable","11":"product-type-simple"},"acf":{"autor":[74260],"enlace_de_compra":"https:\/\/www.agapea.com\/F-Bastante\/Descubriendo-la-empresa-9788418240751-i.htm"},"yoast_head":"<!-- This site is optimized with the Yoast SEO plugin v27.4 - https:\/\/yoast.com\/product\/yoast-seo-wordpress\/ -->\n<title>Descubriendo la empresa - Catalogo | Letrame Grupo Editorial<\/title>\n<meta name=\"robots\" content=\"index, follow, max-snippet:-1, max-image-preview:large, max-video-preview:-1\" \/>\n<link rel=\"canonical\" href=\"https:\/\/letrame.com\/catalogo\/producto\/descubriendo-la-empresa\/\" \/>\n<meta property=\"og:locale\" content=\"es_ES\" \/>\n<meta property=\"og:type\" content=\"article\" \/>\n<meta property=\"og:title\" content=\"Descubriendo la empresa - Catalogo | Letrame Grupo Editorial\" \/>\n<meta property=\"og:description\" content=\"ISBN: 978-84-18240-75-1 La obra que tiene el lector en sus manos es un libro b\u00e1sico sobre la empresa que, a modo de manual, trata de ofrecer una visi\u00f3n transversal de los principales temas o departamentos de la misma, uniendo teor\u00eda, experiencia y ejercicios pr\u00e1cticos. El contenido se expresa con un lenguaje cercano, claro, no matem\u00e1tico, para facilitar su lectura a personas que no son expertas en algunas de estas materias.\" \/>\n<meta property=\"og:url\" content=\"https:\/\/letrame.com\/catalogo\/producto\/descubriendo-la-empresa\/\" \/>\n<meta property=\"og:site_name\" content=\"Catalogo | Letrame Grupo Editorial\" \/>\n<meta property=\"article:modified_time\" content=\"2024-04-18T10:33:36+00:00\" \/>\n<meta property=\"og:image\" content=\"https:\/\/letrame.com\/catalogo\/wp-content\/uploads\/2024\/04\/portada_descubriendolaempresa_1869mm-compressed-1-scaled-1.jpg\" \/>\n\t<meta property=\"og:image:width\" content=\"1813\" \/>\n\t<meta property=\"og:image:height\" content=\"2560\" \/>\n\t<meta property=\"og:image:type\" content=\"image\/jpeg\" \/>\n<meta name=\"twitter:card\" content=\"summary_large_image\" \/>\n<meta name=\"twitter:label1\" content=\"Tiempo de lectura\" \/>\n\t<meta name=\"twitter:data1\" content=\"2 minutos\" \/>\n<script type=\"application\/ld+json\" class=\"yoast-schema-graph\">{\"@context\":\"https:\\\/\\\/schema.org\",\"@graph\":[{\"@type\":\"WebPage\",\"@id\":\"https:\\\/\\\/letrame.com\\\/catalogo\\\/producto\\\/descubriendo-la-empresa\\\/\",\"url\":\"https:\\\/\\\/letrame.com\\\/catalogo\\\/producto\\\/descubriendo-la-empresa\\\/\",\"name\":\"Descubriendo la empresa - Catalogo | Letrame Grupo Editorial\",\"isPartOf\":{\"@id\":\"https:\\\/\\\/letrame.com\\\/catalogo\\\/#website\"},\"primaryImageOfPage\":{\"@id\":\"https:\\\/\\\/letrame.com\\\/catalogo\\\/producto\\\/descubriendo-la-empresa\\\/#primaryimage\"},\"image\":{\"@id\":\"https:\\\/\\\/letrame.com\\\/catalogo\\\/producto\\\/descubriendo-la-empresa\\\/#primaryimage\"},\"thumbnailUrl\":\"https:\\\/\\\/letrame.com\\\/catalogo\\\/wp-content\\\/uploads\\\/2024\\\/04\\\/portada_descubriendolaempresa_1869mm-compressed-1-scaled-1.jpg\",\"datePublished\":\"2024-04-18T10:33:35+00:00\",\"dateModified\":\"2024-04-18T10:33:36+00:00\",\"breadcrumb\":{\"@id\":\"https:\\\/\\\/letrame.com\\\/catalogo\\\/producto\\\/descubriendo-la-empresa\\\/#breadcrumb\"},\"inLanguage\":\"es\",\"potentialAction\":[{\"@type\":\"ReadAction\",\"target\":[\"https:\\\/\\\/letrame.com\\\/catalogo\\\/producto\\\/descubriendo-la-empresa\\\/\"]}]},{\"@type\":\"ImageObject\",\"inLanguage\":\"es\",\"@id\":\"https:\\\/\\\/letrame.com\\\/catalogo\\\/producto\\\/descubriendo-la-empresa\\\/#primaryimage\",\"url\":\"https:\\\/\\\/letrame.com\\\/catalogo\\\/wp-content\\\/uploads\\\/2024\\\/04\\\/portada_descubriendolaempresa_1869mm-compressed-1-scaled-1.jpg\",\"contentUrl\":\"https:\\\/\\\/letrame.com\\\/catalogo\\\/wp-content\\\/uploads\\\/2024\\\/04\\\/portada_descubriendolaempresa_1869mm-compressed-1-scaled-1.jpg\",\"width\":1813,\"height\":2560},{\"@type\":\"BreadcrumbList\",\"@id\":\"https:\\\/\\\/letrame.com\\\/catalogo\\\/producto\\\/descubriendo-la-empresa\\\/#breadcrumb\",\"itemListElement\":[{\"@type\":\"ListItem\",\"position\":1,\"name\":\"Portada\",\"item\":\"https:\\\/\\\/letrame.com\\\/catalogo\\\/\"},{\"@type\":\"ListItem\",\"position\":2,\"name\":\"Cat\u00e1logo\",\"item\":\"https:\\\/\\\/letrame.com\\\/catalogo\\\/\"},{\"@type\":\"ListItem\",\"position\":3,\"name\":\"Descubriendo la empresa\"}]},{\"@type\":\"WebSite\",\"@id\":\"https:\\\/\\\/letrame.com\\\/catalogo\\\/#website\",\"url\":\"https:\\\/\\\/letrame.com\\\/catalogo\\\/\",\"name\":\"Catalogo | Letrame Grupo Editorial\",\"description\":\"\",\"publisher\":{\"@id\":\"https:\\\/\\\/letrame.com\\\/catalogo\\\/#organization\"},\"potentialAction\":[{\"@type\":\"SearchAction\",\"target\":{\"@type\":\"EntryPoint\",\"urlTemplate\":\"https:\\\/\\\/letrame.com\\\/catalogo\\\/?s={search_term_string}\"},\"query-input\":{\"@type\":\"PropertyValueSpecification\",\"valueRequired\":true,\"valueName\":\"search_term_string\"}}],\"inLanguage\":\"es\"},{\"@type\":\"Organization\",\"@id\":\"https:\\\/\\\/letrame.com\\\/catalogo\\\/#organization\",\"name\":\"Catalogo | Letrame Grupo Editorial\",\"url\":\"https:\\\/\\\/letrame.com\\\/catalogo\\\/\",\"logo\":{\"@type\":\"ImageObject\",\"inLanguage\":\"es\",\"@id\":\"https:\\\/\\\/letrame.com\\\/catalogo\\\/#\\\/schema\\\/logo\\\/image\\\/\",\"url\":\"https:\\\/\\\/letrame.com\\\/catalogo\\\/wp-content\\\/uploads\\\/2024\\\/03\\\/logo2.webp\",\"contentUrl\":\"https:\\\/\\\/letrame.com\\\/catalogo\\\/wp-content\\\/uploads\\\/2024\\\/03\\\/logo2.webp\",\"width\":394,\"height\":128,\"caption\":\"Catalogo | Letrame Grupo Editorial\"},\"image\":{\"@id\":\"https:\\\/\\\/letrame.com\\\/catalogo\\\/#\\\/schema\\\/logo\\\/image\\\/\"}}]}<\/script>\n<!-- \/ Yoast SEO plugin. -->","yoast_head_json":{"title":"Descubriendo la empresa - Catalogo | Letrame Grupo Editorial","robots":{"index":"index","follow":"follow","max-snippet":"max-snippet:-1","max-image-preview":"max-image-preview:large","max-video-preview":"max-video-preview:-1"},"canonical":"https:\/\/letrame.com\/catalogo\/producto\/descubriendo-la-empresa\/","og_locale":"es_ES","og_type":"article","og_title":"Descubriendo la empresa - Catalogo | Letrame Grupo Editorial","og_description":"ISBN: 978-84-18240-75-1 La obra que tiene el lector en sus manos es un libro b\u00e1sico sobre la empresa que, a modo de manual, trata de ofrecer una visi\u00f3n transversal de los principales temas o departamentos de la misma, uniendo teor\u00eda, experiencia y ejercicios pr\u00e1cticos. El contenido se expresa con un lenguaje cercano, claro, no matem\u00e1tico, para facilitar su lectura a personas que no son expertas en algunas de estas materias.","og_url":"https:\/\/letrame.com\/catalogo\/producto\/descubriendo-la-empresa\/","og_site_name":"Catalogo | Letrame Grupo Editorial","article_modified_time":"2024-04-18T10:33:36+00:00","og_image":[{"width":1813,"height":2560,"url":"https:\/\/letrame.com\/catalogo\/wp-content\/uploads\/2024\/04\/portada_descubriendolaempresa_1869mm-compressed-1-scaled-1.jpg","type":"image\/jpeg"}],"twitter_card":"summary_large_image","twitter_misc":{"Tiempo de lectura":"2 minutos"},"schema":{"@context":"https:\/\/schema.org","@graph":[{"@type":"WebPage","@id":"https:\/\/letrame.com\/catalogo\/producto\/descubriendo-la-empresa\/","url":"https:\/\/letrame.com\/catalogo\/producto\/descubriendo-la-empresa\/","name":"Descubriendo la empresa - Catalogo | Letrame Grupo Editorial","isPartOf":{"@id":"https:\/\/letrame.com\/catalogo\/#website"},"primaryImageOfPage":{"@id":"https:\/\/letrame.com\/catalogo\/producto\/descubriendo-la-empresa\/#primaryimage"},"image":{"@id":"https:\/\/letrame.com\/catalogo\/producto\/descubriendo-la-empresa\/#primaryimage"},"thumbnailUrl":"https:\/\/letrame.com\/catalogo\/wp-content\/uploads\/2024\/04\/portada_descubriendolaempresa_1869mm-compressed-1-scaled-1.jpg","datePublished":"2024-04-18T10:33:35+00:00","dateModified":"2024-04-18T10:33:36+00:00","breadcrumb":{"@id":"https:\/\/letrame.com\/catalogo\/producto\/descubriendo-la-empresa\/#breadcrumb"},"inLanguage":"es","potentialAction":[{"@type":"ReadAction","target":["https:\/\/letrame.com\/catalogo\/producto\/descubriendo-la-empresa\/"]}]},{"@type":"ImageObject","inLanguage":"es","@id":"https:\/\/letrame.com\/catalogo\/producto\/descubriendo-la-empresa\/#primaryimage","url":"https:\/\/letrame.com\/catalogo\/wp-content\/uploads\/2024\/04\/portada_descubriendolaempresa_1869mm-compressed-1-scaled-1.jpg","contentUrl":"https:\/\/letrame.com\/catalogo\/wp-content\/uploads\/2024\/04\/portada_descubriendolaempresa_1869mm-compressed-1-scaled-1.jpg","width":1813,"height":2560},{"@type":"BreadcrumbList","@id":"https:\/\/letrame.com\/catalogo\/producto\/descubriendo-la-empresa\/#breadcrumb","itemListElement":[{"@type":"ListItem","position":1,"name":"Portada","item":"https:\/\/letrame.com\/catalogo\/"},{"@type":"ListItem","position":2,"name":"Cat\u00e1logo","item":"https:\/\/letrame.com\/catalogo\/"},{"@type":"ListItem","position":3,"name":"Descubriendo la empresa"}]},{"@type":"WebSite","@id":"https:\/\/letrame.com\/catalogo\/#website","url":"https:\/\/letrame.com\/catalogo\/","name":"Catalogo | Letrame Grupo Editorial","description":"","publisher":{"@id":"https:\/\/letrame.com\/catalogo\/#organization"},"potentialAction":[{"@type":"SearchAction","target":{"@type":"EntryPoint","urlTemplate":"https:\/\/letrame.com\/catalogo\/?s={search_term_string}"},"query-input":{"@type":"PropertyValueSpecification","valueRequired":true,"valueName":"search_term_string"}}],"inLanguage":"es"},{"@type":"Organization","@id":"https:\/\/letrame.com\/catalogo\/#organization","name":"Catalogo | Letrame Grupo Editorial","url":"https:\/\/letrame.com\/catalogo\/","logo":{"@type":"ImageObject","inLanguage":"es","@id":"https:\/\/letrame.com\/catalogo\/#\/schema\/logo\/image\/","url":"https:\/\/letrame.com\/catalogo\/wp-content\/uploads\/2024\/03\/logo2.webp","contentUrl":"https:\/\/letrame.com\/catalogo\/wp-content\/uploads\/2024\/03\/logo2.webp","width":394,"height":128,"caption":"Catalogo | Letrame Grupo Editorial"},"image":{"@id":"https:\/\/letrame.com\/catalogo\/#\/schema\/logo\/image\/"}}]}},"_links":{"self":[{"href":"https:\/\/letrame.com\/catalogo\/wp-json\/wp\/v2\/product\/95330","targetHints":{"allow":["GET"]}}],"collection":[{"href":"https:\/\/letrame.com\/catalogo\/wp-json\/wp\/v2\/product"}],"about":[{"href":"https:\/\/letrame.com\/catalogo\/wp-json\/wp\/v2\/types\/product"}],"replies":[{"embeddable":true,"href":"https:\/\/letrame.com\/catalogo\/wp-json\/wp\/v2\/comments?post=95330"}],"acf:post":[{"embeddable":true,"href":"https:\/\/letrame.com\/catalogo\/wp-json\/wp\/v2\/author_book\/74260"}],"wp:featuredmedia":[{"embeddable":true,"href":"https:\/\/letrame.com\/catalogo\/wp-json\/wp\/v2\/media\/95331"}],"wp:attachment":[{"href":"https:\/\/letrame.com\/catalogo\/wp-json\/wp\/v2\/media?parent=95330"}],"wp:term":[{"taxonomy":"libro","embeddable":true,"href":"https:\/\/letrame.com\/catalogo\/wp-json\/wp\/v2\/libro?post=95330"},{"taxonomy":"product_brand","embeddable":true,"href":"https:\/\/letrame.com\/catalogo\/wp-json\/wp\/v2\/product_brand?post=95330"},{"taxonomy":"product_cat","embeddable":true,"href":"https:\/\/letrame.com\/catalogo\/wp-json\/wp\/v2\/product_cat?post=95330"},{"taxonomy":"product_tag","embeddable":true,"href":"https:\/\/letrame.com\/catalogo\/wp-json\/wp\/v2\/product_tag?post=95330"}],"curies":[{"name":"wp","href":"https:\/\/api.w.org\/{rel}","templated":true}]}}