{"id":95224,"date":"2024-04-18T12:19:36","date_gmt":"2024-04-18T10:19:36","guid":{"rendered":"https:\/\/letrame.com\/catalogo\/producto\/renata-entre-backtunes\/"},"modified":"2024-04-18T12:19:49","modified_gmt":"2024-04-18T10:19:49","slug":"renata-entre-backtunes","status":"publish","type":"product","link":"https:\/\/letrame.com\/catalogo\/producto\/renata-entre-backtunes\/","title":{"rendered":"Renata entre Backtunes"},"content":{"rendered":"","protected":false},"excerpt":{"rendered":"<p>Las atentas lectoras y lectores encontrar\u00e1n en la novela Renata entre Backtunes, figuras sorprendentes salidas de ancestrales tradiciones culturales de Centroam\u00e9rica, figuras forjadas en la mitolog\u00eda, reavivadas por Silvia Gonz\u00e1lez Car\u00edas en un discurso narrativo ir\u00f3nico y certero. Gonz\u00e1lez Car\u00edas nos lleva de la mano por los territorios de una Pachamama generosa, en ella la vida es fant\u00e1stica y realista a la vez. Novela escrita en una sociedad jerarquizada en la que impera el tradicional orden patriarcal, en una \u00e9poca en la cual las ciencias nos permiten entender que el mundo real est\u00e1 organizado de tal forma que se vuelve diferente y distante de un mundo posible, empero, gracias a la cosmogon\u00eda contra-factual en esta novela se nos devela un mundo en el que lo que no es, deber\u00eda ser.<\/p>\n","protected":false},"featured_media":95225,"comment_status":"closed","ping_status":"open","template":"","meta":{"_acf_changed":false},"libro":[],"product_brand":[],"product_cat":[16],"product_tag":[],"class_list":{"0":"post-95224","1":"product","2":"type-product","3":"status-publish","4":"has-post-thumbnail","6":"product_cat-novela","8":"first","9":"instock","10":"product-type-simple"},"acf":{"autor":"","enlace_de_compra":""},"yoast_head":"<!-- This site is optimized with the Yoast SEO plugin v27.4 - https:\/\/yoast.com\/product\/yoast-seo-wordpress\/ -->\n<title>Renata entre Backtunes - Catalogo | Letrame Grupo Editorial<\/title>\n<meta name=\"robots\" content=\"index, follow, max-snippet:-1, max-image-preview:large, max-video-preview:-1\" \/>\n<link rel=\"canonical\" href=\"https:\/\/letrame.com\/catalogo\/producto\/renata-entre-backtunes\/\" \/>\n<meta property=\"og:locale\" content=\"es_ES\" \/>\n<meta property=\"og:type\" content=\"article\" \/>\n<meta property=\"og:title\" content=\"Renata entre Backtunes - Catalogo | Letrame Grupo Editorial\" \/>\n<meta property=\"og:description\" content=\"Las atentas lectoras y lectores encontrar\u00e1n en la novela Renata entre Backtunes, figuras sorprendentes salidas de ancestrales tradiciones culturales de Centroam\u00e9rica, figuras forjadas en la mitolog\u00eda, reavivadas por Silvia Gonz\u00e1lez Car\u00edas en un discurso narrativo ir\u00f3nico y certero. Gonz\u00e1lez Car\u00edas nos lleva de la mano por los territorios de una Pachamama generosa, en ella la vida es fant\u00e1stica y realista a la vez. Novela escrita en una sociedad jerarquizada en la que impera el tradicional orden patriarcal, en una \u00e9poca en la cual las ciencias nos permiten entender que el mundo real est\u00e1 organizado de tal forma que se vuelve diferente y distante de un mundo posible, empero, gracias a la cosmogon\u00eda contra-factual en esta novela se nos devela un mundo en el que lo que no es, deber\u00eda ser.\" \/>\n<meta property=\"og:url\" content=\"https:\/\/letrame.com\/catalogo\/producto\/renata-entre-backtunes\/\" \/>\n<meta property=\"og:site_name\" content=\"Catalogo | Letrame Grupo Editorial\" \/>\n<meta property=\"article:modified_time\" content=\"2024-04-18T10:19:49+00:00\" \/>\n<meta property=\"og:image\" content=\"https:\/\/letrame.com\/catalogo\/wp-content\/uploads\/2024\/04\/portada_renata_996mm-compressed-scaled-1.jpg\" \/>\n\t<meta property=\"og:image:width\" content=\"1749\" \/>\n\t<meta property=\"og:image:height\" content=\"2560\" \/>\n\t<meta property=\"og:image:type\" content=\"image\/jpeg\" \/>\n<meta name=\"twitter:card\" content=\"summary_large_image\" \/>\n<script type=\"application\/ld+json\" class=\"yoast-schema-graph\">{\"@context\":\"https:\\\/\\\/schema.org\",\"@graph\":[{\"@type\":\"WebPage\",\"@id\":\"https:\\\/\\\/letrame.com\\\/catalogo\\\/producto\\\/renata-entre-backtunes\\\/\",\"url\":\"https:\\\/\\\/letrame.com\\\/catalogo\\\/producto\\\/renata-entre-backtunes\\\/\",\"name\":\"Renata entre Backtunes - Catalogo | Letrame Grupo Editorial\",\"isPartOf\":{\"@id\":\"https:\\\/\\\/letrame.com\\\/catalogo\\\/#website\"},\"primaryImageOfPage\":{\"@id\":\"https:\\\/\\\/letrame.com\\\/catalogo\\\/producto\\\/renata-entre-backtunes\\\/#primaryimage\"},\"image\":{\"@id\":\"https:\\\/\\\/letrame.com\\\/catalogo\\\/producto\\\/renata-entre-backtunes\\\/#primaryimage\"},\"thumbnailUrl\":\"https:\\\/\\\/letrame.com\\\/catalogo\\\/wp-content\\\/uploads\\\/2024\\\/04\\\/portada_renata_996mm-compressed-scaled-1.jpg\",\"datePublished\":\"2024-04-18T10:19:36+00:00\",\"dateModified\":\"2024-04-18T10:19:49+00:00\",\"breadcrumb\":{\"@id\":\"https:\\\/\\\/letrame.com\\\/catalogo\\\/producto\\\/renata-entre-backtunes\\\/#breadcrumb\"},\"inLanguage\":\"es\",\"potentialAction\":[{\"@type\":\"ReadAction\",\"target\":[\"https:\\\/\\\/letrame.com\\\/catalogo\\\/producto\\\/renata-entre-backtunes\\\/\"]}]},{\"@type\":\"ImageObject\",\"inLanguage\":\"es\",\"@id\":\"https:\\\/\\\/letrame.com\\\/catalogo\\\/producto\\\/renata-entre-backtunes\\\/#primaryimage\",\"url\":\"https:\\\/\\\/letrame.com\\\/catalogo\\\/wp-content\\\/uploads\\\/2024\\\/04\\\/portada_renata_996mm-compressed-scaled-1.jpg\",\"contentUrl\":\"https:\\\/\\\/letrame.com\\\/catalogo\\\/wp-content\\\/uploads\\\/2024\\\/04\\\/portada_renata_996mm-compressed-scaled-1.jpg\",\"width\":1749,\"height\":2560},{\"@type\":\"BreadcrumbList\",\"@id\":\"https:\\\/\\\/letrame.com\\\/catalogo\\\/producto\\\/renata-entre-backtunes\\\/#breadcrumb\",\"itemListElement\":[{\"@type\":\"ListItem\",\"position\":1,\"name\":\"Portada\",\"item\":\"https:\\\/\\\/letrame.com\\\/catalogo\\\/\"},{\"@type\":\"ListItem\",\"position\":2,\"name\":\"Cat\u00e1logo\",\"item\":\"https:\\\/\\\/letrame.com\\\/catalogo\\\/\"},{\"@type\":\"ListItem\",\"position\":3,\"name\":\"Renata entre Backtunes\"}]},{\"@type\":\"WebSite\",\"@id\":\"https:\\\/\\\/letrame.com\\\/catalogo\\\/#website\",\"url\":\"https:\\\/\\\/letrame.com\\\/catalogo\\\/\",\"name\":\"Catalogo | Letrame Grupo Editorial\",\"description\":\"\",\"publisher\":{\"@id\":\"https:\\\/\\\/letrame.com\\\/catalogo\\\/#organization\"},\"potentialAction\":[{\"@type\":\"SearchAction\",\"target\":{\"@type\":\"EntryPoint\",\"urlTemplate\":\"https:\\\/\\\/letrame.com\\\/catalogo\\\/?s={search_term_string}\"},\"query-input\":{\"@type\":\"PropertyValueSpecification\",\"valueRequired\":true,\"valueName\":\"search_term_string\"}}],\"inLanguage\":\"es\"},{\"@type\":\"Organization\",\"@id\":\"https:\\\/\\\/letrame.com\\\/catalogo\\\/#organization\",\"name\":\"Catalogo | Letrame Grupo Editorial\",\"url\":\"https:\\\/\\\/letrame.com\\\/catalogo\\\/\",\"logo\":{\"@type\":\"ImageObject\",\"inLanguage\":\"es\",\"@id\":\"https:\\\/\\\/letrame.com\\\/catalogo\\\/#\\\/schema\\\/logo\\\/image\\\/\",\"url\":\"https:\\\/\\\/letrame.com\\\/catalogo\\\/wp-content\\\/uploads\\\/2024\\\/03\\\/logo2.webp\",\"contentUrl\":\"https:\\\/\\\/letrame.com\\\/catalogo\\\/wp-content\\\/uploads\\\/2024\\\/03\\\/logo2.webp\",\"width\":394,\"height\":128,\"caption\":\"Catalogo | Letrame Grupo Editorial\"},\"image\":{\"@id\":\"https:\\\/\\\/letrame.com\\\/catalogo\\\/#\\\/schema\\\/logo\\\/image\\\/\"}}]}<\/script>\n<!-- \/ Yoast SEO plugin. -->","yoast_head_json":{"title":"Renata entre Backtunes - Catalogo | Letrame Grupo Editorial","robots":{"index":"index","follow":"follow","max-snippet":"max-snippet:-1","max-image-preview":"max-image-preview:large","max-video-preview":"max-video-preview:-1"},"canonical":"https:\/\/letrame.com\/catalogo\/producto\/renata-entre-backtunes\/","og_locale":"es_ES","og_type":"article","og_title":"Renata entre Backtunes - Catalogo | Letrame Grupo Editorial","og_description":"Las atentas lectoras y lectores encontrar\u00e1n en la novela Renata entre Backtunes, figuras sorprendentes salidas de ancestrales tradiciones culturales de Centroam\u00e9rica, figuras forjadas en la mitolog\u00eda, reavivadas por Silvia Gonz\u00e1lez Car\u00edas en un discurso narrativo ir\u00f3nico y certero. Gonz\u00e1lez Car\u00edas nos lleva de la mano por los territorios de una Pachamama generosa, en ella la vida es fant\u00e1stica y realista a la vez. Novela escrita en una sociedad jerarquizada en la que impera el tradicional orden patriarcal, en una \u00e9poca en la cual las ciencias nos permiten entender que el mundo real est\u00e1 organizado de tal forma que se vuelve diferente y distante de un mundo posible, empero, gracias a la cosmogon\u00eda contra-factual en esta novela se nos devela un mundo en el que lo que no es, deber\u00eda ser.","og_url":"https:\/\/letrame.com\/catalogo\/producto\/renata-entre-backtunes\/","og_site_name":"Catalogo | Letrame Grupo Editorial","article_modified_time":"2024-04-18T10:19:49+00:00","og_image":[{"width":1749,"height":2560,"url":"https:\/\/letrame.com\/catalogo\/wp-content\/uploads\/2024\/04\/portada_renata_996mm-compressed-scaled-1.jpg","type":"image\/jpeg"}],"twitter_card":"summary_large_image","schema":{"@context":"https:\/\/schema.org","@graph":[{"@type":"WebPage","@id":"https:\/\/letrame.com\/catalogo\/producto\/renata-entre-backtunes\/","url":"https:\/\/letrame.com\/catalogo\/producto\/renata-entre-backtunes\/","name":"Renata entre Backtunes - Catalogo | Letrame Grupo Editorial","isPartOf":{"@id":"https:\/\/letrame.com\/catalogo\/#website"},"primaryImageOfPage":{"@id":"https:\/\/letrame.com\/catalogo\/producto\/renata-entre-backtunes\/#primaryimage"},"image":{"@id":"https:\/\/letrame.com\/catalogo\/producto\/renata-entre-backtunes\/#primaryimage"},"thumbnailUrl":"https:\/\/letrame.com\/catalogo\/wp-content\/uploads\/2024\/04\/portada_renata_996mm-compressed-scaled-1.jpg","datePublished":"2024-04-18T10:19:36+00:00","dateModified":"2024-04-18T10:19:49+00:00","breadcrumb":{"@id":"https:\/\/letrame.com\/catalogo\/producto\/renata-entre-backtunes\/#breadcrumb"},"inLanguage":"es","potentialAction":[{"@type":"ReadAction","target":["https:\/\/letrame.com\/catalogo\/producto\/renata-entre-backtunes\/"]}]},{"@type":"ImageObject","inLanguage":"es","@id":"https:\/\/letrame.com\/catalogo\/producto\/renata-entre-backtunes\/#primaryimage","url":"https:\/\/letrame.com\/catalogo\/wp-content\/uploads\/2024\/04\/portada_renata_996mm-compressed-scaled-1.jpg","contentUrl":"https:\/\/letrame.com\/catalogo\/wp-content\/uploads\/2024\/04\/portada_renata_996mm-compressed-scaled-1.jpg","width":1749,"height":2560},{"@type":"BreadcrumbList","@id":"https:\/\/letrame.com\/catalogo\/producto\/renata-entre-backtunes\/#breadcrumb","itemListElement":[{"@type":"ListItem","position":1,"name":"Portada","item":"https:\/\/letrame.com\/catalogo\/"},{"@type":"ListItem","position":2,"name":"Cat\u00e1logo","item":"https:\/\/letrame.com\/catalogo\/"},{"@type":"ListItem","position":3,"name":"Renata entre Backtunes"}]},{"@type":"WebSite","@id":"https:\/\/letrame.com\/catalogo\/#website","url":"https:\/\/letrame.com\/catalogo\/","name":"Catalogo | Letrame Grupo Editorial","description":"","publisher":{"@id":"https:\/\/letrame.com\/catalogo\/#organization"},"potentialAction":[{"@type":"SearchAction","target":{"@type":"EntryPoint","urlTemplate":"https:\/\/letrame.com\/catalogo\/?s={search_term_string}"},"query-input":{"@type":"PropertyValueSpecification","valueRequired":true,"valueName":"search_term_string"}}],"inLanguage":"es"},{"@type":"Organization","@id":"https:\/\/letrame.com\/catalogo\/#organization","name":"Catalogo | Letrame Grupo Editorial","url":"https:\/\/letrame.com\/catalogo\/","logo":{"@type":"ImageObject","inLanguage":"es","@id":"https:\/\/letrame.com\/catalogo\/#\/schema\/logo\/image\/","url":"https:\/\/letrame.com\/catalogo\/wp-content\/uploads\/2024\/03\/logo2.webp","contentUrl":"https:\/\/letrame.com\/catalogo\/wp-content\/uploads\/2024\/03\/logo2.webp","width":394,"height":128,"caption":"Catalogo | Letrame Grupo Editorial"},"image":{"@id":"https:\/\/letrame.com\/catalogo\/#\/schema\/logo\/image\/"}}]}},"_links":{"self":[{"href":"https:\/\/letrame.com\/catalogo\/wp-json\/wp\/v2\/product\/95224","targetHints":{"allow":["GET"]}}],"collection":[{"href":"https:\/\/letrame.com\/catalogo\/wp-json\/wp\/v2\/product"}],"about":[{"href":"https:\/\/letrame.com\/catalogo\/wp-json\/wp\/v2\/types\/product"}],"replies":[{"embeddable":true,"href":"https:\/\/letrame.com\/catalogo\/wp-json\/wp\/v2\/comments?post=95224"}],"wp:featuredmedia":[{"embeddable":true,"href":"https:\/\/letrame.com\/catalogo\/wp-json\/wp\/v2\/media\/95225"}],"wp:attachment":[{"href":"https:\/\/letrame.com\/catalogo\/wp-json\/wp\/v2\/media?parent=95224"}],"wp:term":[{"taxonomy":"libro","embeddable":true,"href":"https:\/\/letrame.com\/catalogo\/wp-json\/wp\/v2\/libro?post=95224"},{"taxonomy":"product_brand","embeddable":true,"href":"https:\/\/letrame.com\/catalogo\/wp-json\/wp\/v2\/product_brand?post=95224"},{"taxonomy":"product_cat","embeddable":true,"href":"https:\/\/letrame.com\/catalogo\/wp-json\/wp\/v2\/product_cat?post=95224"},{"taxonomy":"product_tag","embeddable":true,"href":"https:\/\/letrame.com\/catalogo\/wp-json\/wp\/v2\/product_tag?post=95224"}],"curies":[{"name":"wp","href":"https:\/\/api.w.org\/{rel}","templated":true}]}}