{"id":95196,"date":"2024-04-18T12:16:11","date_gmt":"2024-04-18T10:16:11","guid":{"rendered":"https:\/\/letrame.com\/catalogo\/producto\/pero-que-le-hace-la-musica-a-mi-cerebro\/"},"modified":"2024-04-18T12:16:22","modified_gmt":"2024-04-18T10:16:22","slug":"pero-que-le-hace-la-musica-a-mi-cerebro","status":"publish","type":"product","link":"https:\/\/letrame.com\/catalogo\/producto\/pero-que-le-hace-la-musica-a-mi-cerebro\/","title":{"rendered":"Pero, \u00bfqu\u00e9 le hace la m\u00fasica a mi cerebro?"},"content":{"rendered":"<p><strong>ISBN<\/strong>: 978-84-18186-24-0<br \/>\n<strong>T\u00edtulo<\/strong>: Pero, \u00bfqu\u00e9 le hace la m\u00fasica a mi cerebro?<br \/>\n<strong>Fecha<\/strong>: 2020<br \/>\n<strong>P\u00e1ginas<\/strong>: 178<\/p>\n<p>&nbsp;<\/p>\n<p><strong>SINOPSIS<\/strong><\/p>\n<section>\n<div class=\"about-this-book\">\n<div class=\"container\">\n<div class=\"right-detail shop-detail1 pull-right col-md-8 col-sm-8 col-xs-12\">\n<div id=\"editionnal-reviews\" class=\"book-desc-detail\"><span class=\"detail-desc box-detail-desc\">Publyedy fue la agencia en la que el autor tuvo su primer contacto con la publicidad. Fundada por su padre y t\u00edo, a finales de la d\u00e9cada de los 40, colabor\u00f3 en ella contratando inserciones publicitarias para los cines y medios (prensa y radio). Sin embargo, sus inquietudes profesionales siguieron posteriormente otros caminos asumiendo diversas responsabilidades directivas en la Corporaci\u00f3n de Radio y Televisi\u00f3n Espa\u00f1ola en Catalu\u00f1a, en la Generalitat de Catalunya y en el Consell de l&#8217;Audiovisual de Catalunya. Esta dilatada experiencia profesional ha sido acompa\u00f1ada por la docencia e investigaci\u00f3n en la Universidad Ram\u00f3n Llull y por su pasi\u00f3n por la m\u00fasica y la neurociencia. Esta obra explora c\u00f3mo la m\u00fasica puede afectar al potencial consumidor y los resultados que pueden aportar, con sus mediciones, las distintas t\u00e9cnicas de Neuromarketing, exponiendo ejemplos e investigaciones recientes. \u00bfEs realmente tan poderosa la m\u00fasica que puede llegar a influir en la decisi\u00f3n final de nuestra compra? Las evidencias as\u00ed parecen indicarlo. Pero, recuerda\u2026, t\u00fa tienes la \u00faltima palabra.<\/span><\/div>\n<div id=\"clear-scroll\" class=\"clearfix\"><\/div>\n<\/div>\n<\/div>\n<\/div>\n<\/section>\n<div class=\"feature-section feature-option2\">\n<div class=\"container\">\n<div class=\"related products\">\n<div class=\"title-box\"><\/div>\n<\/div>\n<\/div>\n<\/div>\n","protected":false},"excerpt":{"rendered":"<p><strong>ISBN: 978-84-18186-24-0<\/strong><\/p>\n<p>Publyedy fue la agencia en la que el autor tuvo su primer contacto con la publicidad. Fundada por su padre y t\u00edo, a finales de la d\u00e9cada de los 40, colabor\u00f3 en ella contratando inserciones publicitarias para los cines y medios (prensa y radio). Sin embargo, sus inquietudes profesionales siguieron posteriormente otros caminos asumiendo diversas responsabilidades directivas en la Corporaci\u00f3n de Radio y Televisi\u00f3n Espa\u00f1ola en Catalu\u00f1a, en la Generalitat de Catalunya y en el Consell de l&#8217;Audiovisual de Catalunya. Esta dilatada experiencia profesional ha sido acompa\u00f1ada por la docencia e investigaci\u00f3n en la Universidad Ram\u00f3n Llull y por su pasi\u00f3n por la m\u00fasica y la neurociencia.<\/p>\n<p>Esta obra explora c\u00f3mo la m\u00fasica puede afectar al potencial consumidor y los resultados que pueden aportar, con sus mediciones, las distintas t\u00e9cnicas de Neuromarketing, exponiendo ejemplos e investigaciones recientes. \u00bfEs realmente tan poderosa la m\u00fasica que puede llegar a influir en la decisi\u00f3n final de nuestra compra? Las evidencias as\u00ed parecen indicarlo. Pero, recuerda\u2026, t\u00fa tienes la \u00faltima palabra.<\/p>\n","protected":false},"featured_media":95197,"comment_status":"closed","ping_status":"open","template":"","meta":{"_acf_changed":false},"libro":[],"product_brand":[],"product_cat":[23],"product_tag":[],"class_list":{"0":"post-95196","1":"product","2":"type-product","3":"status-publish","4":"has-post-thumbnail","6":"product_cat-ensayos","8":"first","9":"instock","10":"purchasable","11":"product-type-simple"},"acf":{"autor":"","enlace_de_compra":"https:\/\/www.jordijauset.es\/producto\/pero-que-le-hace-la-musica-a-mi-cerebro\/"},"yoast_head":"<!-- This site is optimized with the Yoast SEO plugin v26.6 - https:\/\/yoast.com\/wordpress\/plugins\/seo\/ -->\n<title>Pero, \u00bfqu\u00e9 le hace la m\u00fasica a mi cerebro? - Catalogo | Letrame Grupo Editorial<\/title>\n<meta name=\"robots\" content=\"index, follow, max-snippet:-1, max-image-preview:large, max-video-preview:-1\" \/>\n<link rel=\"canonical\" href=\"https:\/\/letrame.com\/catalogo\/producto\/pero-que-le-hace-la-musica-a-mi-cerebro\/\" \/>\n<meta property=\"og:locale\" content=\"es_ES\" \/>\n<meta property=\"og:type\" content=\"article\" \/>\n<meta property=\"og:title\" content=\"Pero, \u00bfqu\u00e9 le hace la m\u00fasica a mi cerebro? - Catalogo | Letrame Grupo Editorial\" \/>\n<meta property=\"og:description\" content=\"ISBN: 978-84-18186-24-0 Publyedy fue la agencia en la que el autor tuvo su primer contacto con la publicidad. Fundada por su padre y t\u00edo, a finales de la d\u00e9cada de los 40, colabor\u00f3 en ella contratando inserciones publicitarias para los cines y medios (prensa y radio). Sin embargo, sus inquietudes profesionales siguieron posteriormente otros caminos asumiendo diversas responsabilidades directivas en la Corporaci\u00f3n de Radio y Televisi\u00f3n Espa\u00f1ola en Catalu\u00f1a, en la Generalitat de Catalunya y en el Consell de l&#039;Audiovisual de Catalunya. Esta dilatada experiencia profesional ha sido acompa\u00f1ada por la docencia e investigaci\u00f3n en la Universidad Ram\u00f3n Llull y por su pasi\u00f3n por la m\u00fasica y la neurociencia. Esta obra explora c\u00f3mo la m\u00fasica puede afectar al potencial consumidor y los resultados que pueden aportar, con sus mediciones, las distintas t\u00e9cnicas de Neuromarketing, exponiendo ejemplos e investigaciones recientes. \u00bfEs realmente tan poderosa la m\u00fasica que puede llegar a influir en la decisi\u00f3n final de nuestra compra? Las evidencias as\u00ed parecen indicarlo. Pero, recuerda\u2026, t\u00fa tienes la \u00faltima palabra.\" \/>\n<meta property=\"og:url\" content=\"https:\/\/letrame.com\/catalogo\/producto\/pero-que-le-hace-la-musica-a-mi-cerebro\/\" \/>\n<meta property=\"og:site_name\" content=\"Catalogo | Letrame Grupo Editorial\" \/>\n<meta property=\"article:modified_time\" content=\"2024-04-18T10:16:22+00:00\" \/>\n<meta property=\"og:image\" content=\"https:\/\/letrame.com\/catalogo\/wp-content\/uploads\/2024\/04\/portada_Pero-compressed-2-scaled-1.jpg\" \/>\n\t<meta property=\"og:image:width\" content=\"1746\" \/>\n\t<meta property=\"og:image:height\" content=\"2560\" \/>\n\t<meta property=\"og:image:type\" content=\"image\/jpeg\" \/>\n<meta name=\"twitter:card\" content=\"summary_large_image\" \/>\n<meta name=\"twitter:label1\" content=\"Tiempo de lectura\" \/>\n\t<meta name=\"twitter:data1\" content=\"1 minuto\" \/>\n<script type=\"application\/ld+json\" class=\"yoast-schema-graph\">{\"@context\":\"https:\/\/schema.org\",\"@graph\":[{\"@type\":\"WebPage\",\"@id\":\"https:\/\/letrame.com\/catalogo\/producto\/pero-que-le-hace-la-musica-a-mi-cerebro\/\",\"url\":\"https:\/\/letrame.com\/catalogo\/producto\/pero-que-le-hace-la-musica-a-mi-cerebro\/\",\"name\":\"Pero, \u00bfqu\u00e9 le hace la m\u00fasica a mi cerebro? - Catalogo | Letrame Grupo Editorial\",\"isPartOf\":{\"@id\":\"https:\/\/letrame.com\/catalogo\/#website\"},\"primaryImageOfPage\":{\"@id\":\"https:\/\/letrame.com\/catalogo\/producto\/pero-que-le-hace-la-musica-a-mi-cerebro\/#primaryimage\"},\"image\":{\"@id\":\"https:\/\/letrame.com\/catalogo\/producto\/pero-que-le-hace-la-musica-a-mi-cerebro\/#primaryimage\"},\"thumbnailUrl\":\"https:\/\/letrame.com\/catalogo\/wp-content\/uploads\/2024\/04\/portada_Pero-compressed-2-scaled-1.jpg\",\"datePublished\":\"2024-04-18T10:16:11+00:00\",\"dateModified\":\"2024-04-18T10:16:22+00:00\",\"breadcrumb\":{\"@id\":\"https:\/\/letrame.com\/catalogo\/producto\/pero-que-le-hace-la-musica-a-mi-cerebro\/#breadcrumb\"},\"inLanguage\":\"es\",\"potentialAction\":[{\"@type\":\"ReadAction\",\"target\":[\"https:\/\/letrame.com\/catalogo\/producto\/pero-que-le-hace-la-musica-a-mi-cerebro\/\"]}]},{\"@type\":\"ImageObject\",\"inLanguage\":\"es\",\"@id\":\"https:\/\/letrame.com\/catalogo\/producto\/pero-que-le-hace-la-musica-a-mi-cerebro\/#primaryimage\",\"url\":\"https:\/\/letrame.com\/catalogo\/wp-content\/uploads\/2024\/04\/portada_Pero-compressed-2-scaled-1.jpg\",\"contentUrl\":\"https:\/\/letrame.com\/catalogo\/wp-content\/uploads\/2024\/04\/portada_Pero-compressed-2-scaled-1.jpg\",\"width\":1746,\"height\":2560},{\"@type\":\"BreadcrumbList\",\"@id\":\"https:\/\/letrame.com\/catalogo\/producto\/pero-que-le-hace-la-musica-a-mi-cerebro\/#breadcrumb\",\"itemListElement\":[{\"@type\":\"ListItem\",\"position\":1,\"name\":\"Portada\",\"item\":\"https:\/\/letrame.com\/catalogo\/\"},{\"@type\":\"ListItem\",\"position\":2,\"name\":\"Cat\u00e1logo\",\"item\":\"https:\/\/letrame.com\/catalogo\/\"},{\"@type\":\"ListItem\",\"position\":3,\"name\":\"Pero, \u00bfqu\u00e9 le hace la m\u00fasica a mi cerebro?\"}]},{\"@type\":\"WebSite\",\"@id\":\"https:\/\/letrame.com\/catalogo\/#website\",\"url\":\"https:\/\/letrame.com\/catalogo\/\",\"name\":\"Catalogo | Letrame Grupo Editorial\",\"description\":\"\",\"publisher\":{\"@id\":\"https:\/\/letrame.com\/catalogo\/#organization\"},\"potentialAction\":[{\"@type\":\"SearchAction\",\"target\":{\"@type\":\"EntryPoint\",\"urlTemplate\":\"https:\/\/letrame.com\/catalogo\/?s={search_term_string}\"},\"query-input\":{\"@type\":\"PropertyValueSpecification\",\"valueRequired\":true,\"valueName\":\"search_term_string\"}}],\"inLanguage\":\"es\"},{\"@type\":\"Organization\",\"@id\":\"https:\/\/letrame.com\/catalogo\/#organization\",\"name\":\"Catalogo | Letrame Grupo Editorial\",\"url\":\"https:\/\/letrame.com\/catalogo\/\",\"logo\":{\"@type\":\"ImageObject\",\"inLanguage\":\"es\",\"@id\":\"https:\/\/letrame.com\/catalogo\/#\/schema\/logo\/image\/\",\"url\":\"https:\/\/letrame.com\/catalogo\/wp-content\/uploads\/2024\/03\/logo2.webp\",\"contentUrl\":\"https:\/\/letrame.com\/catalogo\/wp-content\/uploads\/2024\/03\/logo2.webp\",\"width\":394,\"height\":128,\"caption\":\"Catalogo | Letrame Grupo Editorial\"},\"image\":{\"@id\":\"https:\/\/letrame.com\/catalogo\/#\/schema\/logo\/image\/\"}}]}<\/script>\n<!-- \/ Yoast SEO plugin. -->","yoast_head_json":{"title":"Pero, \u00bfqu\u00e9 le hace la m\u00fasica a mi cerebro? - Catalogo | Letrame Grupo Editorial","robots":{"index":"index","follow":"follow","max-snippet":"max-snippet:-1","max-image-preview":"max-image-preview:large","max-video-preview":"max-video-preview:-1"},"canonical":"https:\/\/letrame.com\/catalogo\/producto\/pero-que-le-hace-la-musica-a-mi-cerebro\/","og_locale":"es_ES","og_type":"article","og_title":"Pero, \u00bfqu\u00e9 le hace la m\u00fasica a mi cerebro? - Catalogo | Letrame Grupo Editorial","og_description":"ISBN: 978-84-18186-24-0 Publyedy fue la agencia en la que el autor tuvo su primer contacto con la publicidad. Fundada por su padre y t\u00edo, a finales de la d\u00e9cada de los 40, colabor\u00f3 en ella contratando inserciones publicitarias para los cines y medios (prensa y radio). Sin embargo, sus inquietudes profesionales siguieron posteriormente otros caminos asumiendo diversas responsabilidades directivas en la Corporaci\u00f3n de Radio y Televisi\u00f3n Espa\u00f1ola en Catalu\u00f1a, en la Generalitat de Catalunya y en el Consell de l'Audiovisual de Catalunya. Esta dilatada experiencia profesional ha sido acompa\u00f1ada por la docencia e investigaci\u00f3n en la Universidad Ram\u00f3n Llull y por su pasi\u00f3n por la m\u00fasica y la neurociencia. Esta obra explora c\u00f3mo la m\u00fasica puede afectar al potencial consumidor y los resultados que pueden aportar, con sus mediciones, las distintas t\u00e9cnicas de Neuromarketing, exponiendo ejemplos e investigaciones recientes. \u00bfEs realmente tan poderosa la m\u00fasica que puede llegar a influir en la decisi\u00f3n final de nuestra compra? Las evidencias as\u00ed parecen indicarlo. Pero, recuerda\u2026, t\u00fa tienes la \u00faltima palabra.","og_url":"https:\/\/letrame.com\/catalogo\/producto\/pero-que-le-hace-la-musica-a-mi-cerebro\/","og_site_name":"Catalogo | Letrame Grupo Editorial","article_modified_time":"2024-04-18T10:16:22+00:00","og_image":[{"width":1746,"height":2560,"url":"https:\/\/letrame.com\/catalogo\/wp-content\/uploads\/2024\/04\/portada_Pero-compressed-2-scaled-1.jpg","type":"image\/jpeg"}],"twitter_card":"summary_large_image","twitter_misc":{"Tiempo de lectura":"1 minuto"},"schema":{"@context":"https:\/\/schema.org","@graph":[{"@type":"WebPage","@id":"https:\/\/letrame.com\/catalogo\/producto\/pero-que-le-hace-la-musica-a-mi-cerebro\/","url":"https:\/\/letrame.com\/catalogo\/producto\/pero-que-le-hace-la-musica-a-mi-cerebro\/","name":"Pero, \u00bfqu\u00e9 le hace la m\u00fasica a mi cerebro? - Catalogo | Letrame Grupo Editorial","isPartOf":{"@id":"https:\/\/letrame.com\/catalogo\/#website"},"primaryImageOfPage":{"@id":"https:\/\/letrame.com\/catalogo\/producto\/pero-que-le-hace-la-musica-a-mi-cerebro\/#primaryimage"},"image":{"@id":"https:\/\/letrame.com\/catalogo\/producto\/pero-que-le-hace-la-musica-a-mi-cerebro\/#primaryimage"},"thumbnailUrl":"https:\/\/letrame.com\/catalogo\/wp-content\/uploads\/2024\/04\/portada_Pero-compressed-2-scaled-1.jpg","datePublished":"2024-04-18T10:16:11+00:00","dateModified":"2024-04-18T10:16:22+00:00","breadcrumb":{"@id":"https:\/\/letrame.com\/catalogo\/producto\/pero-que-le-hace-la-musica-a-mi-cerebro\/#breadcrumb"},"inLanguage":"es","potentialAction":[{"@type":"ReadAction","target":["https:\/\/letrame.com\/catalogo\/producto\/pero-que-le-hace-la-musica-a-mi-cerebro\/"]}]},{"@type":"ImageObject","inLanguage":"es","@id":"https:\/\/letrame.com\/catalogo\/producto\/pero-que-le-hace-la-musica-a-mi-cerebro\/#primaryimage","url":"https:\/\/letrame.com\/catalogo\/wp-content\/uploads\/2024\/04\/portada_Pero-compressed-2-scaled-1.jpg","contentUrl":"https:\/\/letrame.com\/catalogo\/wp-content\/uploads\/2024\/04\/portada_Pero-compressed-2-scaled-1.jpg","width":1746,"height":2560},{"@type":"BreadcrumbList","@id":"https:\/\/letrame.com\/catalogo\/producto\/pero-que-le-hace-la-musica-a-mi-cerebro\/#breadcrumb","itemListElement":[{"@type":"ListItem","position":1,"name":"Portada","item":"https:\/\/letrame.com\/catalogo\/"},{"@type":"ListItem","position":2,"name":"Cat\u00e1logo","item":"https:\/\/letrame.com\/catalogo\/"},{"@type":"ListItem","position":3,"name":"Pero, \u00bfqu\u00e9 le hace la m\u00fasica a mi cerebro?"}]},{"@type":"WebSite","@id":"https:\/\/letrame.com\/catalogo\/#website","url":"https:\/\/letrame.com\/catalogo\/","name":"Catalogo | Letrame Grupo Editorial","description":"","publisher":{"@id":"https:\/\/letrame.com\/catalogo\/#organization"},"potentialAction":[{"@type":"SearchAction","target":{"@type":"EntryPoint","urlTemplate":"https:\/\/letrame.com\/catalogo\/?s={search_term_string}"},"query-input":{"@type":"PropertyValueSpecification","valueRequired":true,"valueName":"search_term_string"}}],"inLanguage":"es"},{"@type":"Organization","@id":"https:\/\/letrame.com\/catalogo\/#organization","name":"Catalogo | Letrame Grupo Editorial","url":"https:\/\/letrame.com\/catalogo\/","logo":{"@type":"ImageObject","inLanguage":"es","@id":"https:\/\/letrame.com\/catalogo\/#\/schema\/logo\/image\/","url":"https:\/\/letrame.com\/catalogo\/wp-content\/uploads\/2024\/03\/logo2.webp","contentUrl":"https:\/\/letrame.com\/catalogo\/wp-content\/uploads\/2024\/03\/logo2.webp","width":394,"height":128,"caption":"Catalogo | Letrame Grupo Editorial"},"image":{"@id":"https:\/\/letrame.com\/catalogo\/#\/schema\/logo\/image\/"}}]}},"_links":{"self":[{"href":"https:\/\/letrame.com\/catalogo\/wp-json\/wp\/v2\/product\/95196","targetHints":{"allow":["GET"]}}],"collection":[{"href":"https:\/\/letrame.com\/catalogo\/wp-json\/wp\/v2\/product"}],"about":[{"href":"https:\/\/letrame.com\/catalogo\/wp-json\/wp\/v2\/types\/product"}],"replies":[{"embeddable":true,"href":"https:\/\/letrame.com\/catalogo\/wp-json\/wp\/v2\/comments?post=95196"}],"wp:featuredmedia":[{"embeddable":true,"href":"https:\/\/letrame.com\/catalogo\/wp-json\/wp\/v2\/media\/95197"}],"wp:attachment":[{"href":"https:\/\/letrame.com\/catalogo\/wp-json\/wp\/v2\/media?parent=95196"}],"wp:term":[{"taxonomy":"libro","embeddable":true,"href":"https:\/\/letrame.com\/catalogo\/wp-json\/wp\/v2\/libro?post=95196"},{"taxonomy":"product_brand","embeddable":true,"href":"https:\/\/letrame.com\/catalogo\/wp-json\/wp\/v2\/product_brand?post=95196"},{"taxonomy":"product_cat","embeddable":true,"href":"https:\/\/letrame.com\/catalogo\/wp-json\/wp\/v2\/product_cat?post=95196"},{"taxonomy":"product_tag","embeddable":true,"href":"https:\/\/letrame.com\/catalogo\/wp-json\/wp\/v2\/product_tag?post=95196"}],"curies":[{"name":"wp","href":"https:\/\/api.w.org\/{rel}","templated":true}]}}