{"id":95164,"date":"2024-04-18T12:11:39","date_gmt":"2024-04-18T10:11:39","guid":{"rendered":"https:\/\/letrame.com\/catalogo\/producto\/zamora-y-el-motin-de-la-trucha\/"},"modified":"2024-04-18T12:11:53","modified_gmt":"2024-04-18T10:11:53","slug":"zamora-y-el-motin-de-la-trucha","status":"publish","type":"product","link":"https:\/\/letrame.com\/catalogo\/producto\/zamora-y-el-motin-de-la-trucha\/","title":{"rendered":"Zamora y el mot\u00edn de la trucha"},"content":{"rendered":"<p><strong>ISBN<\/strong>: 978-84-18064-57-9<br \/>\n<strong>T\u00edtulo<\/strong>: Zamora y el mot\u00edn de la trucha<br \/>\n<strong>Fecha<\/strong>: 2019<br \/>\n<strong>P\u00e1ginas<\/strong>: 582<\/p>\n<p>&nbsp;<\/p>\n<p><strong>SINOPSIS<\/strong><\/p>\n<section>\n<div class=\"about-this-book\">\n<div class=\"container\">\n<div class=\"right-detail shop-detail1 pull-right col-md-8 col-sm-8 col-xs-12\">\n<div id=\"editionnal-reviews\" class=\"book-desc-detail\"><span class=\"detail-desc box-detail-desc\">Baltasar, un joven pastor sayagu\u00e9s, es reclutado por el de\u00e1n del cabildo catedralicio de Zamora. Formar\u00e1 parte de la escuela de traductores y escritores que el obispado ha fundado en el Monasterio de Santo Tom\u00e9. Antes de salir de su pueblo, su abuelo le cuenta la historia de su paisano Viriato y, m\u00e1s tarde, amparado bajo el manto protector de la Iglesia, el joven investiga los hechos acaecidos durante el reinado de do\u00f1a Urraca que dieron lugar al romancero. Tambi\u00e9n conoce otros sucesos hist\u00f3ricos importantes que afamaron la ciudad en su lucha contra los invasores africanos ganando los sobrenombres de \u00abla bien cercada\u00bb y \u00abno se gan\u00f3 Zamora en una hora\u00bb. En ellos el caballero Pero Mato y el obispo Atilano pasaron a formar parte de la leyenda. La acci\u00f3n transcurre entre 1126, a\u00f1o en que fue entronizado Alfonso VII como emperador de Le\u00f3n y el 1174, a\u00f1o de la inauguraci\u00f3n de la catedral. En este periodo Zamora conoce su mayor prosperidad econ\u00f3mica, comercial y militar. El protagonista de esta novela forma parte de las huestes del emperador en la conquista de muchas ciudades al sur como Calatrava, C\u00f3rdoba y, la m\u00e1s significativa, Almer\u00eda. Y all\u00ed logra su m\u00e1xima grandeza pero tambi\u00e9n el inicio de su declive. La nueva invasi\u00f3n africana de los almohades, con su radicalismo, pone orden en los reinos de taifas y recupera muchas de las ciudades. Almer\u00eda no puede defenderse y Alfonso muere durante su retirada y regreso al coraz\u00f3n de su reino. Las derrotas militares provocan una depresi\u00f3n econ\u00f3mica en Zamora que genera descontento. Los nobles (que eran for\u00e1neos pues proced\u00edan de tierras catalanas y vascas) tratan de compensar los ingresos perdidos con aumentos de los impuestos, lo que les enfrenta a los artesanos y la Iglesia. Esto provoca una fuerte revuelta popular conocida como \u00abEl Mot\u00edn de la Trucha\u00bb que acaba con la mayor\u00eda de los poderosos abrasados en la iglesia de Santa Mar\u00eda. Ante el temor del castigo real, los zamoranos abandonan la ciudad con la intenci\u00f3n de refugiarse en el cercano Portugal que estaba afirmando su identidad y sus fronteras. Al tiempo piden perd\u00f3n al rey, Fernando II, quien se lo concede y los zamoranos vuelven a sus casas. Con su interesada clemencia el rey evita que esta importante parte de su reino pase a formar parte de otra corona. Todos estos acontecimientos son vividos por nuestro protagonista y culminan con su participaci\u00f3n en la construcci\u00f3n y consagraci\u00f3n de la magn\u00edfica catedral que hoy es ejemplo del arte rom\u00e1nico-bizantino en nuestro pa\u00eds.<\/span><\/div>\n<div id=\"clear-scroll\" class=\"clearfix\"><\/div>\n<\/div>\n<\/div>\n<\/div>\n<\/section>\n<div class=\"feature-section feature-option2\">\n<div class=\"container\">\n<div class=\"related products\">\n<div class=\"title-box\"><\/div>\n<\/div>\n<\/div>\n<\/div>\n","protected":false},"excerpt":{"rendered":"<p><strong>ISBN: 978-84-18064-57-9<\/strong><\/p>\n<p>Baltasar, un joven pastor sayagu\u00e9s, es reclutado por el de\u00e1n del cabildo catedralicio de Zamora. Formar\u00e1 parte de la escuela de traductores y escritores que el obispado ha fundado en el Monasterio de Santo Tom\u00e9.<\/p>\n<p>Antes de salir de su pueblo, su abuelo le cuenta la historia de su paisano Viriato y, m\u00e1s tarde, amparado bajo el manto protector de la Iglesia, el joven investiga los hechos acaecidos durante el reinado de do\u00f1a Urraca que dieron lugar al romancero. Tambi\u00e9n conoce otros sucesos hist\u00f3ricos importantes que afamaron la ciudad en su lucha contra los invasores africanos ganando los sobrenombres de \u00abla bien cercada\u00bb y \u00abno se gan\u00f3 Zamora en una hora\u00bb. En ellos el caballero Pero Mato y el obispo Atilano pasaron a formar parte de la leyenda.<\/p>\n","protected":false},"featured_media":95165,"comment_status":"closed","ping_status":"open","template":"","meta":{"_acf_changed":false},"libro":[],"product_brand":[],"product_cat":[16],"product_tag":[],"class_list":{"0":"post-95164","1":"product","2":"type-product","3":"status-publish","4":"has-post-thumbnail","6":"product_cat-novela","8":"first","9":"instock","10":"purchasable","11":"product-type-simple"},"acf":{"autor":[73975],"enlace_de_compra":"https:\/\/www.amazon.es\/Zamora-mot%C3%ADn-trucha-Fern%C3%A1ndez-Conquero\/dp\/8418064579"},"yoast_head":"<!-- This site is optimized with the Yoast SEO plugin v27.4 - https:\/\/yoast.com\/product\/yoast-seo-wordpress\/ -->\n<title>Zamora y el mot\u00edn de la trucha - Catalogo | Letrame Grupo Editorial<\/title>\n<meta name=\"robots\" content=\"index, follow, max-snippet:-1, max-image-preview:large, max-video-preview:-1\" \/>\n<link rel=\"canonical\" href=\"https:\/\/letrame.com\/catalogo\/producto\/zamora-y-el-motin-de-la-trucha\/\" \/>\n<meta property=\"og:locale\" content=\"es_ES\" \/>\n<meta property=\"og:type\" content=\"article\" \/>\n<meta property=\"og:title\" content=\"Zamora y el mot\u00edn de la trucha - Catalogo | Letrame Grupo Editorial\" \/>\n<meta property=\"og:description\" content=\"ISBN: 978-84-18064-57-9 Baltasar, un joven pastor sayagu\u00e9s, es reclutado por el de\u00e1n del cabildo catedralicio de Zamora. Formar\u00e1 parte de la escuela de traductores y escritores que el obispado ha fundado en el Monasterio de Santo Tom\u00e9. Antes de salir de su pueblo, su abuelo le cuenta la historia de su paisano Viriato y, m\u00e1s tarde, amparado bajo el manto protector de la Iglesia, el joven investiga los hechos acaecidos durante el reinado de do\u00f1a Urraca que dieron lugar al romancero. Tambi\u00e9n conoce otros sucesos hist\u00f3ricos importantes que afamaron la ciudad en su lucha contra los invasores africanos ganando los sobrenombres de &quot;la bien cercada&quot; y &quot;no se gan\u00f3 Zamora en una hora&quot;. En ellos el caballero Pero Mato y el obispo Atilano pasaron a formar parte de la leyenda.\" \/>\n<meta property=\"og:url\" content=\"https:\/\/letrame.com\/catalogo\/producto\/zamora-y-el-motin-de-la-trucha\/\" \/>\n<meta property=\"og:site_name\" content=\"Catalogo | Letrame Grupo Editorial\" \/>\n<meta property=\"article:modified_time\" content=\"2024-04-18T10:11:53+00:00\" \/>\n<meta property=\"og:image\" content=\"https:\/\/letrame.com\/catalogo\/wp-content\/uploads\/2024\/04\/portad_zamora_3134mm-compressed-1-scaled-1.jpg\" \/>\n\t<meta property=\"og:image:width\" content=\"1813\" \/>\n\t<meta property=\"og:image:height\" content=\"2560\" \/>\n\t<meta property=\"og:image:type\" content=\"image\/jpeg\" \/>\n<meta name=\"twitter:card\" content=\"summary_large_image\" \/>\n<meta name=\"twitter:label1\" content=\"Tiempo de lectura\" \/>\n\t<meta name=\"twitter:data1\" content=\"2 minutos\" \/>\n<script type=\"application\/ld+json\" class=\"yoast-schema-graph\">{\"@context\":\"https:\\\/\\\/schema.org\",\"@graph\":[{\"@type\":\"WebPage\",\"@id\":\"https:\\\/\\\/letrame.com\\\/catalogo\\\/producto\\\/zamora-y-el-motin-de-la-trucha\\\/\",\"url\":\"https:\\\/\\\/letrame.com\\\/catalogo\\\/producto\\\/zamora-y-el-motin-de-la-trucha\\\/\",\"name\":\"Zamora y el mot\u00edn de la trucha - Catalogo | Letrame Grupo Editorial\",\"isPartOf\":{\"@id\":\"https:\\\/\\\/letrame.com\\\/catalogo\\\/#website\"},\"primaryImageOfPage\":{\"@id\":\"https:\\\/\\\/letrame.com\\\/catalogo\\\/producto\\\/zamora-y-el-motin-de-la-trucha\\\/#primaryimage\"},\"image\":{\"@id\":\"https:\\\/\\\/letrame.com\\\/catalogo\\\/producto\\\/zamora-y-el-motin-de-la-trucha\\\/#primaryimage\"},\"thumbnailUrl\":\"https:\\\/\\\/letrame.com\\\/catalogo\\\/wp-content\\\/uploads\\\/2024\\\/04\\\/portad_zamora_3134mm-compressed-1-scaled-1.jpg\",\"datePublished\":\"2024-04-18T10:11:39+00:00\",\"dateModified\":\"2024-04-18T10:11:53+00:00\",\"breadcrumb\":{\"@id\":\"https:\\\/\\\/letrame.com\\\/catalogo\\\/producto\\\/zamora-y-el-motin-de-la-trucha\\\/#breadcrumb\"},\"inLanguage\":\"es\",\"potentialAction\":[{\"@type\":\"ReadAction\",\"target\":[\"https:\\\/\\\/letrame.com\\\/catalogo\\\/producto\\\/zamora-y-el-motin-de-la-trucha\\\/\"]}]},{\"@type\":\"ImageObject\",\"inLanguage\":\"es\",\"@id\":\"https:\\\/\\\/letrame.com\\\/catalogo\\\/producto\\\/zamora-y-el-motin-de-la-trucha\\\/#primaryimage\",\"url\":\"https:\\\/\\\/letrame.com\\\/catalogo\\\/wp-content\\\/uploads\\\/2024\\\/04\\\/portad_zamora_3134mm-compressed-1-scaled-1.jpg\",\"contentUrl\":\"https:\\\/\\\/letrame.com\\\/catalogo\\\/wp-content\\\/uploads\\\/2024\\\/04\\\/portad_zamora_3134mm-compressed-1-scaled-1.jpg\",\"width\":1813,\"height\":2560},{\"@type\":\"BreadcrumbList\",\"@id\":\"https:\\\/\\\/letrame.com\\\/catalogo\\\/producto\\\/zamora-y-el-motin-de-la-trucha\\\/#breadcrumb\",\"itemListElement\":[{\"@type\":\"ListItem\",\"position\":1,\"name\":\"Portada\",\"item\":\"https:\\\/\\\/letrame.com\\\/catalogo\\\/\"},{\"@type\":\"ListItem\",\"position\":2,\"name\":\"Cat\u00e1logo\",\"item\":\"https:\\\/\\\/letrame.com\\\/catalogo\\\/\"},{\"@type\":\"ListItem\",\"position\":3,\"name\":\"Zamora y el mot\u00edn de la trucha\"}]},{\"@type\":\"WebSite\",\"@id\":\"https:\\\/\\\/letrame.com\\\/catalogo\\\/#website\",\"url\":\"https:\\\/\\\/letrame.com\\\/catalogo\\\/\",\"name\":\"Catalogo | Letrame Grupo Editorial\",\"description\":\"\",\"publisher\":{\"@id\":\"https:\\\/\\\/letrame.com\\\/catalogo\\\/#organization\"},\"potentialAction\":[{\"@type\":\"SearchAction\",\"target\":{\"@type\":\"EntryPoint\",\"urlTemplate\":\"https:\\\/\\\/letrame.com\\\/catalogo\\\/?s={search_term_string}\"},\"query-input\":{\"@type\":\"PropertyValueSpecification\",\"valueRequired\":true,\"valueName\":\"search_term_string\"}}],\"inLanguage\":\"es\"},{\"@type\":\"Organization\",\"@id\":\"https:\\\/\\\/letrame.com\\\/catalogo\\\/#organization\",\"name\":\"Catalogo | Letrame Grupo Editorial\",\"url\":\"https:\\\/\\\/letrame.com\\\/catalogo\\\/\",\"logo\":{\"@type\":\"ImageObject\",\"inLanguage\":\"es\",\"@id\":\"https:\\\/\\\/letrame.com\\\/catalogo\\\/#\\\/schema\\\/logo\\\/image\\\/\",\"url\":\"https:\\\/\\\/letrame.com\\\/catalogo\\\/wp-content\\\/uploads\\\/2024\\\/03\\\/logo2.webp\",\"contentUrl\":\"https:\\\/\\\/letrame.com\\\/catalogo\\\/wp-content\\\/uploads\\\/2024\\\/03\\\/logo2.webp\",\"width\":394,\"height\":128,\"caption\":\"Catalogo | Letrame Grupo Editorial\"},\"image\":{\"@id\":\"https:\\\/\\\/letrame.com\\\/catalogo\\\/#\\\/schema\\\/logo\\\/image\\\/\"}}]}<\/script>\n<!-- \/ Yoast SEO plugin. -->","yoast_head_json":{"title":"Zamora y el mot\u00edn de la trucha - Catalogo | Letrame Grupo Editorial","robots":{"index":"index","follow":"follow","max-snippet":"max-snippet:-1","max-image-preview":"max-image-preview:large","max-video-preview":"max-video-preview:-1"},"canonical":"https:\/\/letrame.com\/catalogo\/producto\/zamora-y-el-motin-de-la-trucha\/","og_locale":"es_ES","og_type":"article","og_title":"Zamora y el mot\u00edn de la trucha - Catalogo | Letrame Grupo Editorial","og_description":"ISBN: 978-84-18064-57-9 Baltasar, un joven pastor sayagu\u00e9s, es reclutado por el de\u00e1n del cabildo catedralicio de Zamora. Formar\u00e1 parte de la escuela de traductores y escritores que el obispado ha fundado en el Monasterio de Santo Tom\u00e9. Antes de salir de su pueblo, su abuelo le cuenta la historia de su paisano Viriato y, m\u00e1s tarde, amparado bajo el manto protector de la Iglesia, el joven investiga los hechos acaecidos durante el reinado de do\u00f1a Urraca que dieron lugar al romancero. Tambi\u00e9n conoce otros sucesos hist\u00f3ricos importantes que afamaron la ciudad en su lucha contra los invasores africanos ganando los sobrenombres de \"la bien cercada\" y \"no se gan\u00f3 Zamora en una hora\". En ellos el caballero Pero Mato y el obispo Atilano pasaron a formar parte de la leyenda.","og_url":"https:\/\/letrame.com\/catalogo\/producto\/zamora-y-el-motin-de-la-trucha\/","og_site_name":"Catalogo | Letrame Grupo Editorial","article_modified_time":"2024-04-18T10:11:53+00:00","og_image":[{"width":1813,"height":2560,"url":"https:\/\/letrame.com\/catalogo\/wp-content\/uploads\/2024\/04\/portad_zamora_3134mm-compressed-1-scaled-1.jpg","type":"image\/jpeg"}],"twitter_card":"summary_large_image","twitter_misc":{"Tiempo de lectura":"2 minutos"},"schema":{"@context":"https:\/\/schema.org","@graph":[{"@type":"WebPage","@id":"https:\/\/letrame.com\/catalogo\/producto\/zamora-y-el-motin-de-la-trucha\/","url":"https:\/\/letrame.com\/catalogo\/producto\/zamora-y-el-motin-de-la-trucha\/","name":"Zamora y el mot\u00edn de la trucha - Catalogo | Letrame Grupo Editorial","isPartOf":{"@id":"https:\/\/letrame.com\/catalogo\/#website"},"primaryImageOfPage":{"@id":"https:\/\/letrame.com\/catalogo\/producto\/zamora-y-el-motin-de-la-trucha\/#primaryimage"},"image":{"@id":"https:\/\/letrame.com\/catalogo\/producto\/zamora-y-el-motin-de-la-trucha\/#primaryimage"},"thumbnailUrl":"https:\/\/letrame.com\/catalogo\/wp-content\/uploads\/2024\/04\/portad_zamora_3134mm-compressed-1-scaled-1.jpg","datePublished":"2024-04-18T10:11:39+00:00","dateModified":"2024-04-18T10:11:53+00:00","breadcrumb":{"@id":"https:\/\/letrame.com\/catalogo\/producto\/zamora-y-el-motin-de-la-trucha\/#breadcrumb"},"inLanguage":"es","potentialAction":[{"@type":"ReadAction","target":["https:\/\/letrame.com\/catalogo\/producto\/zamora-y-el-motin-de-la-trucha\/"]}]},{"@type":"ImageObject","inLanguage":"es","@id":"https:\/\/letrame.com\/catalogo\/producto\/zamora-y-el-motin-de-la-trucha\/#primaryimage","url":"https:\/\/letrame.com\/catalogo\/wp-content\/uploads\/2024\/04\/portad_zamora_3134mm-compressed-1-scaled-1.jpg","contentUrl":"https:\/\/letrame.com\/catalogo\/wp-content\/uploads\/2024\/04\/portad_zamora_3134mm-compressed-1-scaled-1.jpg","width":1813,"height":2560},{"@type":"BreadcrumbList","@id":"https:\/\/letrame.com\/catalogo\/producto\/zamora-y-el-motin-de-la-trucha\/#breadcrumb","itemListElement":[{"@type":"ListItem","position":1,"name":"Portada","item":"https:\/\/letrame.com\/catalogo\/"},{"@type":"ListItem","position":2,"name":"Cat\u00e1logo","item":"https:\/\/letrame.com\/catalogo\/"},{"@type":"ListItem","position":3,"name":"Zamora y el mot\u00edn de la trucha"}]},{"@type":"WebSite","@id":"https:\/\/letrame.com\/catalogo\/#website","url":"https:\/\/letrame.com\/catalogo\/","name":"Catalogo | Letrame Grupo Editorial","description":"","publisher":{"@id":"https:\/\/letrame.com\/catalogo\/#organization"},"potentialAction":[{"@type":"SearchAction","target":{"@type":"EntryPoint","urlTemplate":"https:\/\/letrame.com\/catalogo\/?s={search_term_string}"},"query-input":{"@type":"PropertyValueSpecification","valueRequired":true,"valueName":"search_term_string"}}],"inLanguage":"es"},{"@type":"Organization","@id":"https:\/\/letrame.com\/catalogo\/#organization","name":"Catalogo | Letrame Grupo Editorial","url":"https:\/\/letrame.com\/catalogo\/","logo":{"@type":"ImageObject","inLanguage":"es","@id":"https:\/\/letrame.com\/catalogo\/#\/schema\/logo\/image\/","url":"https:\/\/letrame.com\/catalogo\/wp-content\/uploads\/2024\/03\/logo2.webp","contentUrl":"https:\/\/letrame.com\/catalogo\/wp-content\/uploads\/2024\/03\/logo2.webp","width":394,"height":128,"caption":"Catalogo | Letrame Grupo Editorial"},"image":{"@id":"https:\/\/letrame.com\/catalogo\/#\/schema\/logo\/image\/"}}]}},"_links":{"self":[{"href":"https:\/\/letrame.com\/catalogo\/wp-json\/wp\/v2\/product\/95164","targetHints":{"allow":["GET"]}}],"collection":[{"href":"https:\/\/letrame.com\/catalogo\/wp-json\/wp\/v2\/product"}],"about":[{"href":"https:\/\/letrame.com\/catalogo\/wp-json\/wp\/v2\/types\/product"}],"replies":[{"embeddable":true,"href":"https:\/\/letrame.com\/catalogo\/wp-json\/wp\/v2\/comments?post=95164"}],"acf:post":[{"embeddable":true,"href":"https:\/\/letrame.com\/catalogo\/wp-json\/wp\/v2\/author_book\/73975"}],"wp:featuredmedia":[{"embeddable":true,"href":"https:\/\/letrame.com\/catalogo\/wp-json\/wp\/v2\/media\/95165"}],"wp:attachment":[{"href":"https:\/\/letrame.com\/catalogo\/wp-json\/wp\/v2\/media?parent=95164"}],"wp:term":[{"taxonomy":"libro","embeddable":true,"href":"https:\/\/letrame.com\/catalogo\/wp-json\/wp\/v2\/libro?post=95164"},{"taxonomy":"product_brand","embeddable":true,"href":"https:\/\/letrame.com\/catalogo\/wp-json\/wp\/v2\/product_brand?post=95164"},{"taxonomy":"product_cat","embeddable":true,"href":"https:\/\/letrame.com\/catalogo\/wp-json\/wp\/v2\/product_cat?post=95164"},{"taxonomy":"product_tag","embeddable":true,"href":"https:\/\/letrame.com\/catalogo\/wp-json\/wp\/v2\/product_tag?post=95164"}],"curies":[{"name":"wp","href":"https:\/\/api.w.org\/{rel}","templated":true}]}}