{"id":95144,"date":"2024-04-18T12:09:43","date_gmt":"2024-04-18T10:09:43","guid":{"rendered":"https:\/\/letrame.com\/catalogo\/producto\/klimaterio\/"},"modified":"2024-04-18T12:09:43","modified_gmt":"2024-04-18T10:09:43","slug":"klimaterio","status":"publish","type":"product","link":"https:\/\/letrame.com\/catalogo\/producto\/klimaterio\/","title":{"rendered":"Klimaterio"},"content":{"rendered":"<p><strong>ISBN<\/strong>: 978-84-18090-14-1<br \/>\n<strong>T\u00edtulo<\/strong>: Klimaterio. Historias de mujeres y hormonas<br \/>\n<strong>Fecha<\/strong>: 2019<br \/>\n<strong>P\u00e1ginas<\/strong>: 176<\/p>\n<p><strong>SINOPSIS<\/strong><\/p>\n<section>\n<div class=\"about-this-book\">\n<div class=\"container\">\n<div class=\"right-detail shop-detail1 pull-right col-md-8 col-sm-8 col-xs-12\">\n<div id=\"editionnal-reviews\" class=\"book-desc-detail\"><span class=\"detail-desc box-detail-desc\">La menopausia es un periodo de la vida por el que algunas mujeres transitan con problemas, sufrimiento y a veces incomprensi\u00f3n. Perplejas, asisten a cambios que no entienden y necesitan respuestas. A trav\u00e9s de relatos humanos, interesantes, divertidos, emocionantes la autora nos adentra en la complejidad de este per\u00edodo, analizando los componentes hormonales, psicol\u00f3gicos, sociales y de salud, con una aproximaci\u00f3n tierna, una\u00a0visi\u00f3n amplia, pero adem\u00e1s dando respuestas desde el rigor cient\u00edfico m\u00e1s exigente. Son relatos (historias) de mujeres, muy diferentes, con s\u00edntomas distintos y con personalidades y contextos diversos, j\u00f3venes y menos j\u00f3venes, con sofocos o sin ellos, algunas con problemas m\u00e9dicos asociados, como diabetes, hipotiroidismo , sobrepeso, c\u00e1ncer de mama\u2026 unas con pena, otras con rabia y algunas con humor\u2026 pero todas sufriendo un cambio profundo. Muchas mujeres se sentir\u00e1n identificadas, se enternecer\u00e1n y\/o se reir\u00e1n al leer este libro\u2026 pero sobre todo, encontrar\u00e1n soluciones e inspiraci\u00f3n profesional y humana.<\/span><\/div>\n<div id=\"clear-scroll\" class=\"clearfix\"><\/div>\n<\/div>\n<\/div>\n<\/div>\n<\/section>\n<div class=\"feature-section feature-option2\">\n<div class=\"container\">\n<div class=\"related products\">\n<div class=\"title-box\"><\/div>\n<\/div>\n<\/div>\n<\/div>\n","protected":false},"excerpt":{"rendered":"<p><strong>ISBN: 978-84-18090-14-1<\/strong><\/p>\n<p>La menopausia es un periodo de la vida por el que algunas mujeres transitan con problemas, sufrimiento y a veces incomprensi\u00f3n. Perplejas, asisten a cambios que no entienden y necesitan respuestas.<\/p>\n<p>A trav\u00e9s de relatos humanos, interesantes, divertidos, emocionantes la autora nos adentra en la complejidad de este per\u00edodo, analizando los componentes hormonales, psicol\u00f3gicos, sociales y de salud, con una aproximaci\u00f3n tierna, una\u00a0visi\u00f3n amplia, pero adem\u00e1s dando respuestas desde el rigor cient\u00edfico m\u00e1s exigente.<\/p>\n<p>Son relatos (historias) de mujeres, muy diferentes, con s\u00edntomas distintos y con personalidades y contextos diversos, j\u00f3venes y menos j\u00f3venes, con sofocos o sin ellos, algunas con problemas m\u00e9dicos asociados, como diabetes, hipotiroidismo , sobrepeso, c\u00e1ncer de mama\u2026 unas con pena, otras con rabia y algunas con humor\u2026 pero todas sufriendo un cambio profundo.<\/p>\n<p>Muchas mujeres se sentir\u00e1n identificadas, se enternecer\u00e1n y\/o se reir\u00e1n al leer este libro\u2026 pero sobre todo, encontrar\u00e1n soluciones e inspiraci\u00f3n profesional y humana.<\/p>\n","protected":false},"featured_media":95145,"comment_status":"closed","ping_status":"open","template":"","meta":{"_acf_changed":false},"libro":[],"product_brand":[],"product_cat":[23,21],"product_tag":[],"class_list":{"0":"post-95144","1":"product","2":"type-product","3":"status-publish","4":"has-post-thumbnail","6":"product_cat-ensayos","7":"product_cat-relato","9":"first","10":"instock","11":"purchasable","12":"product-type-simple"},"acf":{"autor":[73960],"enlace_de_compra":""},"yoast_head":"<!-- This site is optimized with the Yoast SEO plugin v27.4 - https:\/\/yoast.com\/product\/yoast-seo-wordpress\/ -->\n<title>Klimaterio - Catalogo | Letrame Grupo Editorial<\/title>\n<meta name=\"robots\" content=\"index, follow, max-snippet:-1, max-image-preview:large, max-video-preview:-1\" \/>\n<link rel=\"canonical\" href=\"https:\/\/letrame.com\/catalogo\/producto\/klimaterio\/\" \/>\n<meta property=\"og:locale\" content=\"es_ES\" \/>\n<meta property=\"og:type\" content=\"article\" \/>\n<meta property=\"og:title\" content=\"Klimaterio - Catalogo | Letrame Grupo Editorial\" \/>\n<meta property=\"og:description\" content=\"ISBN: 978-84-18090-14-1 La menopausia es un periodo de la vida por el que algunas mujeres transitan con problemas, sufrimiento y a veces incomprensi\u00f3n. Perplejas, asisten a cambios que no entienden y necesitan respuestas. A trav\u00e9s de relatos humanos, interesantes, divertidos, emocionantes la autora nos adentra en la complejidad de este per\u00edodo, analizando los componentes hormonales, psicol\u00f3gicos, sociales y de salud, con una aproximaci\u00f3n tierna, una\u00a0visi\u00f3n amplia, pero adem\u00e1s dando respuestas desde el rigor cient\u00edfico m\u00e1s exigente. Son relatos (historias) de mujeres, muy diferentes, con s\u00edntomas distintos y con personalidades y contextos diversos, j\u00f3venes y menos j\u00f3venes, con sofocos o sin ellos, algunas con problemas m\u00e9dicos asociados, como diabetes, hipotiroidismo , sobrepeso, c\u00e1ncer de mama\u2026 unas con pena, otras con rabia y algunas con humor\u2026 pero todas sufriendo un cambio profundo. Muchas mujeres se sentir\u00e1n identificadas, se enternecer\u00e1n y\/o se reir\u00e1n al leer este libro\u2026 pero sobre todo, encontrar\u00e1n soluciones e inspiraci\u00f3n profesional y humana.\" \/>\n<meta property=\"og:url\" content=\"https:\/\/letrame.com\/catalogo\/producto\/klimaterio\/\" \/>\n<meta property=\"og:site_name\" content=\"Catalogo | Letrame Grupo Editorial\" \/>\n<meta property=\"og:image\" content=\"https:\/\/letrame.com\/catalogo\/wp-content\/uploads\/2024\/04\/PORTADA_klimaterio_104mm-compressed-1-scaled-1.jpg\" \/>\n\t<meta property=\"og:image:width\" content=\"1746\" \/>\n\t<meta property=\"og:image:height\" content=\"2560\" \/>\n\t<meta property=\"og:image:type\" content=\"image\/jpeg\" \/>\n<meta name=\"twitter:card\" content=\"summary_large_image\" \/>\n<meta name=\"twitter:label1\" content=\"Tiempo de lectura\" \/>\n\t<meta name=\"twitter:data1\" content=\"1 minuto\" \/>\n<script type=\"application\/ld+json\" class=\"yoast-schema-graph\">{\"@context\":\"https:\\\/\\\/schema.org\",\"@graph\":[{\"@type\":\"WebPage\",\"@id\":\"https:\\\/\\\/letrame.com\\\/catalogo\\\/producto\\\/klimaterio\\\/\",\"url\":\"https:\\\/\\\/letrame.com\\\/catalogo\\\/producto\\\/klimaterio\\\/\",\"name\":\"Klimaterio - Catalogo | Letrame Grupo Editorial\",\"isPartOf\":{\"@id\":\"https:\\\/\\\/letrame.com\\\/catalogo\\\/#website\"},\"primaryImageOfPage\":{\"@id\":\"https:\\\/\\\/letrame.com\\\/catalogo\\\/producto\\\/klimaterio\\\/#primaryimage\"},\"image\":{\"@id\":\"https:\\\/\\\/letrame.com\\\/catalogo\\\/producto\\\/klimaterio\\\/#primaryimage\"},\"thumbnailUrl\":\"https:\\\/\\\/letrame.com\\\/catalogo\\\/wp-content\\\/uploads\\\/2024\\\/04\\\/PORTADA_klimaterio_104mm-compressed-1-scaled-1.jpg\",\"datePublished\":\"2024-04-18T10:09:43+00:00\",\"breadcrumb\":{\"@id\":\"https:\\\/\\\/letrame.com\\\/catalogo\\\/producto\\\/klimaterio\\\/#breadcrumb\"},\"inLanguage\":\"es\",\"potentialAction\":[{\"@type\":\"ReadAction\",\"target\":[\"https:\\\/\\\/letrame.com\\\/catalogo\\\/producto\\\/klimaterio\\\/\"]}]},{\"@type\":\"ImageObject\",\"inLanguage\":\"es\",\"@id\":\"https:\\\/\\\/letrame.com\\\/catalogo\\\/producto\\\/klimaterio\\\/#primaryimage\",\"url\":\"https:\\\/\\\/letrame.com\\\/catalogo\\\/wp-content\\\/uploads\\\/2024\\\/04\\\/PORTADA_klimaterio_104mm-compressed-1-scaled-1.jpg\",\"contentUrl\":\"https:\\\/\\\/letrame.com\\\/catalogo\\\/wp-content\\\/uploads\\\/2024\\\/04\\\/PORTADA_klimaterio_104mm-compressed-1-scaled-1.jpg\",\"width\":1746,\"height\":2560},{\"@type\":\"BreadcrumbList\",\"@id\":\"https:\\\/\\\/letrame.com\\\/catalogo\\\/producto\\\/klimaterio\\\/#breadcrumb\",\"itemListElement\":[{\"@type\":\"ListItem\",\"position\":1,\"name\":\"Portada\",\"item\":\"https:\\\/\\\/letrame.com\\\/catalogo\\\/\"},{\"@type\":\"ListItem\",\"position\":2,\"name\":\"Cat\u00e1logo\",\"item\":\"https:\\\/\\\/letrame.com\\\/catalogo\\\/\"},{\"@type\":\"ListItem\",\"position\":3,\"name\":\"Klimaterio\"}]},{\"@type\":\"WebSite\",\"@id\":\"https:\\\/\\\/letrame.com\\\/catalogo\\\/#website\",\"url\":\"https:\\\/\\\/letrame.com\\\/catalogo\\\/\",\"name\":\"Catalogo | Letrame Grupo Editorial\",\"description\":\"\",\"publisher\":{\"@id\":\"https:\\\/\\\/letrame.com\\\/catalogo\\\/#organization\"},\"potentialAction\":[{\"@type\":\"SearchAction\",\"target\":{\"@type\":\"EntryPoint\",\"urlTemplate\":\"https:\\\/\\\/letrame.com\\\/catalogo\\\/?s={search_term_string}\"},\"query-input\":{\"@type\":\"PropertyValueSpecification\",\"valueRequired\":true,\"valueName\":\"search_term_string\"}}],\"inLanguage\":\"es\"},{\"@type\":\"Organization\",\"@id\":\"https:\\\/\\\/letrame.com\\\/catalogo\\\/#organization\",\"name\":\"Catalogo | Letrame Grupo Editorial\",\"url\":\"https:\\\/\\\/letrame.com\\\/catalogo\\\/\",\"logo\":{\"@type\":\"ImageObject\",\"inLanguage\":\"es\",\"@id\":\"https:\\\/\\\/letrame.com\\\/catalogo\\\/#\\\/schema\\\/logo\\\/image\\\/\",\"url\":\"https:\\\/\\\/letrame.com\\\/catalogo\\\/wp-content\\\/uploads\\\/2024\\\/03\\\/logo2.webp\",\"contentUrl\":\"https:\\\/\\\/letrame.com\\\/catalogo\\\/wp-content\\\/uploads\\\/2024\\\/03\\\/logo2.webp\",\"width\":394,\"height\":128,\"caption\":\"Catalogo | Letrame Grupo Editorial\"},\"image\":{\"@id\":\"https:\\\/\\\/letrame.com\\\/catalogo\\\/#\\\/schema\\\/logo\\\/image\\\/\"}}]}<\/script>\n<!-- \/ Yoast SEO plugin. -->","yoast_head_json":{"title":"Klimaterio - Catalogo | Letrame Grupo Editorial","robots":{"index":"index","follow":"follow","max-snippet":"max-snippet:-1","max-image-preview":"max-image-preview:large","max-video-preview":"max-video-preview:-1"},"canonical":"https:\/\/letrame.com\/catalogo\/producto\/klimaterio\/","og_locale":"es_ES","og_type":"article","og_title":"Klimaterio - Catalogo | Letrame Grupo Editorial","og_description":"ISBN: 978-84-18090-14-1 La menopausia es un periodo de la vida por el que algunas mujeres transitan con problemas, sufrimiento y a veces incomprensi\u00f3n. Perplejas, asisten a cambios que no entienden y necesitan respuestas. A trav\u00e9s de relatos humanos, interesantes, divertidos, emocionantes la autora nos adentra en la complejidad de este per\u00edodo, analizando los componentes hormonales, psicol\u00f3gicos, sociales y de salud, con una aproximaci\u00f3n tierna, una\u00a0visi\u00f3n amplia, pero adem\u00e1s dando respuestas desde el rigor cient\u00edfico m\u00e1s exigente. Son relatos (historias) de mujeres, muy diferentes, con s\u00edntomas distintos y con personalidades y contextos diversos, j\u00f3venes y menos j\u00f3venes, con sofocos o sin ellos, algunas con problemas m\u00e9dicos asociados, como diabetes, hipotiroidismo , sobrepeso, c\u00e1ncer de mama\u2026 unas con pena, otras con rabia y algunas con humor\u2026 pero todas sufriendo un cambio profundo. Muchas mujeres se sentir\u00e1n identificadas, se enternecer\u00e1n y\/o se reir\u00e1n al leer este libro\u2026 pero sobre todo, encontrar\u00e1n soluciones e inspiraci\u00f3n profesional y humana.","og_url":"https:\/\/letrame.com\/catalogo\/producto\/klimaterio\/","og_site_name":"Catalogo | Letrame Grupo Editorial","og_image":[{"width":1746,"height":2560,"url":"https:\/\/letrame.com\/catalogo\/wp-content\/uploads\/2024\/04\/PORTADA_klimaterio_104mm-compressed-1-scaled-1.jpg","type":"image\/jpeg"}],"twitter_card":"summary_large_image","twitter_misc":{"Tiempo de lectura":"1 minuto"},"schema":{"@context":"https:\/\/schema.org","@graph":[{"@type":"WebPage","@id":"https:\/\/letrame.com\/catalogo\/producto\/klimaterio\/","url":"https:\/\/letrame.com\/catalogo\/producto\/klimaterio\/","name":"Klimaterio - Catalogo | Letrame Grupo Editorial","isPartOf":{"@id":"https:\/\/letrame.com\/catalogo\/#website"},"primaryImageOfPage":{"@id":"https:\/\/letrame.com\/catalogo\/producto\/klimaterio\/#primaryimage"},"image":{"@id":"https:\/\/letrame.com\/catalogo\/producto\/klimaterio\/#primaryimage"},"thumbnailUrl":"https:\/\/letrame.com\/catalogo\/wp-content\/uploads\/2024\/04\/PORTADA_klimaterio_104mm-compressed-1-scaled-1.jpg","datePublished":"2024-04-18T10:09:43+00:00","breadcrumb":{"@id":"https:\/\/letrame.com\/catalogo\/producto\/klimaterio\/#breadcrumb"},"inLanguage":"es","potentialAction":[{"@type":"ReadAction","target":["https:\/\/letrame.com\/catalogo\/producto\/klimaterio\/"]}]},{"@type":"ImageObject","inLanguage":"es","@id":"https:\/\/letrame.com\/catalogo\/producto\/klimaterio\/#primaryimage","url":"https:\/\/letrame.com\/catalogo\/wp-content\/uploads\/2024\/04\/PORTADA_klimaterio_104mm-compressed-1-scaled-1.jpg","contentUrl":"https:\/\/letrame.com\/catalogo\/wp-content\/uploads\/2024\/04\/PORTADA_klimaterio_104mm-compressed-1-scaled-1.jpg","width":1746,"height":2560},{"@type":"BreadcrumbList","@id":"https:\/\/letrame.com\/catalogo\/producto\/klimaterio\/#breadcrumb","itemListElement":[{"@type":"ListItem","position":1,"name":"Portada","item":"https:\/\/letrame.com\/catalogo\/"},{"@type":"ListItem","position":2,"name":"Cat\u00e1logo","item":"https:\/\/letrame.com\/catalogo\/"},{"@type":"ListItem","position":3,"name":"Klimaterio"}]},{"@type":"WebSite","@id":"https:\/\/letrame.com\/catalogo\/#website","url":"https:\/\/letrame.com\/catalogo\/","name":"Catalogo | Letrame Grupo Editorial","description":"","publisher":{"@id":"https:\/\/letrame.com\/catalogo\/#organization"},"potentialAction":[{"@type":"SearchAction","target":{"@type":"EntryPoint","urlTemplate":"https:\/\/letrame.com\/catalogo\/?s={search_term_string}"},"query-input":{"@type":"PropertyValueSpecification","valueRequired":true,"valueName":"search_term_string"}}],"inLanguage":"es"},{"@type":"Organization","@id":"https:\/\/letrame.com\/catalogo\/#organization","name":"Catalogo | Letrame Grupo Editorial","url":"https:\/\/letrame.com\/catalogo\/","logo":{"@type":"ImageObject","inLanguage":"es","@id":"https:\/\/letrame.com\/catalogo\/#\/schema\/logo\/image\/","url":"https:\/\/letrame.com\/catalogo\/wp-content\/uploads\/2024\/03\/logo2.webp","contentUrl":"https:\/\/letrame.com\/catalogo\/wp-content\/uploads\/2024\/03\/logo2.webp","width":394,"height":128,"caption":"Catalogo | Letrame Grupo Editorial"},"image":{"@id":"https:\/\/letrame.com\/catalogo\/#\/schema\/logo\/image\/"}}]}},"_links":{"self":[{"href":"https:\/\/letrame.com\/catalogo\/wp-json\/wp\/v2\/product\/95144","targetHints":{"allow":["GET"]}}],"collection":[{"href":"https:\/\/letrame.com\/catalogo\/wp-json\/wp\/v2\/product"}],"about":[{"href":"https:\/\/letrame.com\/catalogo\/wp-json\/wp\/v2\/types\/product"}],"replies":[{"embeddable":true,"href":"https:\/\/letrame.com\/catalogo\/wp-json\/wp\/v2\/comments?post=95144"}],"acf:post":[{"embeddable":true,"href":"https:\/\/letrame.com\/catalogo\/wp-json\/wp\/v2\/author_book\/73960"}],"wp:featuredmedia":[{"embeddable":true,"href":"https:\/\/letrame.com\/catalogo\/wp-json\/wp\/v2\/media\/95145"}],"wp:attachment":[{"href":"https:\/\/letrame.com\/catalogo\/wp-json\/wp\/v2\/media?parent=95144"}],"wp:term":[{"taxonomy":"libro","embeddable":true,"href":"https:\/\/letrame.com\/catalogo\/wp-json\/wp\/v2\/libro?post=95144"},{"taxonomy":"product_brand","embeddable":true,"href":"https:\/\/letrame.com\/catalogo\/wp-json\/wp\/v2\/product_brand?post=95144"},{"taxonomy":"product_cat","embeddable":true,"href":"https:\/\/letrame.com\/catalogo\/wp-json\/wp\/v2\/product_cat?post=95144"},{"taxonomy":"product_tag","embeddable":true,"href":"https:\/\/letrame.com\/catalogo\/wp-json\/wp\/v2\/product_tag?post=95144"}],"curies":[{"name":"wp","href":"https:\/\/api.w.org\/{rel}","templated":true}]}}