{"id":94902,"date":"2024-04-18T11:37:07","date_gmt":"2024-04-18T09:37:07","guid":{"rendered":"https:\/\/letrame.com\/catalogo\/producto\/el-principio-del-fin\/"},"modified":"2024-04-18T11:37:07","modified_gmt":"2024-04-18T09:37:07","slug":"el-principio-del-fin","status":"publish","type":"product","link":"https:\/\/letrame.com\/catalogo\/producto\/el-principio-del-fin\/","title":{"rendered":"El principio del fin"},"content":{"rendered":"<p><strong>ISBN<\/strong>: 978-84-17935-57-3<br \/>\n<strong>T\u00edtulo<\/strong>: El principio del fin<br \/>\n<strong>Fecha<\/strong>: 2019<br \/>\n<strong>P\u00e1ginas<\/strong>: 236<\/p>\n<p>&nbsp;<\/p>\n<p><strong>SINOPSIS<\/strong><\/p>\n<section>\n<div class=\"about-this-book\">\n<div class=\"container\">\n<div class=\"right-detail shop-detail1 pull-right col-md-8 col-sm-8 col-xs-12\">\n<div id=\"editionnal-reviews\" class=\"book-desc-detail\"><span class=\"detail-desc box-detail-desc\">\u00bfQu\u00e9 puede impulsar a un hombre, a un loco, a cometer un atentado donde mueren cientos de miles de personas? \u00bfQu\u00e9 se esconde detr\u00e1s de la maldad de este lobo solitario? \u00bfC\u00f3mo escoge sus objetivos? Lo que s\u00ed sabemos es c\u00f3mo los alcanza. En los cuatro primeros atentados: un supermercado de Carabanchel, la Catedral de St. Paul donde en su d\u00eda se casaron Carlos de Inglaterra y Diana Spencer, el Aeropuerto JFK y Manhattan y por \u00faltimo en La Meca, en plena celebraci\u00f3n del Peregrinaje Mayor, \u00e9l es el brazo ejecutor. Pero en \u00absu obra maestra\u00bb, el atentado de los atentados, solo quiere actuar de espectador. Para llevarlo a t\u00e9rmino escoge a un colaborador de \u00e9lite y en una situaci\u00f3n que solo puede conducir al Infierno. Una desenfrenada carrera por toda Europa y por Medio Oriente no consigue detenerle a pesar de la colaboraci\u00f3n de todas las fuerzas de occidente. Solo las visiones y la intuici\u00f3n de un modesto cura de pueblo podr\u00e1n conducir a la detenci\u00f3n de la cat\u00e1strofe apocal\u00edptica.<\/span><\/div>\n<div id=\"clear-scroll\" class=\"clearfix\"><\/div>\n<\/div>\n<\/div>\n<\/div>\n<\/section>\n","protected":false},"excerpt":{"rendered":"<p><strong>ISBN: 978-84-17935-57-3<\/strong><\/p>\n<p>\u00bfQu\u00e9 puede impulsar a un hombre, a un loco, a cometer un atentado donde mueren cientos de miles de personas? \u00bfQu\u00e9 se esconde detr\u00e1s de la maldad de este lobo solitario? \u00bfC\u00f3mo escoge sus objetivos?<br \/>\nLo que s\u00ed sabemos es c\u00f3mo los alcanza.<\/p>\n","protected":false},"featured_media":94903,"comment_status":"closed","ping_status":"open","template":"","meta":{"_acf_changed":false},"libro":[],"product_brand":[],"product_cat":[16],"product_tag":[],"class_list":{"0":"post-94902","1":"product","2":"type-product","3":"status-publish","4":"has-post-thumbnail","6":"product_cat-novela","8":"first","9":"instock","10":"product-type-simple"},"acf":{"autor":[73762],"enlace_de_compra":"https:\/\/www.amazon.es\/El-principio-del-fin-Novela\/dp\/8417935576\/ref=sr_1_2?__mk_es_ES=%C3%85M%C3%85%C5%BD%C3%95%C3%91&amp&dchild=1&amp&keywords=El+principio+del+fin+LETRAME&amp&qid=1591012188&amp&sr=8-2"},"yoast_head":"<!-- This site is optimized with the Yoast SEO plugin v27.4 - https:\/\/yoast.com\/product\/yoast-seo-wordpress\/ -->\n<title>El principio del fin - Catalogo | Letrame Grupo Editorial<\/title>\n<meta name=\"robots\" content=\"index, follow, max-snippet:-1, max-image-preview:large, max-video-preview:-1\" \/>\n<link rel=\"canonical\" href=\"https:\/\/letrame.com\/catalogo\/producto\/el-principio-del-fin\/\" \/>\n<meta property=\"og:locale\" content=\"es_ES\" \/>\n<meta property=\"og:type\" content=\"article\" \/>\n<meta property=\"og:title\" content=\"El principio del fin - Catalogo | Letrame Grupo Editorial\" \/>\n<meta property=\"og:description\" content=\"ISBN: 978-84-17935-57-3 \u00bfQu\u00e9 puede impulsar a un hombre, a un loco, a cometer un atentado donde mueren cientos de miles de personas? \u00bfQu\u00e9 se esconde detr\u00e1s de la maldad de este lobo solitario? \u00bfC\u00f3mo escoge sus objetivos? Lo que s\u00ed sabemos es c\u00f3mo los alcanza.\" \/>\n<meta property=\"og:url\" content=\"https:\/\/letrame.com\/catalogo\/producto\/el-principio-del-fin\/\" \/>\n<meta property=\"og:site_name\" content=\"Catalogo | Letrame Grupo Editorial\" \/>\n<meta property=\"og:image\" content=\"https:\/\/letrame.com\/catalogo\/wp-content\/uploads\/2024\/04\/portada_Elprincipiodelfin_1337mm-compressed-1-scaled-1.jpg\" \/>\n\t<meta property=\"og:image:width\" content=\"1746\" \/>\n\t<meta property=\"og:image:height\" content=\"2560\" \/>\n\t<meta property=\"og:image:type\" content=\"image\/jpeg\" \/>\n<meta name=\"twitter:card\" content=\"summary_large_image\" \/>\n<meta name=\"twitter:label1\" content=\"Tiempo de lectura\" \/>\n\t<meta name=\"twitter:data1\" content=\"1 minuto\" \/>\n<script type=\"application\/ld+json\" class=\"yoast-schema-graph\">{\"@context\":\"https:\\\/\\\/schema.org\",\"@graph\":[{\"@type\":\"WebPage\",\"@id\":\"https:\\\/\\\/letrame.com\\\/catalogo\\\/producto\\\/el-principio-del-fin\\\/\",\"url\":\"https:\\\/\\\/letrame.com\\\/catalogo\\\/producto\\\/el-principio-del-fin\\\/\",\"name\":\"El principio del fin - Catalogo | Letrame Grupo Editorial\",\"isPartOf\":{\"@id\":\"https:\\\/\\\/letrame.com\\\/catalogo\\\/#website\"},\"primaryImageOfPage\":{\"@id\":\"https:\\\/\\\/letrame.com\\\/catalogo\\\/producto\\\/el-principio-del-fin\\\/#primaryimage\"},\"image\":{\"@id\":\"https:\\\/\\\/letrame.com\\\/catalogo\\\/producto\\\/el-principio-del-fin\\\/#primaryimage\"},\"thumbnailUrl\":\"https:\\\/\\\/letrame.com\\\/catalogo\\\/wp-content\\\/uploads\\\/2024\\\/04\\\/portada_Elprincipiodelfin_1337mm-compressed-1-scaled-1.jpg\",\"datePublished\":\"2024-04-18T09:37:07+00:00\",\"breadcrumb\":{\"@id\":\"https:\\\/\\\/letrame.com\\\/catalogo\\\/producto\\\/el-principio-del-fin\\\/#breadcrumb\"},\"inLanguage\":\"es\",\"potentialAction\":[{\"@type\":\"ReadAction\",\"target\":[\"https:\\\/\\\/letrame.com\\\/catalogo\\\/producto\\\/el-principio-del-fin\\\/\"]}]},{\"@type\":\"ImageObject\",\"inLanguage\":\"es\",\"@id\":\"https:\\\/\\\/letrame.com\\\/catalogo\\\/producto\\\/el-principio-del-fin\\\/#primaryimage\",\"url\":\"https:\\\/\\\/letrame.com\\\/catalogo\\\/wp-content\\\/uploads\\\/2024\\\/04\\\/portada_Elprincipiodelfin_1337mm-compressed-1-scaled-1.jpg\",\"contentUrl\":\"https:\\\/\\\/letrame.com\\\/catalogo\\\/wp-content\\\/uploads\\\/2024\\\/04\\\/portada_Elprincipiodelfin_1337mm-compressed-1-scaled-1.jpg\",\"width\":1746,\"height\":2560},{\"@type\":\"BreadcrumbList\",\"@id\":\"https:\\\/\\\/letrame.com\\\/catalogo\\\/producto\\\/el-principio-del-fin\\\/#breadcrumb\",\"itemListElement\":[{\"@type\":\"ListItem\",\"position\":1,\"name\":\"Portada\",\"item\":\"https:\\\/\\\/letrame.com\\\/catalogo\\\/\"},{\"@type\":\"ListItem\",\"position\":2,\"name\":\"Cat\u00e1logo\",\"item\":\"https:\\\/\\\/letrame.com\\\/catalogo\\\/\"},{\"@type\":\"ListItem\",\"position\":3,\"name\":\"El principio del fin\"}]},{\"@type\":\"WebSite\",\"@id\":\"https:\\\/\\\/letrame.com\\\/catalogo\\\/#website\",\"url\":\"https:\\\/\\\/letrame.com\\\/catalogo\\\/\",\"name\":\"Catalogo | Letrame Grupo Editorial\",\"description\":\"\",\"publisher\":{\"@id\":\"https:\\\/\\\/letrame.com\\\/catalogo\\\/#organization\"},\"potentialAction\":[{\"@type\":\"SearchAction\",\"target\":{\"@type\":\"EntryPoint\",\"urlTemplate\":\"https:\\\/\\\/letrame.com\\\/catalogo\\\/?s={search_term_string}\"},\"query-input\":{\"@type\":\"PropertyValueSpecification\",\"valueRequired\":true,\"valueName\":\"search_term_string\"}}],\"inLanguage\":\"es\"},{\"@type\":\"Organization\",\"@id\":\"https:\\\/\\\/letrame.com\\\/catalogo\\\/#organization\",\"name\":\"Catalogo | Letrame Grupo Editorial\",\"url\":\"https:\\\/\\\/letrame.com\\\/catalogo\\\/\",\"logo\":{\"@type\":\"ImageObject\",\"inLanguage\":\"es\",\"@id\":\"https:\\\/\\\/letrame.com\\\/catalogo\\\/#\\\/schema\\\/logo\\\/image\\\/\",\"url\":\"https:\\\/\\\/letrame.com\\\/catalogo\\\/wp-content\\\/uploads\\\/2024\\\/03\\\/logo2.webp\",\"contentUrl\":\"https:\\\/\\\/letrame.com\\\/catalogo\\\/wp-content\\\/uploads\\\/2024\\\/03\\\/logo2.webp\",\"width\":394,\"height\":128,\"caption\":\"Catalogo | Letrame Grupo Editorial\"},\"image\":{\"@id\":\"https:\\\/\\\/letrame.com\\\/catalogo\\\/#\\\/schema\\\/logo\\\/image\\\/\"}}]}<\/script>\n<!-- \/ Yoast SEO plugin. -->","yoast_head_json":{"title":"El principio del fin - Catalogo | Letrame Grupo Editorial","robots":{"index":"index","follow":"follow","max-snippet":"max-snippet:-1","max-image-preview":"max-image-preview:large","max-video-preview":"max-video-preview:-1"},"canonical":"https:\/\/letrame.com\/catalogo\/producto\/el-principio-del-fin\/","og_locale":"es_ES","og_type":"article","og_title":"El principio del fin - Catalogo | Letrame Grupo Editorial","og_description":"ISBN: 978-84-17935-57-3 \u00bfQu\u00e9 puede impulsar a un hombre, a un loco, a cometer un atentado donde mueren cientos de miles de personas? \u00bfQu\u00e9 se esconde detr\u00e1s de la maldad de este lobo solitario? \u00bfC\u00f3mo escoge sus objetivos? Lo que s\u00ed sabemos es c\u00f3mo los alcanza.","og_url":"https:\/\/letrame.com\/catalogo\/producto\/el-principio-del-fin\/","og_site_name":"Catalogo | Letrame Grupo Editorial","og_image":[{"width":1746,"height":2560,"url":"https:\/\/letrame.com\/catalogo\/wp-content\/uploads\/2024\/04\/portada_Elprincipiodelfin_1337mm-compressed-1-scaled-1.jpg","type":"image\/jpeg"}],"twitter_card":"summary_large_image","twitter_misc":{"Tiempo de lectura":"1 minuto"},"schema":{"@context":"https:\/\/schema.org","@graph":[{"@type":"WebPage","@id":"https:\/\/letrame.com\/catalogo\/producto\/el-principio-del-fin\/","url":"https:\/\/letrame.com\/catalogo\/producto\/el-principio-del-fin\/","name":"El principio del fin - Catalogo | Letrame Grupo Editorial","isPartOf":{"@id":"https:\/\/letrame.com\/catalogo\/#website"},"primaryImageOfPage":{"@id":"https:\/\/letrame.com\/catalogo\/producto\/el-principio-del-fin\/#primaryimage"},"image":{"@id":"https:\/\/letrame.com\/catalogo\/producto\/el-principio-del-fin\/#primaryimage"},"thumbnailUrl":"https:\/\/letrame.com\/catalogo\/wp-content\/uploads\/2024\/04\/portada_Elprincipiodelfin_1337mm-compressed-1-scaled-1.jpg","datePublished":"2024-04-18T09:37:07+00:00","breadcrumb":{"@id":"https:\/\/letrame.com\/catalogo\/producto\/el-principio-del-fin\/#breadcrumb"},"inLanguage":"es","potentialAction":[{"@type":"ReadAction","target":["https:\/\/letrame.com\/catalogo\/producto\/el-principio-del-fin\/"]}]},{"@type":"ImageObject","inLanguage":"es","@id":"https:\/\/letrame.com\/catalogo\/producto\/el-principio-del-fin\/#primaryimage","url":"https:\/\/letrame.com\/catalogo\/wp-content\/uploads\/2024\/04\/portada_Elprincipiodelfin_1337mm-compressed-1-scaled-1.jpg","contentUrl":"https:\/\/letrame.com\/catalogo\/wp-content\/uploads\/2024\/04\/portada_Elprincipiodelfin_1337mm-compressed-1-scaled-1.jpg","width":1746,"height":2560},{"@type":"BreadcrumbList","@id":"https:\/\/letrame.com\/catalogo\/producto\/el-principio-del-fin\/#breadcrumb","itemListElement":[{"@type":"ListItem","position":1,"name":"Portada","item":"https:\/\/letrame.com\/catalogo\/"},{"@type":"ListItem","position":2,"name":"Cat\u00e1logo","item":"https:\/\/letrame.com\/catalogo\/"},{"@type":"ListItem","position":3,"name":"El principio del fin"}]},{"@type":"WebSite","@id":"https:\/\/letrame.com\/catalogo\/#website","url":"https:\/\/letrame.com\/catalogo\/","name":"Catalogo | Letrame Grupo Editorial","description":"","publisher":{"@id":"https:\/\/letrame.com\/catalogo\/#organization"},"potentialAction":[{"@type":"SearchAction","target":{"@type":"EntryPoint","urlTemplate":"https:\/\/letrame.com\/catalogo\/?s={search_term_string}"},"query-input":{"@type":"PropertyValueSpecification","valueRequired":true,"valueName":"search_term_string"}}],"inLanguage":"es"},{"@type":"Organization","@id":"https:\/\/letrame.com\/catalogo\/#organization","name":"Catalogo | Letrame Grupo Editorial","url":"https:\/\/letrame.com\/catalogo\/","logo":{"@type":"ImageObject","inLanguage":"es","@id":"https:\/\/letrame.com\/catalogo\/#\/schema\/logo\/image\/","url":"https:\/\/letrame.com\/catalogo\/wp-content\/uploads\/2024\/03\/logo2.webp","contentUrl":"https:\/\/letrame.com\/catalogo\/wp-content\/uploads\/2024\/03\/logo2.webp","width":394,"height":128,"caption":"Catalogo | Letrame Grupo Editorial"},"image":{"@id":"https:\/\/letrame.com\/catalogo\/#\/schema\/logo\/image\/"}}]}},"_links":{"self":[{"href":"https:\/\/letrame.com\/catalogo\/wp-json\/wp\/v2\/product\/94902","targetHints":{"allow":["GET"]}}],"collection":[{"href":"https:\/\/letrame.com\/catalogo\/wp-json\/wp\/v2\/product"}],"about":[{"href":"https:\/\/letrame.com\/catalogo\/wp-json\/wp\/v2\/types\/product"}],"replies":[{"embeddable":true,"href":"https:\/\/letrame.com\/catalogo\/wp-json\/wp\/v2\/comments?post=94902"}],"acf:post":[{"embeddable":true,"href":"https:\/\/letrame.com\/catalogo\/wp-json\/wp\/v2\/author_book\/73762"}],"wp:featuredmedia":[{"embeddable":true,"href":"https:\/\/letrame.com\/catalogo\/wp-json\/wp\/v2\/media\/94903"}],"wp:attachment":[{"href":"https:\/\/letrame.com\/catalogo\/wp-json\/wp\/v2\/media?parent=94902"}],"wp:term":[{"taxonomy":"libro","embeddable":true,"href":"https:\/\/letrame.com\/catalogo\/wp-json\/wp\/v2\/libro?post=94902"},{"taxonomy":"product_brand","embeddable":true,"href":"https:\/\/letrame.com\/catalogo\/wp-json\/wp\/v2\/product_brand?post=94902"},{"taxonomy":"product_cat","embeddable":true,"href":"https:\/\/letrame.com\/catalogo\/wp-json\/wp\/v2\/product_cat?post=94902"},{"taxonomy":"product_tag","embeddable":true,"href":"https:\/\/letrame.com\/catalogo\/wp-json\/wp\/v2\/product_tag?post=94902"}],"curies":[{"name":"wp","href":"https:\/\/api.w.org\/{rel}","templated":true}]}}

<p><strong>ISBN</strong>: 978-84-17935-57-3<br />
<strong>Título</strong>: El principio del fin<br />
<strong>Fecha</strong>: 2019<br />
<strong>Páginas</strong>: 236</p>
<p>&nbsp;</p>
<p><strong>SINOPSIS</strong></p>
<section>
<div class="about-this-book">
<div class="container">
<div class="right-detail shop-detail1 pull-right col-md-8 col-sm-8 col-xs-12">
<div id="editionnal-reviews" class="book-desc-detail"><span class="detail-desc box-detail-desc">¿Qué puede impulsar a un hombre, a un loco, a cometer un atentado donde mueren cientos de miles de personas? ¿Qué se esconde detrás de la maldad de este lobo solitario? ¿Cómo escoge sus objetivos? Lo que sí sabemos es cómo los alcanza. En los cuatro primeros atentados: un supermercado de Carabanchel, la Catedral de St. Paul donde en su día se casaron Carlos de Inglaterra y Diana Spencer, el Aeropuerto JFK y Manhattan y por último en La Meca, en plena celebración del Peregrinaje Mayor, él es el brazo ejecutor. Pero en «su obra maestra», el atentado de los atentados, solo quiere actuar de espectador. Para llevarlo a término escoge a un colaborador de élite y en una situación que solo puede conducir al Infierno. Una desenfrenada carrera por toda Europa y por Medio Oriente no consigue detenerle a pesar de la colaboración de todas las fuerzas de occidente. Solo las visiones y la intuición de un modesto cura de pueblo podrán conducir a la detención de la catástrofe apocalíptica.</span></div>
<div id="clear-scroll" class="clearfix"></div>
</div>
</div>
</div>
</section>

<p><strong>ISBN: 978-84-17935-57-3</strong></p>
<p>¿Qué puede impulsar a un hombre, a un loco, a cometer un atentado donde mueren cientos de miles de personas? ¿Qué se esconde detrás de la maldad de este lobo solitario? ¿Cómo escoge sus objetivos?<br />
Lo que sí sabemos es cómo los alcanza.</p>

<!-- This site is optimized with the Yoast SEO plugin v27.4 - https://yoast.com/product/yoast-seo-wordpress/ -->
<title>El principio del fin - Catalogo | Letrame Grupo Editorial</title>
<meta name="robots" content="index, follow, max-snippet:-1, max-image-preview:large, max-video-preview:-1" />
<link rel="canonical" href="https://letrame.com/catalogo/producto/el-principio-del-fin/" />
<meta property="og:locale" content="es_ES" />
<meta property="og:type" content="article" />
<meta property="og:title" content="El principio del fin - Catalogo | Letrame Grupo Editorial" />
<meta property="og:description" content="ISBN: 978-84-17935-57-3 ¿Qué puede impulsar a un hombre, a un loco, a cometer un atentado donde mueren cientos de miles de personas? ¿Qué se esconde detrás de la maldad de este lobo solitario? ¿Cómo escoge sus objetivos? Lo que sí sabemos es cómo los alcanza." />
<meta property="og:url" content="https://letrame.com/catalogo/producto/el-principio-del-fin/" />
<meta property="og:site_name" content="Catalogo | Letrame Grupo Editorial" />
<meta property="og:image" content="https://letrame.com/catalogo/wp-content/uploads/2024/04/portada_Elprincipiodelfin_1337mm-compressed-1-scaled-1.jpg" />
	<meta property="og:image:width" content="1746" />
	<meta property="og:image:height" content="2560" />
	<meta property="og:image:type" content="image/jpeg" />
<meta name="twitter:card" content="summary_large_image" />
<meta name="twitter:label1" content="Tiempo de lectura" />
	<meta name="twitter:data1" content="1 minuto" />
<script type="application/ld+json" class="yoast-schema-graph">{"@context":"https:\/\/schema.org","@graph":[{"@type":"WebPage","@id":"https:\/\/letrame.com\/catalogo\/producto\/el-principio-del-fin\/","url":"https:\/\/letrame.com\/catalogo\/producto\/el-principio-del-fin\/","name":"El principio del fin - Catalogo | Letrame Grupo Editorial","isPartOf":{"@id":"https:\/\/letrame.com\/catalogo\/#website"},"primaryImageOfPage":{"@id":"https:\/\/letrame.com\/catalogo\/producto\/el-principio-del-fin\/#primaryimage"},"image":{"@id":"https:\/\/letrame.com\/catalogo\/producto\/el-principio-del-fin\/#primaryimage"},"thumbnailUrl":"https:\/\/letrame.com\/catalogo\/wp-content\/uploads\/2024\/04\/portada_Elprincipiodelfin_1337mm-compressed-1-scaled-1.jpg","datePublished":"2024-04-18T09:37:07+00:00","breadcrumb":{"@id":"https:\/\/letrame.com\/catalogo\/producto\/el-principio-del-fin\/#breadcrumb"},"inLanguage":"es","potentialAction":[{"@type":"ReadAction","target":["https:\/\/letrame.com\/catalogo\/producto\/el-principio-del-fin\/"]}]},{"@type":"ImageObject","inLanguage":"es","@id":"https:\/\/letrame.com\/catalogo\/producto\/el-principio-del-fin\/#primaryimage","url":"https:\/\/letrame.com\/catalogo\/wp-content\/uploads\/2024\/04\/portada_Elprincipiodelfin_1337mm-compressed-1-scaled-1.jpg","contentUrl":"https:\/\/letrame.com\/catalogo\/wp-content\/uploads\/2024\/04\/portada_Elprincipiodelfin_1337mm-compressed-1-scaled-1.jpg","width":1746,"height":2560},{"@type":"BreadcrumbList","@id":"https:\/\/letrame.com\/catalogo\/producto\/el-principio-del-fin\/#breadcrumb","itemListElement":[{"@type":"ListItem","position":1,"name":"Portada","item":"https:\/\/letrame.com\/catalogo\/"},{"@type":"ListItem","position":2,"name":"Catálogo","item":"https:\/\/letrame.com\/catalogo\/"},{"@type":"ListItem","position":3,"name":"El principio del fin"}]},{"@type":"WebSite","@id":"https:\/\/letrame.com\/catalogo\/#website","url":"https:\/\/letrame.com\/catalogo\/","name":"Catalogo | Letrame Grupo Editorial","description":"","publisher":{"@id":"https:\/\/letrame.com\/catalogo\/#organization"},"potentialAction":[{"@type":"SearchAction","target":{"@type":"EntryPoint","urlTemplate":"https:\/\/letrame.com\/catalogo\/?s={search_term_string}"},"query-input":{"@type":"PropertyValueSpecification","valueRequired":true,"valueName":"search_term_string"}}],"inLanguage":"es"},{"@type":"Organization","@id":"https:\/\/letrame.com\/catalogo\/#organization","name":"Catalogo | Letrame Grupo Editorial","url":"https:\/\/letrame.com\/catalogo\/","logo":{"@type":"ImageObject","inLanguage":"es","@id":"https:\/\/letrame.com\/catalogo\/#\/schema\/logo\/image\/","url":"https:\/\/letrame.com\/catalogo\/wp-content\/uploads\/2024\/03\/logo2.webp","contentUrl":"https:\/\/letrame.com\/catalogo\/wp-content\/uploads\/2024\/03\/logo2.webp","width":394,"height":128,"caption":"Catalogo | Letrame Grupo Editorial"},"image":{"@id":"https:\/\/letrame.com\/catalogo\/#\/schema\/logo\/image\/"}}]}</script>
<!-- / Yoast SEO plugin. -->

ISBN: 978-84-17935-57-3 ¿Qué puede impulsar a un hombre, a un loco, a cometer un atentado donde mueren cientos de miles de personas? ¿Qué se esconde detrás de la maldad de este lobo solitario? ¿Cómo escoge sus objetivos? Lo que sí sabemos es cómo los alcanza.

Catálogo
