{"id":94809,"date":"2024-04-18T11:26:49","date_gmt":"2024-04-18T09:26:49","guid":{"rendered":"https:\/\/letrame.com\/catalogo\/producto\/transcripcion-del-manifiesto\/"},"modified":"2024-04-18T11:27:02","modified_gmt":"2024-04-18T09:27:02","slug":"transcripcion-del-manifiesto","status":"publish","type":"product","link":"https:\/\/letrame.com\/catalogo\/producto\/transcripcion-del-manifiesto\/","title":{"rendered":"Transcripci\u00f3n del manifiesto"},"content":{"rendered":"<p><strong>ISBN<\/strong>: 978-84-17965-80-8<br \/>\n<strong>T\u00edtulo<\/strong>: Transcripci\u00f3n del manifiesto<br \/>\n<strong>Fecha<\/strong>: 2019<br \/>\n<strong>P\u00e1ginas<\/strong>: 134<\/p>\n<p>&nbsp;<\/p>\n<p><strong>SINOPSIS<\/strong><\/p>\n<section>\n<div class=\"about-this-book\">\n<div class=\"container\">\n<div class=\"right-detail shop-detail1 pull-right col-md-8 col-sm-8 col-xs-12\">\n<div id=\"editionnal-reviews\" class=\"book-desc-detail\"><span class=\"detail-desc box-detail-desc\">Transcripci\u00f3n del Manifiesto es un libreto que surge de la necesidad de recuperar el pensamiento de Marx y Engels para nuestros d\u00edas, analizado desde una visi\u00f3n com\u00fan a cualquier ciudadano que pudiera calificar de intolerable la situaci\u00f3n que vive la clase trabajadora en Espa\u00f1a y en todo el continente. En tiempos en los que el poder econ\u00f3mico somete a la sociedad a continuos dramas sociales es cuando m\u00e1s se necesita la denuncia y reivindicaci\u00f3n de la clase trabajadora, tanto a nivel individual como colectivo. Testigos cegados es un ensayo elaborado sobre las bases del IX Concurso Internacional de Pensar a Contracorriente del Ministerio de Cultura de la Rep\u00fablica de Cuba, organizado por Cuba Literaria en 2012, el cual obtuvo Menci\u00f3n Internacional por el jurado, a destacar entre los autores m\u00e1s noveles que participaron. Se trata de una breve s\u00edntesis sobre el da\u00f1o que el capitalismo hace al planeta mediante la violencia activa y pasiva, el hambre y la desinformaci\u00f3n. Adem\u00e1s, describe hechos hist\u00f3ricos que lo reflejan, as\u00ed como el doble rasero que usan para informar sus medios de comunicaci\u00f3n afines.<\/span><\/div>\n<div id=\"clear-scroll\" class=\"clearfix\"><\/div>\n<\/div>\n<\/div>\n<\/div>\n<\/section>\n<div class=\"feature-section feature-option2\">\n<div class=\"container\">\n<div class=\"related products\">\n<div class=\"title-box\"><\/div>\n<\/div>\n<\/div>\n<\/div>\n","protected":false},"excerpt":{"rendered":"<p><strong>ISBN: 978-84-17965-80-8<\/strong><\/p>\n<p>Transcripci\u00f3n del Manifiesto es un libreto que surge de la necesidad de recuperar el pensamiento de Marx y Engels para nuestros d\u00edas, analizado desde una visi\u00f3n com\u00fan a cualquier ciudadano que pudiera calificar de intolerable la situaci\u00f3n que vive la clase trabajadora en Espa\u00f1a y en todo el continente.<\/p>\n","protected":false},"featured_media":94810,"comment_status":"closed","ping_status":"open","template":"","meta":{"_acf_changed":false},"libro":[],"product_brand":[],"product_cat":[23],"product_tag":[],"class_list":{"0":"post-94809","1":"product","2":"type-product","3":"status-publish","4":"has-post-thumbnail","6":"product_cat-ensayos","8":"first","9":"instock","10":"purchasable","11":"product-type-simple"},"acf":{"autor":[72784],"enlace_de_compra":""},"yoast_head":"<!-- This site is optimized with the Yoast SEO plugin v27.4 - https:\/\/yoast.com\/product\/yoast-seo-wordpress\/ -->\n<title>Transcripci\u00f3n del manifiesto - Catalogo | Letrame Grupo Editorial<\/title>\n<meta name=\"robots\" content=\"index, follow, max-snippet:-1, max-image-preview:large, max-video-preview:-1\" \/>\n<link rel=\"canonical\" href=\"https:\/\/letrame.com\/catalogo\/producto\/transcripcion-del-manifiesto\/\" \/>\n<meta property=\"og:locale\" content=\"es_ES\" \/>\n<meta property=\"og:type\" content=\"article\" \/>\n<meta property=\"og:title\" content=\"Transcripci\u00f3n del manifiesto - Catalogo | Letrame Grupo Editorial\" \/>\n<meta property=\"og:description\" content=\"ISBN: 978-84-17965-80-8 Transcripci\u00f3n del Manifiesto es un libreto que surge de la necesidad de recuperar el pensamiento de Marx y Engels para nuestros d\u00edas, analizado desde una visi\u00f3n com\u00fan a cualquier ciudadano que pudiera calificar de intolerable la situaci\u00f3n que vive la clase trabajadora en Espa\u00f1a y en todo el continente.\" \/>\n<meta property=\"og:url\" content=\"https:\/\/letrame.com\/catalogo\/producto\/transcripcion-del-manifiesto\/\" \/>\n<meta property=\"og:site_name\" content=\"Catalogo | Letrame Grupo Editorial\" \/>\n<meta property=\"article:modified_time\" content=\"2024-04-18T09:27:02+00:00\" \/>\n<meta property=\"og:image\" content=\"https:\/\/letrame.com\/catalogo\/wp-content\/uploads\/2024\/04\/Portada-compressed-81-scaled-1.jpg\" \/>\n\t<meta property=\"og:image:width\" content=\"1703\" \/>\n\t<meta property=\"og:image:height\" content=\"2560\" \/>\n\t<meta property=\"og:image:type\" content=\"image\/jpeg\" \/>\n<meta name=\"twitter:card\" content=\"summary_large_image\" \/>\n<meta name=\"twitter:label1\" content=\"Tiempo de lectura\" \/>\n\t<meta name=\"twitter:data1\" content=\"1 minuto\" \/>\n<script type=\"application\/ld+json\" class=\"yoast-schema-graph\">{\"@context\":\"https:\\\/\\\/schema.org\",\"@graph\":[{\"@type\":\"WebPage\",\"@id\":\"https:\\\/\\\/letrame.com\\\/catalogo\\\/producto\\\/transcripcion-del-manifiesto\\\/\",\"url\":\"https:\\\/\\\/letrame.com\\\/catalogo\\\/producto\\\/transcripcion-del-manifiesto\\\/\",\"name\":\"Transcripci\u00f3n del manifiesto - Catalogo | Letrame Grupo Editorial\",\"isPartOf\":{\"@id\":\"https:\\\/\\\/letrame.com\\\/catalogo\\\/#website\"},\"primaryImageOfPage\":{\"@id\":\"https:\\\/\\\/letrame.com\\\/catalogo\\\/producto\\\/transcripcion-del-manifiesto\\\/#primaryimage\"},\"image\":{\"@id\":\"https:\\\/\\\/letrame.com\\\/catalogo\\\/producto\\\/transcripcion-del-manifiesto\\\/#primaryimage\"},\"thumbnailUrl\":\"https:\\\/\\\/letrame.com\\\/catalogo\\\/wp-content\\\/uploads\\\/2024\\\/04\\\/Portada-compressed-81-scaled-1.jpg\",\"datePublished\":\"2024-04-18T09:26:49+00:00\",\"dateModified\":\"2024-04-18T09:27:02+00:00\",\"breadcrumb\":{\"@id\":\"https:\\\/\\\/letrame.com\\\/catalogo\\\/producto\\\/transcripcion-del-manifiesto\\\/#breadcrumb\"},\"inLanguage\":\"es\",\"potentialAction\":[{\"@type\":\"ReadAction\",\"target\":[\"https:\\\/\\\/letrame.com\\\/catalogo\\\/producto\\\/transcripcion-del-manifiesto\\\/\"]}]},{\"@type\":\"ImageObject\",\"inLanguage\":\"es\",\"@id\":\"https:\\\/\\\/letrame.com\\\/catalogo\\\/producto\\\/transcripcion-del-manifiesto\\\/#primaryimage\",\"url\":\"https:\\\/\\\/letrame.com\\\/catalogo\\\/wp-content\\\/uploads\\\/2024\\\/04\\\/Portada-compressed-81-scaled-1.jpg\",\"contentUrl\":\"https:\\\/\\\/letrame.com\\\/catalogo\\\/wp-content\\\/uploads\\\/2024\\\/04\\\/Portada-compressed-81-scaled-1.jpg\",\"width\":1703,\"height\":2560},{\"@type\":\"BreadcrumbList\",\"@id\":\"https:\\\/\\\/letrame.com\\\/catalogo\\\/producto\\\/transcripcion-del-manifiesto\\\/#breadcrumb\",\"itemListElement\":[{\"@type\":\"ListItem\",\"position\":1,\"name\":\"Portada\",\"item\":\"https:\\\/\\\/letrame.com\\\/catalogo\\\/\"},{\"@type\":\"ListItem\",\"position\":2,\"name\":\"Cat\u00e1logo\",\"item\":\"https:\\\/\\\/letrame.com\\\/catalogo\\\/\"},{\"@type\":\"ListItem\",\"position\":3,\"name\":\"Transcripci\u00f3n del manifiesto\"}]},{\"@type\":\"WebSite\",\"@id\":\"https:\\\/\\\/letrame.com\\\/catalogo\\\/#website\",\"url\":\"https:\\\/\\\/letrame.com\\\/catalogo\\\/\",\"name\":\"Catalogo | Letrame Grupo Editorial\",\"description\":\"\",\"publisher\":{\"@id\":\"https:\\\/\\\/letrame.com\\\/catalogo\\\/#organization\"},\"potentialAction\":[{\"@type\":\"SearchAction\",\"target\":{\"@type\":\"EntryPoint\",\"urlTemplate\":\"https:\\\/\\\/letrame.com\\\/catalogo\\\/?s={search_term_string}\"},\"query-input\":{\"@type\":\"PropertyValueSpecification\",\"valueRequired\":true,\"valueName\":\"search_term_string\"}}],\"inLanguage\":\"es\"},{\"@type\":\"Organization\",\"@id\":\"https:\\\/\\\/letrame.com\\\/catalogo\\\/#organization\",\"name\":\"Catalogo | Letrame Grupo Editorial\",\"url\":\"https:\\\/\\\/letrame.com\\\/catalogo\\\/\",\"logo\":{\"@type\":\"ImageObject\",\"inLanguage\":\"es\",\"@id\":\"https:\\\/\\\/letrame.com\\\/catalogo\\\/#\\\/schema\\\/logo\\\/image\\\/\",\"url\":\"https:\\\/\\\/letrame.com\\\/catalogo\\\/wp-content\\\/uploads\\\/2024\\\/03\\\/logo2.webp\",\"contentUrl\":\"https:\\\/\\\/letrame.com\\\/catalogo\\\/wp-content\\\/uploads\\\/2024\\\/03\\\/logo2.webp\",\"width\":394,\"height\":128,\"caption\":\"Catalogo | Letrame Grupo Editorial\"},\"image\":{\"@id\":\"https:\\\/\\\/letrame.com\\\/catalogo\\\/#\\\/schema\\\/logo\\\/image\\\/\"}}]}<\/script>\n<!-- \/ Yoast SEO plugin. -->","yoast_head_json":{"title":"Transcripci\u00f3n del manifiesto - Catalogo | Letrame Grupo Editorial","robots":{"index":"index","follow":"follow","max-snippet":"max-snippet:-1","max-image-preview":"max-image-preview:large","max-video-preview":"max-video-preview:-1"},"canonical":"https:\/\/letrame.com\/catalogo\/producto\/transcripcion-del-manifiesto\/","og_locale":"es_ES","og_type":"article","og_title":"Transcripci\u00f3n del manifiesto - Catalogo | Letrame Grupo Editorial","og_description":"ISBN: 978-84-17965-80-8 Transcripci\u00f3n del Manifiesto es un libreto que surge de la necesidad de recuperar el pensamiento de Marx y Engels para nuestros d\u00edas, analizado desde una visi\u00f3n com\u00fan a cualquier ciudadano que pudiera calificar de intolerable la situaci\u00f3n que vive la clase trabajadora en Espa\u00f1a y en todo el continente.","og_url":"https:\/\/letrame.com\/catalogo\/producto\/transcripcion-del-manifiesto\/","og_site_name":"Catalogo | Letrame Grupo Editorial","article_modified_time":"2024-04-18T09:27:02+00:00","og_image":[{"width":1703,"height":2560,"url":"https:\/\/letrame.com\/catalogo\/wp-content\/uploads\/2024\/04\/Portada-compressed-81-scaled-1.jpg","type":"image\/jpeg"}],"twitter_card":"summary_large_image","twitter_misc":{"Tiempo de lectura":"1 minuto"},"schema":{"@context":"https:\/\/schema.org","@graph":[{"@type":"WebPage","@id":"https:\/\/letrame.com\/catalogo\/producto\/transcripcion-del-manifiesto\/","url":"https:\/\/letrame.com\/catalogo\/producto\/transcripcion-del-manifiesto\/","name":"Transcripci\u00f3n del manifiesto - Catalogo | Letrame Grupo Editorial","isPartOf":{"@id":"https:\/\/letrame.com\/catalogo\/#website"},"primaryImageOfPage":{"@id":"https:\/\/letrame.com\/catalogo\/producto\/transcripcion-del-manifiesto\/#primaryimage"},"image":{"@id":"https:\/\/letrame.com\/catalogo\/producto\/transcripcion-del-manifiesto\/#primaryimage"},"thumbnailUrl":"https:\/\/letrame.com\/catalogo\/wp-content\/uploads\/2024\/04\/Portada-compressed-81-scaled-1.jpg","datePublished":"2024-04-18T09:26:49+00:00","dateModified":"2024-04-18T09:27:02+00:00","breadcrumb":{"@id":"https:\/\/letrame.com\/catalogo\/producto\/transcripcion-del-manifiesto\/#breadcrumb"},"inLanguage":"es","potentialAction":[{"@type":"ReadAction","target":["https:\/\/letrame.com\/catalogo\/producto\/transcripcion-del-manifiesto\/"]}]},{"@type":"ImageObject","inLanguage":"es","@id":"https:\/\/letrame.com\/catalogo\/producto\/transcripcion-del-manifiesto\/#primaryimage","url":"https:\/\/letrame.com\/catalogo\/wp-content\/uploads\/2024\/04\/Portada-compressed-81-scaled-1.jpg","contentUrl":"https:\/\/letrame.com\/catalogo\/wp-content\/uploads\/2024\/04\/Portada-compressed-81-scaled-1.jpg","width":1703,"height":2560},{"@type":"BreadcrumbList","@id":"https:\/\/letrame.com\/catalogo\/producto\/transcripcion-del-manifiesto\/#breadcrumb","itemListElement":[{"@type":"ListItem","position":1,"name":"Portada","item":"https:\/\/letrame.com\/catalogo\/"},{"@type":"ListItem","position":2,"name":"Cat\u00e1logo","item":"https:\/\/letrame.com\/catalogo\/"},{"@type":"ListItem","position":3,"name":"Transcripci\u00f3n del manifiesto"}]},{"@type":"WebSite","@id":"https:\/\/letrame.com\/catalogo\/#website","url":"https:\/\/letrame.com\/catalogo\/","name":"Catalogo | Letrame Grupo Editorial","description":"","publisher":{"@id":"https:\/\/letrame.com\/catalogo\/#organization"},"potentialAction":[{"@type":"SearchAction","target":{"@type":"EntryPoint","urlTemplate":"https:\/\/letrame.com\/catalogo\/?s={search_term_string}"},"query-input":{"@type":"PropertyValueSpecification","valueRequired":true,"valueName":"search_term_string"}}],"inLanguage":"es"},{"@type":"Organization","@id":"https:\/\/letrame.com\/catalogo\/#organization","name":"Catalogo | Letrame Grupo Editorial","url":"https:\/\/letrame.com\/catalogo\/","logo":{"@type":"ImageObject","inLanguage":"es","@id":"https:\/\/letrame.com\/catalogo\/#\/schema\/logo\/image\/","url":"https:\/\/letrame.com\/catalogo\/wp-content\/uploads\/2024\/03\/logo2.webp","contentUrl":"https:\/\/letrame.com\/catalogo\/wp-content\/uploads\/2024\/03\/logo2.webp","width":394,"height":128,"caption":"Catalogo | Letrame Grupo Editorial"},"image":{"@id":"https:\/\/letrame.com\/catalogo\/#\/schema\/logo\/image\/"}}]}},"_links":{"self":[{"href":"https:\/\/letrame.com\/catalogo\/wp-json\/wp\/v2\/product\/94809","targetHints":{"allow":["GET"]}}],"collection":[{"href":"https:\/\/letrame.com\/catalogo\/wp-json\/wp\/v2\/product"}],"about":[{"href":"https:\/\/letrame.com\/catalogo\/wp-json\/wp\/v2\/types\/product"}],"replies":[{"embeddable":true,"href":"https:\/\/letrame.com\/catalogo\/wp-json\/wp\/v2\/comments?post=94809"}],"acf:post":[{"embeddable":true,"href":"https:\/\/letrame.com\/catalogo\/wp-json\/wp\/v2\/author_book\/72784"}],"wp:featuredmedia":[{"embeddable":true,"href":"https:\/\/letrame.com\/catalogo\/wp-json\/wp\/v2\/media\/94810"}],"wp:attachment":[{"href":"https:\/\/letrame.com\/catalogo\/wp-json\/wp\/v2\/media?parent=94809"}],"wp:term":[{"taxonomy":"libro","embeddable":true,"href":"https:\/\/letrame.com\/catalogo\/wp-json\/wp\/v2\/libro?post=94809"},{"taxonomy":"product_brand","embeddable":true,"href":"https:\/\/letrame.com\/catalogo\/wp-json\/wp\/v2\/product_brand?post=94809"},{"taxonomy":"product_cat","embeddable":true,"href":"https:\/\/letrame.com\/catalogo\/wp-json\/wp\/v2\/product_cat?post=94809"},{"taxonomy":"product_tag","embeddable":true,"href":"https:\/\/letrame.com\/catalogo\/wp-json\/wp\/v2\/product_tag?post=94809"}],"curies":[{"name":"wp","href":"https:\/\/api.w.org\/{rel}","templated":true}]}}

Transcripción del manifiesto

<p><strong>ISBN</strong>: 978-84-17965-80-8<br />
<strong>Título</strong>: Transcripción del manifiesto<br />
<strong>Fecha</strong>: 2019<br />
<strong>Páginas</strong>: 134</p>
<p>&nbsp;</p>
<p><strong>SINOPSIS</strong></p>
<section>
<div class="about-this-book">
<div class="container">
<div class="right-detail shop-detail1 pull-right col-md-8 col-sm-8 col-xs-12">
<div id="editionnal-reviews" class="book-desc-detail"><span class="detail-desc box-detail-desc">Transcripción del Manifiesto es un libreto que surge de la necesidad de recuperar el pensamiento de Marx y Engels para nuestros días, analizado desde una visión común a cualquier ciudadano que pudiera calificar de intolerable la situación que vive la clase trabajadora en España y en todo el continente. En tiempos en los que el poder económico somete a la sociedad a continuos dramas sociales es cuando más se necesita la denuncia y reivindicación de la clase trabajadora, tanto a nivel individual como colectivo. Testigos cegados es un ensayo elaborado sobre las bases del IX Concurso Internacional de Pensar a Contracorriente del Ministerio de Cultura de la República de Cuba, organizado por Cuba Literaria en 2012, el cual obtuvo Mención Internacional por el jurado, a destacar entre los autores más noveles que participaron. Se trata de una breve síntesis sobre el daño que el capitalismo hace al planeta mediante la violencia activa y pasiva, el hambre y la desinformación. Además, describe hechos históricos que lo reflejan, así como el doble rasero que usan para informar sus medios de comunicación afines.</span></div>
<div id="clear-scroll" class="clearfix"></div>
</div>
</div>
</div>
</section>
<div class="feature-section feature-option2">
<div class="container">
<div class="related products">
<div class="title-box"></div>
</div>
</div>
</div>

<p><strong>ISBN: 978-84-17965-80-8</strong></p>
<p>Transcripción del Manifiesto es un libreto que surge de la necesidad de recuperar el pensamiento de Marx y Engels para nuestros días, analizado desde una visión común a cualquier ciudadano que pudiera calificar de intolerable la situación que vive la clase trabajadora en España y en todo el continente.</p>

<!-- This site is optimized with the Yoast SEO plugin v27.4 - https://yoast.com/product/yoast-seo-wordpress/ -->
<title>Transcripción del manifiesto - Catalogo | Letrame Grupo Editorial</title>
<meta name="robots" content="index, follow, max-snippet:-1, max-image-preview:large, max-video-preview:-1" />
<link rel="canonical" href="https://letrame.com/catalogo/producto/transcripcion-del-manifiesto/" />
<meta property="og:locale" content="es_ES" />
<meta property="og:type" content="article" />
<meta property="og:title" content="Transcripción del manifiesto - Catalogo | Letrame Grupo Editorial" />
<meta property="og:description" content="ISBN: 978-84-17965-80-8 Transcripción del Manifiesto es un libreto que surge de la necesidad de recuperar el pensamiento de Marx y Engels para nuestros días, analizado desde una visión común a cualquier ciudadano que pudiera calificar de intolerable la situación que vive la clase trabajadora en España y en todo el continente." />
<meta property="og:url" content="https://letrame.com/catalogo/producto/transcripcion-del-manifiesto/" />
<meta property="og:site_name" content="Catalogo | Letrame Grupo Editorial" />
<meta property="article:modified_time" content="2024-04-18T09:27:02+00:00" />
<meta property="og:image" content="https://letrame.com/catalogo/wp-content/uploads/2024/04/Portada-compressed-81-scaled-1.jpg" />
	<meta property="og:image:width" content="1703" />
	<meta property="og:image:height" content="2560" />
	<meta property="og:image:type" content="image/jpeg" />
<meta name="twitter:card" content="summary_large_image" />
<meta name="twitter:label1" content="Tiempo de lectura" />
	<meta name="twitter:data1" content="1 minuto" />
<script type="application/ld+json" class="yoast-schema-graph">{"@context":"https:\/\/schema.org","@graph":[{"@type":"WebPage","@id":"https:\/\/letrame.com\/catalogo\/producto\/transcripcion-del-manifiesto\/","url":"https:\/\/letrame.com\/catalogo\/producto\/transcripcion-del-manifiesto\/","name":"Transcripción del manifiesto - Catalogo | Letrame Grupo Editorial","isPartOf":{"@id":"https:\/\/letrame.com\/catalogo\/#website"},"primaryImageOfPage":{"@id":"https:\/\/letrame.com\/catalogo\/producto\/transcripcion-del-manifiesto\/#primaryimage"},"image":{"@id":"https:\/\/letrame.com\/catalogo\/producto\/transcripcion-del-manifiesto\/#primaryimage"},"thumbnailUrl":"https:\/\/letrame.com\/catalogo\/wp-content\/uploads\/2024\/04\/Portada-compressed-81-scaled-1.jpg","datePublished":"2024-04-18T09:26:49+00:00","dateModified":"2024-04-18T09:27:02+00:00","breadcrumb":{"@id":"https:\/\/letrame.com\/catalogo\/producto\/transcripcion-del-manifiesto\/#breadcrumb"},"inLanguage":"es","potentialAction":[{"@type":"ReadAction","target":["https:\/\/letrame.com\/catalogo\/producto\/transcripcion-del-manifiesto\/"]}]},{"@type":"ImageObject","inLanguage":"es","@id":"https:\/\/letrame.com\/catalogo\/producto\/transcripcion-del-manifiesto\/#primaryimage","url":"https:\/\/letrame.com\/catalogo\/wp-content\/uploads\/2024\/04\/Portada-compressed-81-scaled-1.jpg","contentUrl":"https:\/\/letrame.com\/catalogo\/wp-content\/uploads\/2024\/04\/Portada-compressed-81-scaled-1.jpg","width":1703,"height":2560},{"@type":"BreadcrumbList","@id":"https:\/\/letrame.com\/catalogo\/producto\/transcripcion-del-manifiesto\/#breadcrumb","itemListElement":[{"@type":"ListItem","position":1,"name":"Portada","item":"https:\/\/letrame.com\/catalogo\/"},{"@type":"ListItem","position":2,"name":"Catálogo","item":"https:\/\/letrame.com\/catalogo\/"},{"@type":"ListItem","position":3,"name":"Transcripción del manifiesto"}]},{"@type":"WebSite","@id":"https:\/\/letrame.com\/catalogo\/#website","url":"https:\/\/letrame.com\/catalogo\/","name":"Catalogo | Letrame Grupo Editorial","description":"","publisher":{"@id":"https:\/\/letrame.com\/catalogo\/#organization"},"potentialAction":[{"@type":"SearchAction","target":{"@type":"EntryPoint","urlTemplate":"https:\/\/letrame.com\/catalogo\/?s={search_term_string}"},"query-input":{"@type":"PropertyValueSpecification","valueRequired":true,"valueName":"search_term_string"}}],"inLanguage":"es"},{"@type":"Organization","@id":"https:\/\/letrame.com\/catalogo\/#organization","name":"Catalogo | Letrame Grupo Editorial","url":"https:\/\/letrame.com\/catalogo\/","logo":{"@type":"ImageObject","inLanguage":"es","@id":"https:\/\/letrame.com\/catalogo\/#\/schema\/logo\/image\/","url":"https:\/\/letrame.com\/catalogo\/wp-content\/uploads\/2024\/03\/logo2.webp","contentUrl":"https:\/\/letrame.com\/catalogo\/wp-content\/uploads\/2024\/03\/logo2.webp","width":394,"height":128,"caption":"Catalogo | Letrame Grupo Editorial"},"image":{"@id":"https:\/\/letrame.com\/catalogo\/#\/schema\/logo\/image\/"}}]}</script>
<!-- / Yoast SEO plugin. -->

Transcripción del manifiesto - Catalogo | Letrame Grupo Editorial

ISBN: 978-84-17965-80-8 Transcripción del Manifiesto es un libreto que surge de la necesidad de recuperar el pensamiento de Marx y Engels para nuestros días, analizado desde una visión común a cualquier ciudadano que pudiera calificar de intolerable la situación que vive la clase trabajadora en España y en todo el continente.

Catálogo
