{"id":94719,"date":"2024-04-18T11:16:44","date_gmt":"2024-04-18T09:16:44","guid":{"rendered":"https:\/\/letrame.com\/catalogo\/producto\/mis-ultimos-20\/"},"modified":"2024-04-18T11:17:26","modified_gmt":"2024-04-18T09:17:26","slug":"mis-ultimos-20","status":"publish","type":"product","link":"https:\/\/letrame.com\/catalogo\/producto\/mis-ultimos-20\/","title":{"rendered":"\u00a1Mis \u00faltimos 20!"},"content":{"rendered":"<p><strong>ISBN<\/strong>: 978-84-17864-65-1<br \/>\n<strong>T\u00edtulo<\/strong>: \u00a1Mis \u00faltimos 20!<br \/>\n<strong>Fecha<\/strong>: 2019<br \/>\n<strong>P\u00e1ginas<\/strong>: 88<\/p>\n<p>&nbsp;<\/p>\n<p><strong>SINOPSIS<\/strong><\/p>\n<section>\n<div class=\"about-this-book\">\n<div class=\"container\">\n<div class=\"right-detail shop-detail1 pull-right col-md-8 col-sm-8 col-xs-12\">\n<div id=\"editionnal-reviews\" class=\"book-desc-detail\"><span class=\"detail-desc box-detail-desc\">Los temidos treinta a\u00f1os est\u00e1n por llegar y al no poder detener el tiempo, a modo de desaf\u00edo personal, se inicia un proyecto lleno de relatos que intenten rescatar las experiencias del d\u00eda a d\u00eda, los recuerdos de infancia, familia y vivencias a trav\u00e9s de una gran imaginaci\u00f3n con un toque de humor, simpat\u00eda y una honestidad tan brutal como la realidad. La vida cotidiana de la protagonista y autora es el escenario de esta obra donde aquellas cosas que suelen no ser interesantes ni irrelevantes, con un poco de creatividad, se convierten en verdaderas historias dignas de ser narradas desde un enfoque personal de una persona un tanto ecl\u00e9ctica y cien por cien real. \u00bfSer\u00e1 capaz de rescatar y vivir al m\u00e1ximo su \u00faltimo a\u00f1o como una veintea\u00f1era m\u00e1s, y combatir con su extra\u00f1a y complicada relaci\u00f3n con la tecnolog\u00eda y sociedad actual? El mundo interior de Antonia ha abierto una ventana consiguiendo que el lector mire a trav\u00e9s de ella, subirlo en una de sus nubes y hacerlo flotar entre tormentas, colores y diferentes tipos de expresi\u00f3n. Esta mujer de veintinueve a\u00f1os trata de seguirle el ritmo a los dem\u00e1s con una mente equipada de nostalgia, una compleja relaci\u00f3n con la tecnolog\u00eda y pensamientos de una rom\u00e1ntica empedernida en cuanto a su vida de reci\u00e9n casada. La meta es llegar a los treinta a\u00f1os con alguna reflexi\u00f3n que pueda compartir con el lector prometi\u00e9ndole una lectura sorprendente y entretenida.<\/span><\/div>\n<div id=\"clear-scroll\" class=\"clearfix\"><\/div>\n<\/div>\n<\/div>\n<\/div>\n<\/section>\n<div class=\"feature-section feature-option2\">\n<div class=\"container\">\n<div class=\"related products\">\n<div class=\"title-box\"><\/div>\n<\/div>\n<\/div>\n<\/div>\n","protected":false},"excerpt":{"rendered":"<p><strong>ISBN: 978-84-17864-65-1<\/strong><\/p>\n<p>Los temidos treinta a\u00f1os est\u00e1n por llegar y al no poder detener el tiempo, a modo de desaf\u00edo personal, se inicia un proyecto lleno de relatos que intenten rescatar las experiencias del d\u00eda a d\u00eda, los recuerdos de infancia, familia y vivencias a trav\u00e9s de una gran imaginaci\u00f3n con un toque de humor, simpat\u00eda y una honestidad tan brutal como la realidad.<\/p>\n","protected":false},"featured_media":94720,"comment_status":"closed","ping_status":"open","template":"","meta":{"_acf_changed":false},"libro":[],"product_brand":[],"product_cat":[21],"product_tag":[],"class_list":{"0":"post-94719","1":"product","2":"type-product","3":"status-publish","4":"has-post-thumbnail","6":"product_cat-relato","8":"first","9":"instock","10":"purchasable","11":"product-type-simple"},"acf":{"autor":[73610],"enlace_de_compra":"https:\/\/www.amazon.es\/%C2%A1Mis-%C3%BAltimos-veinte-01-Biograf%C3%ADa\/dp\/8417864652\/ref=sr_1_2?__mk_es_ES=%C3%85M%C3%85%C5%BD%C3%95%C3%91&amp&keywords=mis+%C3%BAltimos+20+letrame&amp&qid=1561629812&amp&s=gateway&amp&sr=8-2"},"yoast_head":"<!-- This site is optimized with the Yoast SEO plugin v26.6 - https:\/\/yoast.com\/wordpress\/plugins\/seo\/ -->\n<title>\u00a1Mis \u00faltimos 20! - Catalogo | Letrame Grupo Editorial<\/title>\n<meta name=\"robots\" content=\"index, follow, max-snippet:-1, max-image-preview:large, max-video-preview:-1\" \/>\n<link rel=\"canonical\" href=\"https:\/\/letrame.com\/catalogo\/producto\/mis-ultimos-20\/\" \/>\n<meta property=\"og:locale\" content=\"es_ES\" \/>\n<meta property=\"og:type\" content=\"article\" \/>\n<meta property=\"og:title\" content=\"\u00a1Mis \u00faltimos 20! - Catalogo | Letrame Grupo Editorial\" \/>\n<meta property=\"og:description\" content=\"ISBN: 978-84-17864-65-1 Los temidos treinta a\u00f1os est\u00e1n por llegar y al no poder detener el tiempo, a modo de desaf\u00edo personal, se inicia un proyecto lleno de relatos que intenten rescatar las experiencias del d\u00eda a d\u00eda, los recuerdos de infancia, familia y vivencias a trav\u00e9s de una gran imaginaci\u00f3n con un toque de humor, simpat\u00eda y una honestidad tan brutal como la realidad.\" \/>\n<meta property=\"og:url\" content=\"https:\/\/letrame.com\/catalogo\/producto\/mis-ultimos-20\/\" \/>\n<meta property=\"og:site_name\" content=\"Catalogo | Letrame Grupo Editorial\" \/>\n<meta property=\"article:modified_time\" content=\"2024-04-18T09:17:26+00:00\" \/>\n<meta property=\"og:image\" content=\"https:\/\/letrame.com\/catalogo\/wp-content\/uploads\/2024\/04\/Portada-compressed-76-scaled-1.jpg\" \/>\n\t<meta property=\"og:image:width\" content=\"1701\" \/>\n\t<meta property=\"og:image:height\" content=\"2560\" \/>\n\t<meta property=\"og:image:type\" content=\"image\/jpeg\" \/>\n<meta name=\"twitter:card\" content=\"summary_large_image\" \/>\n<meta name=\"twitter:label1\" content=\"Tiempo de lectura\" \/>\n\t<meta name=\"twitter:data1\" content=\"1 minuto\" \/>\n<script type=\"application\/ld+json\" class=\"yoast-schema-graph\">{\"@context\":\"https:\/\/schema.org\",\"@graph\":[{\"@type\":\"WebPage\",\"@id\":\"https:\/\/letrame.com\/catalogo\/producto\/mis-ultimos-20\/\",\"url\":\"https:\/\/letrame.com\/catalogo\/producto\/mis-ultimos-20\/\",\"name\":\"\u00a1Mis \u00faltimos 20! - Catalogo | Letrame Grupo Editorial\",\"isPartOf\":{\"@id\":\"https:\/\/letrame.com\/catalogo\/#website\"},\"primaryImageOfPage\":{\"@id\":\"https:\/\/letrame.com\/catalogo\/producto\/mis-ultimos-20\/#primaryimage\"},\"image\":{\"@id\":\"https:\/\/letrame.com\/catalogo\/producto\/mis-ultimos-20\/#primaryimage\"},\"thumbnailUrl\":\"https:\/\/letrame.com\/catalogo\/wp-content\/uploads\/2024\/04\/Portada-compressed-76-scaled-1.jpg\",\"datePublished\":\"2024-04-18T09:16:44+00:00\",\"dateModified\":\"2024-04-18T09:17:26+00:00\",\"breadcrumb\":{\"@id\":\"https:\/\/letrame.com\/catalogo\/producto\/mis-ultimos-20\/#breadcrumb\"},\"inLanguage\":\"es\",\"potentialAction\":[{\"@type\":\"ReadAction\",\"target\":[\"https:\/\/letrame.com\/catalogo\/producto\/mis-ultimos-20\/\"]}]},{\"@type\":\"ImageObject\",\"inLanguage\":\"es\",\"@id\":\"https:\/\/letrame.com\/catalogo\/producto\/mis-ultimos-20\/#primaryimage\",\"url\":\"https:\/\/letrame.com\/catalogo\/wp-content\/uploads\/2024\/04\/Portada-compressed-76-scaled-1.jpg\",\"contentUrl\":\"https:\/\/letrame.com\/catalogo\/wp-content\/uploads\/2024\/04\/Portada-compressed-76-scaled-1.jpg\",\"width\":1701,\"height\":2560},{\"@type\":\"BreadcrumbList\",\"@id\":\"https:\/\/letrame.com\/catalogo\/producto\/mis-ultimos-20\/#breadcrumb\",\"itemListElement\":[{\"@type\":\"ListItem\",\"position\":1,\"name\":\"Portada\",\"item\":\"https:\/\/letrame.com\/catalogo\/\"},{\"@type\":\"ListItem\",\"position\":2,\"name\":\"Cat\u00e1logo\",\"item\":\"https:\/\/letrame.com\/catalogo\/\"},{\"@type\":\"ListItem\",\"position\":3,\"name\":\"\u00a1Mis \u00faltimos 20!\"}]},{\"@type\":\"WebSite\",\"@id\":\"https:\/\/letrame.com\/catalogo\/#website\",\"url\":\"https:\/\/letrame.com\/catalogo\/\",\"name\":\"Catalogo | Letrame Grupo Editorial\",\"description\":\"\",\"publisher\":{\"@id\":\"https:\/\/letrame.com\/catalogo\/#organization\"},\"potentialAction\":[{\"@type\":\"SearchAction\",\"target\":{\"@type\":\"EntryPoint\",\"urlTemplate\":\"https:\/\/letrame.com\/catalogo\/?s={search_term_string}\"},\"query-input\":{\"@type\":\"PropertyValueSpecification\",\"valueRequired\":true,\"valueName\":\"search_term_string\"}}],\"inLanguage\":\"es\"},{\"@type\":\"Organization\",\"@id\":\"https:\/\/letrame.com\/catalogo\/#organization\",\"name\":\"Catalogo | Letrame Grupo Editorial\",\"url\":\"https:\/\/letrame.com\/catalogo\/\",\"logo\":{\"@type\":\"ImageObject\",\"inLanguage\":\"es\",\"@id\":\"https:\/\/letrame.com\/catalogo\/#\/schema\/logo\/image\/\",\"url\":\"https:\/\/letrame.com\/catalogo\/wp-content\/uploads\/2024\/03\/logo2.webp\",\"contentUrl\":\"https:\/\/letrame.com\/catalogo\/wp-content\/uploads\/2024\/03\/logo2.webp\",\"width\":394,\"height\":128,\"caption\":\"Catalogo | Letrame Grupo Editorial\"},\"image\":{\"@id\":\"https:\/\/letrame.com\/catalogo\/#\/schema\/logo\/image\/\"}}]}<\/script>\n<!-- \/ Yoast SEO plugin. -->","yoast_head_json":{"title":"\u00a1Mis \u00faltimos 20! - Catalogo | Letrame Grupo Editorial","robots":{"index":"index","follow":"follow","max-snippet":"max-snippet:-1","max-image-preview":"max-image-preview:large","max-video-preview":"max-video-preview:-1"},"canonical":"https:\/\/letrame.com\/catalogo\/producto\/mis-ultimos-20\/","og_locale":"es_ES","og_type":"article","og_title":"\u00a1Mis \u00faltimos 20! - Catalogo | Letrame Grupo Editorial","og_description":"ISBN: 978-84-17864-65-1 Los temidos treinta a\u00f1os est\u00e1n por llegar y al no poder detener el tiempo, a modo de desaf\u00edo personal, se inicia un proyecto lleno de relatos que intenten rescatar las experiencias del d\u00eda a d\u00eda, los recuerdos de infancia, familia y vivencias a trav\u00e9s de una gran imaginaci\u00f3n con un toque de humor, simpat\u00eda y una honestidad tan brutal como la realidad.","og_url":"https:\/\/letrame.com\/catalogo\/producto\/mis-ultimos-20\/","og_site_name":"Catalogo | Letrame Grupo Editorial","article_modified_time":"2024-04-18T09:17:26+00:00","og_image":[{"width":1701,"height":2560,"url":"https:\/\/letrame.com\/catalogo\/wp-content\/uploads\/2024\/04\/Portada-compressed-76-scaled-1.jpg","type":"image\/jpeg"}],"twitter_card":"summary_large_image","twitter_misc":{"Tiempo de lectura":"1 minuto"},"schema":{"@context":"https:\/\/schema.org","@graph":[{"@type":"WebPage","@id":"https:\/\/letrame.com\/catalogo\/producto\/mis-ultimos-20\/","url":"https:\/\/letrame.com\/catalogo\/producto\/mis-ultimos-20\/","name":"\u00a1Mis \u00faltimos 20! - Catalogo | Letrame Grupo Editorial","isPartOf":{"@id":"https:\/\/letrame.com\/catalogo\/#website"},"primaryImageOfPage":{"@id":"https:\/\/letrame.com\/catalogo\/producto\/mis-ultimos-20\/#primaryimage"},"image":{"@id":"https:\/\/letrame.com\/catalogo\/producto\/mis-ultimos-20\/#primaryimage"},"thumbnailUrl":"https:\/\/letrame.com\/catalogo\/wp-content\/uploads\/2024\/04\/Portada-compressed-76-scaled-1.jpg","datePublished":"2024-04-18T09:16:44+00:00","dateModified":"2024-04-18T09:17:26+00:00","breadcrumb":{"@id":"https:\/\/letrame.com\/catalogo\/producto\/mis-ultimos-20\/#breadcrumb"},"inLanguage":"es","potentialAction":[{"@type":"ReadAction","target":["https:\/\/letrame.com\/catalogo\/producto\/mis-ultimos-20\/"]}]},{"@type":"ImageObject","inLanguage":"es","@id":"https:\/\/letrame.com\/catalogo\/producto\/mis-ultimos-20\/#primaryimage","url":"https:\/\/letrame.com\/catalogo\/wp-content\/uploads\/2024\/04\/Portada-compressed-76-scaled-1.jpg","contentUrl":"https:\/\/letrame.com\/catalogo\/wp-content\/uploads\/2024\/04\/Portada-compressed-76-scaled-1.jpg","width":1701,"height":2560},{"@type":"BreadcrumbList","@id":"https:\/\/letrame.com\/catalogo\/producto\/mis-ultimos-20\/#breadcrumb","itemListElement":[{"@type":"ListItem","position":1,"name":"Portada","item":"https:\/\/letrame.com\/catalogo\/"},{"@type":"ListItem","position":2,"name":"Cat\u00e1logo","item":"https:\/\/letrame.com\/catalogo\/"},{"@type":"ListItem","position":3,"name":"\u00a1Mis \u00faltimos 20!"}]},{"@type":"WebSite","@id":"https:\/\/letrame.com\/catalogo\/#website","url":"https:\/\/letrame.com\/catalogo\/","name":"Catalogo | Letrame Grupo Editorial","description":"","publisher":{"@id":"https:\/\/letrame.com\/catalogo\/#organization"},"potentialAction":[{"@type":"SearchAction","target":{"@type":"EntryPoint","urlTemplate":"https:\/\/letrame.com\/catalogo\/?s={search_term_string}"},"query-input":{"@type":"PropertyValueSpecification","valueRequired":true,"valueName":"search_term_string"}}],"inLanguage":"es"},{"@type":"Organization","@id":"https:\/\/letrame.com\/catalogo\/#organization","name":"Catalogo | Letrame Grupo Editorial","url":"https:\/\/letrame.com\/catalogo\/","logo":{"@type":"ImageObject","inLanguage":"es","@id":"https:\/\/letrame.com\/catalogo\/#\/schema\/logo\/image\/","url":"https:\/\/letrame.com\/catalogo\/wp-content\/uploads\/2024\/03\/logo2.webp","contentUrl":"https:\/\/letrame.com\/catalogo\/wp-content\/uploads\/2024\/03\/logo2.webp","width":394,"height":128,"caption":"Catalogo | Letrame Grupo Editorial"},"image":{"@id":"https:\/\/letrame.com\/catalogo\/#\/schema\/logo\/image\/"}}]}},"_links":{"self":[{"href":"https:\/\/letrame.com\/catalogo\/wp-json\/wp\/v2\/product\/94719","targetHints":{"allow":["GET"]}}],"collection":[{"href":"https:\/\/letrame.com\/catalogo\/wp-json\/wp\/v2\/product"}],"about":[{"href":"https:\/\/letrame.com\/catalogo\/wp-json\/wp\/v2\/types\/product"}],"replies":[{"embeddable":true,"href":"https:\/\/letrame.com\/catalogo\/wp-json\/wp\/v2\/comments?post=94719"}],"acf:post":[{"embeddable":true,"href":"https:\/\/letrame.com\/catalogo\/wp-json\/wp\/v2\/author_book\/73610"}],"wp:featuredmedia":[{"embeddable":true,"href":"https:\/\/letrame.com\/catalogo\/wp-json\/wp\/v2\/media\/94720"}],"wp:attachment":[{"href":"https:\/\/letrame.com\/catalogo\/wp-json\/wp\/v2\/media?parent=94719"}],"wp:term":[{"taxonomy":"libro","embeddable":true,"href":"https:\/\/letrame.com\/catalogo\/wp-json\/wp\/v2\/libro?post=94719"},{"taxonomy":"product_brand","embeddable":true,"href":"https:\/\/letrame.com\/catalogo\/wp-json\/wp\/v2\/product_brand?post=94719"},{"taxonomy":"product_cat","embeddable":true,"href":"https:\/\/letrame.com\/catalogo\/wp-json\/wp\/v2\/product_cat?post=94719"},{"taxonomy":"product_tag","embeddable":true,"href":"https:\/\/letrame.com\/catalogo\/wp-json\/wp\/v2\/product_tag?post=94719"}],"curies":[{"name":"wp","href":"https:\/\/api.w.org\/{rel}","templated":true}]}}