{"id":94574,"date":"2024-04-18T11:00:24","date_gmt":"2024-04-18T09:00:24","guid":{"rendered":"https:\/\/letrame.com\/catalogo\/producto\/suicidio-del-97\/"},"modified":"2024-07-31T11:30:33","modified_gmt":"2024-07-31T09:30:33","slug":"suicidio-del-97","status":"publish","type":"product","link":"https:\/\/letrame.com\/catalogo\/producto\/suicidio-del-97\/","title":{"rendered":"Suicidio del 97"},"content":{"rendered":"<p><strong>ISBN<\/strong>: 978-84-17818-62-3<br \/>\n<strong>T\u00edtulo<\/strong>: Suicidio del 97<br \/>\n<strong>Fecha<\/strong>: 2019<br \/>\n<strong>P\u00e1ginas<\/strong>: 242<\/p>\n<p>&nbsp;<\/p>\n<p><strong>SINOPSIS<\/strong><\/p>\n<section>\n<div class=\"about-this-book\">\n<div class=\"container\">\n<div class=\"right-detail shop-detail1 pull-right col-md-8 col-sm-8 col-xs-12\">\n<div id=\"editionnal-reviews\" class=\"book-desc-detail\"><span class=\"detail-desc box-detail-desc\">Eddie quer\u00eda hacerlo. Samantha no va a esperar m\u00e1s. Daniel se va a arrepentir. Kelly tiene miedo de nuevo. Sarah cree que es feliz. Cada paso que dan, cada error que cometen, cada momento vivido les ense\u00f1a lo dura que es la existencia en su mundo particular. En la peque\u00f1a ciudad de Danford, nada es lo que parece y todos los hilos se enmara\u00f1an creando una tela de ara\u00f1a que los arrastrar\u00e1 a todos a un final que ninguno espera.<\/span><\/div>\n<div id=\"clear-scroll\" class=\"clearfix\"><\/div>\n<\/div>\n<\/div>\n<\/div>\n<\/section>\n<div class=\"feature-section feature-option2\">\n<div class=\"container\">\n<div class=\"related products\">\n<div class=\"title-box\"><\/div>\n<\/div>\n<\/div>\n<\/div>\n","protected":false},"excerpt":{"rendered":"<p><strong>ISBN: 978-84-17818-62-3<br \/>\n<\/strong><\/p>\n<p>Eddie no quer\u00eda hacerlo. Samantha no va a esperar m\u00e1s. Daniel se va a arrepentir. Kelly tiene miedo de nuevo. Sarah cree que es feliz.<br \/>\nCada paso que dan, cada error que cometen, cada momento vivido les ense\u00f1a lo dura que es la existencia en su mundo particular.<br \/>\nEn la peque\u00f1a ciudad de Danford, nada es lo que parece y todos los hilos se enmara\u00f1an creando una tela de ara\u00f1a que los arrastrar\u00e1 a todos a un final que ninguno espera.\u00a0 Puedes conocer al autor en su web:<\/p>\n","protected":false},"featured_media":94575,"comment_status":"closed","ping_status":"closed","template":"","meta":{"_acf_changed":false},"libro":[],"product_brand":[],"product_cat":[51],"product_tag":[],"class_list":{"0":"post-94574","1":"product","2":"type-product","3":"status-publish","4":"has-post-thumbnail","6":"product_cat-novela-negra","8":"first","9":"instock","10":"purchasable","11":"product-type-simple"},"acf":{"autor":[77595],"enlace_de_compra":"https:\/\/www.paypal.com\/cgi-bin\/webscr?cmd=_s-xclick&hosted_button_id=BUVXSBJ7XFPFW"},"yoast_head":"<!-- This site is optimized with the Yoast SEO plugin v27.4 - https:\/\/yoast.com\/product\/yoast-seo-wordpress\/ -->\n<title>Suicidio del 97 - Catalogo | Letrame Grupo Editorial<\/title>\n<meta name=\"robots\" content=\"index, follow, max-snippet:-1, max-image-preview:large, max-video-preview:-1\" \/>\n<link rel=\"canonical\" href=\"https:\/\/letrame.com\/catalogo\/producto\/suicidio-del-97\/\" \/>\n<meta property=\"og:locale\" content=\"es_ES\" \/>\n<meta property=\"og:type\" content=\"article\" \/>\n<meta property=\"og:title\" content=\"Suicidio del 97 - Catalogo | Letrame Grupo Editorial\" \/>\n<meta property=\"og:description\" content=\"ISBN: 978-84-17818-62-3   Eddie no quer\u00eda hacerlo. Samantha no va a esperar m\u00e1s. Daniel se va a arrepentir. Kelly tiene miedo de nuevo. Sarah cree que es feliz. Cada paso que dan, cada error que cometen, cada momento vivido les ense\u00f1a lo dura que es la existencia en su mundo particular. En la peque\u00f1a ciudad de Danford, nada es lo que parece y todos los hilos se enmara\u00f1an creando una tela de ara\u00f1a que los arrastrar\u00e1 a todos a un final que ninguno espera.\u00a0 Puedes conocer al autor en su web:\" \/>\n<meta property=\"og:url\" content=\"https:\/\/letrame.com\/catalogo\/producto\/suicidio-del-97\/\" \/>\n<meta property=\"og:site_name\" content=\"Catalogo | Letrame Grupo Editorial\" \/>\n<meta property=\"article:modified_time\" content=\"2024-07-31T09:30:33+00:00\" \/>\n<meta property=\"og:image\" content=\"https:\/\/letrame.com\/catalogo\/wp-content\/uploads\/2024\/04\/portada_Suicidiodel97_12mm-compressed-1.jpg\" \/>\n\t<meta property=\"og:image:width\" content=\"1772\" \/>\n\t<meta property=\"og:image:height\" content=\"2480\" \/>\n\t<meta property=\"og:image:type\" content=\"image\/jpeg\" \/>\n<meta name=\"twitter:card\" content=\"summary_large_image\" \/>\n<meta name=\"twitter:label1\" content=\"Tiempo de lectura\" \/>\n\t<meta name=\"twitter:data1\" content=\"1 minuto\" \/>\n<script type=\"application\/ld+json\" class=\"yoast-schema-graph\">{\"@context\":\"https:\\\/\\\/schema.org\",\"@graph\":[{\"@type\":\"WebPage\",\"@id\":\"https:\\\/\\\/letrame.com\\\/catalogo\\\/producto\\\/suicidio-del-97\\\/\",\"url\":\"https:\\\/\\\/letrame.com\\\/catalogo\\\/producto\\\/suicidio-del-97\\\/\",\"name\":\"Suicidio del 97 - Catalogo | Letrame Grupo Editorial\",\"isPartOf\":{\"@id\":\"https:\\\/\\\/letrame.com\\\/catalogo\\\/#website\"},\"primaryImageOfPage\":{\"@id\":\"https:\\\/\\\/letrame.com\\\/catalogo\\\/producto\\\/suicidio-del-97\\\/#primaryimage\"},\"image\":{\"@id\":\"https:\\\/\\\/letrame.com\\\/catalogo\\\/producto\\\/suicidio-del-97\\\/#primaryimage\"},\"thumbnailUrl\":\"https:\\\/\\\/letrame.com\\\/catalogo\\\/wp-content\\\/uploads\\\/2024\\\/04\\\/portada_Suicidiodel97_12mm-compressed-1.jpg\",\"datePublished\":\"2024-04-18T09:00:24+00:00\",\"dateModified\":\"2024-07-31T09:30:33+00:00\",\"breadcrumb\":{\"@id\":\"https:\\\/\\\/letrame.com\\\/catalogo\\\/producto\\\/suicidio-del-97\\\/#breadcrumb\"},\"inLanguage\":\"es\",\"potentialAction\":[{\"@type\":\"ReadAction\",\"target\":[\"https:\\\/\\\/letrame.com\\\/catalogo\\\/producto\\\/suicidio-del-97\\\/\"]}]},{\"@type\":\"ImageObject\",\"inLanguage\":\"es\",\"@id\":\"https:\\\/\\\/letrame.com\\\/catalogo\\\/producto\\\/suicidio-del-97\\\/#primaryimage\",\"url\":\"https:\\\/\\\/letrame.com\\\/catalogo\\\/wp-content\\\/uploads\\\/2024\\\/04\\\/portada_Suicidiodel97_12mm-compressed-1.jpg\",\"contentUrl\":\"https:\\\/\\\/letrame.com\\\/catalogo\\\/wp-content\\\/uploads\\\/2024\\\/04\\\/portada_Suicidiodel97_12mm-compressed-1.jpg\",\"width\":1772,\"height\":2480},{\"@type\":\"BreadcrumbList\",\"@id\":\"https:\\\/\\\/letrame.com\\\/catalogo\\\/producto\\\/suicidio-del-97\\\/#breadcrumb\",\"itemListElement\":[{\"@type\":\"ListItem\",\"position\":1,\"name\":\"Portada\",\"item\":\"https:\\\/\\\/letrame.com\\\/catalogo\\\/\"},{\"@type\":\"ListItem\",\"position\":2,\"name\":\"Cat\u00e1logo\",\"item\":\"https:\\\/\\\/letrame.com\\\/catalogo\\\/\"},{\"@type\":\"ListItem\",\"position\":3,\"name\":\"Suicidio del 97\"}]},{\"@type\":\"WebSite\",\"@id\":\"https:\\\/\\\/letrame.com\\\/catalogo\\\/#website\",\"url\":\"https:\\\/\\\/letrame.com\\\/catalogo\\\/\",\"name\":\"Catalogo | Letrame Grupo Editorial\",\"description\":\"\",\"publisher\":{\"@id\":\"https:\\\/\\\/letrame.com\\\/catalogo\\\/#organization\"},\"potentialAction\":[{\"@type\":\"SearchAction\",\"target\":{\"@type\":\"EntryPoint\",\"urlTemplate\":\"https:\\\/\\\/letrame.com\\\/catalogo\\\/?s={search_term_string}\"},\"query-input\":{\"@type\":\"PropertyValueSpecification\",\"valueRequired\":true,\"valueName\":\"search_term_string\"}}],\"inLanguage\":\"es\"},{\"@type\":\"Organization\",\"@id\":\"https:\\\/\\\/letrame.com\\\/catalogo\\\/#organization\",\"name\":\"Catalogo | Letrame Grupo Editorial\",\"url\":\"https:\\\/\\\/letrame.com\\\/catalogo\\\/\",\"logo\":{\"@type\":\"ImageObject\",\"inLanguage\":\"es\",\"@id\":\"https:\\\/\\\/letrame.com\\\/catalogo\\\/#\\\/schema\\\/logo\\\/image\\\/\",\"url\":\"https:\\\/\\\/letrame.com\\\/catalogo\\\/wp-content\\\/uploads\\\/2024\\\/03\\\/logo2.webp\",\"contentUrl\":\"https:\\\/\\\/letrame.com\\\/catalogo\\\/wp-content\\\/uploads\\\/2024\\\/03\\\/logo2.webp\",\"width\":394,\"height\":128,\"caption\":\"Catalogo | Letrame Grupo Editorial\"},\"image\":{\"@id\":\"https:\\\/\\\/letrame.com\\\/catalogo\\\/#\\\/schema\\\/logo\\\/image\\\/\"}}]}<\/script>\n<!-- \/ Yoast SEO plugin. -->","yoast_head_json":{"title":"Suicidio del 97 - Catalogo | Letrame Grupo Editorial","robots":{"index":"index","follow":"follow","max-snippet":"max-snippet:-1","max-image-preview":"max-image-preview:large","max-video-preview":"max-video-preview:-1"},"canonical":"https:\/\/letrame.com\/catalogo\/producto\/suicidio-del-97\/","og_locale":"es_ES","og_type":"article","og_title":"Suicidio del 97 - Catalogo | Letrame Grupo Editorial","og_description":"ISBN: 978-84-17818-62-3   Eddie no quer\u00eda hacerlo. Samantha no va a esperar m\u00e1s. Daniel se va a arrepentir. Kelly tiene miedo de nuevo. Sarah cree que es feliz. Cada paso que dan, cada error que cometen, cada momento vivido les ense\u00f1a lo dura que es la existencia en su mundo particular. En la peque\u00f1a ciudad de Danford, nada es lo que parece y todos los hilos se enmara\u00f1an creando una tela de ara\u00f1a que los arrastrar\u00e1 a todos a un final que ninguno espera.\u00a0 Puedes conocer al autor en su web:","og_url":"https:\/\/letrame.com\/catalogo\/producto\/suicidio-del-97\/","og_site_name":"Catalogo | Letrame Grupo Editorial","article_modified_time":"2024-07-31T09:30:33+00:00","og_image":[{"width":1772,"height":2480,"url":"https:\/\/letrame.com\/catalogo\/wp-content\/uploads\/2024\/04\/portada_Suicidiodel97_12mm-compressed-1.jpg","type":"image\/jpeg"}],"twitter_card":"summary_large_image","twitter_misc":{"Tiempo de lectura":"1 minuto"},"schema":{"@context":"https:\/\/schema.org","@graph":[{"@type":"WebPage","@id":"https:\/\/letrame.com\/catalogo\/producto\/suicidio-del-97\/","url":"https:\/\/letrame.com\/catalogo\/producto\/suicidio-del-97\/","name":"Suicidio del 97 - Catalogo | Letrame Grupo Editorial","isPartOf":{"@id":"https:\/\/letrame.com\/catalogo\/#website"},"primaryImageOfPage":{"@id":"https:\/\/letrame.com\/catalogo\/producto\/suicidio-del-97\/#primaryimage"},"image":{"@id":"https:\/\/letrame.com\/catalogo\/producto\/suicidio-del-97\/#primaryimage"},"thumbnailUrl":"https:\/\/letrame.com\/catalogo\/wp-content\/uploads\/2024\/04\/portada_Suicidiodel97_12mm-compressed-1.jpg","datePublished":"2024-04-18T09:00:24+00:00","dateModified":"2024-07-31T09:30:33+00:00","breadcrumb":{"@id":"https:\/\/letrame.com\/catalogo\/producto\/suicidio-del-97\/#breadcrumb"},"inLanguage":"es","potentialAction":[{"@type":"ReadAction","target":["https:\/\/letrame.com\/catalogo\/producto\/suicidio-del-97\/"]}]},{"@type":"ImageObject","inLanguage":"es","@id":"https:\/\/letrame.com\/catalogo\/producto\/suicidio-del-97\/#primaryimage","url":"https:\/\/letrame.com\/catalogo\/wp-content\/uploads\/2024\/04\/portada_Suicidiodel97_12mm-compressed-1.jpg","contentUrl":"https:\/\/letrame.com\/catalogo\/wp-content\/uploads\/2024\/04\/portada_Suicidiodel97_12mm-compressed-1.jpg","width":1772,"height":2480},{"@type":"BreadcrumbList","@id":"https:\/\/letrame.com\/catalogo\/producto\/suicidio-del-97\/#breadcrumb","itemListElement":[{"@type":"ListItem","position":1,"name":"Portada","item":"https:\/\/letrame.com\/catalogo\/"},{"@type":"ListItem","position":2,"name":"Cat\u00e1logo","item":"https:\/\/letrame.com\/catalogo\/"},{"@type":"ListItem","position":3,"name":"Suicidio del 97"}]},{"@type":"WebSite","@id":"https:\/\/letrame.com\/catalogo\/#website","url":"https:\/\/letrame.com\/catalogo\/","name":"Catalogo | Letrame Grupo Editorial","description":"","publisher":{"@id":"https:\/\/letrame.com\/catalogo\/#organization"},"potentialAction":[{"@type":"SearchAction","target":{"@type":"EntryPoint","urlTemplate":"https:\/\/letrame.com\/catalogo\/?s={search_term_string}"},"query-input":{"@type":"PropertyValueSpecification","valueRequired":true,"valueName":"search_term_string"}}],"inLanguage":"es"},{"@type":"Organization","@id":"https:\/\/letrame.com\/catalogo\/#organization","name":"Catalogo | Letrame Grupo Editorial","url":"https:\/\/letrame.com\/catalogo\/","logo":{"@type":"ImageObject","inLanguage":"es","@id":"https:\/\/letrame.com\/catalogo\/#\/schema\/logo\/image\/","url":"https:\/\/letrame.com\/catalogo\/wp-content\/uploads\/2024\/03\/logo2.webp","contentUrl":"https:\/\/letrame.com\/catalogo\/wp-content\/uploads\/2024\/03\/logo2.webp","width":394,"height":128,"caption":"Catalogo | Letrame Grupo Editorial"},"image":{"@id":"https:\/\/letrame.com\/catalogo\/#\/schema\/logo\/image\/"}}]}},"_links":{"self":[{"href":"https:\/\/letrame.com\/catalogo\/wp-json\/wp\/v2\/product\/94574","targetHints":{"allow":["GET"]}}],"collection":[{"href":"https:\/\/letrame.com\/catalogo\/wp-json\/wp\/v2\/product"}],"about":[{"href":"https:\/\/letrame.com\/catalogo\/wp-json\/wp\/v2\/types\/product"}],"replies":[{"embeddable":true,"href":"https:\/\/letrame.com\/catalogo\/wp-json\/wp\/v2\/comments?post=94574"}],"acf:post":[{"embeddable":true,"href":"https:\/\/letrame.com\/catalogo\/wp-json\/wp\/v2\/author_book\/77595"}],"wp:featuredmedia":[{"embeddable":true,"href":"https:\/\/letrame.com\/catalogo\/wp-json\/wp\/v2\/media\/94575"}],"wp:attachment":[{"href":"https:\/\/letrame.com\/catalogo\/wp-json\/wp\/v2\/media?parent=94574"}],"wp:term":[{"taxonomy":"libro","embeddable":true,"href":"https:\/\/letrame.com\/catalogo\/wp-json\/wp\/v2\/libro?post=94574"},{"taxonomy":"product_brand","embeddable":true,"href":"https:\/\/letrame.com\/catalogo\/wp-json\/wp\/v2\/product_brand?post=94574"},{"taxonomy":"product_cat","embeddable":true,"href":"https:\/\/letrame.com\/catalogo\/wp-json\/wp\/v2\/product_cat?post=94574"},{"taxonomy":"product_tag","embeddable":true,"href":"https:\/\/letrame.com\/catalogo\/wp-json\/wp\/v2\/product_tag?post=94574"}],"curies":[{"name":"wp","href":"https:\/\/api.w.org\/{rel}","templated":true}]}}

<p><strong>ISBN</strong>: 978-84-17818-62-3<br />
<strong>Título</strong>: Suicidio del 97<br />
<strong>Fecha</strong>: 2019<br />
<strong>Páginas</strong>: 242</p>
<p>&nbsp;</p>
<p><strong>SINOPSIS</strong></p>
<section>
<div class="about-this-book">
<div class="container">
<div class="right-detail shop-detail1 pull-right col-md-8 col-sm-8 col-xs-12">
<div id="editionnal-reviews" class="book-desc-detail"><span class="detail-desc box-detail-desc">Eddie quería hacerlo. Samantha no va a esperar más. Daniel se va a arrepentir. Kelly tiene miedo de nuevo. Sarah cree que es feliz. Cada paso que dan, cada error que cometen, cada momento vivido les enseña lo dura que es la existencia en su mundo particular. En la pequeña ciudad de Danford, nada es lo que parece y todos los hilos se enmarañan creando una tela de araña que los arrastrará a todos a un final que ninguno espera.</span></div>
<div id="clear-scroll" class="clearfix"></div>
</div>
</div>
</div>
</section>
<div class="feature-section feature-option2">
<div class="container">
<div class="related products">
<div class="title-box"></div>
</div>
</div>
</div>

<p><strong>ISBN: 978-84-17818-62-3<br />
</strong></p>
<p>Eddie no quería hacerlo. Samantha no va a esperar más. Daniel se va a arrepentir. Kelly tiene miedo de nuevo. Sarah cree que es feliz.<br />
Cada paso que dan, cada error que cometen, cada momento vivido les enseña lo dura que es la existencia en su mundo particular.<br />
En la pequeña ciudad de Danford, nada es lo que parece y todos los hilos se enmarañan creando una tela de araña que los arrastrará a todos a un final que ninguno espera.  Puedes conocer al autor en su web:</p>

<!-- This site is optimized with the Yoast SEO plugin v27.4 - https://yoast.com/product/yoast-seo-wordpress/ -->
<title>Suicidio del 97 - Catalogo | Letrame Grupo Editorial</title>
<meta name="robots" content="index, follow, max-snippet:-1, max-image-preview:large, max-video-preview:-1" />
<link rel="canonical" href="https://letrame.com/catalogo/producto/suicidio-del-97/" />
<meta property="og:locale" content="es_ES" />
<meta property="og:type" content="article" />
<meta property="og:title" content="Suicidio del 97 - Catalogo | Letrame Grupo Editorial" />
<meta property="og:description" content="ISBN: 978-84-17818-62-3   Eddie no quería hacerlo. Samantha no va a esperar más. Daniel se va a arrepentir. Kelly tiene miedo de nuevo. Sarah cree que es feliz. Cada paso que dan, cada error que cometen, cada momento vivido les enseña lo dura que es la existencia en su mundo particular. En la pequeña ciudad de Danford, nada es lo que parece y todos los hilos se enmarañan creando una tela de araña que los arrastrará a todos a un final que ninguno espera.  Puedes conocer al autor en su web:" />
<meta property="og:url" content="https://letrame.com/catalogo/producto/suicidio-del-97/" />
<meta property="og:site_name" content="Catalogo | Letrame Grupo Editorial" />
<meta property="article:modified_time" content="2024-07-31T09:30:33+00:00" />
<meta property="og:image" content="https://letrame.com/catalogo/wp-content/uploads/2024/04/portada_Suicidiodel97_12mm-compressed-1.jpg" />
	<meta property="og:image:width" content="1772" />
	<meta property="og:image:height" content="2480" />
	<meta property="og:image:type" content="image/jpeg" />
<meta name="twitter:card" content="summary_large_image" />
<meta name="twitter:label1" content="Tiempo de lectura" />
	<meta name="twitter:data1" content="1 minuto" />
<script type="application/ld+json" class="yoast-schema-graph">{"@context":"https:\/\/schema.org","@graph":[{"@type":"WebPage","@id":"https:\/\/letrame.com\/catalogo\/producto\/suicidio-del-97\/","url":"https:\/\/letrame.com\/catalogo\/producto\/suicidio-del-97\/","name":"Suicidio del 97 - Catalogo | Letrame Grupo Editorial","isPartOf":{"@id":"https:\/\/letrame.com\/catalogo\/#website"},"primaryImageOfPage":{"@id":"https:\/\/letrame.com\/catalogo\/producto\/suicidio-del-97\/#primaryimage"},"image":{"@id":"https:\/\/letrame.com\/catalogo\/producto\/suicidio-del-97\/#primaryimage"},"thumbnailUrl":"https:\/\/letrame.com\/catalogo\/wp-content\/uploads\/2024\/04\/portada_Suicidiodel97_12mm-compressed-1.jpg","datePublished":"2024-04-18T09:00:24+00:00","dateModified":"2024-07-31T09:30:33+00:00","breadcrumb":{"@id":"https:\/\/letrame.com\/catalogo\/producto\/suicidio-del-97\/#breadcrumb"},"inLanguage":"es","potentialAction":[{"@type":"ReadAction","target":["https:\/\/letrame.com\/catalogo\/producto\/suicidio-del-97\/"]}]},{"@type":"ImageObject","inLanguage":"es","@id":"https:\/\/letrame.com\/catalogo\/producto\/suicidio-del-97\/#primaryimage","url":"https:\/\/letrame.com\/catalogo\/wp-content\/uploads\/2024\/04\/portada_Suicidiodel97_12mm-compressed-1.jpg","contentUrl":"https:\/\/letrame.com\/catalogo\/wp-content\/uploads\/2024\/04\/portada_Suicidiodel97_12mm-compressed-1.jpg","width":1772,"height":2480},{"@type":"BreadcrumbList","@id":"https:\/\/letrame.com\/catalogo\/producto\/suicidio-del-97\/#breadcrumb","itemListElement":[{"@type":"ListItem","position":1,"name":"Portada","item":"https:\/\/letrame.com\/catalogo\/"},{"@type":"ListItem","position":2,"name":"Catálogo","item":"https:\/\/letrame.com\/catalogo\/"},{"@type":"ListItem","position":3,"name":"Suicidio del 97"}]},{"@type":"WebSite","@id":"https:\/\/letrame.com\/catalogo\/#website","url":"https:\/\/letrame.com\/catalogo\/","name":"Catalogo | Letrame Grupo Editorial","description":"","publisher":{"@id":"https:\/\/letrame.com\/catalogo\/#organization"},"potentialAction":[{"@type":"SearchAction","target":{"@type":"EntryPoint","urlTemplate":"https:\/\/letrame.com\/catalogo\/?s={search_term_string}"},"query-input":{"@type":"PropertyValueSpecification","valueRequired":true,"valueName":"search_term_string"}}],"inLanguage":"es"},{"@type":"Organization","@id":"https:\/\/letrame.com\/catalogo\/#organization","name":"Catalogo | Letrame Grupo Editorial","url":"https:\/\/letrame.com\/catalogo\/","logo":{"@type":"ImageObject","inLanguage":"es","@id":"https:\/\/letrame.com\/catalogo\/#\/schema\/logo\/image\/","url":"https:\/\/letrame.com\/catalogo\/wp-content\/uploads\/2024\/03\/logo2.webp","contentUrl":"https:\/\/letrame.com\/catalogo\/wp-content\/uploads\/2024\/03\/logo2.webp","width":394,"height":128,"caption":"Catalogo | Letrame Grupo Editorial"},"image":{"@id":"https:\/\/letrame.com\/catalogo\/#\/schema\/logo\/image\/"}}]}</script>
<!-- / Yoast SEO plugin. -->

ISBN: 978-84-17818-62-3   Eddie no quería hacerlo. Samantha no va a esperar más. Daniel se va a arrepentir. Kelly tiene miedo de nuevo. Sarah cree que es feliz. Cada paso que dan, cada error que cometen, cada momento vivido les enseña lo dura que es la existencia en su mundo particular. En la pequeña ciudad de Danford, nada es lo que parece y todos los hilos se enmarañan creando una tela de araña que los arrastrará a todos a un final que ninguno espera.  Puedes conocer al autor en su web:

Catálogo
