{"id":94344,"date":"2024-04-18T10:36:52","date_gmt":"2024-04-18T08:36:52","guid":{"rendered":"https:\/\/letrame.com\/catalogo\/producto\/fenix-el-nino-del-desierto\/"},"modified":"2024-04-18T10:37:18","modified_gmt":"2024-04-18T08:37:18","slug":"fenix-el-nino-del-desierto","status":"publish","type":"product","link":"https:\/\/letrame.com\/catalogo\/producto\/fenix-el-nino-del-desierto\/","title":{"rendered":"F\u00e9nix, el ni\u00f1o del desierto"},"content":{"rendered":"<p><strong>ISBN<\/strong>: 978-84-17704-85-8<br \/>\n<strong>T\u00edtulo<\/strong>: F\u00e9nix, el ni\u00f1o del desierto<br \/>\n<strong>Fecha<\/strong>: 2019<br \/>\n<strong>P\u00e1ginas<\/strong>: 28<\/p>\n<p>&nbsp;<\/p>\n<p><strong>SINOPSIS<\/strong><\/p>\n<section>\n<div class=\"about-this-book\">\n<div class=\"container\">\n<div class=\"right-detail shop-detail1 pull-right col-md-8 col-sm-8 col-xs-12\">\n<div id=\"editionnal-reviews\" class=\"book-desc-detail\"><span class=\"detail-desc box-detail-desc\">En un mundo que lleva a nuestros hijos a vivir r\u00e1pido, a estar volcados desde temprano hacia el exterior buscando la aprobaci\u00f3n externa, la gratificaci\u00f3n inmediata, etc., F\u00e9nix nos recuerda la importancia de vivir una vida sencilla, pausada y en conexi\u00f3n consigo mismo, con la naturaleza y con las personas a las que ama para sentir una vida plena y llena de significado. Su mensaje va m\u00e1s all\u00e1 de la edad, siendo un cuento tanto para ni\u00f1os como para mayores. En este primer cuento, F\u00e9nix comienza a preguntarse por qui\u00e9n es, se encuentra ante la b\u00fasqueda de s\u00ed mismo y de su identidad. Esta b\u00fasqueda dar\u00e1 comienzo para \u00e9l a trav\u00e9s de descubrir el origen y el significado de su nombre. Cada cuento de la colecci\u00f3n contiene al final una GU\u00cdA CON PREGUNTAS y ACTIVIDADES para que los adultos puedan compartir con los ni\u00f1os y profundizar en cada uno de los temas que se van tratando en los diferentes cuentos. Tambi\u00e9n podr\u00e1s descargar el AUDIO DEL CUENTO narrado por la autora.<\/span><\/div>\n<div id=\"clear-scroll\" class=\"clearfix\"><\/div>\n<\/div>\n<\/div>\n<\/div>\n<\/section>\n<div class=\"feature-section feature-option2\">\n<div class=\"container\">\n<div class=\"related products\">\n<div class=\"title-box\"><\/div>\n<\/div>\n<\/div>\n<\/div>\n","protected":false},"excerpt":{"rendered":"<p><strong>ISBN: 978-84-17704-85-8<\/strong><\/p>\n<p>En un mundo que lleva a nuestros hijos a vivir r\u00e1pido, a estar volcados desde temprano hacia el exterior buscando la aprobaci\u00f3n externa, la gratificaci\u00f3n inmediata, etc., F\u00e9nix nos recuerda la importancia de vivir una vida sencilla, pausada y en conexi\u00f3n consigo mismo, con la naturaleza y con las personas a las que ama para sentir una vida plena y llena de significado. Su mensaje va m\u00e1s all\u00e1 de la edad, siendo un cuento tanto para ni\u00f1os como para mayores.<\/p>\n","protected":false},"featured_media":94345,"comment_status":"closed","ping_status":"open","template":"","meta":{"_acf_changed":false},"libro":[],"product_brand":[],"product_cat":[17],"product_tag":[],"class_list":{"0":"post-94344","1":"product","2":"type-product","3":"status-publish","4":"has-post-thumbnail","6":"product_cat-infantil","8":"first","9":"instock","10":"purchasable","11":"product-type-simple"},"acf":{"autor":[73278],"enlace_de_compra":"https:\/\/www.amazon.es\/F%C3%A9nix-ni%C3%B1o-del-desierto-Infantil\/dp\/841770485X\/"},"yoast_head":"<!-- This site is optimized with the Yoast SEO plugin v26.6 - https:\/\/yoast.com\/wordpress\/plugins\/seo\/ -->\n<title>F\u00e9nix, el ni\u00f1o del desierto - Catalogo | Letrame Grupo Editorial<\/title>\n<meta name=\"robots\" content=\"index, follow, max-snippet:-1, max-image-preview:large, max-video-preview:-1\" \/>\n<link rel=\"canonical\" href=\"https:\/\/letrame.com\/catalogo\/producto\/fenix-el-nino-del-desierto\/\" \/>\n<meta property=\"og:locale\" content=\"es_ES\" \/>\n<meta property=\"og:type\" content=\"article\" \/>\n<meta property=\"og:title\" content=\"F\u00e9nix, el ni\u00f1o del desierto - Catalogo | Letrame Grupo Editorial\" \/>\n<meta property=\"og:description\" content=\"ISBN: 978-84-17704-85-8 En un mundo que lleva a nuestros hijos a vivir r\u00e1pido, a estar volcados desde temprano hacia el exterior buscando la aprobaci\u00f3n externa, la gratificaci\u00f3n inmediata, etc., F\u00e9nix nos recuerda la importancia de vivir una vida sencilla, pausada y en conexi\u00f3n consigo mismo, con la naturaleza y con las personas a las que ama para sentir una vida plena y llena de significado. Su mensaje va m\u00e1s all\u00e1 de la edad, siendo un cuento tanto para ni\u00f1os como para mayores.\" \/>\n<meta property=\"og:url\" content=\"https:\/\/letrame.com\/catalogo\/producto\/fenix-el-nino-del-desierto\/\" \/>\n<meta property=\"og:site_name\" content=\"Catalogo | Letrame Grupo Editorial\" \/>\n<meta property=\"article:modified_time\" content=\"2024-04-18T08:37:18+00:00\" \/>\n<meta property=\"og:image\" content=\"https:\/\/letrame.com\/catalogo\/wp-content\/uploads\/2024\/04\/portada-compressed-16.jpg\" \/>\n\t<meta property=\"og:image:width\" content=\"2244\" \/>\n\t<meta property=\"og:image:height\" content=\"2244\" \/>\n\t<meta property=\"og:image:type\" content=\"image\/jpeg\" \/>\n<meta name=\"twitter:card\" content=\"summary_large_image\" \/>\n<meta name=\"twitter:label1\" content=\"Tiempo de lectura\" \/>\n\t<meta name=\"twitter:data1\" content=\"1 minuto\" \/>\n<script type=\"application\/ld+json\" class=\"yoast-schema-graph\">{\"@context\":\"https:\/\/schema.org\",\"@graph\":[{\"@type\":\"WebPage\",\"@id\":\"https:\/\/letrame.com\/catalogo\/producto\/fenix-el-nino-del-desierto\/\",\"url\":\"https:\/\/letrame.com\/catalogo\/producto\/fenix-el-nino-del-desierto\/\",\"name\":\"F\u00e9nix, el ni\u00f1o del desierto - Catalogo | Letrame Grupo Editorial\",\"isPartOf\":{\"@id\":\"https:\/\/letrame.com\/catalogo\/#website\"},\"primaryImageOfPage\":{\"@id\":\"https:\/\/letrame.com\/catalogo\/producto\/fenix-el-nino-del-desierto\/#primaryimage\"},\"image\":{\"@id\":\"https:\/\/letrame.com\/catalogo\/producto\/fenix-el-nino-del-desierto\/#primaryimage\"},\"thumbnailUrl\":\"https:\/\/letrame.com\/catalogo\/wp-content\/uploads\/2024\/04\/portada-compressed-16.jpg\",\"datePublished\":\"2024-04-18T08:36:52+00:00\",\"dateModified\":\"2024-04-18T08:37:18+00:00\",\"breadcrumb\":{\"@id\":\"https:\/\/letrame.com\/catalogo\/producto\/fenix-el-nino-del-desierto\/#breadcrumb\"},\"inLanguage\":\"es\",\"potentialAction\":[{\"@type\":\"ReadAction\",\"target\":[\"https:\/\/letrame.com\/catalogo\/producto\/fenix-el-nino-del-desierto\/\"]}]},{\"@type\":\"ImageObject\",\"inLanguage\":\"es\",\"@id\":\"https:\/\/letrame.com\/catalogo\/producto\/fenix-el-nino-del-desierto\/#primaryimage\",\"url\":\"https:\/\/letrame.com\/catalogo\/wp-content\/uploads\/2024\/04\/portada-compressed-16.jpg\",\"contentUrl\":\"https:\/\/letrame.com\/catalogo\/wp-content\/uploads\/2024\/04\/portada-compressed-16.jpg\",\"width\":2244,\"height\":2244},{\"@type\":\"BreadcrumbList\",\"@id\":\"https:\/\/letrame.com\/catalogo\/producto\/fenix-el-nino-del-desierto\/#breadcrumb\",\"itemListElement\":[{\"@type\":\"ListItem\",\"position\":1,\"name\":\"Portada\",\"item\":\"https:\/\/letrame.com\/catalogo\/\"},{\"@type\":\"ListItem\",\"position\":2,\"name\":\"Cat\u00e1logo\",\"item\":\"https:\/\/letrame.com\/catalogo\/\"},{\"@type\":\"ListItem\",\"position\":3,\"name\":\"F\u00e9nix, el ni\u00f1o del desierto\"}]},{\"@type\":\"WebSite\",\"@id\":\"https:\/\/letrame.com\/catalogo\/#website\",\"url\":\"https:\/\/letrame.com\/catalogo\/\",\"name\":\"Catalogo | Letrame Grupo Editorial\",\"description\":\"\",\"publisher\":{\"@id\":\"https:\/\/letrame.com\/catalogo\/#organization\"},\"potentialAction\":[{\"@type\":\"SearchAction\",\"target\":{\"@type\":\"EntryPoint\",\"urlTemplate\":\"https:\/\/letrame.com\/catalogo\/?s={search_term_string}\"},\"query-input\":{\"@type\":\"PropertyValueSpecification\",\"valueRequired\":true,\"valueName\":\"search_term_string\"}}],\"inLanguage\":\"es\"},{\"@type\":\"Organization\",\"@id\":\"https:\/\/letrame.com\/catalogo\/#organization\",\"name\":\"Catalogo | Letrame Grupo Editorial\",\"url\":\"https:\/\/letrame.com\/catalogo\/\",\"logo\":{\"@type\":\"ImageObject\",\"inLanguage\":\"es\",\"@id\":\"https:\/\/letrame.com\/catalogo\/#\/schema\/logo\/image\/\",\"url\":\"https:\/\/letrame.com\/catalogo\/wp-content\/uploads\/2024\/03\/logo2.webp\",\"contentUrl\":\"https:\/\/letrame.com\/catalogo\/wp-content\/uploads\/2024\/03\/logo2.webp\",\"width\":394,\"height\":128,\"caption\":\"Catalogo | Letrame Grupo Editorial\"},\"image\":{\"@id\":\"https:\/\/letrame.com\/catalogo\/#\/schema\/logo\/image\/\"}}]}<\/script>\n<!-- \/ Yoast SEO plugin. -->","yoast_head_json":{"title":"F\u00e9nix, el ni\u00f1o del desierto - Catalogo | Letrame Grupo Editorial","robots":{"index":"index","follow":"follow","max-snippet":"max-snippet:-1","max-image-preview":"max-image-preview:large","max-video-preview":"max-video-preview:-1"},"canonical":"https:\/\/letrame.com\/catalogo\/producto\/fenix-el-nino-del-desierto\/","og_locale":"es_ES","og_type":"article","og_title":"F\u00e9nix, el ni\u00f1o del desierto - Catalogo | Letrame Grupo Editorial","og_description":"ISBN: 978-84-17704-85-8 En un mundo que lleva a nuestros hijos a vivir r\u00e1pido, a estar volcados desde temprano hacia el exterior buscando la aprobaci\u00f3n externa, la gratificaci\u00f3n inmediata, etc., F\u00e9nix nos recuerda la importancia de vivir una vida sencilla, pausada y en conexi\u00f3n consigo mismo, con la naturaleza y con las personas a las que ama para sentir una vida plena y llena de significado. Su mensaje va m\u00e1s all\u00e1 de la edad, siendo un cuento tanto para ni\u00f1os como para mayores.","og_url":"https:\/\/letrame.com\/catalogo\/producto\/fenix-el-nino-del-desierto\/","og_site_name":"Catalogo | Letrame Grupo Editorial","article_modified_time":"2024-04-18T08:37:18+00:00","og_image":[{"width":2244,"height":2244,"url":"https:\/\/letrame.com\/catalogo\/wp-content\/uploads\/2024\/04\/portada-compressed-16.jpg","type":"image\/jpeg"}],"twitter_card":"summary_large_image","twitter_misc":{"Tiempo de lectura":"1 minuto"},"schema":{"@context":"https:\/\/schema.org","@graph":[{"@type":"WebPage","@id":"https:\/\/letrame.com\/catalogo\/producto\/fenix-el-nino-del-desierto\/","url":"https:\/\/letrame.com\/catalogo\/producto\/fenix-el-nino-del-desierto\/","name":"F\u00e9nix, el ni\u00f1o del desierto - Catalogo | Letrame Grupo Editorial","isPartOf":{"@id":"https:\/\/letrame.com\/catalogo\/#website"},"primaryImageOfPage":{"@id":"https:\/\/letrame.com\/catalogo\/producto\/fenix-el-nino-del-desierto\/#primaryimage"},"image":{"@id":"https:\/\/letrame.com\/catalogo\/producto\/fenix-el-nino-del-desierto\/#primaryimage"},"thumbnailUrl":"https:\/\/letrame.com\/catalogo\/wp-content\/uploads\/2024\/04\/portada-compressed-16.jpg","datePublished":"2024-04-18T08:36:52+00:00","dateModified":"2024-04-18T08:37:18+00:00","breadcrumb":{"@id":"https:\/\/letrame.com\/catalogo\/producto\/fenix-el-nino-del-desierto\/#breadcrumb"},"inLanguage":"es","potentialAction":[{"@type":"ReadAction","target":["https:\/\/letrame.com\/catalogo\/producto\/fenix-el-nino-del-desierto\/"]}]},{"@type":"ImageObject","inLanguage":"es","@id":"https:\/\/letrame.com\/catalogo\/producto\/fenix-el-nino-del-desierto\/#primaryimage","url":"https:\/\/letrame.com\/catalogo\/wp-content\/uploads\/2024\/04\/portada-compressed-16.jpg","contentUrl":"https:\/\/letrame.com\/catalogo\/wp-content\/uploads\/2024\/04\/portada-compressed-16.jpg","width":2244,"height":2244},{"@type":"BreadcrumbList","@id":"https:\/\/letrame.com\/catalogo\/producto\/fenix-el-nino-del-desierto\/#breadcrumb","itemListElement":[{"@type":"ListItem","position":1,"name":"Portada","item":"https:\/\/letrame.com\/catalogo\/"},{"@type":"ListItem","position":2,"name":"Cat\u00e1logo","item":"https:\/\/letrame.com\/catalogo\/"},{"@type":"ListItem","position":3,"name":"F\u00e9nix, el ni\u00f1o del desierto"}]},{"@type":"WebSite","@id":"https:\/\/letrame.com\/catalogo\/#website","url":"https:\/\/letrame.com\/catalogo\/","name":"Catalogo | Letrame Grupo Editorial","description":"","publisher":{"@id":"https:\/\/letrame.com\/catalogo\/#organization"},"potentialAction":[{"@type":"SearchAction","target":{"@type":"EntryPoint","urlTemplate":"https:\/\/letrame.com\/catalogo\/?s={search_term_string}"},"query-input":{"@type":"PropertyValueSpecification","valueRequired":true,"valueName":"search_term_string"}}],"inLanguage":"es"},{"@type":"Organization","@id":"https:\/\/letrame.com\/catalogo\/#organization","name":"Catalogo | Letrame Grupo Editorial","url":"https:\/\/letrame.com\/catalogo\/","logo":{"@type":"ImageObject","inLanguage":"es","@id":"https:\/\/letrame.com\/catalogo\/#\/schema\/logo\/image\/","url":"https:\/\/letrame.com\/catalogo\/wp-content\/uploads\/2024\/03\/logo2.webp","contentUrl":"https:\/\/letrame.com\/catalogo\/wp-content\/uploads\/2024\/03\/logo2.webp","width":394,"height":128,"caption":"Catalogo | Letrame Grupo Editorial"},"image":{"@id":"https:\/\/letrame.com\/catalogo\/#\/schema\/logo\/image\/"}}]}},"_links":{"self":[{"href":"https:\/\/letrame.com\/catalogo\/wp-json\/wp\/v2\/product\/94344","targetHints":{"allow":["GET"]}}],"collection":[{"href":"https:\/\/letrame.com\/catalogo\/wp-json\/wp\/v2\/product"}],"about":[{"href":"https:\/\/letrame.com\/catalogo\/wp-json\/wp\/v2\/types\/product"}],"replies":[{"embeddable":true,"href":"https:\/\/letrame.com\/catalogo\/wp-json\/wp\/v2\/comments?post=94344"}],"acf:post":[{"embeddable":true,"href":"https:\/\/letrame.com\/catalogo\/wp-json\/wp\/v2\/author_book\/73278"}],"wp:featuredmedia":[{"embeddable":true,"href":"https:\/\/letrame.com\/catalogo\/wp-json\/wp\/v2\/media\/94345"}],"wp:attachment":[{"href":"https:\/\/letrame.com\/catalogo\/wp-json\/wp\/v2\/media?parent=94344"}],"wp:term":[{"taxonomy":"libro","embeddable":true,"href":"https:\/\/letrame.com\/catalogo\/wp-json\/wp\/v2\/libro?post=94344"},{"taxonomy":"product_brand","embeddable":true,"href":"https:\/\/letrame.com\/catalogo\/wp-json\/wp\/v2\/product_brand?post=94344"},{"taxonomy":"product_cat","embeddable":true,"href":"https:\/\/letrame.com\/catalogo\/wp-json\/wp\/v2\/product_cat?post=94344"},{"taxonomy":"product_tag","embeddable":true,"href":"https:\/\/letrame.com\/catalogo\/wp-json\/wp\/v2\/product_tag?post=94344"}],"curies":[{"name":"wp","href":"https:\/\/api.w.org\/{rel}","templated":true}]}}