{"id":94338,"date":"2024-04-18T10:35:58","date_gmt":"2024-04-18T08:35:58","guid":{"rendered":"https:\/\/letrame.com\/catalogo\/producto\/salvi-una-vida-tomo-i\/"},"modified":"2024-04-18T10:36:39","modified_gmt":"2024-04-18T08:36:39","slug":"salvi-una-vida-tomo-i","status":"publish","type":"product","link":"https:\/\/letrame.com\/catalogo\/producto\/salvi-una-vida-tomo-i\/","title":{"rendered":"Salvi, una Vida (Tomo I)"},"content":{"rendered":"<p><strong>ISBN<\/strong>: 978-84-17704-41-4<br \/>\n<strong>T\u00edtulo<\/strong>: Salvi, una Vida (Tomo I)<br \/>\n<strong>Fecha<\/strong>: 2019<br \/>\n<strong>P\u00e1ginas<\/strong>: 698<\/p>\n<p>&nbsp;<\/p>\n<p><strong>SINOPSIS<\/strong><\/p>\n<section>\n<div class=\"about-this-book\">\n<div class=\"container\">\n<div class=\"right-detail shop-detail1 pull-right col-md-8 col-sm-8 col-xs-12\">\n<div id=\"editionnal-reviews\" class=\"book-desc-detail\"><span class=\"detail-desc box-detail-desc\">1\u00aa VIDA A lo largo de este libro describo una breve historia del lugar de d\u00f3nde provienen mis ra\u00edces y las vivencias de mi vida. ABRUCENA (Almer\u00eda) es la localidad de donde proviene toda mi familia. Nac\u00ed en LINARES &#8211; BAEZA (Ja\u00e9n), a los 14 a\u00f1os comenc\u00e9 mis estudios profesionales en LINARES (Ja\u00e9n), donde tuve mis primeras vivencias. A partir del a\u00f1o 1957, contando 11 a\u00f1os, mi hermana Encarna cambia de domicilio y se instala en Bail\u00e9n (Ja\u00e9n), por ese motivo los veranos los pasaba entre la Estaci\u00f3n Linares-Baeza y Bail\u00e9n, despu\u00e9s de pasar casi un a\u00f1o en Barcelona. As\u00ed anduve hasta los 19 a\u00f1os (1965). Aqu\u00ed termina mi PRIMERA Vida, entre la ESTACI\u00d3N LINARES-BAEZA, LINARES y BAIL\u00c9N. 2\u00aa VIDA A los 19 a\u00f1os me traslado definitivamente a BAIL\u00c9N, a casa de mi hermana Encarna afinc\u00e1ndome aqu\u00ed, donde me pongo de novio y me caso. Dirig\u00ed una f\u00e1brica de Cer\u00e1mica, termin\u00e9 de construir un edificio de 18 viviendas y mont\u00e9 la Cafeter\u00eda-Pub \u201cSALVI\u201d. A mis 44 a\u00f1os (1989) termina mi SEGUNDA Vida en BAIL\u00c9N. 3\u00aa VIDA Contando 44 a\u00f1os (1990), me traslado a VILLACARRILLO (Ja\u00e9n), continuando con la actividad profesional de Telecomunicaciones, que comenc\u00e9 en mis \u00faltimos a\u00f1os en BAIL\u00c9N. Hoy a mis 72 a\u00f1os (2018) doy por concluida mi TERCERA Vida en VILLACARRILLO, con unas vivencias dignas de resaltar. 4\u00aa VIDA En estos momentos estoy comenzando mi CUARTA Vida, plante\u00e1ndome d\u00f3nde la voy a vivir, despu\u00e9s de resolver unos asuntillos que tengo pendientes. Posiblemente si Dios me concede la gracia de seguir viviendo, escribir\u00e9 mi TERCER Libro.<\/span><\/div>\n<div id=\"clear-scroll\" class=\"clearfix\"><\/div>\n<\/div>\n<\/div>\n<\/div>\n<\/section>\n<div class=\"feature-section feature-option2\">\n<div class=\"container\">\n<div class=\"related products\">\n<div class=\"title-box\"><\/div>\n<\/div>\n<\/div>\n<\/div>\n","protected":false},"excerpt":{"rendered":"<p><strong>ISBN: 978-84-17704-41-4<br \/>\n<\/strong><\/p>\n<p>1\u00aa VIDA<\/p>\n<p>A lo largo de este libro describo una breve historia del lugar de d\u00f3nde provienen mis ra\u00edces y las vivencias de mi vida.<\/p>\n<p>ABRUCENA (Almer\u00eda) es la localidad de donde proviene toda mi familia.<\/p>\n<p>Nac\u00ed en LINARES &#8211; BAEZA (Ja\u00e9n), a los 14 a\u00f1os comenc\u00e9 mis estudios profesionales en LINARES (Ja\u00e9n), donde tuve mis primeras vivencias.<\/p>\n","protected":false},"featured_media":94339,"comment_status":"closed","ping_status":"open","template":"","meta":{"_acf_changed":false},"libro":[],"product_brand":[],"product_cat":[25],"product_tag":[],"class_list":{"0":"post-94338","1":"product","2":"type-product","3":"status-publish","4":"has-post-thumbnail","6":"product_cat-religion-y-espiritualidad","8":"first","9":"instock","10":"purchasable","11":"product-type-simple"},"acf":{"autor":[73342],"enlace_de_compra":"https:\/\/www.amazon.es\/Salvi-Biograf%C3%ADa-Salvador-Ramos-Ju%C3%A1rez\/dp\/8417704418\/ref=sr_1_1?__mk_es_ES=%C3%85M%C3%85%C5%BD%C3%95%C3%91&amp&dchild=1&amp&keywords=Salvi%2C+una+Vida+letrame&amp&qid=1598615605&amp&sr=8-1"},"yoast_head":"<!-- This site is optimized with the Yoast SEO plugin v27.4 - https:\/\/yoast.com\/product\/yoast-seo-wordpress\/ -->\n<title>Salvi, una Vida (Tomo I) - Catalogo | Letrame Grupo Editorial<\/title>\n<meta name=\"robots\" content=\"index, follow, max-snippet:-1, max-image-preview:large, max-video-preview:-1\" \/>\n<link rel=\"canonical\" href=\"https:\/\/letrame.com\/catalogo\/producto\/salvi-una-vida-tomo-i\/\" \/>\n<meta property=\"og:locale\" content=\"es_ES\" \/>\n<meta property=\"og:type\" content=\"article\" \/>\n<meta property=\"og:title\" content=\"Salvi, una Vida (Tomo I) - Catalogo | Letrame Grupo Editorial\" \/>\n<meta property=\"og:description\" content=\"ISBN: 978-84-17704-41-4  1\u00aa VIDA A lo largo de este libro describo una breve historia del lugar de d\u00f3nde provienen mis ra\u00edces y las vivencias de mi vida. ABRUCENA (Almer\u00eda) es la localidad de donde proviene toda mi familia. Nac\u00ed en LINARES - BAEZA (Ja\u00e9n), a los 14 a\u00f1os comenc\u00e9 mis estudios profesionales en LINARES (Ja\u00e9n), donde tuve mis primeras vivencias.\" \/>\n<meta property=\"og:url\" content=\"https:\/\/letrame.com\/catalogo\/producto\/salvi-una-vida-tomo-i\/\" \/>\n<meta property=\"og:site_name\" content=\"Catalogo | Letrame Grupo Editorial\" \/>\n<meta property=\"article:modified_time\" content=\"2024-04-18T08:36:39+00:00\" \/>\n<meta property=\"og:image\" content=\"https:\/\/letrame.com\/catalogo\/wp-content\/uploads\/2024\/04\/portadanewSalvi-una-vida_43mmv2-compressed-scaled-1.jpg\" \/>\n\t<meta property=\"og:image:width\" content=\"1782\" \/>\n\t<meta property=\"og:image:height\" content=\"2560\" \/>\n\t<meta property=\"og:image:type\" content=\"image\/jpeg\" \/>\n<meta name=\"twitter:card\" content=\"summary_large_image\" \/>\n<meta name=\"twitter:label1\" content=\"Tiempo de lectura\" \/>\n\t<meta name=\"twitter:data1\" content=\"1 minuto\" \/>\n<script type=\"application\/ld+json\" class=\"yoast-schema-graph\">{\"@context\":\"https:\\\/\\\/schema.org\",\"@graph\":[{\"@type\":\"WebPage\",\"@id\":\"https:\\\/\\\/letrame.com\\\/catalogo\\\/producto\\\/salvi-una-vida-tomo-i\\\/\",\"url\":\"https:\\\/\\\/letrame.com\\\/catalogo\\\/producto\\\/salvi-una-vida-tomo-i\\\/\",\"name\":\"Salvi, una Vida (Tomo I) - Catalogo | Letrame Grupo Editorial\",\"isPartOf\":{\"@id\":\"https:\\\/\\\/letrame.com\\\/catalogo\\\/#website\"},\"primaryImageOfPage\":{\"@id\":\"https:\\\/\\\/letrame.com\\\/catalogo\\\/producto\\\/salvi-una-vida-tomo-i\\\/#primaryimage\"},\"image\":{\"@id\":\"https:\\\/\\\/letrame.com\\\/catalogo\\\/producto\\\/salvi-una-vida-tomo-i\\\/#primaryimage\"},\"thumbnailUrl\":\"https:\\\/\\\/letrame.com\\\/catalogo\\\/wp-content\\\/uploads\\\/2024\\\/04\\\/portadanewSalvi-una-vida_43mmv2-compressed-scaled-1.jpg\",\"datePublished\":\"2024-04-18T08:35:58+00:00\",\"dateModified\":\"2024-04-18T08:36:39+00:00\",\"breadcrumb\":{\"@id\":\"https:\\\/\\\/letrame.com\\\/catalogo\\\/producto\\\/salvi-una-vida-tomo-i\\\/#breadcrumb\"},\"inLanguage\":\"es\",\"potentialAction\":[{\"@type\":\"ReadAction\",\"target\":[\"https:\\\/\\\/letrame.com\\\/catalogo\\\/producto\\\/salvi-una-vida-tomo-i\\\/\"]}]},{\"@type\":\"ImageObject\",\"inLanguage\":\"es\",\"@id\":\"https:\\\/\\\/letrame.com\\\/catalogo\\\/producto\\\/salvi-una-vida-tomo-i\\\/#primaryimage\",\"url\":\"https:\\\/\\\/letrame.com\\\/catalogo\\\/wp-content\\\/uploads\\\/2024\\\/04\\\/portadanewSalvi-una-vida_43mmv2-compressed-scaled-1.jpg\",\"contentUrl\":\"https:\\\/\\\/letrame.com\\\/catalogo\\\/wp-content\\\/uploads\\\/2024\\\/04\\\/portadanewSalvi-una-vida_43mmv2-compressed-scaled-1.jpg\",\"width\":1782,\"height\":2560},{\"@type\":\"BreadcrumbList\",\"@id\":\"https:\\\/\\\/letrame.com\\\/catalogo\\\/producto\\\/salvi-una-vida-tomo-i\\\/#breadcrumb\",\"itemListElement\":[{\"@type\":\"ListItem\",\"position\":1,\"name\":\"Portada\",\"item\":\"https:\\\/\\\/letrame.com\\\/catalogo\\\/\"},{\"@type\":\"ListItem\",\"position\":2,\"name\":\"Cat\u00e1logo\",\"item\":\"https:\\\/\\\/letrame.com\\\/catalogo\\\/\"},{\"@type\":\"ListItem\",\"position\":3,\"name\":\"Salvi, una Vida (Tomo I)\"}]},{\"@type\":\"WebSite\",\"@id\":\"https:\\\/\\\/letrame.com\\\/catalogo\\\/#website\",\"url\":\"https:\\\/\\\/letrame.com\\\/catalogo\\\/\",\"name\":\"Catalogo | Letrame Grupo Editorial\",\"description\":\"\",\"publisher\":{\"@id\":\"https:\\\/\\\/letrame.com\\\/catalogo\\\/#organization\"},\"potentialAction\":[{\"@type\":\"SearchAction\",\"target\":{\"@type\":\"EntryPoint\",\"urlTemplate\":\"https:\\\/\\\/letrame.com\\\/catalogo\\\/?s={search_term_string}\"},\"query-input\":{\"@type\":\"PropertyValueSpecification\",\"valueRequired\":true,\"valueName\":\"search_term_string\"}}],\"inLanguage\":\"es\"},{\"@type\":\"Organization\",\"@id\":\"https:\\\/\\\/letrame.com\\\/catalogo\\\/#organization\",\"name\":\"Catalogo | Letrame Grupo Editorial\",\"url\":\"https:\\\/\\\/letrame.com\\\/catalogo\\\/\",\"logo\":{\"@type\":\"ImageObject\",\"inLanguage\":\"es\",\"@id\":\"https:\\\/\\\/letrame.com\\\/catalogo\\\/#\\\/schema\\\/logo\\\/image\\\/\",\"url\":\"https:\\\/\\\/letrame.com\\\/catalogo\\\/wp-content\\\/uploads\\\/2024\\\/03\\\/logo2.webp\",\"contentUrl\":\"https:\\\/\\\/letrame.com\\\/catalogo\\\/wp-content\\\/uploads\\\/2024\\\/03\\\/logo2.webp\",\"width\":394,\"height\":128,\"caption\":\"Catalogo | Letrame Grupo Editorial\"},\"image\":{\"@id\":\"https:\\\/\\\/letrame.com\\\/catalogo\\\/#\\\/schema\\\/logo\\\/image\\\/\"}}]}<\/script>\n<!-- \/ Yoast SEO plugin. -->","yoast_head_json":{"title":"Salvi, una Vida (Tomo I) - Catalogo | Letrame Grupo Editorial","robots":{"index":"index","follow":"follow","max-snippet":"max-snippet:-1","max-image-preview":"max-image-preview:large","max-video-preview":"max-video-preview:-1"},"canonical":"https:\/\/letrame.com\/catalogo\/producto\/salvi-una-vida-tomo-i\/","og_locale":"es_ES","og_type":"article","og_title":"Salvi, una Vida (Tomo I) - Catalogo | Letrame Grupo Editorial","og_description":"ISBN: 978-84-17704-41-4  1\u00aa VIDA A lo largo de este libro describo una breve historia del lugar de d\u00f3nde provienen mis ra\u00edces y las vivencias de mi vida. ABRUCENA (Almer\u00eda) es la localidad de donde proviene toda mi familia. Nac\u00ed en LINARES - BAEZA (Ja\u00e9n), a los 14 a\u00f1os comenc\u00e9 mis estudios profesionales en LINARES (Ja\u00e9n), donde tuve mis primeras vivencias.","og_url":"https:\/\/letrame.com\/catalogo\/producto\/salvi-una-vida-tomo-i\/","og_site_name":"Catalogo | Letrame Grupo Editorial","article_modified_time":"2024-04-18T08:36:39+00:00","og_image":[{"width":1782,"height":2560,"url":"https:\/\/letrame.com\/catalogo\/wp-content\/uploads\/2024\/04\/portadanewSalvi-una-vida_43mmv2-compressed-scaled-1.jpg","type":"image\/jpeg"}],"twitter_card":"summary_large_image","twitter_misc":{"Tiempo de lectura":"1 minuto"},"schema":{"@context":"https:\/\/schema.org","@graph":[{"@type":"WebPage","@id":"https:\/\/letrame.com\/catalogo\/producto\/salvi-una-vida-tomo-i\/","url":"https:\/\/letrame.com\/catalogo\/producto\/salvi-una-vida-tomo-i\/","name":"Salvi, una Vida (Tomo I) - Catalogo | Letrame Grupo Editorial","isPartOf":{"@id":"https:\/\/letrame.com\/catalogo\/#website"},"primaryImageOfPage":{"@id":"https:\/\/letrame.com\/catalogo\/producto\/salvi-una-vida-tomo-i\/#primaryimage"},"image":{"@id":"https:\/\/letrame.com\/catalogo\/producto\/salvi-una-vida-tomo-i\/#primaryimage"},"thumbnailUrl":"https:\/\/letrame.com\/catalogo\/wp-content\/uploads\/2024\/04\/portadanewSalvi-una-vida_43mmv2-compressed-scaled-1.jpg","datePublished":"2024-04-18T08:35:58+00:00","dateModified":"2024-04-18T08:36:39+00:00","breadcrumb":{"@id":"https:\/\/letrame.com\/catalogo\/producto\/salvi-una-vida-tomo-i\/#breadcrumb"},"inLanguage":"es","potentialAction":[{"@type":"ReadAction","target":["https:\/\/letrame.com\/catalogo\/producto\/salvi-una-vida-tomo-i\/"]}]},{"@type":"ImageObject","inLanguage":"es","@id":"https:\/\/letrame.com\/catalogo\/producto\/salvi-una-vida-tomo-i\/#primaryimage","url":"https:\/\/letrame.com\/catalogo\/wp-content\/uploads\/2024\/04\/portadanewSalvi-una-vida_43mmv2-compressed-scaled-1.jpg","contentUrl":"https:\/\/letrame.com\/catalogo\/wp-content\/uploads\/2024\/04\/portadanewSalvi-una-vida_43mmv2-compressed-scaled-1.jpg","width":1782,"height":2560},{"@type":"BreadcrumbList","@id":"https:\/\/letrame.com\/catalogo\/producto\/salvi-una-vida-tomo-i\/#breadcrumb","itemListElement":[{"@type":"ListItem","position":1,"name":"Portada","item":"https:\/\/letrame.com\/catalogo\/"},{"@type":"ListItem","position":2,"name":"Cat\u00e1logo","item":"https:\/\/letrame.com\/catalogo\/"},{"@type":"ListItem","position":3,"name":"Salvi, una Vida (Tomo I)"}]},{"@type":"WebSite","@id":"https:\/\/letrame.com\/catalogo\/#website","url":"https:\/\/letrame.com\/catalogo\/","name":"Catalogo | Letrame Grupo Editorial","description":"","publisher":{"@id":"https:\/\/letrame.com\/catalogo\/#organization"},"potentialAction":[{"@type":"SearchAction","target":{"@type":"EntryPoint","urlTemplate":"https:\/\/letrame.com\/catalogo\/?s={search_term_string}"},"query-input":{"@type":"PropertyValueSpecification","valueRequired":true,"valueName":"search_term_string"}}],"inLanguage":"es"},{"@type":"Organization","@id":"https:\/\/letrame.com\/catalogo\/#organization","name":"Catalogo | Letrame Grupo Editorial","url":"https:\/\/letrame.com\/catalogo\/","logo":{"@type":"ImageObject","inLanguage":"es","@id":"https:\/\/letrame.com\/catalogo\/#\/schema\/logo\/image\/","url":"https:\/\/letrame.com\/catalogo\/wp-content\/uploads\/2024\/03\/logo2.webp","contentUrl":"https:\/\/letrame.com\/catalogo\/wp-content\/uploads\/2024\/03\/logo2.webp","width":394,"height":128,"caption":"Catalogo | Letrame Grupo Editorial"},"image":{"@id":"https:\/\/letrame.com\/catalogo\/#\/schema\/logo\/image\/"}}]}},"_links":{"self":[{"href":"https:\/\/letrame.com\/catalogo\/wp-json\/wp\/v2\/product\/94338","targetHints":{"allow":["GET"]}}],"collection":[{"href":"https:\/\/letrame.com\/catalogo\/wp-json\/wp\/v2\/product"}],"about":[{"href":"https:\/\/letrame.com\/catalogo\/wp-json\/wp\/v2\/types\/product"}],"replies":[{"embeddable":true,"href":"https:\/\/letrame.com\/catalogo\/wp-json\/wp\/v2\/comments?post=94338"}],"acf:post":[{"embeddable":true,"href":"https:\/\/letrame.com\/catalogo\/wp-json\/wp\/v2\/author_book\/73342"}],"wp:featuredmedia":[{"embeddable":true,"href":"https:\/\/letrame.com\/catalogo\/wp-json\/wp\/v2\/media\/94339"}],"wp:attachment":[{"href":"https:\/\/letrame.com\/catalogo\/wp-json\/wp\/v2\/media?parent=94338"}],"wp:term":[{"taxonomy":"libro","embeddable":true,"href":"https:\/\/letrame.com\/catalogo\/wp-json\/wp\/v2\/libro?post=94338"},{"taxonomy":"product_brand","embeddable":true,"href":"https:\/\/letrame.com\/catalogo\/wp-json\/wp\/v2\/product_brand?post=94338"},{"taxonomy":"product_cat","embeddable":true,"href":"https:\/\/letrame.com\/catalogo\/wp-json\/wp\/v2\/product_cat?post=94338"},{"taxonomy":"product_tag","embeddable":true,"href":"https:\/\/letrame.com\/catalogo\/wp-json\/wp\/v2\/product_tag?post=94338"}],"curies":[{"name":"wp","href":"https:\/\/api.w.org\/{rel}","templated":true}]}}