{"id":94315,"date":"2024-04-18T10:33:56","date_gmt":"2024-04-18T08:33:56","guid":{"rendered":"https:\/\/letrame.com\/catalogo\/producto\/la-realidad-el-tiempo-y-otras-ficciones\/"},"modified":"2024-04-18T10:34:19","modified_gmt":"2024-04-18T08:34:19","slug":"la-realidad-el-tiempo-y-otras-ficciones","status":"publish","type":"product","link":"https:\/\/letrame.com\/catalogo\/producto\/la-realidad-el-tiempo-y-otras-ficciones\/","title":{"rendered":"La realidad, el tiempo y otras ficciones"},"content":{"rendered":"<p><strong>ISBN<\/strong>: &nbsp;<span class=\"sku\">978-84-17657-82-6<\/span><br \/>\n<strong>T\u00edtulo<\/strong>: La realidad, el tiempo y otras ficciones<br \/>\n<strong>Fecha: <\/strong>2019<br \/>\n<strong>P\u00e1ginas<\/strong>: 182<\/p>\n<p>&nbsp;<\/p>\n<p><strong>SINOPSIS<\/strong><\/p>\n","protected":false},"excerpt":{"rendered":"<p><strong>ISBN: 978-84-17657-82-6<\/strong><\/p>\n<p>Quiz\u00e1s la realidad no sea tan inequ\u00edvoca como pensamos y las nuevas tecnolog\u00edas est\u00e1n creando nuevas realidades que nuestro cerebro no sabe procesar. Quiz\u00e1s el tiempo no sea esa fatalidad unidireccional que creemos y se pueda navegar en \u00e9l en muchas direcciones. Quiz\u00e1s Espa\u00f1a no sea ese pa\u00eds lleno de retrasos y defectos que nos pintan, sino una sociedad que se infravalora y que es mucho mejor que sus cr\u00edticos.<\/p>\n","protected":false},"featured_media":94316,"comment_status":"closed","ping_status":"open","template":"","meta":{"_acf_changed":false},"libro":[],"product_brand":[],"product_cat":[16],"product_tag":[],"class_list":{"0":"post-94315","1":"product","2":"type-product","3":"status-publish","4":"has-post-thumbnail","6":"product_cat-novela","8":"first","9":"instock","10":"purchasable","11":"product-type-simple"},"acf":{"autor":[73267],"enlace_de_compra":""},"yoast_head":"<!-- This site is optimized with the Yoast SEO plugin v27.4 - https:\/\/yoast.com\/product\/yoast-seo-wordpress\/ -->\n<title>La realidad, el tiempo y otras ficciones - Catalogo | Letrame Grupo Editorial<\/title>\n<meta name=\"robots\" content=\"index, follow, max-snippet:-1, max-image-preview:large, max-video-preview:-1\" \/>\n<link rel=\"canonical\" href=\"https:\/\/letrame.com\/catalogo\/producto\/la-realidad-el-tiempo-y-otras-ficciones\/\" \/>\n<meta property=\"og:locale\" content=\"es_ES\" \/>\n<meta property=\"og:type\" content=\"article\" \/>\n<meta property=\"og:title\" content=\"La realidad, el tiempo y otras ficciones - Catalogo | Letrame Grupo Editorial\" \/>\n<meta property=\"og:description\" content=\"ISBN: 978-84-17657-82-6 Quiz\u00e1s la realidad no sea tan inequ\u00edvoca como pensamos y las nuevas tecnolog\u00edas est\u00e1n creando nuevas realidades que nuestro cerebro no sabe procesar. Quiz\u00e1s el tiempo no sea esa fatalidad unidireccional que creemos y se pueda navegar en \u00e9l en muchas direcciones. Quiz\u00e1s Espa\u00f1a no sea ese pa\u00eds lleno de retrasos y defectos que nos pintan, sino una sociedad que se infravalora y que es mucho mejor que sus cr\u00edticos.\" \/>\n<meta property=\"og:url\" content=\"https:\/\/letrame.com\/catalogo\/producto\/la-realidad-el-tiempo-y-otras-ficciones\/\" \/>\n<meta property=\"og:site_name\" content=\"Catalogo | Letrame Grupo Editorial\" \/>\n<meta property=\"article:modified_time\" content=\"2024-04-18T08:34:19+00:00\" \/>\n<meta property=\"og:image\" content=\"https:\/\/letrame.com\/catalogo\/wp-content\/uploads\/2024\/04\/Portada-compressed-8-1-scaled-1.jpg\" \/>\n\t<meta property=\"og:image:width\" content=\"1782\" \/>\n\t<meta property=\"og:image:height\" content=\"2560\" \/>\n\t<meta property=\"og:image:type\" content=\"image\/jpeg\" \/>\n<meta name=\"twitter:card\" content=\"summary_large_image\" \/>\n<script type=\"application\/ld+json\" class=\"yoast-schema-graph\">{\"@context\":\"https:\\\/\\\/schema.org\",\"@graph\":[{\"@type\":\"WebPage\",\"@id\":\"https:\\\/\\\/letrame.com\\\/catalogo\\\/producto\\\/la-realidad-el-tiempo-y-otras-ficciones\\\/\",\"url\":\"https:\\\/\\\/letrame.com\\\/catalogo\\\/producto\\\/la-realidad-el-tiempo-y-otras-ficciones\\\/\",\"name\":\"La realidad, el tiempo y otras ficciones - Catalogo | Letrame Grupo Editorial\",\"isPartOf\":{\"@id\":\"https:\\\/\\\/letrame.com\\\/catalogo\\\/#website\"},\"primaryImageOfPage\":{\"@id\":\"https:\\\/\\\/letrame.com\\\/catalogo\\\/producto\\\/la-realidad-el-tiempo-y-otras-ficciones\\\/#primaryimage\"},\"image\":{\"@id\":\"https:\\\/\\\/letrame.com\\\/catalogo\\\/producto\\\/la-realidad-el-tiempo-y-otras-ficciones\\\/#primaryimage\"},\"thumbnailUrl\":\"https:\\\/\\\/letrame.com\\\/catalogo\\\/wp-content\\\/uploads\\\/2024\\\/04\\\/Portada-compressed-8-1-scaled-1.jpg\",\"datePublished\":\"2024-04-18T08:33:56+00:00\",\"dateModified\":\"2024-04-18T08:34:19+00:00\",\"breadcrumb\":{\"@id\":\"https:\\\/\\\/letrame.com\\\/catalogo\\\/producto\\\/la-realidad-el-tiempo-y-otras-ficciones\\\/#breadcrumb\"},\"inLanguage\":\"es\",\"potentialAction\":[{\"@type\":\"ReadAction\",\"target\":[\"https:\\\/\\\/letrame.com\\\/catalogo\\\/producto\\\/la-realidad-el-tiempo-y-otras-ficciones\\\/\"]}]},{\"@type\":\"ImageObject\",\"inLanguage\":\"es\",\"@id\":\"https:\\\/\\\/letrame.com\\\/catalogo\\\/producto\\\/la-realidad-el-tiempo-y-otras-ficciones\\\/#primaryimage\",\"url\":\"https:\\\/\\\/letrame.com\\\/catalogo\\\/wp-content\\\/uploads\\\/2024\\\/04\\\/Portada-compressed-8-1-scaled-1.jpg\",\"contentUrl\":\"https:\\\/\\\/letrame.com\\\/catalogo\\\/wp-content\\\/uploads\\\/2024\\\/04\\\/Portada-compressed-8-1-scaled-1.jpg\",\"width\":1782,\"height\":2560},{\"@type\":\"BreadcrumbList\",\"@id\":\"https:\\\/\\\/letrame.com\\\/catalogo\\\/producto\\\/la-realidad-el-tiempo-y-otras-ficciones\\\/#breadcrumb\",\"itemListElement\":[{\"@type\":\"ListItem\",\"position\":1,\"name\":\"Portada\",\"item\":\"https:\\\/\\\/letrame.com\\\/catalogo\\\/\"},{\"@type\":\"ListItem\",\"position\":2,\"name\":\"Cat\u00e1logo\",\"item\":\"https:\\\/\\\/letrame.com\\\/catalogo\\\/\"},{\"@type\":\"ListItem\",\"position\":3,\"name\":\"La realidad, el tiempo y otras ficciones\"}]},{\"@type\":\"WebSite\",\"@id\":\"https:\\\/\\\/letrame.com\\\/catalogo\\\/#website\",\"url\":\"https:\\\/\\\/letrame.com\\\/catalogo\\\/\",\"name\":\"Catalogo | Letrame Grupo Editorial\",\"description\":\"\",\"publisher\":{\"@id\":\"https:\\\/\\\/letrame.com\\\/catalogo\\\/#organization\"},\"potentialAction\":[{\"@type\":\"SearchAction\",\"target\":{\"@type\":\"EntryPoint\",\"urlTemplate\":\"https:\\\/\\\/letrame.com\\\/catalogo\\\/?s={search_term_string}\"},\"query-input\":{\"@type\":\"PropertyValueSpecification\",\"valueRequired\":true,\"valueName\":\"search_term_string\"}}],\"inLanguage\":\"es\"},{\"@type\":\"Organization\",\"@id\":\"https:\\\/\\\/letrame.com\\\/catalogo\\\/#organization\",\"name\":\"Catalogo | Letrame Grupo Editorial\",\"url\":\"https:\\\/\\\/letrame.com\\\/catalogo\\\/\",\"logo\":{\"@type\":\"ImageObject\",\"inLanguage\":\"es\",\"@id\":\"https:\\\/\\\/letrame.com\\\/catalogo\\\/#\\\/schema\\\/logo\\\/image\\\/\",\"url\":\"https:\\\/\\\/letrame.com\\\/catalogo\\\/wp-content\\\/uploads\\\/2024\\\/03\\\/logo2.webp\",\"contentUrl\":\"https:\\\/\\\/letrame.com\\\/catalogo\\\/wp-content\\\/uploads\\\/2024\\\/03\\\/logo2.webp\",\"width\":394,\"height\":128,\"caption\":\"Catalogo | Letrame Grupo Editorial\"},\"image\":{\"@id\":\"https:\\\/\\\/letrame.com\\\/catalogo\\\/#\\\/schema\\\/logo\\\/image\\\/\"}}]}<\/script>\n<!-- \/ Yoast SEO plugin. -->","yoast_head_json":{"title":"La realidad, el tiempo y otras ficciones - Catalogo | Letrame Grupo Editorial","robots":{"index":"index","follow":"follow","max-snippet":"max-snippet:-1","max-image-preview":"max-image-preview:large","max-video-preview":"max-video-preview:-1"},"canonical":"https:\/\/letrame.com\/catalogo\/producto\/la-realidad-el-tiempo-y-otras-ficciones\/","og_locale":"es_ES","og_type":"article","og_title":"La realidad, el tiempo y otras ficciones - Catalogo | Letrame Grupo Editorial","og_description":"ISBN: 978-84-17657-82-6 Quiz\u00e1s la realidad no sea tan inequ\u00edvoca como pensamos y las nuevas tecnolog\u00edas est\u00e1n creando nuevas realidades que nuestro cerebro no sabe procesar. Quiz\u00e1s el tiempo no sea esa fatalidad unidireccional que creemos y se pueda navegar en \u00e9l en muchas direcciones. Quiz\u00e1s Espa\u00f1a no sea ese pa\u00eds lleno de retrasos y defectos que nos pintan, sino una sociedad que se infravalora y que es mucho mejor que sus cr\u00edticos.","og_url":"https:\/\/letrame.com\/catalogo\/producto\/la-realidad-el-tiempo-y-otras-ficciones\/","og_site_name":"Catalogo | Letrame Grupo Editorial","article_modified_time":"2024-04-18T08:34:19+00:00","og_image":[{"width":1782,"height":2560,"url":"https:\/\/letrame.com\/catalogo\/wp-content\/uploads\/2024\/04\/Portada-compressed-8-1-scaled-1.jpg","type":"image\/jpeg"}],"twitter_card":"summary_large_image","schema":{"@context":"https:\/\/schema.org","@graph":[{"@type":"WebPage","@id":"https:\/\/letrame.com\/catalogo\/producto\/la-realidad-el-tiempo-y-otras-ficciones\/","url":"https:\/\/letrame.com\/catalogo\/producto\/la-realidad-el-tiempo-y-otras-ficciones\/","name":"La realidad, el tiempo y otras ficciones - Catalogo | Letrame Grupo Editorial","isPartOf":{"@id":"https:\/\/letrame.com\/catalogo\/#website"},"primaryImageOfPage":{"@id":"https:\/\/letrame.com\/catalogo\/producto\/la-realidad-el-tiempo-y-otras-ficciones\/#primaryimage"},"image":{"@id":"https:\/\/letrame.com\/catalogo\/producto\/la-realidad-el-tiempo-y-otras-ficciones\/#primaryimage"},"thumbnailUrl":"https:\/\/letrame.com\/catalogo\/wp-content\/uploads\/2024\/04\/Portada-compressed-8-1-scaled-1.jpg","datePublished":"2024-04-18T08:33:56+00:00","dateModified":"2024-04-18T08:34:19+00:00","breadcrumb":{"@id":"https:\/\/letrame.com\/catalogo\/producto\/la-realidad-el-tiempo-y-otras-ficciones\/#breadcrumb"},"inLanguage":"es","potentialAction":[{"@type":"ReadAction","target":["https:\/\/letrame.com\/catalogo\/producto\/la-realidad-el-tiempo-y-otras-ficciones\/"]}]},{"@type":"ImageObject","inLanguage":"es","@id":"https:\/\/letrame.com\/catalogo\/producto\/la-realidad-el-tiempo-y-otras-ficciones\/#primaryimage","url":"https:\/\/letrame.com\/catalogo\/wp-content\/uploads\/2024\/04\/Portada-compressed-8-1-scaled-1.jpg","contentUrl":"https:\/\/letrame.com\/catalogo\/wp-content\/uploads\/2024\/04\/Portada-compressed-8-1-scaled-1.jpg","width":1782,"height":2560},{"@type":"BreadcrumbList","@id":"https:\/\/letrame.com\/catalogo\/producto\/la-realidad-el-tiempo-y-otras-ficciones\/#breadcrumb","itemListElement":[{"@type":"ListItem","position":1,"name":"Portada","item":"https:\/\/letrame.com\/catalogo\/"},{"@type":"ListItem","position":2,"name":"Cat\u00e1logo","item":"https:\/\/letrame.com\/catalogo\/"},{"@type":"ListItem","position":3,"name":"La realidad, el tiempo y otras ficciones"}]},{"@type":"WebSite","@id":"https:\/\/letrame.com\/catalogo\/#website","url":"https:\/\/letrame.com\/catalogo\/","name":"Catalogo | Letrame Grupo Editorial","description":"","publisher":{"@id":"https:\/\/letrame.com\/catalogo\/#organization"},"potentialAction":[{"@type":"SearchAction","target":{"@type":"EntryPoint","urlTemplate":"https:\/\/letrame.com\/catalogo\/?s={search_term_string}"},"query-input":{"@type":"PropertyValueSpecification","valueRequired":true,"valueName":"search_term_string"}}],"inLanguage":"es"},{"@type":"Organization","@id":"https:\/\/letrame.com\/catalogo\/#organization","name":"Catalogo | Letrame Grupo Editorial","url":"https:\/\/letrame.com\/catalogo\/","logo":{"@type":"ImageObject","inLanguage":"es","@id":"https:\/\/letrame.com\/catalogo\/#\/schema\/logo\/image\/","url":"https:\/\/letrame.com\/catalogo\/wp-content\/uploads\/2024\/03\/logo2.webp","contentUrl":"https:\/\/letrame.com\/catalogo\/wp-content\/uploads\/2024\/03\/logo2.webp","width":394,"height":128,"caption":"Catalogo | Letrame Grupo Editorial"},"image":{"@id":"https:\/\/letrame.com\/catalogo\/#\/schema\/logo\/image\/"}}]}},"_links":{"self":[{"href":"https:\/\/letrame.com\/catalogo\/wp-json\/wp\/v2\/product\/94315","targetHints":{"allow":["GET"]}}],"collection":[{"href":"https:\/\/letrame.com\/catalogo\/wp-json\/wp\/v2\/product"}],"about":[{"href":"https:\/\/letrame.com\/catalogo\/wp-json\/wp\/v2\/types\/product"}],"replies":[{"embeddable":true,"href":"https:\/\/letrame.com\/catalogo\/wp-json\/wp\/v2\/comments?post=94315"}],"acf:post":[{"embeddable":true,"href":"https:\/\/letrame.com\/catalogo\/wp-json\/wp\/v2\/author_book\/73267"}],"wp:featuredmedia":[{"embeddable":true,"href":"https:\/\/letrame.com\/catalogo\/wp-json\/wp\/v2\/media\/94316"}],"wp:attachment":[{"href":"https:\/\/letrame.com\/catalogo\/wp-json\/wp\/v2\/media?parent=94315"}],"wp:term":[{"taxonomy":"libro","embeddable":true,"href":"https:\/\/letrame.com\/catalogo\/wp-json\/wp\/v2\/libro?post=94315"},{"taxonomy":"product_brand","embeddable":true,"href":"https:\/\/letrame.com\/catalogo\/wp-json\/wp\/v2\/product_brand?post=94315"},{"taxonomy":"product_cat","embeddable":true,"href":"https:\/\/letrame.com\/catalogo\/wp-json\/wp\/v2\/product_cat?post=94315"},{"taxonomy":"product_tag","embeddable":true,"href":"https:\/\/letrame.com\/catalogo\/wp-json\/wp\/v2\/product_tag?post=94315"}],"curies":[{"name":"wp","href":"https:\/\/api.w.org\/{rel}","templated":true}]}}

<p><strong>ISBN</strong>: &nbsp;<span class="sku">978-84-17657-82-6</span><br />
<strong>Título</strong>: La realidad, el tiempo y otras ficciones<br />
<strong>Fecha: </strong>2019<br />
<strong>Páginas</strong>: 182</p>
<p>&nbsp;</p>
<p><strong>SINOPSIS</strong></p>

<p><strong>ISBN: 978-84-17657-82-6</strong></p>
<p>Quizás la realidad no sea tan inequívoca como pensamos y las nuevas tecnologías están creando nuevas realidades que nuestro cerebro no sabe procesar. Quizás el tiempo no sea esa fatalidad unidireccional que creemos y se pueda navegar en él en muchas direcciones. Quizás España no sea ese país lleno de retrasos y defectos que nos pintan, sino una sociedad que se infravalora y que es mucho mejor que sus críticos.</p>

<!-- This site is optimized with the Yoast SEO plugin v27.4 - https://yoast.com/product/yoast-seo-wordpress/ -->
<title>La realidad, el tiempo y otras ficciones - Catalogo | Letrame Grupo Editorial</title>
<meta name="robots" content="index, follow, max-snippet:-1, max-image-preview:large, max-video-preview:-1" />
<link rel="canonical" href="https://letrame.com/catalogo/producto/la-realidad-el-tiempo-y-otras-ficciones/" />
<meta property="og:locale" content="es_ES" />
<meta property="og:type" content="article" />
<meta property="og:title" content="La realidad, el tiempo y otras ficciones - Catalogo | Letrame Grupo Editorial" />
<meta property="og:description" content="ISBN: 978-84-17657-82-6 Quizás la realidad no sea tan inequívoca como pensamos y las nuevas tecnologías están creando nuevas realidades que nuestro cerebro no sabe procesar. Quizás el tiempo no sea esa fatalidad unidireccional que creemos y se pueda navegar en él en muchas direcciones. Quizás España no sea ese país lleno de retrasos y defectos que nos pintan, sino una sociedad que se infravalora y que es mucho mejor que sus críticos." />
<meta property="og:url" content="https://letrame.com/catalogo/producto/la-realidad-el-tiempo-y-otras-ficciones/" />
<meta property="og:site_name" content="Catalogo | Letrame Grupo Editorial" />
<meta property="article:modified_time" content="2024-04-18T08:34:19+00:00" />
<meta property="og:image" content="https://letrame.com/catalogo/wp-content/uploads/2024/04/Portada-compressed-8-1-scaled-1.jpg" />
	<meta property="og:image:width" content="1782" />
	<meta property="og:image:height" content="2560" />
	<meta property="og:image:type" content="image/jpeg" />
<meta name="twitter:card" content="summary_large_image" />
<script type="application/ld+json" class="yoast-schema-graph">{"@context":"https:\/\/schema.org","@graph":[{"@type":"WebPage","@id":"https:\/\/letrame.com\/catalogo\/producto\/la-realidad-el-tiempo-y-otras-ficciones\/","url":"https:\/\/letrame.com\/catalogo\/producto\/la-realidad-el-tiempo-y-otras-ficciones\/","name":"La realidad, el tiempo y otras ficciones - Catalogo | Letrame Grupo Editorial","isPartOf":{"@id":"https:\/\/letrame.com\/catalogo\/#website"},"primaryImageOfPage":{"@id":"https:\/\/letrame.com\/catalogo\/producto\/la-realidad-el-tiempo-y-otras-ficciones\/#primaryimage"},"image":{"@id":"https:\/\/letrame.com\/catalogo\/producto\/la-realidad-el-tiempo-y-otras-ficciones\/#primaryimage"},"thumbnailUrl":"https:\/\/letrame.com\/catalogo\/wp-content\/uploads\/2024\/04\/Portada-compressed-8-1-scaled-1.jpg","datePublished":"2024-04-18T08:33:56+00:00","dateModified":"2024-04-18T08:34:19+00:00","breadcrumb":{"@id":"https:\/\/letrame.com\/catalogo\/producto\/la-realidad-el-tiempo-y-otras-ficciones\/#breadcrumb"},"inLanguage":"es","potentialAction":[{"@type":"ReadAction","target":["https:\/\/letrame.com\/catalogo\/producto\/la-realidad-el-tiempo-y-otras-ficciones\/"]}]},{"@type":"ImageObject","inLanguage":"es","@id":"https:\/\/letrame.com\/catalogo\/producto\/la-realidad-el-tiempo-y-otras-ficciones\/#primaryimage","url":"https:\/\/letrame.com\/catalogo\/wp-content\/uploads\/2024\/04\/Portada-compressed-8-1-scaled-1.jpg","contentUrl":"https:\/\/letrame.com\/catalogo\/wp-content\/uploads\/2024\/04\/Portada-compressed-8-1-scaled-1.jpg","width":1782,"height":2560},{"@type":"BreadcrumbList","@id":"https:\/\/letrame.com\/catalogo\/producto\/la-realidad-el-tiempo-y-otras-ficciones\/#breadcrumb","itemListElement":[{"@type":"ListItem","position":1,"name":"Portada","item":"https:\/\/letrame.com\/catalogo\/"},{"@type":"ListItem","position":2,"name":"Catálogo","item":"https:\/\/letrame.com\/catalogo\/"},{"@type":"ListItem","position":3,"name":"La realidad, el tiempo y otras ficciones"}]},{"@type":"WebSite","@id":"https:\/\/letrame.com\/catalogo\/#website","url":"https:\/\/letrame.com\/catalogo\/","name":"Catalogo | Letrame Grupo Editorial","description":"","publisher":{"@id":"https:\/\/letrame.com\/catalogo\/#organization"},"potentialAction":[{"@type":"SearchAction","target":{"@type":"EntryPoint","urlTemplate":"https:\/\/letrame.com\/catalogo\/?s={search_term_string}"},"query-input":{"@type":"PropertyValueSpecification","valueRequired":true,"valueName":"search_term_string"}}],"inLanguage":"es"},{"@type":"Organization","@id":"https:\/\/letrame.com\/catalogo\/#organization","name":"Catalogo | Letrame Grupo Editorial","url":"https:\/\/letrame.com\/catalogo\/","logo":{"@type":"ImageObject","inLanguage":"es","@id":"https:\/\/letrame.com\/catalogo\/#\/schema\/logo\/image\/","url":"https:\/\/letrame.com\/catalogo\/wp-content\/uploads\/2024\/03\/logo2.webp","contentUrl":"https:\/\/letrame.com\/catalogo\/wp-content\/uploads\/2024\/03\/logo2.webp","width":394,"height":128,"caption":"Catalogo | Letrame Grupo Editorial"},"image":{"@id":"https:\/\/letrame.com\/catalogo\/#\/schema\/logo\/image\/"}}]}</script>
<!-- / Yoast SEO plugin. -->

ISBN: 978-84-17657-82-6 Quizás la realidad no sea tan inequívoca como pensamos y las nuevas tecnologías están creando nuevas realidades que nuestro cerebro no sabe procesar. Quizás el tiempo no sea esa fatalidad unidireccional que creemos y se pueda navegar en él en muchas direcciones. Quizás España no sea ese país lleno de retrasos y defectos que nos pintan, sino una sociedad que se infravalora y que es mucho mejor que sus críticos.

Catálogo
