{"id":93970,"date":"2024-04-18T09:59:14","date_gmt":"2024-04-18T07:59:14","guid":{"rendered":"https:\/\/letrame.com\/catalogo\/producto\/jose-antonio-el-hombre-que-convirtieron-en-mito\/"},"modified":"2024-04-18T09:59:53","modified_gmt":"2024-04-18T07:59:53","slug":"jose-antonio-el-hombre-que-convirtieron-en-mito","status":"publish","type":"product","link":"https:\/\/letrame.com\/catalogo\/producto\/jose-antonio-el-hombre-que-convirtieron-en-mito\/","title":{"rendered":"Jose Antonio, el hombre que convirtieron en mito"},"content":{"rendered":"<p><strong>ISBN<\/strong>: 978-84-17542-08-5<br \/>\n<strong>T\u00edtulo<\/strong>: Jose Antonio, el hombre que convirtieron en mito<br \/>\n<strong>Fecha<\/strong>: 2018<br \/>\n<strong>P\u00e1ginas<\/strong>: 294<\/p>\n<p>&nbsp;<\/p>\n<p><strong>SINOPSIS<\/strong><\/p>\n<section>\n<div class=\"about-this-book\">\n<div class=\"container\">\n<div class=\"right-detail shop-detail1 pull-right col-md-8 col-sm-8 col-xs-12\">\n<div id=\"editionnal-reviews\" class=\"book-desc-detail\"><span class=\"detail-desc box-detail-desc\">Jos\u00e9 Antonio Primo de Rivera y S\u00e1enz de Heredia ha sido manipulado y tergiversado durante m\u00e1s de ochenta a\u00f1os y hoy en d\u00eda es casi un completo desconocido para la inmensa mayor\u00eda de los espa\u00f1oles, que solo tienen de \u00e9l una imagen muy desvirtuada, superficial y sesgada que es necesario esclarecer sin tapujos. Jos\u00e9 Antonio es una figura emblem\u00e1tica del siglo XX, el \u00fanico pol\u00edtico que es nombrado y reconocido por solo su nombre de pila. Fundador de Falange Espa\u00f1ola, tercer marqu\u00e9s de Estella (t\u00edtulo que nunca utiliz\u00f3) e hijo del General Miguel Primo de Rivera y Orbaneja, fue un joven y brillante abogado que renunci\u00f3 a las ventajas de su prometedor porvenir y a las comodidades de su estatus aristocr\u00e1tico para consagrarse, en cuerpo y alma, a la difusi\u00f3n de su doctrina de justicia social desde un punto de vista revolucionario e intelectual. Estas p\u00e1ginas descubren su verdadera historia a un ritmo trepidante y cinematogr\u00e1fico. De hecho, esta es la adaptaci\u00f3n novelada del guion para el cine del mismo autor.<\/span><\/div>\n<div id=\"clear-scroll\" class=\"clearfix\"><\/div>\n<\/div>\n<\/div>\n<\/div>\n<\/section>\n<div class=\"feature-section feature-option2\">\n<div class=\"container\">\n<div class=\"related products\">\n<div class=\"title-box\"><\/div>\n<\/div>\n<\/div>\n<\/div>\n","protected":false},"excerpt":{"rendered":"<p><strong>ISBN: 978-84-17542-08-5<\/strong><\/p>\n<p>Jos\u00e9 Antonio Primo de Rivera y S\u00e1enz de Heredia ha sido manipulado y tergiversado durante m\u00e1s de ochenta a\u00f1os y hoy en d\u00eda es casi un completo desconocido para la inmensa mayor\u00eda de los espa\u00f1oles, que solo tienen de \u00e9l una imagen muy desvirtuada, superficial y sesgada que es necesario esclarecer sin tapujos. Jos\u00e9 Antonio es una figura emblem\u00e1tica del siglo XX, el \u00fanico pol\u00edtico que es nombrado y reconocido por solo su nombre de pila.<\/p>\n","protected":false},"featured_media":93971,"comment_status":"closed","ping_status":"open","template":"","meta":{"_acf_changed":false},"libro":[],"product_brand":[],"product_cat":[16],"product_tag":[],"class_list":{"0":"post-93970","1":"product","2":"type-product","3":"status-publish","4":"has-post-thumbnail","6":"product_cat-novela","8":"first","9":"instock","10":"purchasable","11":"product-type-simple"},"acf":{"autor":[72672],"enlace_de_compra":""},"yoast_head":"<!-- This site is optimized with the Yoast SEO plugin v27.4 - https:\/\/yoast.com\/product\/yoast-seo-wordpress\/ -->\n<title>Jose Antonio, el hombre que convirtieron en mito - Catalogo | Letrame Grupo Editorial<\/title>\n<meta name=\"robots\" content=\"index, follow, max-snippet:-1, max-image-preview:large, max-video-preview:-1\" \/>\n<link rel=\"canonical\" href=\"https:\/\/letrame.com\/catalogo\/producto\/jose-antonio-el-hombre-que-convirtieron-en-mito\/\" \/>\n<meta property=\"og:locale\" content=\"es_ES\" \/>\n<meta property=\"og:type\" content=\"article\" \/>\n<meta property=\"og:title\" content=\"Jose Antonio, el hombre que convirtieron en mito - Catalogo | Letrame Grupo Editorial\" \/>\n<meta property=\"og:description\" content=\"ISBN: 978-84-17542-08-5 Jos\u00e9 Antonio Primo de Rivera y S\u00e1enz de Heredia ha sido manipulado y tergiversado durante m\u00e1s de ochenta a\u00f1os y hoy en d\u00eda es casi un completo desconocido para la inmensa mayor\u00eda de los espa\u00f1oles, que solo tienen de \u00e9l una imagen muy desvirtuada, superficial y sesgada que es necesario esclarecer sin tapujos. Jos\u00e9 Antonio es una figura emblem\u00e1tica del siglo XX, el \u00fanico pol\u00edtico que es nombrado y reconocido por solo su nombre de pila.\" \/>\n<meta property=\"og:url\" content=\"https:\/\/letrame.com\/catalogo\/producto\/jose-antonio-el-hombre-que-convirtieron-en-mito\/\" \/>\n<meta property=\"og:site_name\" content=\"Catalogo | Letrame Grupo Editorial\" \/>\n<meta property=\"article:modified_time\" content=\"2024-04-18T07:59:53+00:00\" \/>\n<meta property=\"og:image\" content=\"https:\/\/letrame.com\/catalogo\/wp-content\/uploads\/2024\/04\/JAntonio_14mm-compressed.jpg\" \/>\n\t<meta property=\"og:image:width\" content=\"857\" \/>\n\t<meta property=\"og:image:height\" content=\"1200\" \/>\n\t<meta property=\"og:image:type\" content=\"image\/jpeg\" \/>\n<meta name=\"twitter:card\" content=\"summary_large_image\" \/>\n<meta name=\"twitter:label1\" content=\"Tiempo de lectura\" \/>\n\t<meta name=\"twitter:data1\" content=\"1 minuto\" \/>\n<script type=\"application\/ld+json\" class=\"yoast-schema-graph\">{\"@context\":\"https:\\\/\\\/schema.org\",\"@graph\":[{\"@type\":\"WebPage\",\"@id\":\"https:\\\/\\\/letrame.com\\\/catalogo\\\/producto\\\/jose-antonio-el-hombre-que-convirtieron-en-mito\\\/\",\"url\":\"https:\\\/\\\/letrame.com\\\/catalogo\\\/producto\\\/jose-antonio-el-hombre-que-convirtieron-en-mito\\\/\",\"name\":\"Jose Antonio, el hombre que convirtieron en mito - Catalogo | Letrame Grupo Editorial\",\"isPartOf\":{\"@id\":\"https:\\\/\\\/letrame.com\\\/catalogo\\\/#website\"},\"primaryImageOfPage\":{\"@id\":\"https:\\\/\\\/letrame.com\\\/catalogo\\\/producto\\\/jose-antonio-el-hombre-que-convirtieron-en-mito\\\/#primaryimage\"},\"image\":{\"@id\":\"https:\\\/\\\/letrame.com\\\/catalogo\\\/producto\\\/jose-antonio-el-hombre-que-convirtieron-en-mito\\\/#primaryimage\"},\"thumbnailUrl\":\"https:\\\/\\\/letrame.com\\\/catalogo\\\/wp-content\\\/uploads\\\/2024\\\/04\\\/JAntonio_14mm-compressed.jpg\",\"datePublished\":\"2024-04-18T07:59:14+00:00\",\"dateModified\":\"2024-04-18T07:59:53+00:00\",\"breadcrumb\":{\"@id\":\"https:\\\/\\\/letrame.com\\\/catalogo\\\/producto\\\/jose-antonio-el-hombre-que-convirtieron-en-mito\\\/#breadcrumb\"},\"inLanguage\":\"es\",\"potentialAction\":[{\"@type\":\"ReadAction\",\"target\":[\"https:\\\/\\\/letrame.com\\\/catalogo\\\/producto\\\/jose-antonio-el-hombre-que-convirtieron-en-mito\\\/\"]}]},{\"@type\":\"ImageObject\",\"inLanguage\":\"es\",\"@id\":\"https:\\\/\\\/letrame.com\\\/catalogo\\\/producto\\\/jose-antonio-el-hombre-que-convirtieron-en-mito\\\/#primaryimage\",\"url\":\"https:\\\/\\\/letrame.com\\\/catalogo\\\/wp-content\\\/uploads\\\/2024\\\/04\\\/JAntonio_14mm-compressed.jpg\",\"contentUrl\":\"https:\\\/\\\/letrame.com\\\/catalogo\\\/wp-content\\\/uploads\\\/2024\\\/04\\\/JAntonio_14mm-compressed.jpg\",\"width\":857,\"height\":1200},{\"@type\":\"BreadcrumbList\",\"@id\":\"https:\\\/\\\/letrame.com\\\/catalogo\\\/producto\\\/jose-antonio-el-hombre-que-convirtieron-en-mito\\\/#breadcrumb\",\"itemListElement\":[{\"@type\":\"ListItem\",\"position\":1,\"name\":\"Portada\",\"item\":\"https:\\\/\\\/letrame.com\\\/catalogo\\\/\"},{\"@type\":\"ListItem\",\"position\":2,\"name\":\"Cat\u00e1logo\",\"item\":\"https:\\\/\\\/letrame.com\\\/catalogo\\\/\"},{\"@type\":\"ListItem\",\"position\":3,\"name\":\"Jose Antonio, el hombre que convirtieron en mito\"}]},{\"@type\":\"WebSite\",\"@id\":\"https:\\\/\\\/letrame.com\\\/catalogo\\\/#website\",\"url\":\"https:\\\/\\\/letrame.com\\\/catalogo\\\/\",\"name\":\"Catalogo | Letrame Grupo Editorial\",\"description\":\"\",\"publisher\":{\"@id\":\"https:\\\/\\\/letrame.com\\\/catalogo\\\/#organization\"},\"potentialAction\":[{\"@type\":\"SearchAction\",\"target\":{\"@type\":\"EntryPoint\",\"urlTemplate\":\"https:\\\/\\\/letrame.com\\\/catalogo\\\/?s={search_term_string}\"},\"query-input\":{\"@type\":\"PropertyValueSpecification\",\"valueRequired\":true,\"valueName\":\"search_term_string\"}}],\"inLanguage\":\"es\"},{\"@type\":\"Organization\",\"@id\":\"https:\\\/\\\/letrame.com\\\/catalogo\\\/#organization\",\"name\":\"Catalogo | Letrame Grupo Editorial\",\"url\":\"https:\\\/\\\/letrame.com\\\/catalogo\\\/\",\"logo\":{\"@type\":\"ImageObject\",\"inLanguage\":\"es\",\"@id\":\"https:\\\/\\\/letrame.com\\\/catalogo\\\/#\\\/schema\\\/logo\\\/image\\\/\",\"url\":\"https:\\\/\\\/letrame.com\\\/catalogo\\\/wp-content\\\/uploads\\\/2024\\\/03\\\/logo2.webp\",\"contentUrl\":\"https:\\\/\\\/letrame.com\\\/catalogo\\\/wp-content\\\/uploads\\\/2024\\\/03\\\/logo2.webp\",\"width\":394,\"height\":128,\"caption\":\"Catalogo | Letrame Grupo Editorial\"},\"image\":{\"@id\":\"https:\\\/\\\/letrame.com\\\/catalogo\\\/#\\\/schema\\\/logo\\\/image\\\/\"}}]}<\/script>\n<!-- \/ Yoast SEO plugin. -->","yoast_head_json":{"title":"Jose Antonio, el hombre que convirtieron en mito - Catalogo | Letrame Grupo Editorial","robots":{"index":"index","follow":"follow","max-snippet":"max-snippet:-1","max-image-preview":"max-image-preview:large","max-video-preview":"max-video-preview:-1"},"canonical":"https:\/\/letrame.com\/catalogo\/producto\/jose-antonio-el-hombre-que-convirtieron-en-mito\/","og_locale":"es_ES","og_type":"article","og_title":"Jose Antonio, el hombre que convirtieron en mito - Catalogo | Letrame Grupo Editorial","og_description":"ISBN: 978-84-17542-08-5 Jos\u00e9 Antonio Primo de Rivera y S\u00e1enz de Heredia ha sido manipulado y tergiversado durante m\u00e1s de ochenta a\u00f1os y hoy en d\u00eda es casi un completo desconocido para la inmensa mayor\u00eda de los espa\u00f1oles, que solo tienen de \u00e9l una imagen muy desvirtuada, superficial y sesgada que es necesario esclarecer sin tapujos. Jos\u00e9 Antonio es una figura emblem\u00e1tica del siglo XX, el \u00fanico pol\u00edtico que es nombrado y reconocido por solo su nombre de pila.","og_url":"https:\/\/letrame.com\/catalogo\/producto\/jose-antonio-el-hombre-que-convirtieron-en-mito\/","og_site_name":"Catalogo | Letrame Grupo Editorial","article_modified_time":"2024-04-18T07:59:53+00:00","og_image":[{"width":857,"height":1200,"url":"https:\/\/letrame.com\/catalogo\/wp-content\/uploads\/2024\/04\/JAntonio_14mm-compressed.jpg","type":"image\/jpeg"}],"twitter_card":"summary_large_image","twitter_misc":{"Tiempo de lectura":"1 minuto"},"schema":{"@context":"https:\/\/schema.org","@graph":[{"@type":"WebPage","@id":"https:\/\/letrame.com\/catalogo\/producto\/jose-antonio-el-hombre-que-convirtieron-en-mito\/","url":"https:\/\/letrame.com\/catalogo\/producto\/jose-antonio-el-hombre-que-convirtieron-en-mito\/","name":"Jose Antonio, el hombre que convirtieron en mito - Catalogo | Letrame Grupo Editorial","isPartOf":{"@id":"https:\/\/letrame.com\/catalogo\/#website"},"primaryImageOfPage":{"@id":"https:\/\/letrame.com\/catalogo\/producto\/jose-antonio-el-hombre-que-convirtieron-en-mito\/#primaryimage"},"image":{"@id":"https:\/\/letrame.com\/catalogo\/producto\/jose-antonio-el-hombre-que-convirtieron-en-mito\/#primaryimage"},"thumbnailUrl":"https:\/\/letrame.com\/catalogo\/wp-content\/uploads\/2024\/04\/JAntonio_14mm-compressed.jpg","datePublished":"2024-04-18T07:59:14+00:00","dateModified":"2024-04-18T07:59:53+00:00","breadcrumb":{"@id":"https:\/\/letrame.com\/catalogo\/producto\/jose-antonio-el-hombre-que-convirtieron-en-mito\/#breadcrumb"},"inLanguage":"es","potentialAction":[{"@type":"ReadAction","target":["https:\/\/letrame.com\/catalogo\/producto\/jose-antonio-el-hombre-que-convirtieron-en-mito\/"]}]},{"@type":"ImageObject","inLanguage":"es","@id":"https:\/\/letrame.com\/catalogo\/producto\/jose-antonio-el-hombre-que-convirtieron-en-mito\/#primaryimage","url":"https:\/\/letrame.com\/catalogo\/wp-content\/uploads\/2024\/04\/JAntonio_14mm-compressed.jpg","contentUrl":"https:\/\/letrame.com\/catalogo\/wp-content\/uploads\/2024\/04\/JAntonio_14mm-compressed.jpg","width":857,"height":1200},{"@type":"BreadcrumbList","@id":"https:\/\/letrame.com\/catalogo\/producto\/jose-antonio-el-hombre-que-convirtieron-en-mito\/#breadcrumb","itemListElement":[{"@type":"ListItem","position":1,"name":"Portada","item":"https:\/\/letrame.com\/catalogo\/"},{"@type":"ListItem","position":2,"name":"Cat\u00e1logo","item":"https:\/\/letrame.com\/catalogo\/"},{"@type":"ListItem","position":3,"name":"Jose Antonio, el hombre que convirtieron en mito"}]},{"@type":"WebSite","@id":"https:\/\/letrame.com\/catalogo\/#website","url":"https:\/\/letrame.com\/catalogo\/","name":"Catalogo | Letrame Grupo Editorial","description":"","publisher":{"@id":"https:\/\/letrame.com\/catalogo\/#organization"},"potentialAction":[{"@type":"SearchAction","target":{"@type":"EntryPoint","urlTemplate":"https:\/\/letrame.com\/catalogo\/?s={search_term_string}"},"query-input":{"@type":"PropertyValueSpecification","valueRequired":true,"valueName":"search_term_string"}}],"inLanguage":"es"},{"@type":"Organization","@id":"https:\/\/letrame.com\/catalogo\/#organization","name":"Catalogo | Letrame Grupo Editorial","url":"https:\/\/letrame.com\/catalogo\/","logo":{"@type":"ImageObject","inLanguage":"es","@id":"https:\/\/letrame.com\/catalogo\/#\/schema\/logo\/image\/","url":"https:\/\/letrame.com\/catalogo\/wp-content\/uploads\/2024\/03\/logo2.webp","contentUrl":"https:\/\/letrame.com\/catalogo\/wp-content\/uploads\/2024\/03\/logo2.webp","width":394,"height":128,"caption":"Catalogo | Letrame Grupo Editorial"},"image":{"@id":"https:\/\/letrame.com\/catalogo\/#\/schema\/logo\/image\/"}}]}},"_links":{"self":[{"href":"https:\/\/letrame.com\/catalogo\/wp-json\/wp\/v2\/product\/93970","targetHints":{"allow":["GET"]}}],"collection":[{"href":"https:\/\/letrame.com\/catalogo\/wp-json\/wp\/v2\/product"}],"about":[{"href":"https:\/\/letrame.com\/catalogo\/wp-json\/wp\/v2\/types\/product"}],"replies":[{"embeddable":true,"href":"https:\/\/letrame.com\/catalogo\/wp-json\/wp\/v2\/comments?post=93970"}],"acf:post":[{"embeddable":true,"href":"https:\/\/letrame.com\/catalogo\/wp-json\/wp\/v2\/author_book\/72672"}],"wp:featuredmedia":[{"embeddable":true,"href":"https:\/\/letrame.com\/catalogo\/wp-json\/wp\/v2\/media\/93971"}],"wp:attachment":[{"href":"https:\/\/letrame.com\/catalogo\/wp-json\/wp\/v2\/media?parent=93970"}],"wp:term":[{"taxonomy":"libro","embeddable":true,"href":"https:\/\/letrame.com\/catalogo\/wp-json\/wp\/v2\/libro?post=93970"},{"taxonomy":"product_brand","embeddable":true,"href":"https:\/\/letrame.com\/catalogo\/wp-json\/wp\/v2\/product_brand?post=93970"},{"taxonomy":"product_cat","embeddable":true,"href":"https:\/\/letrame.com\/catalogo\/wp-json\/wp\/v2\/product_cat?post=93970"},{"taxonomy":"product_tag","embeddable":true,"href":"https:\/\/letrame.com\/catalogo\/wp-json\/wp\/v2\/product_tag?post=93970"}],"curies":[{"name":"wp","href":"https:\/\/api.w.org\/{rel}","templated":true}]}}