{"id":93745,"date":"2024-04-18T09:42:32","date_gmt":"2024-04-18T07:42:32","guid":{"rendered":"https:\/\/letrame.com\/catalogo\/producto\/las-guerras-de-espana-en-marruecos\/"},"modified":"2024-05-15T11:20:46","modified_gmt":"2024-05-15T09:20:46","slug":"las-guerras-de-espana-en-marruecos","status":"publish","type":"product","link":"https:\/\/letrame.com\/catalogo\/producto\/las-guerras-de-espana-en-marruecos\/","title":{"rendered":"Las guerras de Espa\u00f1a en Marruecos"},"content":{"rendered":"<p><strong>ISBN<\/strong>: 978-84-17161-68-2<br \/>\n<strong>T\u00edtulo<\/strong>: Las guerras de Espa\u00f1a en Marruecos<br \/>\n<strong>Fecha<\/strong>: 2017<br \/>\n<strong>P\u00e1ginas<\/strong>: 516<\/p>\n<p>&nbsp;<\/p>\n<p><strong>SINOPSIS<\/strong><\/p>\n<section>\n<div class=\"about-this-book\">\n<div class=\"container\">\n<div class=\"right-detail shop-detail1 pull-right col-md-8 col-sm-8 col-xs-12\">\n<div id=\"editionnal-reviews\" class=\"book-desc-detail\"><span class=\"detail-desc box-detail-desc\">Mucho se ha escrito sobre la presencia espa\u00f1ola en el norte de \u00c1frica acerca de los diferentes sucesos que all\u00ed ocurrieron. En este libro se narran de forma sencilla e interrelacionada los acontecimientos b\u00e9licos acaecidos contra las tribus rebeldes desde los or\u00edgenes de la presencia espa\u00f1ola -all\u00e1 por el siglo XV- hasta la independencia del constituido Reino de Marruecos el 2 de marzo de 1956. <\/span><\/div>\n<h3 class=\"book-desc-detail\"><span class=\"detail-desc box-detail-desc\">Relata las siete Guerras destacadas acontecidas entre 1859 y 1927, haciendo especial hincapi\u00e9 en la \u201cTragedia de Annual\u201d (1921) y en el \u201cDesembarco de Alhucemas\u201d (1925) con su \u201cOfensiva Final\u201d (1926-1927). <\/span><\/h3>\n<div class=\"book-desc-detail\"><span class=\"detail-desc box-detail-desc\">Los hechos b\u00e9licos reflejados son reales, sus datos han sido extra\u00eddos de diversas documentaciones oficiales: Expediente Picasso, del Juicio Contradictorio para la concesi\u00f3n de la Corbata de la Cruz Laureada de San Fernando al Estandarte del Regimiento de Cazadores de Caballer\u00eda Alc\u00e1ntara 14, de los relatos escritos por testigos que vivieron de primera mano todo lo ocurrido y de los chascarrillos que contaban mis familiares cercanos presentes en la zona y que quedaron grabados en mi memoria. Refleja igualmente la forma de ser de algunos de los que participaron, especialmente la de mi t\u00edo abuelo Eduardo Valc\u00e1rcel Bao, soldado del Regimiento San Fernando 11, muerto y desaparecido su cad\u00e1ver en el asedio y asalto a la posici\u00f3n de Monte Arruit un lejano d\u00eda de agosto de 1921; aspirante a ingreso en la Academia de Infanter\u00eda de Toledo, por muy poco tiempo no pudo conseguir su anhelada meta. <\/span><\/div>\n<div class=\"book-desc-detail\"><span class=\"detail-desc box-detail-desc\">Muri\u00f3 antes y con seguridad fue descuartizado y quemado su cad\u00e1ver junto a los de sus compa\u00f1eros de armas que tan bravamente defendieron la posici\u00f3n hasta el consumo total de v\u00edveres, agua y municiones. <\/span><\/div>\n<div class=\"book-desc-detail\"><span class=\"detail-desc box-detail-desc\">Ordenada la rendici\u00f3n por el alto mando, los rebeldes no respetaron el acuerdo, matando y masacrando a la casi totalidad de los oficiales, suboficiales y tropa espa\u00f1ola como ya hab\u00edan hecho en otras posiciones que se encontraban en las mismas circunstancias. El autor Esta edici\u00f3n es una ampliaci\u00f3n de los libros \u201cLas Guerras de Espa\u00f1a en el Norte de \u00c1frica\u201d, \u201cLas Guerras de \u00c1frica\u201d y \u201cDe El Serrallo a Yebel Taria (Marruecos 1497-1956)\u201d del mismo autor.<\/span><\/div>\n<div id=\"clear-scroll\" class=\"clearfix\"><\/div>\n<\/div>\n<\/div>\n<\/div>\n<\/section>\n<div class=\"feature-section feature-option2\">\n<div class=\"container\">\n<div class=\"related products\">\n<div class=\"title-box\"><\/div>\n<\/div>\n<\/div>\n<\/div>\n<p><iframe data-src=\"https:\/\/player.vimeo.com\/video\/176767260\" width=\"640\" height=\"564\" frameborder=\"0\" allowfullscreen=\"allowfullscreen\" src=\"data:image\/svg+xml;base64,PHN2ZyB3aWR0aD0iMSIgaGVpZ2h0PSIxIiB4bWxucz0iaHR0cDovL3d3dy53My5vcmcvMjAwMC9zdmciPjwvc3ZnPg==\" class=\"lazyload\" data-load-mode=\"1\"><\/iframe><\/p>\n","protected":false},"excerpt":{"rendered":"<p><strong>ISBN: 978-84-17161-68-2<\/strong><\/p>\n<p>Mucho se ha escrito sobre la presencia espa\u00f1ola en el norte de \u00c1frica (parte del territorio del actual reino de Marruecos) acerca de los diferentes sucesos que all\u00ed ocurrieron. En este libro se narran de forma sencilla e interrelacionada los acontecimientos b\u00e9licos acaecidos&#8230;<\/p>\n","protected":false},"featured_media":99934,"comment_status":"closed","ping_status":"closed","template":"","meta":{"_acf_changed":false},"libro":[],"product_brand":[],"product_cat":[16],"product_tag":[],"class_list":{"0":"post-93745","1":"product","2":"type-product","3":"status-publish","4":"has-post-thumbnail","6":"product_cat-novela","8":"first","9":"instock","10":"purchasable","11":"product-type-simple"},"acf":{"autor":[72738],"enlace_de_compra":"https:\/\/www.marcialpons.es\/libros\/las-guerras-de-espana-en-marruecos\/9788417161682\/"},"yoast_head":"<!-- This site is optimized with the Yoast SEO plugin v27.4 - https:\/\/yoast.com\/product\/yoast-seo-wordpress\/ -->\n<title>Las guerras de Espa\u00f1a en Marruecos - Catalogo | Letrame Grupo Editorial<\/title>\n<meta name=\"robots\" content=\"index, follow, max-snippet:-1, max-image-preview:large, max-video-preview:-1\" \/>\n<link rel=\"canonical\" href=\"https:\/\/letrame.com\/catalogo\/producto\/las-guerras-de-espana-en-marruecos\/\" \/>\n<meta property=\"og:locale\" content=\"es_ES\" \/>\n<meta property=\"og:type\" content=\"article\" \/>\n<meta property=\"og:title\" content=\"Las guerras de Espa\u00f1a en Marruecos - Catalogo | Letrame Grupo Editorial\" \/>\n<meta property=\"og:description\" content=\"ISBN: 978-84-17161-68-2  Mucho se ha escrito sobre la presencia espa\u00f1ola en el norte de \u00c1frica (parte del territorio del actual reino de Marruecos) acerca de los diferentes sucesos que all\u00ed ocurrieron. En este libro se narran de forma sencilla e interrelacionada los acontecimientos b\u00e9licos acaecidos...\" \/>\n<meta property=\"og:url\" content=\"https:\/\/letrame.com\/catalogo\/producto\/las-guerras-de-espana-en-marruecos\/\" \/>\n<meta property=\"og:site_name\" content=\"Catalogo | Letrame Grupo Editorial\" \/>\n<meta property=\"article:modified_time\" content=\"2024-05-15T09:20:46+00:00\" \/>\n<meta property=\"og:image\" content=\"https:\/\/letrame.com\/catalogo\/wp-content\/uploads\/2024\/04\/LAS-GUERRAS-DE-ESPANA-EN-MARRUECOS.webp\" \/>\n\t<meta property=\"og:image:width\" content=\"375\" \/>\n\t<meta property=\"og:image:height\" content=\"536\" \/>\n\t<meta property=\"og:image:type\" content=\"image\/webp\" \/>\n<meta name=\"twitter:card\" content=\"summary_large_image\" \/>\n<meta name=\"twitter:label1\" content=\"Tiempo de lectura\" \/>\n\t<meta name=\"twitter:data1\" content=\"2 minutos\" \/>\n<script type=\"application\/ld+json\" class=\"yoast-schema-graph\">{\"@context\":\"https:\\\/\\\/schema.org\",\"@graph\":[{\"@type\":\"WebPage\",\"@id\":\"https:\\\/\\\/letrame.com\\\/catalogo\\\/producto\\\/las-guerras-de-espana-en-marruecos\\\/\",\"url\":\"https:\\\/\\\/letrame.com\\\/catalogo\\\/producto\\\/las-guerras-de-espana-en-marruecos\\\/\",\"name\":\"Las guerras de Espa\u00f1a en Marruecos - Catalogo | Letrame Grupo Editorial\",\"isPartOf\":{\"@id\":\"https:\\\/\\\/letrame.com\\\/catalogo\\\/#website\"},\"primaryImageOfPage\":{\"@id\":\"https:\\\/\\\/letrame.com\\\/catalogo\\\/producto\\\/las-guerras-de-espana-en-marruecos\\\/#primaryimage\"},\"image\":{\"@id\":\"https:\\\/\\\/letrame.com\\\/catalogo\\\/producto\\\/las-guerras-de-espana-en-marruecos\\\/#primaryimage\"},\"thumbnailUrl\":\"https:\\\/\\\/letrame.com\\\/catalogo\\\/wp-content\\\/uploads\\\/2024\\\/04\\\/LAS-GUERRAS-DE-ESPANA-EN-MARRUECOS.webp\",\"datePublished\":\"2024-04-18T07:42:32+00:00\",\"dateModified\":\"2024-05-15T09:20:46+00:00\",\"breadcrumb\":{\"@id\":\"https:\\\/\\\/letrame.com\\\/catalogo\\\/producto\\\/las-guerras-de-espana-en-marruecos\\\/#breadcrumb\"},\"inLanguage\":\"es\",\"potentialAction\":[{\"@type\":\"ReadAction\",\"target\":[\"https:\\\/\\\/letrame.com\\\/catalogo\\\/producto\\\/las-guerras-de-espana-en-marruecos\\\/\"]}]},{\"@type\":\"ImageObject\",\"inLanguage\":\"es\",\"@id\":\"https:\\\/\\\/letrame.com\\\/catalogo\\\/producto\\\/las-guerras-de-espana-en-marruecos\\\/#primaryimage\",\"url\":\"https:\\\/\\\/letrame.com\\\/catalogo\\\/wp-content\\\/uploads\\\/2024\\\/04\\\/LAS-GUERRAS-DE-ESPANA-EN-MARRUECOS.webp\",\"contentUrl\":\"https:\\\/\\\/letrame.com\\\/catalogo\\\/wp-content\\\/uploads\\\/2024\\\/04\\\/LAS-GUERRAS-DE-ESPANA-EN-MARRUECOS.webp\",\"width\":375,\"height\":536},{\"@type\":\"BreadcrumbList\",\"@id\":\"https:\\\/\\\/letrame.com\\\/catalogo\\\/producto\\\/las-guerras-de-espana-en-marruecos\\\/#breadcrumb\",\"itemListElement\":[{\"@type\":\"ListItem\",\"position\":1,\"name\":\"Portada\",\"item\":\"https:\\\/\\\/letrame.com\\\/catalogo\\\/\"},{\"@type\":\"ListItem\",\"position\":2,\"name\":\"Cat\u00e1logo\",\"item\":\"https:\\\/\\\/letrame.com\\\/catalogo\\\/\"},{\"@type\":\"ListItem\",\"position\":3,\"name\":\"Las guerras de Espa\u00f1a en Marruecos\"}]},{\"@type\":\"WebSite\",\"@id\":\"https:\\\/\\\/letrame.com\\\/catalogo\\\/#website\",\"url\":\"https:\\\/\\\/letrame.com\\\/catalogo\\\/\",\"name\":\"Catalogo | Letrame Grupo Editorial\",\"description\":\"\",\"publisher\":{\"@id\":\"https:\\\/\\\/letrame.com\\\/catalogo\\\/#organization\"},\"potentialAction\":[{\"@type\":\"SearchAction\",\"target\":{\"@type\":\"EntryPoint\",\"urlTemplate\":\"https:\\\/\\\/letrame.com\\\/catalogo\\\/?s={search_term_string}\"},\"query-input\":{\"@type\":\"PropertyValueSpecification\",\"valueRequired\":true,\"valueName\":\"search_term_string\"}}],\"inLanguage\":\"es\"},{\"@type\":\"Organization\",\"@id\":\"https:\\\/\\\/letrame.com\\\/catalogo\\\/#organization\",\"name\":\"Catalogo | Letrame Grupo Editorial\",\"url\":\"https:\\\/\\\/letrame.com\\\/catalogo\\\/\",\"logo\":{\"@type\":\"ImageObject\",\"inLanguage\":\"es\",\"@id\":\"https:\\\/\\\/letrame.com\\\/catalogo\\\/#\\\/schema\\\/logo\\\/image\\\/\",\"url\":\"https:\\\/\\\/letrame.com\\\/catalogo\\\/wp-content\\\/uploads\\\/2024\\\/03\\\/logo2.webp\",\"contentUrl\":\"https:\\\/\\\/letrame.com\\\/catalogo\\\/wp-content\\\/uploads\\\/2024\\\/03\\\/logo2.webp\",\"width\":394,\"height\":128,\"caption\":\"Catalogo | Letrame Grupo Editorial\"},\"image\":{\"@id\":\"https:\\\/\\\/letrame.com\\\/catalogo\\\/#\\\/schema\\\/logo\\\/image\\\/\"}}]}<\/script>\n<!-- \/ Yoast SEO plugin. -->","yoast_head_json":{"title":"Las guerras de Espa\u00f1a en Marruecos - Catalogo | Letrame Grupo Editorial","robots":{"index":"index","follow":"follow","max-snippet":"max-snippet:-1","max-image-preview":"max-image-preview:large","max-video-preview":"max-video-preview:-1"},"canonical":"https:\/\/letrame.com\/catalogo\/producto\/las-guerras-de-espana-en-marruecos\/","og_locale":"es_ES","og_type":"article","og_title":"Las guerras de Espa\u00f1a en Marruecos - Catalogo | Letrame Grupo Editorial","og_description":"ISBN: 978-84-17161-68-2  Mucho se ha escrito sobre la presencia espa\u00f1ola en el norte de \u00c1frica (parte del territorio del actual reino de Marruecos) acerca de los diferentes sucesos que all\u00ed ocurrieron. En este libro se narran de forma sencilla e interrelacionada los acontecimientos b\u00e9licos acaecidos...","og_url":"https:\/\/letrame.com\/catalogo\/producto\/las-guerras-de-espana-en-marruecos\/","og_site_name":"Catalogo | Letrame Grupo Editorial","article_modified_time":"2024-05-15T09:20:46+00:00","og_image":[{"width":375,"height":536,"url":"https:\/\/letrame.com\/catalogo\/wp-content\/uploads\/2024\/04\/LAS-GUERRAS-DE-ESPANA-EN-MARRUECOS.webp","type":"image\/webp"}],"twitter_card":"summary_large_image","twitter_misc":{"Tiempo de lectura":"2 minutos"},"schema":{"@context":"https:\/\/schema.org","@graph":[{"@type":"WebPage","@id":"https:\/\/letrame.com\/catalogo\/producto\/las-guerras-de-espana-en-marruecos\/","url":"https:\/\/letrame.com\/catalogo\/producto\/las-guerras-de-espana-en-marruecos\/","name":"Las guerras de Espa\u00f1a en Marruecos - Catalogo | Letrame Grupo Editorial","isPartOf":{"@id":"https:\/\/letrame.com\/catalogo\/#website"},"primaryImageOfPage":{"@id":"https:\/\/letrame.com\/catalogo\/producto\/las-guerras-de-espana-en-marruecos\/#primaryimage"},"image":{"@id":"https:\/\/letrame.com\/catalogo\/producto\/las-guerras-de-espana-en-marruecos\/#primaryimage"},"thumbnailUrl":"https:\/\/letrame.com\/catalogo\/wp-content\/uploads\/2024\/04\/LAS-GUERRAS-DE-ESPANA-EN-MARRUECOS.webp","datePublished":"2024-04-18T07:42:32+00:00","dateModified":"2024-05-15T09:20:46+00:00","breadcrumb":{"@id":"https:\/\/letrame.com\/catalogo\/producto\/las-guerras-de-espana-en-marruecos\/#breadcrumb"},"inLanguage":"es","potentialAction":[{"@type":"ReadAction","target":["https:\/\/letrame.com\/catalogo\/producto\/las-guerras-de-espana-en-marruecos\/"]}]},{"@type":"ImageObject","inLanguage":"es","@id":"https:\/\/letrame.com\/catalogo\/producto\/las-guerras-de-espana-en-marruecos\/#primaryimage","url":"https:\/\/letrame.com\/catalogo\/wp-content\/uploads\/2024\/04\/LAS-GUERRAS-DE-ESPANA-EN-MARRUECOS.webp","contentUrl":"https:\/\/letrame.com\/catalogo\/wp-content\/uploads\/2024\/04\/LAS-GUERRAS-DE-ESPANA-EN-MARRUECOS.webp","width":375,"height":536},{"@type":"BreadcrumbList","@id":"https:\/\/letrame.com\/catalogo\/producto\/las-guerras-de-espana-en-marruecos\/#breadcrumb","itemListElement":[{"@type":"ListItem","position":1,"name":"Portada","item":"https:\/\/letrame.com\/catalogo\/"},{"@type":"ListItem","position":2,"name":"Cat\u00e1logo","item":"https:\/\/letrame.com\/catalogo\/"},{"@type":"ListItem","position":3,"name":"Las guerras de Espa\u00f1a en Marruecos"}]},{"@type":"WebSite","@id":"https:\/\/letrame.com\/catalogo\/#website","url":"https:\/\/letrame.com\/catalogo\/","name":"Catalogo | Letrame Grupo Editorial","description":"","publisher":{"@id":"https:\/\/letrame.com\/catalogo\/#organization"},"potentialAction":[{"@type":"SearchAction","target":{"@type":"EntryPoint","urlTemplate":"https:\/\/letrame.com\/catalogo\/?s={search_term_string}"},"query-input":{"@type":"PropertyValueSpecification","valueRequired":true,"valueName":"search_term_string"}}],"inLanguage":"es"},{"@type":"Organization","@id":"https:\/\/letrame.com\/catalogo\/#organization","name":"Catalogo | Letrame Grupo Editorial","url":"https:\/\/letrame.com\/catalogo\/","logo":{"@type":"ImageObject","inLanguage":"es","@id":"https:\/\/letrame.com\/catalogo\/#\/schema\/logo\/image\/","url":"https:\/\/letrame.com\/catalogo\/wp-content\/uploads\/2024\/03\/logo2.webp","contentUrl":"https:\/\/letrame.com\/catalogo\/wp-content\/uploads\/2024\/03\/logo2.webp","width":394,"height":128,"caption":"Catalogo | Letrame Grupo Editorial"},"image":{"@id":"https:\/\/letrame.com\/catalogo\/#\/schema\/logo\/image\/"}}]}},"_links":{"self":[{"href":"https:\/\/letrame.com\/catalogo\/wp-json\/wp\/v2\/product\/93745","targetHints":{"allow":["GET"]}}],"collection":[{"href":"https:\/\/letrame.com\/catalogo\/wp-json\/wp\/v2\/product"}],"about":[{"href":"https:\/\/letrame.com\/catalogo\/wp-json\/wp\/v2\/types\/product"}],"replies":[{"embeddable":true,"href":"https:\/\/letrame.com\/catalogo\/wp-json\/wp\/v2\/comments?post=93745"}],"acf:post":[{"embeddable":true,"href":"https:\/\/letrame.com\/catalogo\/wp-json\/wp\/v2\/author_book\/72738"}],"wp:featuredmedia":[{"embeddable":true,"href":"https:\/\/letrame.com\/catalogo\/wp-json\/wp\/v2\/media\/99934"}],"wp:attachment":[{"href":"https:\/\/letrame.com\/catalogo\/wp-json\/wp\/v2\/media?parent=93745"}],"wp:term":[{"taxonomy":"libro","embeddable":true,"href":"https:\/\/letrame.com\/catalogo\/wp-json\/wp\/v2\/libro?post=93745"},{"taxonomy":"product_brand","embeddable":true,"href":"https:\/\/letrame.com\/catalogo\/wp-json\/wp\/v2\/product_brand?post=93745"},{"taxonomy":"product_cat","embeddable":true,"href":"https:\/\/letrame.com\/catalogo\/wp-json\/wp\/v2\/product_cat?post=93745"},{"taxonomy":"product_tag","embeddable":true,"href":"https:\/\/letrame.com\/catalogo\/wp-json\/wp\/v2\/product_tag?post=93745"}],"curies":[{"name":"wp","href":"https:\/\/api.w.org\/{rel}","templated":true}]}}