{"id":93543,"date":"2024-04-18T09:09:42","date_gmt":"2024-04-18T07:09:42","guid":{"rendered":"https:\/\/letrame.com\/catalogo\/producto\/lapiz-de-trazo-grueso\/"},"modified":"2024-05-15T10:42:55","modified_gmt":"2024-05-15T08:42:55","slug":"lapiz-de-trazo-grueso","status":"publish","type":"product","link":"https:\/\/letrame.com\/catalogo\/producto\/lapiz-de-trazo-grueso\/","title":{"rendered":"L\u00e1piz de trazo grueso"},"content":{"rendered":"<p><strong>ISBN<\/strong>: 978-84-16916-63-4<\/p>\n<p><strong>T\u00edtulo<\/strong>: L\u00e1piz de trazo grueso<br \/>\n<strong>Fecha<\/strong>: 2017<br \/>\n<strong>P\u00e1ginas<\/strong>: 188<\/p>\n<p>&nbsp;<\/p>\n<p><strong>SINOPSIS<\/strong><\/p>\n<section>\n<div class=\"about-this-book\">\n<div class=\"container\">\n<div class=\"right-detail shop-detail1 pull-right col-md-8 col-sm-8 col-xs-12\">\n<div id=\"editionnal-reviews\" class=\"book-desc-detail\"><span class=\"detail-desc box-detail-desc\">\u201cL\u00e1piz de trazo grueso\u201d es el relato de la fascinante historia de un viejo republicano perseguido por los montes de Asturias y Galicia y posteriormente represaliado al ser detenido en una caba\u00f1a de estos montes. Su persecuci\u00f3n y posterior detenci\u00f3n y pres\u00eddio son relatados por un miembro del maquis asturiano llamado \u201cAmador el Roxu\u201d quien de forma amena va comentando a un joven de corta edad sus peripecias perseguido por los montes. La acci\u00f3n se sit\u00faa en un taller de carpinter\u00eda regentado por el veterano guerrillero. El joven va reteniendo en su memoria los retazos del relato para escribirlo en una ocasi\u00f3n posterior. A trav\u00e9s de este libro podremos conocer la descarnada historia de aquellos miembros del maquis de la Guerra Civil y posterior postguerra donde figuran los avatares vividos por el colectivo guerrillero.<\/span><\/div>\n<div id=\"clear-scroll\" class=\"clearfix\"><\/div>\n<\/div>\n<\/div>\n<\/div>\n<\/section>\n<div class=\"feature-section feature-option2\">\n<div class=\"container\">\n<div class=\"related products\">\n<div class=\"title-box\"><\/div>\n<\/div>\n<\/div>\n<\/div>\n","protected":false},"excerpt":{"rendered":"<p><strong>ISBN: 978-84-16916-63-4<\/strong><\/p>\n<p>\u201cL\u00e1piz de trazo grueso\u201d es el relato de la fascinante historia de un viejo republicano perseguido por los montes de Asturias y Galicia y posteriormente represaliado al ser detenido en una caba\u00f1a de estos montes..<\/p>\n","protected":false},"featured_media":99895,"comment_status":"closed","ping_status":"closed","template":"","meta":{"_acf_changed":false},"libro":[],"product_brand":[],"product_cat":[16,24],"product_tag":[],"class_list":{"0":"post-93543","1":"product","2":"type-product","3":"status-publish","4":"has-post-thumbnail","6":"product_cat-novela","7":"product_cat-viajes","9":"first","10":"instock","11":"purchasable","12":"product-type-simple"},"acf":{"autor":[72486],"enlace_de_compra":"https:\/\/www.amazon.es\/L%C3%A1piz-trazo-grueso-Novela-Avelino\/dp\/8416916632\/ref=sr_1_1?ie=UTF8&amp&qid=1493372673&amp&sr=8-1&amp&keywords=L%C3%A1piz+de+trazo+grueso"},"yoast_head":"<!-- This site is optimized with the Yoast SEO plugin v27.4 - https:\/\/yoast.com\/product\/yoast-seo-wordpress\/ -->\n<title>L\u00e1piz de trazo grueso - Catalogo | Letrame Grupo Editorial<\/title>\n<meta name=\"robots\" content=\"index, follow, max-snippet:-1, max-image-preview:large, max-video-preview:-1\" \/>\n<link rel=\"canonical\" href=\"https:\/\/letrame.com\/catalogo\/producto\/lapiz-de-trazo-grueso\/\" \/>\n<meta property=\"og:locale\" content=\"es_ES\" \/>\n<meta property=\"og:type\" content=\"article\" \/>\n<meta property=\"og:title\" content=\"L\u00e1piz de trazo grueso - Catalogo | Letrame Grupo Editorial\" \/>\n<meta property=\"og:description\" content=\"ISBN: 978-84-16916-63-4  \u201cL\u00e1piz de trazo grueso\u201d es el relato de la fascinante historia de un viejo republicano perseguido por los montes de Asturias y Galicia y posteriormente represaliado al ser detenido en una caba\u00f1a de estos montes..\" \/>\n<meta property=\"og:url\" content=\"https:\/\/letrame.com\/catalogo\/producto\/lapiz-de-trazo-grueso\/\" \/>\n<meta property=\"og:site_name\" content=\"Catalogo | Letrame Grupo Editorial\" \/>\n<meta property=\"article:modified_time\" content=\"2024-05-15T08:42:55+00:00\" \/>\n<meta property=\"og:image\" content=\"https:\/\/letrame.com\/catalogo\/wp-content\/uploads\/2024\/04\/Portada-Lapiz-de-trazo-grueso-1.webp\" \/>\n\t<meta property=\"og:image:width\" content=\"375\" \/>\n\t<meta property=\"og:image:height\" content=\"539\" \/>\n\t<meta property=\"og:image:type\" content=\"image\/webp\" \/>\n<meta name=\"twitter:card\" content=\"summary_large_image\" \/>\n<meta name=\"twitter:label1\" content=\"Tiempo de lectura\" \/>\n\t<meta name=\"twitter:data1\" content=\"1 minuto\" \/>\n<script type=\"application\/ld+json\" class=\"yoast-schema-graph\">{\"@context\":\"https:\\\/\\\/schema.org\",\"@graph\":[{\"@type\":\"WebPage\",\"@id\":\"https:\\\/\\\/letrame.com\\\/catalogo\\\/producto\\\/lapiz-de-trazo-grueso\\\/\",\"url\":\"https:\\\/\\\/letrame.com\\\/catalogo\\\/producto\\\/lapiz-de-trazo-grueso\\\/\",\"name\":\"L\u00e1piz de trazo grueso - Catalogo | Letrame Grupo Editorial\",\"isPartOf\":{\"@id\":\"https:\\\/\\\/letrame.com\\\/catalogo\\\/#website\"},\"primaryImageOfPage\":{\"@id\":\"https:\\\/\\\/letrame.com\\\/catalogo\\\/producto\\\/lapiz-de-trazo-grueso\\\/#primaryimage\"},\"image\":{\"@id\":\"https:\\\/\\\/letrame.com\\\/catalogo\\\/producto\\\/lapiz-de-trazo-grueso\\\/#primaryimage\"},\"thumbnailUrl\":\"https:\\\/\\\/letrame.com\\\/catalogo\\\/wp-content\\\/uploads\\\/2024\\\/04\\\/Portada-Lapiz-de-trazo-grueso-1.webp\",\"datePublished\":\"2024-04-18T07:09:42+00:00\",\"dateModified\":\"2024-05-15T08:42:55+00:00\",\"breadcrumb\":{\"@id\":\"https:\\\/\\\/letrame.com\\\/catalogo\\\/producto\\\/lapiz-de-trazo-grueso\\\/#breadcrumb\"},\"inLanguage\":\"es\",\"potentialAction\":[{\"@type\":\"ReadAction\",\"target\":[\"https:\\\/\\\/letrame.com\\\/catalogo\\\/producto\\\/lapiz-de-trazo-grueso\\\/\"]}]},{\"@type\":\"ImageObject\",\"inLanguage\":\"es\",\"@id\":\"https:\\\/\\\/letrame.com\\\/catalogo\\\/producto\\\/lapiz-de-trazo-grueso\\\/#primaryimage\",\"url\":\"https:\\\/\\\/letrame.com\\\/catalogo\\\/wp-content\\\/uploads\\\/2024\\\/04\\\/Portada-Lapiz-de-trazo-grueso-1.webp\",\"contentUrl\":\"https:\\\/\\\/letrame.com\\\/catalogo\\\/wp-content\\\/uploads\\\/2024\\\/04\\\/Portada-Lapiz-de-trazo-grueso-1.webp\",\"width\":375,\"height\":539},{\"@type\":\"BreadcrumbList\",\"@id\":\"https:\\\/\\\/letrame.com\\\/catalogo\\\/producto\\\/lapiz-de-trazo-grueso\\\/#breadcrumb\",\"itemListElement\":[{\"@type\":\"ListItem\",\"position\":1,\"name\":\"Portada\",\"item\":\"https:\\\/\\\/letrame.com\\\/catalogo\\\/\"},{\"@type\":\"ListItem\",\"position\":2,\"name\":\"Cat\u00e1logo\",\"item\":\"https:\\\/\\\/letrame.com\\\/catalogo\\\/\"},{\"@type\":\"ListItem\",\"position\":3,\"name\":\"L\u00e1piz de trazo grueso\"}]},{\"@type\":\"WebSite\",\"@id\":\"https:\\\/\\\/letrame.com\\\/catalogo\\\/#website\",\"url\":\"https:\\\/\\\/letrame.com\\\/catalogo\\\/\",\"name\":\"Catalogo | Letrame Grupo Editorial\",\"description\":\"\",\"publisher\":{\"@id\":\"https:\\\/\\\/letrame.com\\\/catalogo\\\/#organization\"},\"potentialAction\":[{\"@type\":\"SearchAction\",\"target\":{\"@type\":\"EntryPoint\",\"urlTemplate\":\"https:\\\/\\\/letrame.com\\\/catalogo\\\/?s={search_term_string}\"},\"query-input\":{\"@type\":\"PropertyValueSpecification\",\"valueRequired\":true,\"valueName\":\"search_term_string\"}}],\"inLanguage\":\"es\"},{\"@type\":\"Organization\",\"@id\":\"https:\\\/\\\/letrame.com\\\/catalogo\\\/#organization\",\"name\":\"Catalogo | Letrame Grupo Editorial\",\"url\":\"https:\\\/\\\/letrame.com\\\/catalogo\\\/\",\"logo\":{\"@type\":\"ImageObject\",\"inLanguage\":\"es\",\"@id\":\"https:\\\/\\\/letrame.com\\\/catalogo\\\/#\\\/schema\\\/logo\\\/image\\\/\",\"url\":\"https:\\\/\\\/letrame.com\\\/catalogo\\\/wp-content\\\/uploads\\\/2024\\\/03\\\/logo2.webp\",\"contentUrl\":\"https:\\\/\\\/letrame.com\\\/catalogo\\\/wp-content\\\/uploads\\\/2024\\\/03\\\/logo2.webp\",\"width\":394,\"height\":128,\"caption\":\"Catalogo | Letrame Grupo Editorial\"},\"image\":{\"@id\":\"https:\\\/\\\/letrame.com\\\/catalogo\\\/#\\\/schema\\\/logo\\\/image\\\/\"}}]}<\/script>\n<!-- \/ Yoast SEO plugin. -->","yoast_head_json":{"title":"L\u00e1piz de trazo grueso - Catalogo | Letrame Grupo Editorial","robots":{"index":"index","follow":"follow","max-snippet":"max-snippet:-1","max-image-preview":"max-image-preview:large","max-video-preview":"max-video-preview:-1"},"canonical":"https:\/\/letrame.com\/catalogo\/producto\/lapiz-de-trazo-grueso\/","og_locale":"es_ES","og_type":"article","og_title":"L\u00e1piz de trazo grueso - Catalogo | Letrame Grupo Editorial","og_description":"ISBN: 978-84-16916-63-4  \u201cL\u00e1piz de trazo grueso\u201d es el relato de la fascinante historia de un viejo republicano perseguido por los montes de Asturias y Galicia y posteriormente represaliado al ser detenido en una caba\u00f1a de estos montes..","og_url":"https:\/\/letrame.com\/catalogo\/producto\/lapiz-de-trazo-grueso\/","og_site_name":"Catalogo | Letrame Grupo Editorial","article_modified_time":"2024-05-15T08:42:55+00:00","og_image":[{"width":375,"height":539,"url":"https:\/\/letrame.com\/catalogo\/wp-content\/uploads\/2024\/04\/Portada-Lapiz-de-trazo-grueso-1.webp","type":"image\/webp"}],"twitter_card":"summary_large_image","twitter_misc":{"Tiempo de lectura":"1 minuto"},"schema":{"@context":"https:\/\/schema.org","@graph":[{"@type":"WebPage","@id":"https:\/\/letrame.com\/catalogo\/producto\/lapiz-de-trazo-grueso\/","url":"https:\/\/letrame.com\/catalogo\/producto\/lapiz-de-trazo-grueso\/","name":"L\u00e1piz de trazo grueso - Catalogo | Letrame Grupo Editorial","isPartOf":{"@id":"https:\/\/letrame.com\/catalogo\/#website"},"primaryImageOfPage":{"@id":"https:\/\/letrame.com\/catalogo\/producto\/lapiz-de-trazo-grueso\/#primaryimage"},"image":{"@id":"https:\/\/letrame.com\/catalogo\/producto\/lapiz-de-trazo-grueso\/#primaryimage"},"thumbnailUrl":"https:\/\/letrame.com\/catalogo\/wp-content\/uploads\/2024\/04\/Portada-Lapiz-de-trazo-grueso-1.webp","datePublished":"2024-04-18T07:09:42+00:00","dateModified":"2024-05-15T08:42:55+00:00","breadcrumb":{"@id":"https:\/\/letrame.com\/catalogo\/producto\/lapiz-de-trazo-grueso\/#breadcrumb"},"inLanguage":"es","potentialAction":[{"@type":"ReadAction","target":["https:\/\/letrame.com\/catalogo\/producto\/lapiz-de-trazo-grueso\/"]}]},{"@type":"ImageObject","inLanguage":"es","@id":"https:\/\/letrame.com\/catalogo\/producto\/lapiz-de-trazo-grueso\/#primaryimage","url":"https:\/\/letrame.com\/catalogo\/wp-content\/uploads\/2024\/04\/Portada-Lapiz-de-trazo-grueso-1.webp","contentUrl":"https:\/\/letrame.com\/catalogo\/wp-content\/uploads\/2024\/04\/Portada-Lapiz-de-trazo-grueso-1.webp","width":375,"height":539},{"@type":"BreadcrumbList","@id":"https:\/\/letrame.com\/catalogo\/producto\/lapiz-de-trazo-grueso\/#breadcrumb","itemListElement":[{"@type":"ListItem","position":1,"name":"Portada","item":"https:\/\/letrame.com\/catalogo\/"},{"@type":"ListItem","position":2,"name":"Cat\u00e1logo","item":"https:\/\/letrame.com\/catalogo\/"},{"@type":"ListItem","position":3,"name":"L\u00e1piz de trazo grueso"}]},{"@type":"WebSite","@id":"https:\/\/letrame.com\/catalogo\/#website","url":"https:\/\/letrame.com\/catalogo\/","name":"Catalogo | Letrame Grupo Editorial","description":"","publisher":{"@id":"https:\/\/letrame.com\/catalogo\/#organization"},"potentialAction":[{"@type":"SearchAction","target":{"@type":"EntryPoint","urlTemplate":"https:\/\/letrame.com\/catalogo\/?s={search_term_string}"},"query-input":{"@type":"PropertyValueSpecification","valueRequired":true,"valueName":"search_term_string"}}],"inLanguage":"es"},{"@type":"Organization","@id":"https:\/\/letrame.com\/catalogo\/#organization","name":"Catalogo | Letrame Grupo Editorial","url":"https:\/\/letrame.com\/catalogo\/","logo":{"@type":"ImageObject","inLanguage":"es","@id":"https:\/\/letrame.com\/catalogo\/#\/schema\/logo\/image\/","url":"https:\/\/letrame.com\/catalogo\/wp-content\/uploads\/2024\/03\/logo2.webp","contentUrl":"https:\/\/letrame.com\/catalogo\/wp-content\/uploads\/2024\/03\/logo2.webp","width":394,"height":128,"caption":"Catalogo | Letrame Grupo Editorial"},"image":{"@id":"https:\/\/letrame.com\/catalogo\/#\/schema\/logo\/image\/"}}]}},"_links":{"self":[{"href":"https:\/\/letrame.com\/catalogo\/wp-json\/wp\/v2\/product\/93543","targetHints":{"allow":["GET"]}}],"collection":[{"href":"https:\/\/letrame.com\/catalogo\/wp-json\/wp\/v2\/product"}],"about":[{"href":"https:\/\/letrame.com\/catalogo\/wp-json\/wp\/v2\/types\/product"}],"replies":[{"embeddable":true,"href":"https:\/\/letrame.com\/catalogo\/wp-json\/wp\/v2\/comments?post=93543"}],"acf:post":[{"embeddable":true,"href":"https:\/\/letrame.com\/catalogo\/wp-json\/wp\/v2\/author_book\/72486"}],"wp:featuredmedia":[{"embeddable":true,"href":"https:\/\/letrame.com\/catalogo\/wp-json\/wp\/v2\/media\/99895"}],"wp:attachment":[{"href":"https:\/\/letrame.com\/catalogo\/wp-json\/wp\/v2\/media?parent=93543"}],"wp:term":[{"taxonomy":"libro","embeddable":true,"href":"https:\/\/letrame.com\/catalogo\/wp-json\/wp\/v2\/libro?post=93543"},{"taxonomy":"product_brand","embeddable":true,"href":"https:\/\/letrame.com\/catalogo\/wp-json\/wp\/v2\/product_brand?post=93543"},{"taxonomy":"product_cat","embeddable":true,"href":"https:\/\/letrame.com\/catalogo\/wp-json\/wp\/v2\/product_cat?post=93543"},{"taxonomy":"product_tag","embeddable":true,"href":"https:\/\/letrame.com\/catalogo\/wp-json\/wp\/v2\/product_tag?post=93543"}],"curies":[{"name":"wp","href":"https:\/\/api.w.org\/{rel}","templated":true}]}}

Lápiz de trazo grueso

<p><strong>ISBN</strong>: 978-84-16916-63-4</p>
<p><strong>Título</strong>: Lápiz de trazo grueso<br />
<strong>Fecha</strong>: 2017<br />
<strong>Páginas</strong>: 188</p>
<p>&nbsp;</p>
<p><strong>SINOPSIS</strong></p>
<section>
<div class="about-this-book">
<div class="container">
<div class="right-detail shop-detail1 pull-right col-md-8 col-sm-8 col-xs-12">
<div id="editionnal-reviews" class="book-desc-detail"><span class="detail-desc box-detail-desc">“Lápiz de trazo grueso” es el relato de la fascinante historia de un viejo republicano perseguido por los montes de Asturias y Galicia y posteriormente represaliado al ser detenido en una cabaña de estos montes. Su persecución y posterior detención y presídio son relatados por un miembro del maquis asturiano llamado “Amador el Roxu” quien de forma amena va comentando a un joven de corta edad sus peripecias perseguido por los montes. La acción se sitúa en un taller de carpintería regentado por el veterano guerrillero. El joven va reteniendo en su memoria los retazos del relato para escribirlo en una ocasión posterior. A través de este libro podremos conocer la descarnada historia de aquellos miembros del maquis de la Guerra Civil y posterior postguerra donde figuran los avatares vividos por el colectivo guerrillero.</span></div>
<div id="clear-scroll" class="clearfix"></div>
</div>
</div>
</div>
</section>
<div class="feature-section feature-option2">
<div class="container">
<div class="related products">
<div class="title-box"></div>
</div>
</div>
</div>

<p><strong>ISBN: 978-84-16916-63-4</strong></p>
<p>“Lápiz de trazo grueso” es el relato de la fascinante historia de un viejo republicano perseguido por los montes de Asturias y Galicia y posteriormente represaliado al ser detenido en una cabaña de estos montes..</p>

<!-- This site is optimized with the Yoast SEO plugin v27.4 - https://yoast.com/product/yoast-seo-wordpress/ -->
<title>Lápiz de trazo grueso - Catalogo | Letrame Grupo Editorial</title>
<meta name="robots" content="index, follow, max-snippet:-1, max-image-preview:large, max-video-preview:-1" />
<link rel="canonical" href="https://letrame.com/catalogo/producto/lapiz-de-trazo-grueso/" />
<meta property="og:locale" content="es_ES" />
<meta property="og:type" content="article" />
<meta property="og:title" content="Lápiz de trazo grueso - Catalogo | Letrame Grupo Editorial" />
<meta property="og:description" content="ISBN: 978-84-16916-63-4  “Lápiz de trazo grueso” es el relato de la fascinante historia de un viejo republicano perseguido por los montes de Asturias y Galicia y posteriormente represaliado al ser detenido en una cabaña de estos montes.." />
<meta property="og:url" content="https://letrame.com/catalogo/producto/lapiz-de-trazo-grueso/" />
<meta property="og:site_name" content="Catalogo | Letrame Grupo Editorial" />
<meta property="article:modified_time" content="2024-05-15T08:42:55+00:00" />
<meta property="og:image" content="https://letrame.com/catalogo/wp-content/uploads/2024/04/Portada-Lapiz-de-trazo-grueso-1.webp" />
	<meta property="og:image:width" content="375" />
	<meta property="og:image:height" content="539" />
	<meta property="og:image:type" content="image/webp" />
<meta name="twitter:card" content="summary_large_image" />
<meta name="twitter:label1" content="Tiempo de lectura" />
	<meta name="twitter:data1" content="1 minuto" />
<script type="application/ld+json" class="yoast-schema-graph">{"@context":"https:\/\/schema.org","@graph":[{"@type":"WebPage","@id":"https:\/\/letrame.com\/catalogo\/producto\/lapiz-de-trazo-grueso\/","url":"https:\/\/letrame.com\/catalogo\/producto\/lapiz-de-trazo-grueso\/","name":"Lápiz de trazo grueso - Catalogo | Letrame Grupo Editorial","isPartOf":{"@id":"https:\/\/letrame.com\/catalogo\/#website"},"primaryImageOfPage":{"@id":"https:\/\/letrame.com\/catalogo\/producto\/lapiz-de-trazo-grueso\/#primaryimage"},"image":{"@id":"https:\/\/letrame.com\/catalogo\/producto\/lapiz-de-trazo-grueso\/#primaryimage"},"thumbnailUrl":"https:\/\/letrame.com\/catalogo\/wp-content\/uploads\/2024\/04\/Portada-Lapiz-de-trazo-grueso-1.webp","datePublished":"2024-04-18T07:09:42+00:00","dateModified":"2024-05-15T08:42:55+00:00","breadcrumb":{"@id":"https:\/\/letrame.com\/catalogo\/producto\/lapiz-de-trazo-grueso\/#breadcrumb"},"inLanguage":"es","potentialAction":[{"@type":"ReadAction","target":["https:\/\/letrame.com\/catalogo\/producto\/lapiz-de-trazo-grueso\/"]}]},{"@type":"ImageObject","inLanguage":"es","@id":"https:\/\/letrame.com\/catalogo\/producto\/lapiz-de-trazo-grueso\/#primaryimage","url":"https:\/\/letrame.com\/catalogo\/wp-content\/uploads\/2024\/04\/Portada-Lapiz-de-trazo-grueso-1.webp","contentUrl":"https:\/\/letrame.com\/catalogo\/wp-content\/uploads\/2024\/04\/Portada-Lapiz-de-trazo-grueso-1.webp","width":375,"height":539},{"@type":"BreadcrumbList","@id":"https:\/\/letrame.com\/catalogo\/producto\/lapiz-de-trazo-grueso\/#breadcrumb","itemListElement":[{"@type":"ListItem","position":1,"name":"Portada","item":"https:\/\/letrame.com\/catalogo\/"},{"@type":"ListItem","position":2,"name":"Catálogo","item":"https:\/\/letrame.com\/catalogo\/"},{"@type":"ListItem","position":3,"name":"Lápiz de trazo grueso"}]},{"@type":"WebSite","@id":"https:\/\/letrame.com\/catalogo\/#website","url":"https:\/\/letrame.com\/catalogo\/","name":"Catalogo | Letrame Grupo Editorial","description":"","publisher":{"@id":"https:\/\/letrame.com\/catalogo\/#organization"},"potentialAction":[{"@type":"SearchAction","target":{"@type":"EntryPoint","urlTemplate":"https:\/\/letrame.com\/catalogo\/?s={search_term_string}"},"query-input":{"@type":"PropertyValueSpecification","valueRequired":true,"valueName":"search_term_string"}}],"inLanguage":"es"},{"@type":"Organization","@id":"https:\/\/letrame.com\/catalogo\/#organization","name":"Catalogo | Letrame Grupo Editorial","url":"https:\/\/letrame.com\/catalogo\/","logo":{"@type":"ImageObject","inLanguage":"es","@id":"https:\/\/letrame.com\/catalogo\/#\/schema\/logo\/image\/","url":"https:\/\/letrame.com\/catalogo\/wp-content\/uploads\/2024\/03\/logo2.webp","contentUrl":"https:\/\/letrame.com\/catalogo\/wp-content\/uploads\/2024\/03\/logo2.webp","width":394,"height":128,"caption":"Catalogo | Letrame Grupo Editorial"},"image":{"@id":"https:\/\/letrame.com\/catalogo\/#\/schema\/logo\/image\/"}}]}</script>
<!-- / Yoast SEO plugin. -->

Lápiz de trazo grueso - Catalogo | Letrame Grupo Editorial

ISBN: 978-84-16916-63-4  “Lápiz de trazo grueso” es el relato de la fascinante historia de un viejo republicano perseguido por los montes de Asturias y Galicia y posteriormente represaliado al ser detenido en una cabaña de estos montes..

Catálogo
