{"id":93460,"date":"2024-04-18T09:00:02","date_gmt":"2024-04-18T07:00:02","guid":{"rendered":"https:\/\/letrame.com\/catalogo\/producto\/cronica-de-tierra-santa-como-ocho-amigos-en-ocho-dias\/"},"modified":"2024-05-15T10:37:22","modified_gmt":"2024-05-15T08:37:22","slug":"cronica-de-tierra-santa-como-ocho-amigos-en-ocho-dias","status":"publish","type":"product","link":"https:\/\/letrame.com\/catalogo\/producto\/cronica-de-tierra-santa-como-ocho-amigos-en-ocho-dias\/","title":{"rendered":"Cr\u00f3nica de Tierra Santa Como. Ocho amigos en ocho d\u00edas"},"content":{"rendered":"<p><strong>ISBN<\/strong>: 978-84-16916-67-2<br \/>\n<strong>T\u00edtulo<\/strong>: Cr\u00f3nica de Tierra Santa Como. Ocho amigos en ocho d\u00edas<br \/>\n<strong>Fecha<\/strong>: 2017<br \/>\n<strong>P\u00e1ginas<\/strong>: 112<\/p>\n<p>&nbsp;<\/p>\n<p><strong>SINOPSIS<\/strong><\/p>\n<section>\n<div class=\"about-this-book\">\n<div class=\"container\">\n<div class=\"right-detail shop-detail1 pull-right col-md-8 col-sm-8 col-xs-12\">\n<div id=\"editionnal-reviews\" class=\"book-desc-detail\"><span class=\"detail-desc box-detail-desc\">Cr\u00f3nica de un viaje a Tierra Santa, donde ocho buenos amigos pasamos ocho d\u00edas inolvidables. Nuestras emociones, historias, impresiones y recuerdos tratados de forma \u00e1gil, sencilla y coloquial. El relato de nuestra experiencia en los sitios donde se desarroll\u00f3 la vida de Jes\u00fas, que supera con mucho cualquier otra vivida como viajeros por el mundo. No sirve como gu\u00eda de viaje, ni pretende ofrecer informaci\u00f3n precisa o recomendaci\u00f3n alguna de c\u00f3mo hacerlo, aunque quiz\u00e1 su lectura pueda animar a realizarlo a los indecisos. Nunca es demasiado pronto para ir, ni posiblemente tampoco tan tarde para renunciar a hacerlo.<\/span><\/div>\n<div id=\"clear-scroll\" class=\"clearfix\"><\/div>\n<\/div>\n<\/div>\n<\/div>\n<\/section>\n<div class=\"feature-section feature-option2\">\n<div class=\"container\">\n<div class=\"related products\">\n<div class=\"title-box\"><\/div>\n<\/div>\n<\/div>\n<\/div>\n<p><iframe title=\"Cr\u00f3nica de tierra santa\" data-src=\"https:\/\/player.vimeo.com\/video\/200337228?dnt=1&amp;app_id=122963\" width=\"800\" height=\"450\" frameborder=\"0\" allow=\"autoplay; fullscreen; picture-in-picture; clipboard-write\" src=\"data:image\/svg+xml;base64,PHN2ZyB3aWR0aD0iMSIgaGVpZ2h0PSIxIiB4bWxucz0iaHR0cDovL3d3dy53My5vcmcvMjAwMC9zdmciPjwvc3ZnPg==\" class=\"lazyload\" data-load-mode=\"1\"><\/iframe><\/p>\n","protected":false},"excerpt":{"rendered":"<p><strong>ISBN: 978-84-16916-67-2<\/strong><\/p>\n<p>Cr\u00f3nica de un viaje a Tierra Santa, donde ocho buenos amigos pasamos ocho d\u00edas inolvidables. Nuestras emociones, historias, impresiones y recuerdos tratados de forma \u00e1gil, sencilla y coloquial. El relato de nuestra experiencia en los sitios donde se desarroll\u00f3&#8230;<\/p>\n","protected":false},"featured_media":99874,"comment_status":"closed","ping_status":"closed","template":"","meta":{"_acf_changed":false},"libro":[],"product_brand":[],"product_cat":[21],"product_tag":[],"class_list":{"0":"post-93460","1":"product","2":"type-product","3":"status-publish","4":"has-post-thumbnail","6":"product_cat-relato","8":"first","9":"instock","10":"product-type-simple"},"acf":{"autor":[72515],"enlace_de_compra":"https:\/\/www.casadellibro.com\/libro-cronica-de-tierra-santa-ocho-amigos-en-ocho-dias\/9788416916672\/5124167"},"yoast_head":"<!-- This site is optimized with the Yoast SEO plugin v26.6 - https:\/\/yoast.com\/wordpress\/plugins\/seo\/ -->\n<title>Cr\u00f3nica de Tierra Santa Como. Ocho amigos en ocho d\u00edas - Catalogo | Letrame Grupo Editorial<\/title>\n<meta name=\"robots\" content=\"index, follow, max-snippet:-1, max-image-preview:large, max-video-preview:-1\" \/>\n<link rel=\"canonical\" href=\"https:\/\/letrame.com\/catalogo\/producto\/cronica-de-tierra-santa-como-ocho-amigos-en-ocho-dias\/\" \/>\n<meta property=\"og:locale\" content=\"es_ES\" \/>\n<meta property=\"og:type\" content=\"article\" \/>\n<meta property=\"og:title\" content=\"Cr\u00f3nica de Tierra Santa Como. Ocho amigos en ocho d\u00edas - Catalogo | Letrame Grupo Editorial\" \/>\n<meta property=\"og:description\" content=\"ISBN: 978-84-16916-67-2  Cr\u00f3nica de un viaje a Tierra Santa, donde ocho buenos amigos pasamos ocho d\u00edas inolvidables. Nuestras emociones, historias, impresiones y recuerdos tratados de forma \u00e1gil, sencilla y coloquial. El relato de nuestra experiencia en los sitios donde se desarroll\u00f3...\" \/>\n<meta property=\"og:url\" content=\"https:\/\/letrame.com\/catalogo\/producto\/cronica-de-tierra-santa-como-ocho-amigos-en-ocho-dias\/\" \/>\n<meta property=\"og:site_name\" content=\"Catalogo | Letrame Grupo Editorial\" \/>\n<meta property=\"article:modified_time\" content=\"2024-05-15T08:37:22+00:00\" \/>\n<meta property=\"og:image\" content=\"https:\/\/letrame.com\/catalogo\/wp-content\/uploads\/2024\/04\/Portada-Cronica-de-tierra-santa-1.webp\" \/>\n\t<meta property=\"og:image:width\" content=\"375\" \/>\n\t<meta property=\"og:image:height\" content=\"542\" \/>\n\t<meta property=\"og:image:type\" content=\"image\/webp\" \/>\n<meta name=\"twitter:card\" content=\"summary_large_image\" \/>\n<meta name=\"twitter:label1\" content=\"Tiempo de lectura\" \/>\n\t<meta name=\"twitter:data1\" content=\"1 minuto\" \/>\n<script type=\"application\/ld+json\" class=\"yoast-schema-graph\">{\"@context\":\"https:\/\/schema.org\",\"@graph\":[{\"@type\":\"WebPage\",\"@id\":\"https:\/\/letrame.com\/catalogo\/producto\/cronica-de-tierra-santa-como-ocho-amigos-en-ocho-dias\/\",\"url\":\"https:\/\/letrame.com\/catalogo\/producto\/cronica-de-tierra-santa-como-ocho-amigos-en-ocho-dias\/\",\"name\":\"Cr\u00f3nica de Tierra Santa Como. Ocho amigos en ocho d\u00edas - Catalogo | Letrame Grupo Editorial\",\"isPartOf\":{\"@id\":\"https:\/\/letrame.com\/catalogo\/#website\"},\"primaryImageOfPage\":{\"@id\":\"https:\/\/letrame.com\/catalogo\/producto\/cronica-de-tierra-santa-como-ocho-amigos-en-ocho-dias\/#primaryimage\"},\"image\":{\"@id\":\"https:\/\/letrame.com\/catalogo\/producto\/cronica-de-tierra-santa-como-ocho-amigos-en-ocho-dias\/#primaryimage\"},\"thumbnailUrl\":\"https:\/\/letrame.com\/catalogo\/wp-content\/uploads\/2024\/04\/Portada-Cronica-de-tierra-santa-1.webp\",\"datePublished\":\"2024-04-18T07:00:02+00:00\",\"dateModified\":\"2024-05-15T08:37:22+00:00\",\"breadcrumb\":{\"@id\":\"https:\/\/letrame.com\/catalogo\/producto\/cronica-de-tierra-santa-como-ocho-amigos-en-ocho-dias\/#breadcrumb\"},\"inLanguage\":\"es\",\"potentialAction\":[{\"@type\":\"ReadAction\",\"target\":[\"https:\/\/letrame.com\/catalogo\/producto\/cronica-de-tierra-santa-como-ocho-amigos-en-ocho-dias\/\"]}]},{\"@type\":\"ImageObject\",\"inLanguage\":\"es\",\"@id\":\"https:\/\/letrame.com\/catalogo\/producto\/cronica-de-tierra-santa-como-ocho-amigos-en-ocho-dias\/#primaryimage\",\"url\":\"https:\/\/letrame.com\/catalogo\/wp-content\/uploads\/2024\/04\/Portada-Cronica-de-tierra-santa-1.webp\",\"contentUrl\":\"https:\/\/letrame.com\/catalogo\/wp-content\/uploads\/2024\/04\/Portada-Cronica-de-tierra-santa-1.webp\",\"width\":375,\"height\":542},{\"@type\":\"BreadcrumbList\",\"@id\":\"https:\/\/letrame.com\/catalogo\/producto\/cronica-de-tierra-santa-como-ocho-amigos-en-ocho-dias\/#breadcrumb\",\"itemListElement\":[{\"@type\":\"ListItem\",\"position\":1,\"name\":\"Portada\",\"item\":\"https:\/\/letrame.com\/catalogo\/\"},{\"@type\":\"ListItem\",\"position\":2,\"name\":\"Cat\u00e1logo\",\"item\":\"https:\/\/letrame.com\/catalogo\/\"},{\"@type\":\"ListItem\",\"position\":3,\"name\":\"Cr\u00f3nica de Tierra Santa Como. Ocho amigos en ocho d\u00edas\"}]},{\"@type\":\"WebSite\",\"@id\":\"https:\/\/letrame.com\/catalogo\/#website\",\"url\":\"https:\/\/letrame.com\/catalogo\/\",\"name\":\"Catalogo | Letrame Grupo Editorial\",\"description\":\"\",\"publisher\":{\"@id\":\"https:\/\/letrame.com\/catalogo\/#organization\"},\"potentialAction\":[{\"@type\":\"SearchAction\",\"target\":{\"@type\":\"EntryPoint\",\"urlTemplate\":\"https:\/\/letrame.com\/catalogo\/?s={search_term_string}\"},\"query-input\":{\"@type\":\"PropertyValueSpecification\",\"valueRequired\":true,\"valueName\":\"search_term_string\"}}],\"inLanguage\":\"es\"},{\"@type\":\"Organization\",\"@id\":\"https:\/\/letrame.com\/catalogo\/#organization\",\"name\":\"Catalogo | Letrame Grupo Editorial\",\"url\":\"https:\/\/letrame.com\/catalogo\/\",\"logo\":{\"@type\":\"ImageObject\",\"inLanguage\":\"es\",\"@id\":\"https:\/\/letrame.com\/catalogo\/#\/schema\/logo\/image\/\",\"url\":\"https:\/\/letrame.com\/catalogo\/wp-content\/uploads\/2024\/03\/logo2.webp\",\"contentUrl\":\"https:\/\/letrame.com\/catalogo\/wp-content\/uploads\/2024\/03\/logo2.webp\",\"width\":394,\"height\":128,\"caption\":\"Catalogo | Letrame Grupo Editorial\"},\"image\":{\"@id\":\"https:\/\/letrame.com\/catalogo\/#\/schema\/logo\/image\/\"}}]}<\/script>\n<!-- \/ Yoast SEO plugin. -->","yoast_head_json":{"title":"Cr\u00f3nica de Tierra Santa Como. Ocho amigos en ocho d\u00edas - Catalogo | Letrame Grupo Editorial","robots":{"index":"index","follow":"follow","max-snippet":"max-snippet:-1","max-image-preview":"max-image-preview:large","max-video-preview":"max-video-preview:-1"},"canonical":"https:\/\/letrame.com\/catalogo\/producto\/cronica-de-tierra-santa-como-ocho-amigos-en-ocho-dias\/","og_locale":"es_ES","og_type":"article","og_title":"Cr\u00f3nica de Tierra Santa Como. Ocho amigos en ocho d\u00edas - Catalogo | Letrame Grupo Editorial","og_description":"ISBN: 978-84-16916-67-2  Cr\u00f3nica de un viaje a Tierra Santa, donde ocho buenos amigos pasamos ocho d\u00edas inolvidables. Nuestras emociones, historias, impresiones y recuerdos tratados de forma \u00e1gil, sencilla y coloquial. El relato de nuestra experiencia en los sitios donde se desarroll\u00f3...","og_url":"https:\/\/letrame.com\/catalogo\/producto\/cronica-de-tierra-santa-como-ocho-amigos-en-ocho-dias\/","og_site_name":"Catalogo | Letrame Grupo Editorial","article_modified_time":"2024-05-15T08:37:22+00:00","og_image":[{"width":375,"height":542,"url":"https:\/\/letrame.com\/catalogo\/wp-content\/uploads\/2024\/04\/Portada-Cronica-de-tierra-santa-1.webp","type":"image\/webp"}],"twitter_card":"summary_large_image","twitter_misc":{"Tiempo de lectura":"1 minuto"},"schema":{"@context":"https:\/\/schema.org","@graph":[{"@type":"WebPage","@id":"https:\/\/letrame.com\/catalogo\/producto\/cronica-de-tierra-santa-como-ocho-amigos-en-ocho-dias\/","url":"https:\/\/letrame.com\/catalogo\/producto\/cronica-de-tierra-santa-como-ocho-amigos-en-ocho-dias\/","name":"Cr\u00f3nica de Tierra Santa Como. Ocho amigos en ocho d\u00edas - Catalogo | Letrame Grupo Editorial","isPartOf":{"@id":"https:\/\/letrame.com\/catalogo\/#website"},"primaryImageOfPage":{"@id":"https:\/\/letrame.com\/catalogo\/producto\/cronica-de-tierra-santa-como-ocho-amigos-en-ocho-dias\/#primaryimage"},"image":{"@id":"https:\/\/letrame.com\/catalogo\/producto\/cronica-de-tierra-santa-como-ocho-amigos-en-ocho-dias\/#primaryimage"},"thumbnailUrl":"https:\/\/letrame.com\/catalogo\/wp-content\/uploads\/2024\/04\/Portada-Cronica-de-tierra-santa-1.webp","datePublished":"2024-04-18T07:00:02+00:00","dateModified":"2024-05-15T08:37:22+00:00","breadcrumb":{"@id":"https:\/\/letrame.com\/catalogo\/producto\/cronica-de-tierra-santa-como-ocho-amigos-en-ocho-dias\/#breadcrumb"},"inLanguage":"es","potentialAction":[{"@type":"ReadAction","target":["https:\/\/letrame.com\/catalogo\/producto\/cronica-de-tierra-santa-como-ocho-amigos-en-ocho-dias\/"]}]},{"@type":"ImageObject","inLanguage":"es","@id":"https:\/\/letrame.com\/catalogo\/producto\/cronica-de-tierra-santa-como-ocho-amigos-en-ocho-dias\/#primaryimage","url":"https:\/\/letrame.com\/catalogo\/wp-content\/uploads\/2024\/04\/Portada-Cronica-de-tierra-santa-1.webp","contentUrl":"https:\/\/letrame.com\/catalogo\/wp-content\/uploads\/2024\/04\/Portada-Cronica-de-tierra-santa-1.webp","width":375,"height":542},{"@type":"BreadcrumbList","@id":"https:\/\/letrame.com\/catalogo\/producto\/cronica-de-tierra-santa-como-ocho-amigos-en-ocho-dias\/#breadcrumb","itemListElement":[{"@type":"ListItem","position":1,"name":"Portada","item":"https:\/\/letrame.com\/catalogo\/"},{"@type":"ListItem","position":2,"name":"Cat\u00e1logo","item":"https:\/\/letrame.com\/catalogo\/"},{"@type":"ListItem","position":3,"name":"Cr\u00f3nica de Tierra Santa Como. Ocho amigos en ocho d\u00edas"}]},{"@type":"WebSite","@id":"https:\/\/letrame.com\/catalogo\/#website","url":"https:\/\/letrame.com\/catalogo\/","name":"Catalogo | Letrame Grupo Editorial","description":"","publisher":{"@id":"https:\/\/letrame.com\/catalogo\/#organization"},"potentialAction":[{"@type":"SearchAction","target":{"@type":"EntryPoint","urlTemplate":"https:\/\/letrame.com\/catalogo\/?s={search_term_string}"},"query-input":{"@type":"PropertyValueSpecification","valueRequired":true,"valueName":"search_term_string"}}],"inLanguage":"es"},{"@type":"Organization","@id":"https:\/\/letrame.com\/catalogo\/#organization","name":"Catalogo | Letrame Grupo Editorial","url":"https:\/\/letrame.com\/catalogo\/","logo":{"@type":"ImageObject","inLanguage":"es","@id":"https:\/\/letrame.com\/catalogo\/#\/schema\/logo\/image\/","url":"https:\/\/letrame.com\/catalogo\/wp-content\/uploads\/2024\/03\/logo2.webp","contentUrl":"https:\/\/letrame.com\/catalogo\/wp-content\/uploads\/2024\/03\/logo2.webp","width":394,"height":128,"caption":"Catalogo | Letrame Grupo Editorial"},"image":{"@id":"https:\/\/letrame.com\/catalogo\/#\/schema\/logo\/image\/"}}]}},"_links":{"self":[{"href":"https:\/\/letrame.com\/catalogo\/wp-json\/wp\/v2\/product\/93460","targetHints":{"allow":["GET"]}}],"collection":[{"href":"https:\/\/letrame.com\/catalogo\/wp-json\/wp\/v2\/product"}],"about":[{"href":"https:\/\/letrame.com\/catalogo\/wp-json\/wp\/v2\/types\/product"}],"replies":[{"embeddable":true,"href":"https:\/\/letrame.com\/catalogo\/wp-json\/wp\/v2\/comments?post=93460"}],"acf:post":[{"embeddable":true,"href":"https:\/\/letrame.com\/catalogo\/wp-json\/wp\/v2\/author_book\/72515"}],"wp:featuredmedia":[{"embeddable":true,"href":"https:\/\/letrame.com\/catalogo\/wp-json\/wp\/v2\/media\/99874"}],"wp:attachment":[{"href":"https:\/\/letrame.com\/catalogo\/wp-json\/wp\/v2\/media?parent=93460"}],"wp:term":[{"taxonomy":"libro","embeddable":true,"href":"https:\/\/letrame.com\/catalogo\/wp-json\/wp\/v2\/libro?post=93460"},{"taxonomy":"product_brand","embeddable":true,"href":"https:\/\/letrame.com\/catalogo\/wp-json\/wp\/v2\/product_brand?post=93460"},{"taxonomy":"product_cat","embeddable":true,"href":"https:\/\/letrame.com\/catalogo\/wp-json\/wp\/v2\/product_cat?post=93460"},{"taxonomy":"product_tag","embeddable":true,"href":"https:\/\/letrame.com\/catalogo\/wp-json\/wp\/v2\/product_tag?post=93460"}],"curies":[{"name":"wp","href":"https:\/\/api.w.org\/{rel}","templated":true}]}}