{"id":93447,"date":"2024-04-18T09:00:02","date_gmt":"2024-04-18T07:00:02","guid":{"rendered":"https:\/\/letrame.com\/catalogo\/producto\/la-disputa-de-los-caidos\/"},"modified":"2024-05-15T10:38:17","modified_gmt":"2024-05-15T08:38:17","slug":"la-disputa-de-los-caidos","status":"publish","type":"product","link":"https:\/\/letrame.com\/catalogo\/producto\/la-disputa-de-los-caidos\/","title":{"rendered":"La Disputa de los Ca\u00eddos"},"content":{"rendered":"<p><strong>ISBN<\/strong>: \u00a0<span class=\"sku\">978-84-17011-07-9<\/span><br \/>\n<strong>T\u00edtulo<\/strong>: La Disputa de los Ca\u00eddos<br \/>\n<strong>Fecha<\/strong>: 2017<br \/>\n<strong>P\u00e1ginas<\/strong>: 218<\/p>\n<p>&nbsp;<\/p>\n<p><strong>SINOPSIS<\/strong><\/p>\n<section>\n<div class=\"about-this-book\">\n<div class=\"container\">\n<div class=\"right-detail shop-detail1 pull-right col-md-8 col-sm-8 col-xs-12\">\n<div id=\"editionnal-reviews\" class=\"book-desc-detail\"><span class=\"detail-desc box-detail-desc\">El agente Bruce Bravo es trasladado del Centro Nacional de Inteligencia Espa\u00f1ol, al INIRIS, un departamento secreto dependiente del Ministerio de Defensa y de la Secretar\u00eda del Estado, cuyo cometido es el de resolver delitos perpetrados por sujetos de una naturaleza an\u00f3mala. En la secci\u00f3n Sigma del INIRIS, Bruce \u2013un muchacho estirado y un poco fanfarr\u00f3n\u2013, entrar\u00e1 a formar parte del equipo Tres, dirigido por Elora Montocuentiro, una mujer neur\u00f3tica e irascible \u2013aunque de fuertes principios morales\u2013, que oculta algunos secretos y, que de manera casual, terminar\u00e1 poniendo en peligro a las personas que la rodean. El equipo Tres lo componen unos personajes tan extravagantes, como exc\u00e9ntricos: Ataulfo Quinto, un hacker inform\u00e1tico con un sentido del humor inoportuno; Prisca Ab\u00f3s, una historiadora especialista en Geolog\u00eda y Paleontolog\u00eda que vive atormentada por su novio \u2013un qu\u00edmico pedante y quisquilloso llamado Lucien Almer\u2013; Roque Hier\u00f3nides, un extra\u00f1o individuo diagnosticado de Trastorno Obsesivo Compulsivo que, adem\u00e1s, es licenciado en Psiquiatr\u00eda; y Ari, una galga carism\u00e1tica y leal, pero de temperamento impetuoso. La aparici\u00f3n de dos misteriosas entidades divinas con poderes sobrenaturales, ligadas a un antiqu\u00edsimo papiro m\u00e1gico del antiguo Egipto, marcar\u00e1 el comienzo de una investigaci\u00f3n \u2013el caso Miles Dei\u2013, que alterar\u00e1 los destinos de todos los miembros del equipo Tres. El lector se sumergir\u00e1 en un sinf\u00edn de surrealistas y demenciales situaciones, en las que los personajes principales tendr\u00e1n que interactuar con un elenco de malvados a cual m\u00e1s pintoresco: un doctor ambicioso y sin escr\u00fapulos; una madre manipuladora y ruin; dos matones a sueldo un poco torpes; y algunos vampiros de los Balcanes con siniestras aspiraciones. La Disputa de los Ca\u00eddos es una historia narrada en primera persona, desde la perspectiva de cada personaje. Un libro trufado de aventuras, con un argumento singular en el que priman la acci\u00f3n, la fantas\u00eda y el humor.<\/span><\/div>\n<div id=\"clear-scroll\" class=\"clearfix\"><\/div>\n<\/div>\n<\/div>\n<\/div>\n<\/section>\n<div class=\"feature-section feature-option2\">\n<div class=\"container\">\n<div class=\"related products\">\n<div class=\"title-box\"><\/div>\n<\/div>\n<\/div>\n<\/div>\n<p><iframe title=\"La disputa de los ca\u00eddos - Letrame Grupo Editorial\" data-src=\"https:\/\/player.vimeo.com\/video\/201099512?dnt=1&amp;app_id=122963\" width=\"800\" height=\"450\" frameborder=\"0\" allow=\"autoplay; fullscreen; picture-in-picture; clipboard-write\" src=\"data:image\/svg+xml;base64,PHN2ZyB3aWR0aD0iMSIgaGVpZ2h0PSIxIiB4bWxucz0iaHR0cDovL3d3dy53My5vcmcvMjAwMC9zdmciPjwvc3ZnPg==\" class=\"lazyload\" data-load-mode=\"1\"><\/iframe><\/p>\n","protected":false},"excerpt":{"rendered":"<p><strong>ISBN: \u00a0<span class=\"sku\">978-84-17011-07-9<\/span><\/strong><\/p>\n<p>El agente Bruce Bravo es trasladado del Centro Nacional de Inteligencia Espa\u00f1ol, al INIRIS, un departamento secreto dependiente del Ministerio de Defensa y de la Secretar\u00eda del Estado, cuyo cometido es el de resolver delitos perpetrados por sujetos de una naturaleza an\u00f3mala&#8230;<\/p>\n","protected":false},"featured_media":99877,"comment_status":"closed","ping_status":"closed","template":"","meta":{"_acf_changed":false},"libro":[],"product_brand":[],"product_cat":[16],"product_tag":[],"class_list":{"0":"post-93447","1":"product","2":"type-product","3":"status-publish","4":"has-post-thumbnail","6":"product_cat-novela","8":"first","9":"instock","10":"purchasable","11":"product-type-simple"},"acf":{"autor":[72500],"enlace_de_compra":"https:\/\/www.amazon.es\/dp\/8417011072\/ref=cm_sw_r_cp_ep_dp_bqYazbDTXZZDX"},"yoast_head":"<!-- This site is optimized with the Yoast SEO plugin v26.6 - https:\/\/yoast.com\/wordpress\/plugins\/seo\/ -->\n<title>La Disputa de los Ca\u00eddos - Catalogo | Letrame Grupo Editorial<\/title>\n<meta name=\"robots\" content=\"index, follow, max-snippet:-1, max-image-preview:large, max-video-preview:-1\" \/>\n<link rel=\"canonical\" href=\"https:\/\/letrame.com\/catalogo\/producto\/la-disputa-de-los-caidos\/\" \/>\n<meta property=\"og:locale\" content=\"es_ES\" \/>\n<meta property=\"og:type\" content=\"article\" \/>\n<meta property=\"og:title\" content=\"La Disputa de los Ca\u00eddos - Catalogo | Letrame Grupo Editorial\" \/>\n<meta property=\"og:description\" content=\"ISBN: \u00a0978-84-17011-07-9  El agente Bruce Bravo es trasladado del Centro Nacional de Inteligencia Espa\u00f1ol, al INIRIS, un departamento secreto dependiente del Ministerio de Defensa y de la Secretar\u00eda del Estado, cuyo cometido es el de resolver delitos perpetrados por sujetos de una naturaleza an\u00f3mala...\" \/>\n<meta property=\"og:url\" content=\"https:\/\/letrame.com\/catalogo\/producto\/la-disputa-de-los-caidos\/\" \/>\n<meta property=\"og:site_name\" content=\"Catalogo | Letrame Grupo Editorial\" \/>\n<meta property=\"article:modified_time\" content=\"2024-05-15T08:38:17+00:00\" \/>\n<meta property=\"og:image\" content=\"https:\/\/letrame.com\/catalogo\/wp-content\/uploads\/2024\/04\/Portada-La-disputa-de-los-caidos-1.webp\" \/>\n\t<meta property=\"og:image:width\" content=\"375\" \/>\n\t<meta property=\"og:image:height\" content=\"539\" \/>\n\t<meta property=\"og:image:type\" content=\"image\/webp\" \/>\n<meta name=\"twitter:card\" content=\"summary_large_image\" \/>\n<meta name=\"twitter:label1\" content=\"Tiempo de lectura\" \/>\n\t<meta name=\"twitter:data1\" content=\"2 minutos\" \/>\n<script type=\"application\/ld+json\" class=\"yoast-schema-graph\">{\"@context\":\"https:\/\/schema.org\",\"@graph\":[{\"@type\":\"WebPage\",\"@id\":\"https:\/\/letrame.com\/catalogo\/producto\/la-disputa-de-los-caidos\/\",\"url\":\"https:\/\/letrame.com\/catalogo\/producto\/la-disputa-de-los-caidos\/\",\"name\":\"La Disputa de los Ca\u00eddos - Catalogo | Letrame Grupo Editorial\",\"isPartOf\":{\"@id\":\"https:\/\/letrame.com\/catalogo\/#website\"},\"primaryImageOfPage\":{\"@id\":\"https:\/\/letrame.com\/catalogo\/producto\/la-disputa-de-los-caidos\/#primaryimage\"},\"image\":{\"@id\":\"https:\/\/letrame.com\/catalogo\/producto\/la-disputa-de-los-caidos\/#primaryimage\"},\"thumbnailUrl\":\"https:\/\/letrame.com\/catalogo\/wp-content\/uploads\/2024\/04\/Portada-La-disputa-de-los-caidos-1.webp\",\"datePublished\":\"2024-04-18T07:00:02+00:00\",\"dateModified\":\"2024-05-15T08:38:17+00:00\",\"breadcrumb\":{\"@id\":\"https:\/\/letrame.com\/catalogo\/producto\/la-disputa-de-los-caidos\/#breadcrumb\"},\"inLanguage\":\"es\",\"potentialAction\":[{\"@type\":\"ReadAction\",\"target\":[\"https:\/\/letrame.com\/catalogo\/producto\/la-disputa-de-los-caidos\/\"]}]},{\"@type\":\"ImageObject\",\"inLanguage\":\"es\",\"@id\":\"https:\/\/letrame.com\/catalogo\/producto\/la-disputa-de-los-caidos\/#primaryimage\",\"url\":\"https:\/\/letrame.com\/catalogo\/wp-content\/uploads\/2024\/04\/Portada-La-disputa-de-los-caidos-1.webp\",\"contentUrl\":\"https:\/\/letrame.com\/catalogo\/wp-content\/uploads\/2024\/04\/Portada-La-disputa-de-los-caidos-1.webp\",\"width\":375,\"height\":539},{\"@type\":\"BreadcrumbList\",\"@id\":\"https:\/\/letrame.com\/catalogo\/producto\/la-disputa-de-los-caidos\/#breadcrumb\",\"itemListElement\":[{\"@type\":\"ListItem\",\"position\":1,\"name\":\"Portada\",\"item\":\"https:\/\/letrame.com\/catalogo\/\"},{\"@type\":\"ListItem\",\"position\":2,\"name\":\"Cat\u00e1logo\",\"item\":\"https:\/\/letrame.com\/catalogo\/\"},{\"@type\":\"ListItem\",\"position\":3,\"name\":\"La Disputa de los Ca\u00eddos\"}]},{\"@type\":\"WebSite\",\"@id\":\"https:\/\/letrame.com\/catalogo\/#website\",\"url\":\"https:\/\/letrame.com\/catalogo\/\",\"name\":\"Catalogo | Letrame Grupo Editorial\",\"description\":\"\",\"publisher\":{\"@id\":\"https:\/\/letrame.com\/catalogo\/#organization\"},\"potentialAction\":[{\"@type\":\"SearchAction\",\"target\":{\"@type\":\"EntryPoint\",\"urlTemplate\":\"https:\/\/letrame.com\/catalogo\/?s={search_term_string}\"},\"query-input\":{\"@type\":\"PropertyValueSpecification\",\"valueRequired\":true,\"valueName\":\"search_term_string\"}}],\"inLanguage\":\"es\"},{\"@type\":\"Organization\",\"@id\":\"https:\/\/letrame.com\/catalogo\/#organization\",\"name\":\"Catalogo | Letrame Grupo Editorial\",\"url\":\"https:\/\/letrame.com\/catalogo\/\",\"logo\":{\"@type\":\"ImageObject\",\"inLanguage\":\"es\",\"@id\":\"https:\/\/letrame.com\/catalogo\/#\/schema\/logo\/image\/\",\"url\":\"https:\/\/letrame.com\/catalogo\/wp-content\/uploads\/2024\/03\/logo2.webp\",\"contentUrl\":\"https:\/\/letrame.com\/catalogo\/wp-content\/uploads\/2024\/03\/logo2.webp\",\"width\":394,\"height\":128,\"caption\":\"Catalogo | Letrame Grupo Editorial\"},\"image\":{\"@id\":\"https:\/\/letrame.com\/catalogo\/#\/schema\/logo\/image\/\"}}]}<\/script>\n<!-- \/ Yoast SEO plugin. -->","yoast_head_json":{"title":"La Disputa de los Ca\u00eddos - Catalogo | Letrame Grupo Editorial","robots":{"index":"index","follow":"follow","max-snippet":"max-snippet:-1","max-image-preview":"max-image-preview:large","max-video-preview":"max-video-preview:-1"},"canonical":"https:\/\/letrame.com\/catalogo\/producto\/la-disputa-de-los-caidos\/","og_locale":"es_ES","og_type":"article","og_title":"La Disputa de los Ca\u00eddos - Catalogo | Letrame Grupo Editorial","og_description":"ISBN: \u00a0978-84-17011-07-9  El agente Bruce Bravo es trasladado del Centro Nacional de Inteligencia Espa\u00f1ol, al INIRIS, un departamento secreto dependiente del Ministerio de Defensa y de la Secretar\u00eda del Estado, cuyo cometido es el de resolver delitos perpetrados por sujetos de una naturaleza an\u00f3mala...","og_url":"https:\/\/letrame.com\/catalogo\/producto\/la-disputa-de-los-caidos\/","og_site_name":"Catalogo | Letrame Grupo Editorial","article_modified_time":"2024-05-15T08:38:17+00:00","og_image":[{"width":375,"height":539,"url":"https:\/\/letrame.com\/catalogo\/wp-content\/uploads\/2024\/04\/Portada-La-disputa-de-los-caidos-1.webp","type":"image\/webp"}],"twitter_card":"summary_large_image","twitter_misc":{"Tiempo de lectura":"2 minutos"},"schema":{"@context":"https:\/\/schema.org","@graph":[{"@type":"WebPage","@id":"https:\/\/letrame.com\/catalogo\/producto\/la-disputa-de-los-caidos\/","url":"https:\/\/letrame.com\/catalogo\/producto\/la-disputa-de-los-caidos\/","name":"La Disputa de los Ca\u00eddos - Catalogo | Letrame Grupo Editorial","isPartOf":{"@id":"https:\/\/letrame.com\/catalogo\/#website"},"primaryImageOfPage":{"@id":"https:\/\/letrame.com\/catalogo\/producto\/la-disputa-de-los-caidos\/#primaryimage"},"image":{"@id":"https:\/\/letrame.com\/catalogo\/producto\/la-disputa-de-los-caidos\/#primaryimage"},"thumbnailUrl":"https:\/\/letrame.com\/catalogo\/wp-content\/uploads\/2024\/04\/Portada-La-disputa-de-los-caidos-1.webp","datePublished":"2024-04-18T07:00:02+00:00","dateModified":"2024-05-15T08:38:17+00:00","breadcrumb":{"@id":"https:\/\/letrame.com\/catalogo\/producto\/la-disputa-de-los-caidos\/#breadcrumb"},"inLanguage":"es","potentialAction":[{"@type":"ReadAction","target":["https:\/\/letrame.com\/catalogo\/producto\/la-disputa-de-los-caidos\/"]}]},{"@type":"ImageObject","inLanguage":"es","@id":"https:\/\/letrame.com\/catalogo\/producto\/la-disputa-de-los-caidos\/#primaryimage","url":"https:\/\/letrame.com\/catalogo\/wp-content\/uploads\/2024\/04\/Portada-La-disputa-de-los-caidos-1.webp","contentUrl":"https:\/\/letrame.com\/catalogo\/wp-content\/uploads\/2024\/04\/Portada-La-disputa-de-los-caidos-1.webp","width":375,"height":539},{"@type":"BreadcrumbList","@id":"https:\/\/letrame.com\/catalogo\/producto\/la-disputa-de-los-caidos\/#breadcrumb","itemListElement":[{"@type":"ListItem","position":1,"name":"Portada","item":"https:\/\/letrame.com\/catalogo\/"},{"@type":"ListItem","position":2,"name":"Cat\u00e1logo","item":"https:\/\/letrame.com\/catalogo\/"},{"@type":"ListItem","position":3,"name":"La Disputa de los Ca\u00eddos"}]},{"@type":"WebSite","@id":"https:\/\/letrame.com\/catalogo\/#website","url":"https:\/\/letrame.com\/catalogo\/","name":"Catalogo | Letrame Grupo Editorial","description":"","publisher":{"@id":"https:\/\/letrame.com\/catalogo\/#organization"},"potentialAction":[{"@type":"SearchAction","target":{"@type":"EntryPoint","urlTemplate":"https:\/\/letrame.com\/catalogo\/?s={search_term_string}"},"query-input":{"@type":"PropertyValueSpecification","valueRequired":true,"valueName":"search_term_string"}}],"inLanguage":"es"},{"@type":"Organization","@id":"https:\/\/letrame.com\/catalogo\/#organization","name":"Catalogo | Letrame Grupo Editorial","url":"https:\/\/letrame.com\/catalogo\/","logo":{"@type":"ImageObject","inLanguage":"es","@id":"https:\/\/letrame.com\/catalogo\/#\/schema\/logo\/image\/","url":"https:\/\/letrame.com\/catalogo\/wp-content\/uploads\/2024\/03\/logo2.webp","contentUrl":"https:\/\/letrame.com\/catalogo\/wp-content\/uploads\/2024\/03\/logo2.webp","width":394,"height":128,"caption":"Catalogo | Letrame Grupo Editorial"},"image":{"@id":"https:\/\/letrame.com\/catalogo\/#\/schema\/logo\/image\/"}}]}},"_links":{"self":[{"href":"https:\/\/letrame.com\/catalogo\/wp-json\/wp\/v2\/product\/93447","targetHints":{"allow":["GET"]}}],"collection":[{"href":"https:\/\/letrame.com\/catalogo\/wp-json\/wp\/v2\/product"}],"about":[{"href":"https:\/\/letrame.com\/catalogo\/wp-json\/wp\/v2\/types\/product"}],"replies":[{"embeddable":true,"href":"https:\/\/letrame.com\/catalogo\/wp-json\/wp\/v2\/comments?post=93447"}],"acf:post":[{"embeddable":true,"href":"https:\/\/letrame.com\/catalogo\/wp-json\/wp\/v2\/author_book\/72500"}],"wp:featuredmedia":[{"embeddable":true,"href":"https:\/\/letrame.com\/catalogo\/wp-json\/wp\/v2\/media\/99877"}],"wp:attachment":[{"href":"https:\/\/letrame.com\/catalogo\/wp-json\/wp\/v2\/media?parent=93447"}],"wp:term":[{"taxonomy":"libro","embeddable":true,"href":"https:\/\/letrame.com\/catalogo\/wp-json\/wp\/v2\/libro?post=93447"},{"taxonomy":"product_brand","embeddable":true,"href":"https:\/\/letrame.com\/catalogo\/wp-json\/wp\/v2\/product_brand?post=93447"},{"taxonomy":"product_cat","embeddable":true,"href":"https:\/\/letrame.com\/catalogo\/wp-json\/wp\/v2\/product_cat?post=93447"},{"taxonomy":"product_tag","embeddable":true,"href":"https:\/\/letrame.com\/catalogo\/wp-json\/wp\/v2\/product_tag?post=93447"}],"curies":[{"name":"wp","href":"https:\/\/api.w.org\/{rel}","templated":true}]}}