{"id":112734,"date":"2026-05-13T14:25:41","date_gmt":"2026-05-13T12:25:41","guid":{"rendered":"https:\/\/letrame.com\/catalogo\/?post_type=product&#038;p=112734"},"modified":"2026-05-13T14:25:42","modified_gmt":"2026-05-13T12:25:42","slug":"poesia-y-otras-hierbas-2a-edicion","status":"publish","type":"product","link":"https:\/\/letrame.com\/catalogo\/producto\/poesia-y-otras-hierbas-2a-edicion\/","title":{"rendered":"Poes\u00eda y otras hierbas. 2\u00aa Edici\u00f3n"},"content":{"rendered":"<p><strong>ISBN: 9791370542573<\/strong><br \/>\n<strong>T\u00edtulo: Poes\u00eda y otras hierbas. 2\u00aa Edici\u00f3n<\/strong><br \/>\n<strong>Fecha: 2026<\/strong><br \/>\n<strong>P\u00e1ginas: 112<\/strong><\/p>\n<p><strong>SINOPSIS<\/strong><\/p>\n<p>Este es un libro en el que se habla, en su gran mayor\u00eda, del amor y del desamor, pero siempre de la esperanza y de los sue\u00f1os que \u2014dormidos o despiertos\u2014 son muy importantes en nuestra vida.<\/p>\n<p>Aunque es un libro corto, que se podr\u00eda leer de una sentada, si me permiten un consejo, recomiendo leerlo despacio para sacarle el mayor provecho. Todas las frases tienen un porqu\u00e9, y tambi\u00e9n es muy importante fijarse muy bien en los dibujos, pues gran parte de ellos tienen una relaci\u00f3n muy directa con el texto y una gran carga simb\u00f3lica.<\/p>\n<p>Espero que lo disfruten tanto como lo he hecho yo al escribirlo y ordenarlo.<\/p>\n","protected":false},"excerpt":{"rendered":"<p><strong>ISBN: 9791370542573<\/strong><\/p>\n<p><strong>SINOPSIS<\/strong><\/p>\n<p>Este es un libro en el que se habla, en su gran mayor\u00eda, del amor y del desamor, pero siempre de la esperanza y de los sue\u00f1os que \u2014dormidos o despiertos\u2014 son muy importantes en nuestra vida.<\/p>\n<p>Aunque es un libro corto, que se podr\u00eda leer de una sentada, si me permiten un consejo, recomiendo leerlo despacio para sacarle el mayor provecho. Todas las frases tienen un porqu\u00e9, y tambi\u00e9n es muy importante fijarse muy bien en los dibujos, pues gran parte de ellos tienen una relaci\u00f3n muy directa con el texto y una gran carga simb\u00f3lica.<\/p>\n<p>Espero que lo disfruten tanto como lo he hecho yo al escribirlo y ordenarlo.<\/p>\n","protected":false},"featured_media":112738,"comment_status":"open","ping_status":"closed","template":"","meta":{"_acf_changed":false},"libro":[],"product_brand":[],"product_cat":[20],"product_tag":[],"class_list":{"0":"post-112734","1":"product","2":"type-product","3":"status-publish","4":"has-post-thumbnail","6":"product_cat-poesia","8":"first","9":"instock","10":"shipping-taxable","11":"product-type-simple"},"acf":{"autor":[112735],"enlace_de_compra":""},"yoast_head":"<!-- This site is optimized with the Yoast SEO plugin v27.4 - https:\/\/yoast.com\/product\/yoast-seo-wordpress\/ -->\n<title>Poes\u00eda y otras hierbas. 2\u00aa Edici\u00f3n - Catalogo | Letrame Grupo Editorial<\/title>\n<meta name=\"robots\" content=\"index, follow, max-snippet:-1, max-image-preview:large, max-video-preview:-1\" \/>\n<link rel=\"canonical\" href=\"https:\/\/letrame.com\/catalogo\/producto\/poesia-y-otras-hierbas-2a-edicion\/\" \/>\n<meta property=\"og:locale\" content=\"es_ES\" \/>\n<meta property=\"og:type\" content=\"article\" \/>\n<meta property=\"og:title\" content=\"Poes\u00eda y otras hierbas. 2\u00aa Edici\u00f3n - Catalogo | Letrame Grupo Editorial\" \/>\n<meta property=\"og:description\" content=\"ISBN: 9791370542573  SINOPSIS  Este es un libro en el que se habla, en su gran mayor\u00eda, del amor y del desamor, pero siempre de la esperanza y de los sue\u00f1os que \u2014dormidos o despiertos\u2014 son muy importantes en nuestra vida.  Aunque es un libro corto, que se podr\u00eda leer de una sentada, si me permiten un consejo, recomiendo leerlo despacio para sacarle el mayor provecho. Todas las frases tienen un porqu\u00e9, y tambi\u00e9n es muy importante fijarse muy bien en los dibujos, pues gran parte de ellos tienen una relaci\u00f3n muy directa con el texto y una gran carga simb\u00f3lica.  Espero que lo disfruten tanto como lo he hecho yo al escribirlo y ordenarlo.\" \/>\n<meta property=\"og:url\" content=\"https:\/\/letrame.com\/catalogo\/producto\/poesia-y-otras-hierbas-2a-edicion\/\" \/>\n<meta property=\"og:site_name\" content=\"Catalogo | Letrame Grupo Editorial\" \/>\n<meta property=\"article:modified_time\" content=\"2026-05-13T12:25:42+00:00\" \/>\n<meta property=\"og:image\" content=\"https:\/\/letrame.com\/catalogo\/wp-content\/uploads\/2026\/05\/poesiayotrashierbas_634mm4.jpg\" \/>\n\t<meta property=\"og:image:width\" content=\"1181\" \/>\n\t<meta property=\"og:image:height\" content=\"1654\" \/>\n\t<meta property=\"og:image:type\" content=\"image\/jpeg\" \/>\n<meta name=\"twitter:card\" content=\"summary_large_image\" \/>\n<meta name=\"twitter:label1\" content=\"Tiempo de lectura\" \/>\n\t<meta name=\"twitter:data1\" content=\"1 minuto\" \/>\n<script type=\"application\/ld+json\" class=\"yoast-schema-graph\">{\"@context\":\"https:\\\/\\\/schema.org\",\"@graph\":[{\"@type\":\"WebPage\",\"@id\":\"https:\\\/\\\/letrame.com\\\/catalogo\\\/producto\\\/poesia-y-otras-hierbas-2a-edicion\\\/\",\"url\":\"https:\\\/\\\/letrame.com\\\/catalogo\\\/producto\\\/poesia-y-otras-hierbas-2a-edicion\\\/\",\"name\":\"Poes\u00eda y otras hierbas. 2\u00aa Edici\u00f3n - Catalogo | Letrame Grupo Editorial\",\"isPartOf\":{\"@id\":\"https:\\\/\\\/letrame.com\\\/catalogo\\\/#website\"},\"primaryImageOfPage\":{\"@id\":\"https:\\\/\\\/letrame.com\\\/catalogo\\\/producto\\\/poesia-y-otras-hierbas-2a-edicion\\\/#primaryimage\"},\"image\":{\"@id\":\"https:\\\/\\\/letrame.com\\\/catalogo\\\/producto\\\/poesia-y-otras-hierbas-2a-edicion\\\/#primaryimage\"},\"thumbnailUrl\":\"https:\\\/\\\/letrame.com\\\/catalogo\\\/wp-content\\\/uploads\\\/2026\\\/05\\\/poesiayotrashierbas_634mm4.jpg\",\"datePublished\":\"2026-05-13T12:25:41+00:00\",\"dateModified\":\"2026-05-13T12:25:42+00:00\",\"breadcrumb\":{\"@id\":\"https:\\\/\\\/letrame.com\\\/catalogo\\\/producto\\\/poesia-y-otras-hierbas-2a-edicion\\\/#breadcrumb\"},\"inLanguage\":\"es\",\"potentialAction\":[{\"@type\":\"ReadAction\",\"target\":[\"https:\\\/\\\/letrame.com\\\/catalogo\\\/producto\\\/poesia-y-otras-hierbas-2a-edicion\\\/\"]}]},{\"@type\":\"ImageObject\",\"inLanguage\":\"es\",\"@id\":\"https:\\\/\\\/letrame.com\\\/catalogo\\\/producto\\\/poesia-y-otras-hierbas-2a-edicion\\\/#primaryimage\",\"url\":\"https:\\\/\\\/letrame.com\\\/catalogo\\\/wp-content\\\/uploads\\\/2026\\\/05\\\/poesiayotrashierbas_634mm4.jpg\",\"contentUrl\":\"https:\\\/\\\/letrame.com\\\/catalogo\\\/wp-content\\\/uploads\\\/2026\\\/05\\\/poesiayotrashierbas_634mm4.jpg\",\"width\":1181,\"height\":1654},{\"@type\":\"BreadcrumbList\",\"@id\":\"https:\\\/\\\/letrame.com\\\/catalogo\\\/producto\\\/poesia-y-otras-hierbas-2a-edicion\\\/#breadcrumb\",\"itemListElement\":[{\"@type\":\"ListItem\",\"position\":1,\"name\":\"Portada\",\"item\":\"https:\\\/\\\/letrame.com\\\/catalogo\\\/\"},{\"@type\":\"ListItem\",\"position\":2,\"name\":\"Cat\u00e1logo\",\"item\":\"https:\\\/\\\/letrame.com\\\/catalogo\\\/\"},{\"@type\":\"ListItem\",\"position\":3,\"name\":\"Poes\u00eda y otras hierbas. 2\u00aa Edici\u00f3n\"}]},{\"@type\":\"WebSite\",\"@id\":\"https:\\\/\\\/letrame.com\\\/catalogo\\\/#website\",\"url\":\"https:\\\/\\\/letrame.com\\\/catalogo\\\/\",\"name\":\"Catalogo | Letrame Grupo Editorial\",\"description\":\"\",\"publisher\":{\"@id\":\"https:\\\/\\\/letrame.com\\\/catalogo\\\/#organization\"},\"potentialAction\":[{\"@type\":\"SearchAction\",\"target\":{\"@type\":\"EntryPoint\",\"urlTemplate\":\"https:\\\/\\\/letrame.com\\\/catalogo\\\/?s={search_term_string}\"},\"query-input\":{\"@type\":\"PropertyValueSpecification\",\"valueRequired\":true,\"valueName\":\"search_term_string\"}}],\"inLanguage\":\"es\"},{\"@type\":\"Organization\",\"@id\":\"https:\\\/\\\/letrame.com\\\/catalogo\\\/#organization\",\"name\":\"Catalogo | Letrame Grupo Editorial\",\"url\":\"https:\\\/\\\/letrame.com\\\/catalogo\\\/\",\"logo\":{\"@type\":\"ImageObject\",\"inLanguage\":\"es\",\"@id\":\"https:\\\/\\\/letrame.com\\\/catalogo\\\/#\\\/schema\\\/logo\\\/image\\\/\",\"url\":\"https:\\\/\\\/letrame.com\\\/catalogo\\\/wp-content\\\/uploads\\\/2024\\\/03\\\/logo2.webp\",\"contentUrl\":\"https:\\\/\\\/letrame.com\\\/catalogo\\\/wp-content\\\/uploads\\\/2024\\\/03\\\/logo2.webp\",\"width\":394,\"height\":128,\"caption\":\"Catalogo | Letrame Grupo Editorial\"},\"image\":{\"@id\":\"https:\\\/\\\/letrame.com\\\/catalogo\\\/#\\\/schema\\\/logo\\\/image\\\/\"}}]}<\/script>\n<!-- \/ Yoast SEO plugin. -->","yoast_head_json":{"title":"Poes\u00eda y otras hierbas. 2\u00aa Edici\u00f3n - Catalogo | Letrame Grupo Editorial","robots":{"index":"index","follow":"follow","max-snippet":"max-snippet:-1","max-image-preview":"max-image-preview:large","max-video-preview":"max-video-preview:-1"},"canonical":"https:\/\/letrame.com\/catalogo\/producto\/poesia-y-otras-hierbas-2a-edicion\/","og_locale":"es_ES","og_type":"article","og_title":"Poes\u00eda y otras hierbas. 2\u00aa Edici\u00f3n - Catalogo | Letrame Grupo Editorial","og_description":"ISBN: 9791370542573  SINOPSIS  Este es un libro en el que se habla, en su gran mayor\u00eda, del amor y del desamor, pero siempre de la esperanza y de los sue\u00f1os que \u2014dormidos o despiertos\u2014 son muy importantes en nuestra vida.  Aunque es un libro corto, que se podr\u00eda leer de una sentada, si me permiten un consejo, recomiendo leerlo despacio para sacarle el mayor provecho. Todas las frases tienen un porqu\u00e9, y tambi\u00e9n es muy importante fijarse muy bien en los dibujos, pues gran parte de ellos tienen una relaci\u00f3n muy directa con el texto y una gran carga simb\u00f3lica.  Espero que lo disfruten tanto como lo he hecho yo al escribirlo y ordenarlo.","og_url":"https:\/\/letrame.com\/catalogo\/producto\/poesia-y-otras-hierbas-2a-edicion\/","og_site_name":"Catalogo | Letrame Grupo Editorial","article_modified_time":"2026-05-13T12:25:42+00:00","og_image":[{"width":1181,"height":1654,"url":"https:\/\/letrame.com\/catalogo\/wp-content\/uploads\/2026\/05\/poesiayotrashierbas_634mm4.jpg","type":"image\/jpeg"}],"twitter_card":"summary_large_image","twitter_misc":{"Tiempo de lectura":"1 minuto"},"schema":{"@context":"https:\/\/schema.org","@graph":[{"@type":"WebPage","@id":"https:\/\/letrame.com\/catalogo\/producto\/poesia-y-otras-hierbas-2a-edicion\/","url":"https:\/\/letrame.com\/catalogo\/producto\/poesia-y-otras-hierbas-2a-edicion\/","name":"Poes\u00eda y otras hierbas. 2\u00aa Edici\u00f3n - Catalogo | Letrame Grupo Editorial","isPartOf":{"@id":"https:\/\/letrame.com\/catalogo\/#website"},"primaryImageOfPage":{"@id":"https:\/\/letrame.com\/catalogo\/producto\/poesia-y-otras-hierbas-2a-edicion\/#primaryimage"},"image":{"@id":"https:\/\/letrame.com\/catalogo\/producto\/poesia-y-otras-hierbas-2a-edicion\/#primaryimage"},"thumbnailUrl":"https:\/\/letrame.com\/catalogo\/wp-content\/uploads\/2026\/05\/poesiayotrashierbas_634mm4.jpg","datePublished":"2026-05-13T12:25:41+00:00","dateModified":"2026-05-13T12:25:42+00:00","breadcrumb":{"@id":"https:\/\/letrame.com\/catalogo\/producto\/poesia-y-otras-hierbas-2a-edicion\/#breadcrumb"},"inLanguage":"es","potentialAction":[{"@type":"ReadAction","target":["https:\/\/letrame.com\/catalogo\/producto\/poesia-y-otras-hierbas-2a-edicion\/"]}]},{"@type":"ImageObject","inLanguage":"es","@id":"https:\/\/letrame.com\/catalogo\/producto\/poesia-y-otras-hierbas-2a-edicion\/#primaryimage","url":"https:\/\/letrame.com\/catalogo\/wp-content\/uploads\/2026\/05\/poesiayotrashierbas_634mm4.jpg","contentUrl":"https:\/\/letrame.com\/catalogo\/wp-content\/uploads\/2026\/05\/poesiayotrashierbas_634mm4.jpg","width":1181,"height":1654},{"@type":"BreadcrumbList","@id":"https:\/\/letrame.com\/catalogo\/producto\/poesia-y-otras-hierbas-2a-edicion\/#breadcrumb","itemListElement":[{"@type":"ListItem","position":1,"name":"Portada","item":"https:\/\/letrame.com\/catalogo\/"},{"@type":"ListItem","position":2,"name":"Cat\u00e1logo","item":"https:\/\/letrame.com\/catalogo\/"},{"@type":"ListItem","position":3,"name":"Poes\u00eda y otras hierbas. 2\u00aa Edici\u00f3n"}]},{"@type":"WebSite","@id":"https:\/\/letrame.com\/catalogo\/#website","url":"https:\/\/letrame.com\/catalogo\/","name":"Catalogo | Letrame Grupo Editorial","description":"","publisher":{"@id":"https:\/\/letrame.com\/catalogo\/#organization"},"potentialAction":[{"@type":"SearchAction","target":{"@type":"EntryPoint","urlTemplate":"https:\/\/letrame.com\/catalogo\/?s={search_term_string}"},"query-input":{"@type":"PropertyValueSpecification","valueRequired":true,"valueName":"search_term_string"}}],"inLanguage":"es"},{"@type":"Organization","@id":"https:\/\/letrame.com\/catalogo\/#organization","name":"Catalogo | Letrame Grupo Editorial","url":"https:\/\/letrame.com\/catalogo\/","logo":{"@type":"ImageObject","inLanguage":"es","@id":"https:\/\/letrame.com\/catalogo\/#\/schema\/logo\/image\/","url":"https:\/\/letrame.com\/catalogo\/wp-content\/uploads\/2024\/03\/logo2.webp","contentUrl":"https:\/\/letrame.com\/catalogo\/wp-content\/uploads\/2024\/03\/logo2.webp","width":394,"height":128,"caption":"Catalogo | Letrame Grupo Editorial"},"image":{"@id":"https:\/\/letrame.com\/catalogo\/#\/schema\/logo\/image\/"}}]}},"_links":{"self":[{"href":"https:\/\/letrame.com\/catalogo\/wp-json\/wp\/v2\/product\/112734","targetHints":{"allow":["GET"]}}],"collection":[{"href":"https:\/\/letrame.com\/catalogo\/wp-json\/wp\/v2\/product"}],"about":[{"href":"https:\/\/letrame.com\/catalogo\/wp-json\/wp\/v2\/types\/product"}],"replies":[{"embeddable":true,"href":"https:\/\/letrame.com\/catalogo\/wp-json\/wp\/v2\/comments?post=112734"}],"acf:post":[{"embeddable":true,"href":"https:\/\/letrame.com\/catalogo\/wp-json\/wp\/v2\/author_book\/112735"}],"wp:featuredmedia":[{"embeddable":true,"href":"https:\/\/letrame.com\/catalogo\/wp-json\/wp\/v2\/media\/112738"}],"wp:attachment":[{"href":"https:\/\/letrame.com\/catalogo\/wp-json\/wp\/v2\/media?parent=112734"}],"wp:term":[{"taxonomy":"libro","embeddable":true,"href":"https:\/\/letrame.com\/catalogo\/wp-json\/wp\/v2\/libro?post=112734"},{"taxonomy":"product_brand","embeddable":true,"href":"https:\/\/letrame.com\/catalogo\/wp-json\/wp\/v2\/product_brand?post=112734"},{"taxonomy":"product_cat","embeddable":true,"href":"https:\/\/letrame.com\/catalogo\/wp-json\/wp\/v2\/product_cat?post=112734"},{"taxonomy":"product_tag","embeddable":true,"href":"https:\/\/letrame.com\/catalogo\/wp-json\/wp\/v2\/product_tag?post=112734"}],"curies":[{"name":"wp","href":"https:\/\/api.w.org\/{rel}","templated":true}]}}