{"id":112719,"date":"2026-05-13T09:52:59","date_gmt":"2026-05-13T07:52:59","guid":{"rendered":"https:\/\/letrame.com\/catalogo\/?post_type=product&#038;p=112719"},"modified":"2026-05-13T09:52:59","modified_gmt":"2026-05-13T07:52:59","slug":"estudiante-en-salamanca","status":"publish","type":"product","link":"https:\/\/letrame.com\/catalogo\/producto\/estudiante-en-salamanca\/","title":{"rendered":"Estudiante en Salamanca"},"content":{"rendered":"<p><strong>ISBN: 9791370295189<\/strong><br \/>\n<strong>T\u00edtulo: Estudiante en Salamanca<\/strong><br \/>\n<strong>Fecha: 2026<\/strong><br \/>\n<strong>P\u00e1ginas: 102<\/strong><\/p>\n<p><strong>SINOPSIS<\/strong><\/p>\n<p>Itziar Etxebarria (Eibar, 1956) estudi\u00f3 en Salamanca entre 1973 y 1979. Comenz\u00f3 cursando Psicolog\u00eda en la Universidad Pontificia y posteriormente realiz\u00f3 el Doctorado en la Universidad Civil.<\/p>\n<p>A su regreso al Pa\u00eds Vasco, trabaj\u00f3 durante tres a\u00f1os como profesora-tutora en la UNED de Bergara. Desde 1981, ha dedicado toda su trayectoria profesional a la docencia y la investigaci\u00f3n en la Universidad del Pa\u00eds Vasco.<\/p>\n<p>Hace algunos a\u00f1os, de manera casual, redescubri\u00f3 su pasi\u00f3n por la pintura. Desde entonces, ha desarrollado tres series de ilustraciones. Tras dos colecciones centradas en la infancia \u2014Cuaderno de la infancia. Un mundo en Urkizu 4 y C\u00e1nticos de una infancia. Ensayo de inventario\u2014 presenta ahora Estudiante en Salamanca, una obra dedicada a sus a\u00f1os de juventud y compromiso pol\u00edtico en los \u00faltimos a\u00f1os del franquismo.<\/p>\n","protected":false},"excerpt":{"rendered":"<p><strong>ISBN: 9791370295189<\/strong><\/p>\n<p><strong>SINOPSIS<\/strong><\/p>\n<p>Itziar Etxebarria (Eibar, 1956) estudi\u00f3 en Salamanca entre 1973 y 1979. Comenz\u00f3 cursando Psicolog\u00eda en la Universidad Pontificia y posteriormente realiz\u00f3 el Doctorado en la Universidad Civil.<\/p>\n<p>A su regreso al Pa\u00eds Vasco, trabaj\u00f3 durante tres a\u00f1os como profesora-tutora en la UNED de Bergara. Desde 1981, ha dedicado toda su trayectoria profesional a la docencia y la investigaci\u00f3n en la Universidad del Pa\u00eds Vasco.<\/p>\n<p>Hace algunos a\u00f1os, de manera casual, redescubri\u00f3 su pasi\u00f3n por la pintura. Desde entonces, ha desarrollado tres series de ilustraciones. Tras dos colecciones centradas en la infancia \u2014Cuaderno de la infancia. Un mundo en Urkizu 4 y C\u00e1nticos de una infancia. Ensayo de inventario\u2014 presenta ahora Estudiante en Salamanca, una obra dedicada a sus a\u00f1os de juventud y compromiso pol\u00edtico en los \u00faltimos a\u00f1os del franquismo.<\/p>\n","protected":false},"featured_media":112720,"comment_status":"open","ping_status":"closed","template":"","meta":{"_acf_changed":false},"libro":[],"product_brand":[],"product_cat":[133],"product_tag":[],"class_list":{"0":"post-112719","1":"product","2":"type-product","3":"status-publish","4":"has-post-thumbnail","6":"product_cat-no-ficcion","8":"first","9":"instock","10":"shipping-taxable","11":"product-type-simple"},"acf":{"autor":[112721],"enlace_de_compra":""},"yoast_head":"<!-- This site is optimized with the Yoast SEO plugin v27.4 - https:\/\/yoast.com\/product\/yoast-seo-wordpress\/ -->\n<title>Estudiante en Salamanca - Catalogo | Letrame Grupo Editorial<\/title>\n<meta name=\"robots\" content=\"index, follow, max-snippet:-1, max-image-preview:large, max-video-preview:-1\" \/>\n<link rel=\"canonical\" href=\"https:\/\/letrame.com\/catalogo\/producto\/estudiante-en-salamanca\/\" \/>\n<meta property=\"og:locale\" content=\"es_ES\" \/>\n<meta property=\"og:type\" content=\"article\" \/>\n<meta property=\"og:title\" content=\"Estudiante en Salamanca - Catalogo | Letrame Grupo Editorial\" \/>\n<meta property=\"og:description\" content=\"ISBN: 9791370295189  SINOPSIS  Itziar Etxebarria (Eibar, 1956) estudi\u00f3 en Salamanca entre 1973 y 1979. Comenz\u00f3 cursando Psicolog\u00eda en la Universidad Pontificia y posteriormente realiz\u00f3 el Doctorado en la Universidad Civil.  A su regreso al Pa\u00eds Vasco, trabaj\u00f3 durante tres a\u00f1os como profesora-tutora en la UNED de Bergara. Desde 1981, ha dedicado toda su trayectoria profesional a la docencia y la investigaci\u00f3n en la Universidad del Pa\u00eds Vasco.  Hace algunos a\u00f1os, de manera casual, redescubri\u00f3 su pasi\u00f3n por la pintura. Desde entonces, ha desarrollado tres series de ilustraciones. Tras dos colecciones centradas en la infancia \u2014Cuaderno de la infancia. Un mundo en Urkizu 4 y C\u00e1nticos de una infancia. Ensayo de inventario\u2014 presenta ahora Estudiante en Salamanca, una obra dedicada a sus a\u00f1os de juventud y compromiso pol\u00edtico en los \u00faltimos a\u00f1os del franquismo.\" \/>\n<meta property=\"og:url\" content=\"https:\/\/letrame.com\/catalogo\/producto\/estudiante-en-salamanca\/\" \/>\n<meta property=\"og:site_name\" content=\"Catalogo | Letrame Grupo Editorial\" \/>\n<meta property=\"og:image\" content=\"https:\/\/letrame.com\/catalogo\/wp-content\/uploads\/2026\/05\/p_estudiante_1137mm.jpg\" \/>\n\t<meta property=\"og:image:width\" content=\"1052\" \/>\n\t<meta property=\"og:image:height\" content=\"744\" \/>\n\t<meta property=\"og:image:type\" content=\"image\/jpeg\" \/>\n<meta name=\"twitter:card\" content=\"summary_large_image\" \/>\n<meta name=\"twitter:label1\" content=\"Tiempo de lectura\" \/>\n\t<meta name=\"twitter:data1\" content=\"1 minuto\" \/>\n<script type=\"application\/ld+json\" class=\"yoast-schema-graph\">{\"@context\":\"https:\\\/\\\/schema.org\",\"@graph\":[{\"@type\":\"WebPage\",\"@id\":\"https:\\\/\\\/letrame.com\\\/catalogo\\\/producto\\\/estudiante-en-salamanca\\\/\",\"url\":\"https:\\\/\\\/letrame.com\\\/catalogo\\\/producto\\\/estudiante-en-salamanca\\\/\",\"name\":\"Estudiante en Salamanca - Catalogo | Letrame Grupo Editorial\",\"isPartOf\":{\"@id\":\"https:\\\/\\\/letrame.com\\\/catalogo\\\/#website\"},\"primaryImageOfPage\":{\"@id\":\"https:\\\/\\\/letrame.com\\\/catalogo\\\/producto\\\/estudiante-en-salamanca\\\/#primaryimage\"},\"image\":{\"@id\":\"https:\\\/\\\/letrame.com\\\/catalogo\\\/producto\\\/estudiante-en-salamanca\\\/#primaryimage\"},\"thumbnailUrl\":\"https:\\\/\\\/letrame.com\\\/catalogo\\\/wp-content\\\/uploads\\\/2026\\\/05\\\/p_estudiante_1137mm.jpg\",\"datePublished\":\"2026-05-13T07:52:59+00:00\",\"breadcrumb\":{\"@id\":\"https:\\\/\\\/letrame.com\\\/catalogo\\\/producto\\\/estudiante-en-salamanca\\\/#breadcrumb\"},\"inLanguage\":\"es\",\"potentialAction\":[{\"@type\":\"ReadAction\",\"target\":[\"https:\\\/\\\/letrame.com\\\/catalogo\\\/producto\\\/estudiante-en-salamanca\\\/\"]}]},{\"@type\":\"ImageObject\",\"inLanguage\":\"es\",\"@id\":\"https:\\\/\\\/letrame.com\\\/catalogo\\\/producto\\\/estudiante-en-salamanca\\\/#primaryimage\",\"url\":\"https:\\\/\\\/letrame.com\\\/catalogo\\\/wp-content\\\/uploads\\\/2026\\\/05\\\/p_estudiante_1137mm.jpg\",\"contentUrl\":\"https:\\\/\\\/letrame.com\\\/catalogo\\\/wp-content\\\/uploads\\\/2026\\\/05\\\/p_estudiante_1137mm.jpg\",\"width\":1052,\"height\":744},{\"@type\":\"BreadcrumbList\",\"@id\":\"https:\\\/\\\/letrame.com\\\/catalogo\\\/producto\\\/estudiante-en-salamanca\\\/#breadcrumb\",\"itemListElement\":[{\"@type\":\"ListItem\",\"position\":1,\"name\":\"Portada\",\"item\":\"https:\\\/\\\/letrame.com\\\/catalogo\\\/\"},{\"@type\":\"ListItem\",\"position\":2,\"name\":\"Cat\u00e1logo\",\"item\":\"https:\\\/\\\/letrame.com\\\/catalogo\\\/\"},{\"@type\":\"ListItem\",\"position\":3,\"name\":\"Estudiante en Salamanca\"}]},{\"@type\":\"WebSite\",\"@id\":\"https:\\\/\\\/letrame.com\\\/catalogo\\\/#website\",\"url\":\"https:\\\/\\\/letrame.com\\\/catalogo\\\/\",\"name\":\"Catalogo | Letrame Grupo Editorial\",\"description\":\"\",\"publisher\":{\"@id\":\"https:\\\/\\\/letrame.com\\\/catalogo\\\/#organization\"},\"potentialAction\":[{\"@type\":\"SearchAction\",\"target\":{\"@type\":\"EntryPoint\",\"urlTemplate\":\"https:\\\/\\\/letrame.com\\\/catalogo\\\/?s={search_term_string}\"},\"query-input\":{\"@type\":\"PropertyValueSpecification\",\"valueRequired\":true,\"valueName\":\"search_term_string\"}}],\"inLanguage\":\"es\"},{\"@type\":\"Organization\",\"@id\":\"https:\\\/\\\/letrame.com\\\/catalogo\\\/#organization\",\"name\":\"Catalogo | Letrame Grupo Editorial\",\"url\":\"https:\\\/\\\/letrame.com\\\/catalogo\\\/\",\"logo\":{\"@type\":\"ImageObject\",\"inLanguage\":\"es\",\"@id\":\"https:\\\/\\\/letrame.com\\\/catalogo\\\/#\\\/schema\\\/logo\\\/image\\\/\",\"url\":\"https:\\\/\\\/letrame.com\\\/catalogo\\\/wp-content\\\/uploads\\\/2024\\\/03\\\/logo2.webp\",\"contentUrl\":\"https:\\\/\\\/letrame.com\\\/catalogo\\\/wp-content\\\/uploads\\\/2024\\\/03\\\/logo2.webp\",\"width\":394,\"height\":128,\"caption\":\"Catalogo | Letrame Grupo Editorial\"},\"image\":{\"@id\":\"https:\\\/\\\/letrame.com\\\/catalogo\\\/#\\\/schema\\\/logo\\\/image\\\/\"}}]}<\/script>\n<!-- \/ Yoast SEO plugin. -->","yoast_head_json":{"title":"Estudiante en Salamanca - Catalogo | Letrame Grupo Editorial","robots":{"index":"index","follow":"follow","max-snippet":"max-snippet:-1","max-image-preview":"max-image-preview:large","max-video-preview":"max-video-preview:-1"},"canonical":"https:\/\/letrame.com\/catalogo\/producto\/estudiante-en-salamanca\/","og_locale":"es_ES","og_type":"article","og_title":"Estudiante en Salamanca - Catalogo | Letrame Grupo Editorial","og_description":"ISBN: 9791370295189  SINOPSIS  Itziar Etxebarria (Eibar, 1956) estudi\u00f3 en Salamanca entre 1973 y 1979. Comenz\u00f3 cursando Psicolog\u00eda en la Universidad Pontificia y posteriormente realiz\u00f3 el Doctorado en la Universidad Civil.  A su regreso al Pa\u00eds Vasco, trabaj\u00f3 durante tres a\u00f1os como profesora-tutora en la UNED de Bergara. Desde 1981, ha dedicado toda su trayectoria profesional a la docencia y la investigaci\u00f3n en la Universidad del Pa\u00eds Vasco.  Hace algunos a\u00f1os, de manera casual, redescubri\u00f3 su pasi\u00f3n por la pintura. Desde entonces, ha desarrollado tres series de ilustraciones. Tras dos colecciones centradas en la infancia \u2014Cuaderno de la infancia. Un mundo en Urkizu 4 y C\u00e1nticos de una infancia. Ensayo de inventario\u2014 presenta ahora Estudiante en Salamanca, una obra dedicada a sus a\u00f1os de juventud y compromiso pol\u00edtico en los \u00faltimos a\u00f1os del franquismo.","og_url":"https:\/\/letrame.com\/catalogo\/producto\/estudiante-en-salamanca\/","og_site_name":"Catalogo | Letrame Grupo Editorial","og_image":[{"width":1052,"height":744,"url":"https:\/\/letrame.com\/catalogo\/wp-content\/uploads\/2026\/05\/p_estudiante_1137mm.jpg","type":"image\/jpeg"}],"twitter_card":"summary_large_image","twitter_misc":{"Tiempo de lectura":"1 minuto"},"schema":{"@context":"https:\/\/schema.org","@graph":[{"@type":"WebPage","@id":"https:\/\/letrame.com\/catalogo\/producto\/estudiante-en-salamanca\/","url":"https:\/\/letrame.com\/catalogo\/producto\/estudiante-en-salamanca\/","name":"Estudiante en Salamanca - Catalogo | Letrame Grupo Editorial","isPartOf":{"@id":"https:\/\/letrame.com\/catalogo\/#website"},"primaryImageOfPage":{"@id":"https:\/\/letrame.com\/catalogo\/producto\/estudiante-en-salamanca\/#primaryimage"},"image":{"@id":"https:\/\/letrame.com\/catalogo\/producto\/estudiante-en-salamanca\/#primaryimage"},"thumbnailUrl":"https:\/\/letrame.com\/catalogo\/wp-content\/uploads\/2026\/05\/p_estudiante_1137mm.jpg","datePublished":"2026-05-13T07:52:59+00:00","breadcrumb":{"@id":"https:\/\/letrame.com\/catalogo\/producto\/estudiante-en-salamanca\/#breadcrumb"},"inLanguage":"es","potentialAction":[{"@type":"ReadAction","target":["https:\/\/letrame.com\/catalogo\/producto\/estudiante-en-salamanca\/"]}]},{"@type":"ImageObject","inLanguage":"es","@id":"https:\/\/letrame.com\/catalogo\/producto\/estudiante-en-salamanca\/#primaryimage","url":"https:\/\/letrame.com\/catalogo\/wp-content\/uploads\/2026\/05\/p_estudiante_1137mm.jpg","contentUrl":"https:\/\/letrame.com\/catalogo\/wp-content\/uploads\/2026\/05\/p_estudiante_1137mm.jpg","width":1052,"height":744},{"@type":"BreadcrumbList","@id":"https:\/\/letrame.com\/catalogo\/producto\/estudiante-en-salamanca\/#breadcrumb","itemListElement":[{"@type":"ListItem","position":1,"name":"Portada","item":"https:\/\/letrame.com\/catalogo\/"},{"@type":"ListItem","position":2,"name":"Cat\u00e1logo","item":"https:\/\/letrame.com\/catalogo\/"},{"@type":"ListItem","position":3,"name":"Estudiante en Salamanca"}]},{"@type":"WebSite","@id":"https:\/\/letrame.com\/catalogo\/#website","url":"https:\/\/letrame.com\/catalogo\/","name":"Catalogo | Letrame Grupo Editorial","description":"","publisher":{"@id":"https:\/\/letrame.com\/catalogo\/#organization"},"potentialAction":[{"@type":"SearchAction","target":{"@type":"EntryPoint","urlTemplate":"https:\/\/letrame.com\/catalogo\/?s={search_term_string}"},"query-input":{"@type":"PropertyValueSpecification","valueRequired":true,"valueName":"search_term_string"}}],"inLanguage":"es"},{"@type":"Organization","@id":"https:\/\/letrame.com\/catalogo\/#organization","name":"Catalogo | Letrame Grupo Editorial","url":"https:\/\/letrame.com\/catalogo\/","logo":{"@type":"ImageObject","inLanguage":"es","@id":"https:\/\/letrame.com\/catalogo\/#\/schema\/logo\/image\/","url":"https:\/\/letrame.com\/catalogo\/wp-content\/uploads\/2024\/03\/logo2.webp","contentUrl":"https:\/\/letrame.com\/catalogo\/wp-content\/uploads\/2024\/03\/logo2.webp","width":394,"height":128,"caption":"Catalogo | Letrame Grupo Editorial"},"image":{"@id":"https:\/\/letrame.com\/catalogo\/#\/schema\/logo\/image\/"}}]}},"_links":{"self":[{"href":"https:\/\/letrame.com\/catalogo\/wp-json\/wp\/v2\/product\/112719","targetHints":{"allow":["GET"]}}],"collection":[{"href":"https:\/\/letrame.com\/catalogo\/wp-json\/wp\/v2\/product"}],"about":[{"href":"https:\/\/letrame.com\/catalogo\/wp-json\/wp\/v2\/types\/product"}],"replies":[{"embeddable":true,"href":"https:\/\/letrame.com\/catalogo\/wp-json\/wp\/v2\/comments?post=112719"}],"acf:post":[{"embeddable":true,"href":"https:\/\/letrame.com\/catalogo\/wp-json\/wp\/v2\/author_book\/112721"}],"wp:featuredmedia":[{"embeddable":true,"href":"https:\/\/letrame.com\/catalogo\/wp-json\/wp\/v2\/media\/112720"}],"wp:attachment":[{"href":"https:\/\/letrame.com\/catalogo\/wp-json\/wp\/v2\/media?parent=112719"}],"wp:term":[{"taxonomy":"libro","embeddable":true,"href":"https:\/\/letrame.com\/catalogo\/wp-json\/wp\/v2\/libro?post=112719"},{"taxonomy":"product_brand","embeddable":true,"href":"https:\/\/letrame.com\/catalogo\/wp-json\/wp\/v2\/product_brand?post=112719"},{"taxonomy":"product_cat","embeddable":true,"href":"https:\/\/letrame.com\/catalogo\/wp-json\/wp\/v2\/product_cat?post=112719"},{"taxonomy":"product_tag","embeddable":true,"href":"https:\/\/letrame.com\/catalogo\/wp-json\/wp\/v2\/product_tag?post=112719"}],"curies":[{"name":"wp","href":"https:\/\/api.w.org\/{rel}","templated":true}]}}