{"id":112652,"date":"2026-05-12T11:51:20","date_gmt":"2026-05-12T09:51:20","guid":{"rendered":"https:\/\/letrame.com\/catalogo\/?post_type=product&#038;p=112652"},"modified":"2026-05-12T11:51:20","modified_gmt":"2026-05-12T09:51:20","slug":"el-laberinto-del-buho","status":"publish","type":"product","link":"https:\/\/letrame.com\/catalogo\/producto\/el-laberinto-del-buho\/","title":{"rendered":"El laberinto del b\u00faho"},"content":{"rendered":"<p><strong>ISBN: 9791370299606<\/strong><br \/>\n<strong>T\u00edtulo: El laberinto del b\u00faho<\/strong><br \/>\n<strong>Fecha: 2026<\/strong><br \/>\n<strong>P\u00e1ginas: 146<\/strong><\/p>\n<p><strong>SINOPSIS<\/strong><\/p>\n<p data-start=\"0\" data-end=\"357\">En un pueblo del sur de Chile, se esconde un secreto: extra\u00f1as desapariciones han ocurrido. Hace siete a\u00f1os en el pueblo de Yuste. La polic\u00eda no logra encontrar ni una sola pista. Y donde el protagonista Sebasti\u00e1n, un joven noble, valiente y muy inteligente, tendr\u00e1 que someterse a grandes peligros para lograr sobrevivir en un mundo totalmente desconocido\u2026<\/p>\n<p data-start=\"359\" data-end=\"545\">El laberinto del b\u00faho es una novela de fantas\u00eda psicol\u00f3gica que transforma la mente humana en un territorio \u00e9pico, donde cada decisi\u00f3n define no solo el destino\u2026 sino la identidad misma.<\/p>\n<p data-start=\"547\" data-end=\"686\" data-is-last-node=\"\" data-is-only-node=\"\">Un libro que te har\u00e1 ver la perspectiva de la mente humana. Y que te har\u00e1 reflexionar acerca de si conocemos realmente nuestra consciencia.<\/p>\n","protected":false},"excerpt":{"rendered":"<p><strong>ISBN: 9791370299606<\/strong><\/p>\n<p><strong>SINOPSIS<\/strong><\/p>\n<p data-start=\"0\" data-end=\"357\">En un pueblo del sur de Chile, se esconde un secreto: extra\u00f1as desapariciones han ocurrido. Hace siete a\u00f1os en el pueblo de Yuste. La polic\u00eda no logra encontrar ni una sola pista. Y donde el protagonista Sebasti\u00e1n, un joven noble, valiente y muy inteligente, tendr\u00e1 que someterse a grandes peligros para lograr sobrevivir en un mundo totalmente desconocido\u2026<\/p>\n<p data-start=\"359\" data-end=\"545\">El laberinto del b\u00faho es una novela de fantas\u00eda psicol\u00f3gica que transforma la mente humana en un territorio \u00e9pico, donde cada decisi\u00f3n define no solo el destino\u2026 sino la identidad misma.<\/p>\n<p data-start=\"547\" data-end=\"686\" data-is-last-node=\"\" data-is-only-node=\"\">Un libro que te har\u00e1 ver la perspectiva de la mente humana. Y que te har\u00e1 reflexionar acerca de si conocemos realmente nuestra consciencia.<\/p>\n","protected":false},"featured_media":112656,"comment_status":"open","ping_status":"closed","template":"","meta":{"_acf_changed":false},"libro":[],"product_brand":[],"product_cat":[118],"product_tag":[],"class_list":{"0":"post-112652","1":"product","2":"type-product","3":"status-publish","4":"has-post-thumbnail","6":"product_cat-fantasia","8":"first","9":"instock","10":"shipping-taxable","11":"product-type-simple"},"acf":{"autor":[112653],"enlace_de_compra":""},"yoast_head":"<!-- This site is optimized with the Yoast SEO plugin v27.4 - https:\/\/yoast.com\/product\/yoast-seo-wordpress\/ -->\n<title>El laberinto del b\u00faho - Catalogo | Letrame Grupo Editorial<\/title>\n<meta name=\"robots\" content=\"index, follow, max-snippet:-1, max-image-preview:large, max-video-preview:-1\" \/>\n<link rel=\"canonical\" href=\"https:\/\/letrame.com\/catalogo\/producto\/el-laberinto-del-buho\/\" \/>\n<meta property=\"og:locale\" content=\"es_ES\" \/>\n<meta property=\"og:type\" content=\"article\" \/>\n<meta property=\"og:title\" content=\"El laberinto del b\u00faho - Catalogo | Letrame Grupo Editorial\" \/>\n<meta property=\"og:description\" content=\"ISBN: 9791370299606  SINOPSIS En un pueblo del sur de Chile, se esconde un secreto: extra\u00f1as desapariciones han ocurrido. Hace siete a\u00f1os en el pueblo de Yuste. La polic\u00eda no logra encontrar ni una sola pista. Y donde el protagonista Sebasti\u00e1n, un joven noble, valiente y muy inteligente, tendr\u00e1 que someterse a grandes peligros para lograr sobrevivir en un mundo totalmente desconocido\u2026 El laberinto del b\u00faho es una novela de fantas\u00eda psicol\u00f3gica que transforma la mente humana en un territorio \u00e9pico, donde cada decisi\u00f3n define no solo el destino\u2026 sino la identidad misma. Un libro que te har\u00e1 ver la perspectiva de la mente humana. Y que te har\u00e1 reflexionar acerca de si conocemos realmente nuestra consciencia.\" \/>\n<meta property=\"og:url\" content=\"https:\/\/letrame.com\/catalogo\/producto\/el-laberinto-del-buho\/\" \/>\n<meta property=\"og:site_name\" content=\"Catalogo | Letrame Grupo Editorial\" \/>\n<meta property=\"og:image\" content=\"https:\/\/letrame.com\/catalogo\/wp-content\/uploads\/2026\/05\/ellaberintodelbuho_738mm4.jpg\" \/>\n\t<meta property=\"og:image:width\" content=\"709\" \/>\n\t<meta property=\"og:image:height\" content=\"1040\" \/>\n\t<meta property=\"og:image:type\" content=\"image\/jpeg\" \/>\n<meta name=\"twitter:card\" content=\"summary_large_image\" \/>\n<meta name=\"twitter:label1\" content=\"Tiempo de lectura\" \/>\n\t<meta name=\"twitter:data1\" content=\"1 minuto\" \/>\n<script type=\"application\/ld+json\" class=\"yoast-schema-graph\">{\"@context\":\"https:\\\/\\\/schema.org\",\"@graph\":[{\"@type\":\"WebPage\",\"@id\":\"https:\\\/\\\/letrame.com\\\/catalogo\\\/producto\\\/el-laberinto-del-buho\\\/\",\"url\":\"https:\\\/\\\/letrame.com\\\/catalogo\\\/producto\\\/el-laberinto-del-buho\\\/\",\"name\":\"El laberinto del b\u00faho - Catalogo | Letrame Grupo Editorial\",\"isPartOf\":{\"@id\":\"https:\\\/\\\/letrame.com\\\/catalogo\\\/#website\"},\"primaryImageOfPage\":{\"@id\":\"https:\\\/\\\/letrame.com\\\/catalogo\\\/producto\\\/el-laberinto-del-buho\\\/#primaryimage\"},\"image\":{\"@id\":\"https:\\\/\\\/letrame.com\\\/catalogo\\\/producto\\\/el-laberinto-del-buho\\\/#primaryimage\"},\"thumbnailUrl\":\"https:\\\/\\\/letrame.com\\\/catalogo\\\/wp-content\\\/uploads\\\/2026\\\/05\\\/ellaberintodelbuho_738mm4.jpg\",\"datePublished\":\"2026-05-12T09:51:20+00:00\",\"breadcrumb\":{\"@id\":\"https:\\\/\\\/letrame.com\\\/catalogo\\\/producto\\\/el-laberinto-del-buho\\\/#breadcrumb\"},\"inLanguage\":\"es\",\"potentialAction\":[{\"@type\":\"ReadAction\",\"target\":[\"https:\\\/\\\/letrame.com\\\/catalogo\\\/producto\\\/el-laberinto-del-buho\\\/\"]}]},{\"@type\":\"ImageObject\",\"inLanguage\":\"es\",\"@id\":\"https:\\\/\\\/letrame.com\\\/catalogo\\\/producto\\\/el-laberinto-del-buho\\\/#primaryimage\",\"url\":\"https:\\\/\\\/letrame.com\\\/catalogo\\\/wp-content\\\/uploads\\\/2026\\\/05\\\/ellaberintodelbuho_738mm4.jpg\",\"contentUrl\":\"https:\\\/\\\/letrame.com\\\/catalogo\\\/wp-content\\\/uploads\\\/2026\\\/05\\\/ellaberintodelbuho_738mm4.jpg\",\"width\":709,\"height\":1040},{\"@type\":\"BreadcrumbList\",\"@id\":\"https:\\\/\\\/letrame.com\\\/catalogo\\\/producto\\\/el-laberinto-del-buho\\\/#breadcrumb\",\"itemListElement\":[{\"@type\":\"ListItem\",\"position\":1,\"name\":\"Portada\",\"item\":\"https:\\\/\\\/letrame.com\\\/catalogo\\\/\"},{\"@type\":\"ListItem\",\"position\":2,\"name\":\"Cat\u00e1logo\",\"item\":\"https:\\\/\\\/letrame.com\\\/catalogo\\\/\"},{\"@type\":\"ListItem\",\"position\":3,\"name\":\"El laberinto del b\u00faho\"}]},{\"@type\":\"WebSite\",\"@id\":\"https:\\\/\\\/letrame.com\\\/catalogo\\\/#website\",\"url\":\"https:\\\/\\\/letrame.com\\\/catalogo\\\/\",\"name\":\"Catalogo | Letrame Grupo Editorial\",\"description\":\"\",\"publisher\":{\"@id\":\"https:\\\/\\\/letrame.com\\\/catalogo\\\/#organization\"},\"potentialAction\":[{\"@type\":\"SearchAction\",\"target\":{\"@type\":\"EntryPoint\",\"urlTemplate\":\"https:\\\/\\\/letrame.com\\\/catalogo\\\/?s={search_term_string}\"},\"query-input\":{\"@type\":\"PropertyValueSpecification\",\"valueRequired\":true,\"valueName\":\"search_term_string\"}}],\"inLanguage\":\"es\"},{\"@type\":\"Organization\",\"@id\":\"https:\\\/\\\/letrame.com\\\/catalogo\\\/#organization\",\"name\":\"Catalogo | Letrame Grupo Editorial\",\"url\":\"https:\\\/\\\/letrame.com\\\/catalogo\\\/\",\"logo\":{\"@type\":\"ImageObject\",\"inLanguage\":\"es\",\"@id\":\"https:\\\/\\\/letrame.com\\\/catalogo\\\/#\\\/schema\\\/logo\\\/image\\\/\",\"url\":\"https:\\\/\\\/letrame.com\\\/catalogo\\\/wp-content\\\/uploads\\\/2024\\\/03\\\/logo2.webp\",\"contentUrl\":\"https:\\\/\\\/letrame.com\\\/catalogo\\\/wp-content\\\/uploads\\\/2024\\\/03\\\/logo2.webp\",\"width\":394,\"height\":128,\"caption\":\"Catalogo | Letrame Grupo Editorial\"},\"image\":{\"@id\":\"https:\\\/\\\/letrame.com\\\/catalogo\\\/#\\\/schema\\\/logo\\\/image\\\/\"}}]}<\/script>\n<!-- \/ Yoast SEO plugin. -->","yoast_head_json":{"title":"El laberinto del b\u00faho - Catalogo | Letrame Grupo Editorial","robots":{"index":"index","follow":"follow","max-snippet":"max-snippet:-1","max-image-preview":"max-image-preview:large","max-video-preview":"max-video-preview:-1"},"canonical":"https:\/\/letrame.com\/catalogo\/producto\/el-laberinto-del-buho\/","og_locale":"es_ES","og_type":"article","og_title":"El laberinto del b\u00faho - Catalogo | Letrame Grupo Editorial","og_description":"ISBN: 9791370299606  SINOPSIS En un pueblo del sur de Chile, se esconde un secreto: extra\u00f1as desapariciones han ocurrido. Hace siete a\u00f1os en el pueblo de Yuste. La polic\u00eda no logra encontrar ni una sola pista. Y donde el protagonista Sebasti\u00e1n, un joven noble, valiente y muy inteligente, tendr\u00e1 que someterse a grandes peligros para lograr sobrevivir en un mundo totalmente desconocido\u2026 El laberinto del b\u00faho es una novela de fantas\u00eda psicol\u00f3gica que transforma la mente humana en un territorio \u00e9pico, donde cada decisi\u00f3n define no solo el destino\u2026 sino la identidad misma. Un libro que te har\u00e1 ver la perspectiva de la mente humana. Y que te har\u00e1 reflexionar acerca de si conocemos realmente nuestra consciencia.","og_url":"https:\/\/letrame.com\/catalogo\/producto\/el-laberinto-del-buho\/","og_site_name":"Catalogo | Letrame Grupo Editorial","og_image":[{"width":709,"height":1040,"url":"https:\/\/letrame.com\/catalogo\/wp-content\/uploads\/2026\/05\/ellaberintodelbuho_738mm4.jpg","type":"image\/jpeg"}],"twitter_card":"summary_large_image","twitter_misc":{"Tiempo de lectura":"1 minuto"},"schema":{"@context":"https:\/\/schema.org","@graph":[{"@type":"WebPage","@id":"https:\/\/letrame.com\/catalogo\/producto\/el-laberinto-del-buho\/","url":"https:\/\/letrame.com\/catalogo\/producto\/el-laberinto-del-buho\/","name":"El laberinto del b\u00faho - Catalogo | Letrame Grupo Editorial","isPartOf":{"@id":"https:\/\/letrame.com\/catalogo\/#website"},"primaryImageOfPage":{"@id":"https:\/\/letrame.com\/catalogo\/producto\/el-laberinto-del-buho\/#primaryimage"},"image":{"@id":"https:\/\/letrame.com\/catalogo\/producto\/el-laberinto-del-buho\/#primaryimage"},"thumbnailUrl":"https:\/\/letrame.com\/catalogo\/wp-content\/uploads\/2026\/05\/ellaberintodelbuho_738mm4.jpg","datePublished":"2026-05-12T09:51:20+00:00","breadcrumb":{"@id":"https:\/\/letrame.com\/catalogo\/producto\/el-laberinto-del-buho\/#breadcrumb"},"inLanguage":"es","potentialAction":[{"@type":"ReadAction","target":["https:\/\/letrame.com\/catalogo\/producto\/el-laberinto-del-buho\/"]}]},{"@type":"ImageObject","inLanguage":"es","@id":"https:\/\/letrame.com\/catalogo\/producto\/el-laberinto-del-buho\/#primaryimage","url":"https:\/\/letrame.com\/catalogo\/wp-content\/uploads\/2026\/05\/ellaberintodelbuho_738mm4.jpg","contentUrl":"https:\/\/letrame.com\/catalogo\/wp-content\/uploads\/2026\/05\/ellaberintodelbuho_738mm4.jpg","width":709,"height":1040},{"@type":"BreadcrumbList","@id":"https:\/\/letrame.com\/catalogo\/producto\/el-laberinto-del-buho\/#breadcrumb","itemListElement":[{"@type":"ListItem","position":1,"name":"Portada","item":"https:\/\/letrame.com\/catalogo\/"},{"@type":"ListItem","position":2,"name":"Cat\u00e1logo","item":"https:\/\/letrame.com\/catalogo\/"},{"@type":"ListItem","position":3,"name":"El laberinto del b\u00faho"}]},{"@type":"WebSite","@id":"https:\/\/letrame.com\/catalogo\/#website","url":"https:\/\/letrame.com\/catalogo\/","name":"Catalogo | Letrame Grupo Editorial","description":"","publisher":{"@id":"https:\/\/letrame.com\/catalogo\/#organization"},"potentialAction":[{"@type":"SearchAction","target":{"@type":"EntryPoint","urlTemplate":"https:\/\/letrame.com\/catalogo\/?s={search_term_string}"},"query-input":{"@type":"PropertyValueSpecification","valueRequired":true,"valueName":"search_term_string"}}],"inLanguage":"es"},{"@type":"Organization","@id":"https:\/\/letrame.com\/catalogo\/#organization","name":"Catalogo | Letrame Grupo Editorial","url":"https:\/\/letrame.com\/catalogo\/","logo":{"@type":"ImageObject","inLanguage":"es","@id":"https:\/\/letrame.com\/catalogo\/#\/schema\/logo\/image\/","url":"https:\/\/letrame.com\/catalogo\/wp-content\/uploads\/2024\/03\/logo2.webp","contentUrl":"https:\/\/letrame.com\/catalogo\/wp-content\/uploads\/2024\/03\/logo2.webp","width":394,"height":128,"caption":"Catalogo | Letrame Grupo Editorial"},"image":{"@id":"https:\/\/letrame.com\/catalogo\/#\/schema\/logo\/image\/"}}]}},"_links":{"self":[{"href":"https:\/\/letrame.com\/catalogo\/wp-json\/wp\/v2\/product\/112652","targetHints":{"allow":["GET"]}}],"collection":[{"href":"https:\/\/letrame.com\/catalogo\/wp-json\/wp\/v2\/product"}],"about":[{"href":"https:\/\/letrame.com\/catalogo\/wp-json\/wp\/v2\/types\/product"}],"replies":[{"embeddable":true,"href":"https:\/\/letrame.com\/catalogo\/wp-json\/wp\/v2\/comments?post=112652"}],"acf:post":[{"embeddable":true,"href":"https:\/\/letrame.com\/catalogo\/wp-json\/wp\/v2\/author_book\/112653"}],"wp:featuredmedia":[{"embeddable":true,"href":"https:\/\/letrame.com\/catalogo\/wp-json\/wp\/v2\/media\/112656"}],"wp:attachment":[{"href":"https:\/\/letrame.com\/catalogo\/wp-json\/wp\/v2\/media?parent=112652"}],"wp:term":[{"taxonomy":"libro","embeddable":true,"href":"https:\/\/letrame.com\/catalogo\/wp-json\/wp\/v2\/libro?post=112652"},{"taxonomy":"product_brand","embeddable":true,"href":"https:\/\/letrame.com\/catalogo\/wp-json\/wp\/v2\/product_brand?post=112652"},{"taxonomy":"product_cat","embeddable":true,"href":"https:\/\/letrame.com\/catalogo\/wp-json\/wp\/v2\/product_cat?post=112652"},{"taxonomy":"product_tag","embeddable":true,"href":"https:\/\/letrame.com\/catalogo\/wp-json\/wp\/v2\/product_tag?post=112652"}],"curies":[{"name":"wp","href":"https:\/\/api.w.org\/{rel}","templated":true}]}}