{"id":112642,"date":"2026-05-12T11:01:38","date_gmt":"2026-05-12T09:01:38","guid":{"rendered":"https:\/\/letrame.com\/catalogo\/?post_type=product&#038;p=112642"},"modified":"2026-05-12T11:01:38","modified_gmt":"2026-05-12T09:01:38","slug":"el-ultimo-deseo","status":"publish","type":"product","link":"https:\/\/letrame.com\/catalogo\/producto\/el-ultimo-deseo\/","title":{"rendered":"El \u00faltimo deseo"},"content":{"rendered":"<p><strong>ISBN: 9791370296544<\/strong><br \/>\n<strong>T\u00edtulo:\u00a0 El \u00faltimo deseo<\/strong><br \/>\n<strong>Fecha: 2026<\/strong><br \/>\n<strong>P\u00e1ginas: 366<\/strong><\/p>\n<p><strong>SINOPSIS<\/strong><\/p>\n<p data-start=\"0\" data-end=\"297\">Una fiesta re\u00fane a un grupo de amigos despu\u00e9s de cincuenta a\u00f1os. La m\u00fasica suena. Las luces se encienden. Algo est\u00e1 a punto de ocurrir. Lo que comienza como una celebraci\u00f3n pronto revela que no se trata de brindar por el presente, sino de enfrentarse a una ausencia que nunca termin\u00f3 de asumirse.<\/p>\n<p data-start=\"299\" data-end=\"617\">El \u00faltimo deseo es la historia de una despedida que lleg\u00f3 tarde. Del duelo suspendido tras la p\u00e9rdida de Desir\u00e9, cuya muerte por c\u00e1ncer marc\u00f3 para siempre la vida de quienes la rodeaban. Una enfermedad que no solo arras\u00f3 un cuerpo, sino que dej\u00f3 heridas abiertas, silencios y decisiones que cada uno carg\u00f3 a su manera.<\/p>\n<p data-start=\"619\" data-end=\"964\">A trav\u00e9s de recuerdos fragmentados, canciones que sostienen lo que las palabras no alcanzan y personajes que afrontan el dolor desde lugares distintos \u2014el silencio, la huida, la culpa o la negaci\u00f3n\u2014, la novela explora c\u00f3mo atravesamos la muerte cuando no sabemos c\u00f3mo decir adi\u00f3s, y c\u00f3mo el amor persiste incluso cuando todo lo dem\u00e1s desaparece.<\/p>\n<p data-start=\"966\" data-end=\"1077\">En el fondo, esta es una historia sobre lo que ocurre cuando alguien se va y nos deja frente a nosotros mismos.<\/p>\n<p data-start=\"1079\" data-end=\"1282\" data-is-last-node=\"\" data-is-only-node=\"\">Una novela para quienes han perdido. Para quienes no pudieron despedirse. Y para quienes han atravesado el dolor en silencio y encuentran en la lectura un espacio de catarsis y reconocimiento compartido.<\/p>\n","protected":false},"excerpt":{"rendered":"<p><strong>ISBN: 9791370296544<\/strong><\/p>\n<p><strong>SINOPSIS<\/strong><\/p>\n<p data-start=\"0\" data-end=\"297\">Una fiesta re\u00fane a un grupo de amigos despu\u00e9s de cincuenta a\u00f1os. La m\u00fasica suena. Las luces se encienden. Algo est\u00e1 a punto de ocurrir. Lo que comienza como una celebraci\u00f3n pronto revela que no se trata de brindar por el presente, sino de enfrentarse a una ausencia que nunca termin\u00f3 de asumirse.<\/p>\n<p data-start=\"299\" data-end=\"617\">El \u00faltimo deseo es la historia de una despedida que lleg\u00f3 tarde. Del duelo suspendido tras la p\u00e9rdida de Desir\u00e9, cuya muerte por c\u00e1ncer marc\u00f3 para siempre la vida de quienes la rodeaban. Una enfermedad que no solo arras\u00f3 un cuerpo, sino que dej\u00f3 heridas abiertas, silencios y decisiones que cada uno carg\u00f3 a su manera.<\/p>\n<p data-start=\"619\" data-end=\"964\">A trav\u00e9s de recuerdos fragmentados, canciones que sostienen lo que las palabras no alcanzan y personajes que afrontan el dolor desde lugares distintos \u2014el silencio, la huida, la culpa o la negaci\u00f3n\u2014, la novela explora c\u00f3mo atravesamos la muerte cuando no sabemos c\u00f3mo decir adi\u00f3s, y c\u00f3mo el amor persiste incluso cuando todo lo dem\u00e1s desaparece.<\/p>\n<p data-start=\"966\" data-end=\"1077\">En el fondo, esta es una historia sobre lo que ocurre cuando alguien se va y nos deja frente a nosotros mismos.<\/p>\n<p data-start=\"1079\" data-end=\"1282\" data-is-last-node=\"\" data-is-only-node=\"\">Una novela para quienes han perdido. Para quienes no pudieron despedirse. Y para quienes han atravesado el dolor en silencio y encuentran en la lectura un espacio de catarsis y reconocimiento compartido.<\/p>\n","protected":false},"featured_media":112646,"comment_status":"open","ping_status":"closed","template":"","meta":{"_acf_changed":false},"libro":[],"product_brand":[],"product_cat":[141],"product_tag":[],"class_list":{"0":"post-112642","1":"product","2":"type-product","3":"status-publish","4":"has-post-thumbnail","6":"product_cat-ficcion","8":"first","9":"instock","10":"shipping-taxable","11":"product-type-simple"},"acf":{"autor":[112643],"enlace_de_compra":""},"yoast_head":"<!-- This site is optimized with the Yoast SEO plugin v27.4 - https:\/\/yoast.com\/product\/yoast-seo-wordpress\/ -->\n<title>El \u00faltimo deseo - Catalogo | Letrame Grupo Editorial<\/title>\n<meta name=\"robots\" content=\"index, follow, max-snippet:-1, max-image-preview:large, max-video-preview:-1\" \/>\n<link rel=\"canonical\" href=\"https:\/\/letrame.com\/catalogo\/producto\/el-ultimo-deseo\/\" \/>\n<meta property=\"og:locale\" content=\"es_ES\" \/>\n<meta property=\"og:type\" content=\"article\" \/>\n<meta property=\"og:title\" content=\"El \u00faltimo deseo - Catalogo | Letrame Grupo Editorial\" \/>\n<meta property=\"og:description\" content=\"ISBN: 9791370296544  SINOPSIS Una fiesta re\u00fane a un grupo de amigos despu\u00e9s de cincuenta a\u00f1os. La m\u00fasica suena. Las luces se encienden. Algo est\u00e1 a punto de ocurrir. Lo que comienza como una celebraci\u00f3n pronto revela que no se trata de brindar por el presente, sino de enfrentarse a una ausencia que nunca termin\u00f3 de asumirse. El \u00faltimo deseo es la historia de una despedida que lleg\u00f3 tarde. Del duelo suspendido tras la p\u00e9rdida de Desir\u00e9, cuya muerte por c\u00e1ncer marc\u00f3 para siempre la vida de quienes la rodeaban. Una enfermedad que no solo arras\u00f3 un cuerpo, sino que dej\u00f3 heridas abiertas, silencios y decisiones que cada uno carg\u00f3 a su manera. A trav\u00e9s de recuerdos fragmentados, canciones que sostienen lo que las palabras no alcanzan y personajes que afrontan el dolor desde lugares distintos \u2014el silencio, la huida, la culpa o la negaci\u00f3n\u2014, la novela explora c\u00f3mo atravesamos la muerte cuando no sabemos c\u00f3mo decir adi\u00f3s, y c\u00f3mo el amor persiste incluso cuando todo lo dem\u00e1s desaparece. En el fondo, esta es una historia sobre lo que ocurre cuando alguien se va y nos deja frente a nosotros mismos. Una novela para quienes han perdido. Para quienes no pudieron despedirse. Y para quienes han atravesado el dolor en silencio y encuentran en la lectura un espacio de catarsis y reconocimiento compartido.\" \/>\n<meta property=\"og:url\" content=\"https:\/\/letrame.com\/catalogo\/producto\/el-ultimo-deseo\/\" \/>\n<meta property=\"og:site_name\" content=\"Catalogo | Letrame Grupo Editorial\" \/>\n<meta property=\"og:image\" content=\"https:\/\/letrame.com\/catalogo\/wp-content\/uploads\/2026\/05\/elultimodeseo_1786mm4.jpg\" \/>\n\t<meta property=\"og:image:width\" content=\"620\" \/>\n\t<meta property=\"og:image:height\" content=\"868\" \/>\n\t<meta property=\"og:image:type\" content=\"image\/jpeg\" \/>\n<meta name=\"twitter:card\" content=\"summary_large_image\" \/>\n<meta name=\"twitter:label1\" content=\"Tiempo de lectura\" \/>\n\t<meta name=\"twitter:data1\" content=\"2 minutos\" \/>\n<script type=\"application\/ld+json\" class=\"yoast-schema-graph\">{\"@context\":\"https:\\\/\\\/schema.org\",\"@graph\":[{\"@type\":\"WebPage\",\"@id\":\"https:\\\/\\\/letrame.com\\\/catalogo\\\/producto\\\/el-ultimo-deseo\\\/\",\"url\":\"https:\\\/\\\/letrame.com\\\/catalogo\\\/producto\\\/el-ultimo-deseo\\\/\",\"name\":\"El \u00faltimo deseo - Catalogo | Letrame Grupo Editorial\",\"isPartOf\":{\"@id\":\"https:\\\/\\\/letrame.com\\\/catalogo\\\/#website\"},\"primaryImageOfPage\":{\"@id\":\"https:\\\/\\\/letrame.com\\\/catalogo\\\/producto\\\/el-ultimo-deseo\\\/#primaryimage\"},\"image\":{\"@id\":\"https:\\\/\\\/letrame.com\\\/catalogo\\\/producto\\\/el-ultimo-deseo\\\/#primaryimage\"},\"thumbnailUrl\":\"https:\\\/\\\/letrame.com\\\/catalogo\\\/wp-content\\\/uploads\\\/2026\\\/05\\\/elultimodeseo_1786mm4.jpg\",\"datePublished\":\"2026-05-12T09:01:38+00:00\",\"breadcrumb\":{\"@id\":\"https:\\\/\\\/letrame.com\\\/catalogo\\\/producto\\\/el-ultimo-deseo\\\/#breadcrumb\"},\"inLanguage\":\"es\",\"potentialAction\":[{\"@type\":\"ReadAction\",\"target\":[\"https:\\\/\\\/letrame.com\\\/catalogo\\\/producto\\\/el-ultimo-deseo\\\/\"]}]},{\"@type\":\"ImageObject\",\"inLanguage\":\"es\",\"@id\":\"https:\\\/\\\/letrame.com\\\/catalogo\\\/producto\\\/el-ultimo-deseo\\\/#primaryimage\",\"url\":\"https:\\\/\\\/letrame.com\\\/catalogo\\\/wp-content\\\/uploads\\\/2026\\\/05\\\/elultimodeseo_1786mm4.jpg\",\"contentUrl\":\"https:\\\/\\\/letrame.com\\\/catalogo\\\/wp-content\\\/uploads\\\/2026\\\/05\\\/elultimodeseo_1786mm4.jpg\",\"width\":620,\"height\":868},{\"@type\":\"BreadcrumbList\",\"@id\":\"https:\\\/\\\/letrame.com\\\/catalogo\\\/producto\\\/el-ultimo-deseo\\\/#breadcrumb\",\"itemListElement\":[{\"@type\":\"ListItem\",\"position\":1,\"name\":\"Portada\",\"item\":\"https:\\\/\\\/letrame.com\\\/catalogo\\\/\"},{\"@type\":\"ListItem\",\"position\":2,\"name\":\"Cat\u00e1logo\",\"item\":\"https:\\\/\\\/letrame.com\\\/catalogo\\\/\"},{\"@type\":\"ListItem\",\"position\":3,\"name\":\"El \u00faltimo deseo\"}]},{\"@type\":\"WebSite\",\"@id\":\"https:\\\/\\\/letrame.com\\\/catalogo\\\/#website\",\"url\":\"https:\\\/\\\/letrame.com\\\/catalogo\\\/\",\"name\":\"Catalogo | Letrame Grupo Editorial\",\"description\":\"\",\"publisher\":{\"@id\":\"https:\\\/\\\/letrame.com\\\/catalogo\\\/#organization\"},\"potentialAction\":[{\"@type\":\"SearchAction\",\"target\":{\"@type\":\"EntryPoint\",\"urlTemplate\":\"https:\\\/\\\/letrame.com\\\/catalogo\\\/?s={search_term_string}\"},\"query-input\":{\"@type\":\"PropertyValueSpecification\",\"valueRequired\":true,\"valueName\":\"search_term_string\"}}],\"inLanguage\":\"es\"},{\"@type\":\"Organization\",\"@id\":\"https:\\\/\\\/letrame.com\\\/catalogo\\\/#organization\",\"name\":\"Catalogo | Letrame Grupo Editorial\",\"url\":\"https:\\\/\\\/letrame.com\\\/catalogo\\\/\",\"logo\":{\"@type\":\"ImageObject\",\"inLanguage\":\"es\",\"@id\":\"https:\\\/\\\/letrame.com\\\/catalogo\\\/#\\\/schema\\\/logo\\\/image\\\/\",\"url\":\"https:\\\/\\\/letrame.com\\\/catalogo\\\/wp-content\\\/uploads\\\/2024\\\/03\\\/logo2.webp\",\"contentUrl\":\"https:\\\/\\\/letrame.com\\\/catalogo\\\/wp-content\\\/uploads\\\/2024\\\/03\\\/logo2.webp\",\"width\":394,\"height\":128,\"caption\":\"Catalogo | Letrame Grupo Editorial\"},\"image\":{\"@id\":\"https:\\\/\\\/letrame.com\\\/catalogo\\\/#\\\/schema\\\/logo\\\/image\\\/\"}}]}<\/script>\n<!-- \/ Yoast SEO plugin. -->","yoast_head_json":{"title":"El \u00faltimo deseo - Catalogo | Letrame Grupo Editorial","robots":{"index":"index","follow":"follow","max-snippet":"max-snippet:-1","max-image-preview":"max-image-preview:large","max-video-preview":"max-video-preview:-1"},"canonical":"https:\/\/letrame.com\/catalogo\/producto\/el-ultimo-deseo\/","og_locale":"es_ES","og_type":"article","og_title":"El \u00faltimo deseo - Catalogo | Letrame Grupo Editorial","og_description":"ISBN: 9791370296544  SINOPSIS Una fiesta re\u00fane a un grupo de amigos despu\u00e9s de cincuenta a\u00f1os. La m\u00fasica suena. Las luces se encienden. Algo est\u00e1 a punto de ocurrir. Lo que comienza como una celebraci\u00f3n pronto revela que no se trata de brindar por el presente, sino de enfrentarse a una ausencia que nunca termin\u00f3 de asumirse. El \u00faltimo deseo es la historia de una despedida que lleg\u00f3 tarde. Del duelo suspendido tras la p\u00e9rdida de Desir\u00e9, cuya muerte por c\u00e1ncer marc\u00f3 para siempre la vida de quienes la rodeaban. Una enfermedad que no solo arras\u00f3 un cuerpo, sino que dej\u00f3 heridas abiertas, silencios y decisiones que cada uno carg\u00f3 a su manera. A trav\u00e9s de recuerdos fragmentados, canciones que sostienen lo que las palabras no alcanzan y personajes que afrontan el dolor desde lugares distintos \u2014el silencio, la huida, la culpa o la negaci\u00f3n\u2014, la novela explora c\u00f3mo atravesamos la muerte cuando no sabemos c\u00f3mo decir adi\u00f3s, y c\u00f3mo el amor persiste incluso cuando todo lo dem\u00e1s desaparece. En el fondo, esta es una historia sobre lo que ocurre cuando alguien se va y nos deja frente a nosotros mismos. Una novela para quienes han perdido. Para quienes no pudieron despedirse. Y para quienes han atravesado el dolor en silencio y encuentran en la lectura un espacio de catarsis y reconocimiento compartido.","og_url":"https:\/\/letrame.com\/catalogo\/producto\/el-ultimo-deseo\/","og_site_name":"Catalogo | Letrame Grupo Editorial","og_image":[{"width":620,"height":868,"url":"https:\/\/letrame.com\/catalogo\/wp-content\/uploads\/2026\/05\/elultimodeseo_1786mm4.jpg","type":"image\/jpeg"}],"twitter_card":"summary_large_image","twitter_misc":{"Tiempo de lectura":"2 minutos"},"schema":{"@context":"https:\/\/schema.org","@graph":[{"@type":"WebPage","@id":"https:\/\/letrame.com\/catalogo\/producto\/el-ultimo-deseo\/","url":"https:\/\/letrame.com\/catalogo\/producto\/el-ultimo-deseo\/","name":"El \u00faltimo deseo - Catalogo | Letrame Grupo Editorial","isPartOf":{"@id":"https:\/\/letrame.com\/catalogo\/#website"},"primaryImageOfPage":{"@id":"https:\/\/letrame.com\/catalogo\/producto\/el-ultimo-deseo\/#primaryimage"},"image":{"@id":"https:\/\/letrame.com\/catalogo\/producto\/el-ultimo-deseo\/#primaryimage"},"thumbnailUrl":"https:\/\/letrame.com\/catalogo\/wp-content\/uploads\/2026\/05\/elultimodeseo_1786mm4.jpg","datePublished":"2026-05-12T09:01:38+00:00","breadcrumb":{"@id":"https:\/\/letrame.com\/catalogo\/producto\/el-ultimo-deseo\/#breadcrumb"},"inLanguage":"es","potentialAction":[{"@type":"ReadAction","target":["https:\/\/letrame.com\/catalogo\/producto\/el-ultimo-deseo\/"]}]},{"@type":"ImageObject","inLanguage":"es","@id":"https:\/\/letrame.com\/catalogo\/producto\/el-ultimo-deseo\/#primaryimage","url":"https:\/\/letrame.com\/catalogo\/wp-content\/uploads\/2026\/05\/elultimodeseo_1786mm4.jpg","contentUrl":"https:\/\/letrame.com\/catalogo\/wp-content\/uploads\/2026\/05\/elultimodeseo_1786mm4.jpg","width":620,"height":868},{"@type":"BreadcrumbList","@id":"https:\/\/letrame.com\/catalogo\/producto\/el-ultimo-deseo\/#breadcrumb","itemListElement":[{"@type":"ListItem","position":1,"name":"Portada","item":"https:\/\/letrame.com\/catalogo\/"},{"@type":"ListItem","position":2,"name":"Cat\u00e1logo","item":"https:\/\/letrame.com\/catalogo\/"},{"@type":"ListItem","position":3,"name":"El \u00faltimo deseo"}]},{"@type":"WebSite","@id":"https:\/\/letrame.com\/catalogo\/#website","url":"https:\/\/letrame.com\/catalogo\/","name":"Catalogo | Letrame Grupo Editorial","description":"","publisher":{"@id":"https:\/\/letrame.com\/catalogo\/#organization"},"potentialAction":[{"@type":"SearchAction","target":{"@type":"EntryPoint","urlTemplate":"https:\/\/letrame.com\/catalogo\/?s={search_term_string}"},"query-input":{"@type":"PropertyValueSpecification","valueRequired":true,"valueName":"search_term_string"}}],"inLanguage":"es"},{"@type":"Organization","@id":"https:\/\/letrame.com\/catalogo\/#organization","name":"Catalogo | Letrame Grupo Editorial","url":"https:\/\/letrame.com\/catalogo\/","logo":{"@type":"ImageObject","inLanguage":"es","@id":"https:\/\/letrame.com\/catalogo\/#\/schema\/logo\/image\/","url":"https:\/\/letrame.com\/catalogo\/wp-content\/uploads\/2024\/03\/logo2.webp","contentUrl":"https:\/\/letrame.com\/catalogo\/wp-content\/uploads\/2024\/03\/logo2.webp","width":394,"height":128,"caption":"Catalogo | Letrame Grupo Editorial"},"image":{"@id":"https:\/\/letrame.com\/catalogo\/#\/schema\/logo\/image\/"}}]}},"_links":{"self":[{"href":"https:\/\/letrame.com\/catalogo\/wp-json\/wp\/v2\/product\/112642","targetHints":{"allow":["GET"]}}],"collection":[{"href":"https:\/\/letrame.com\/catalogo\/wp-json\/wp\/v2\/product"}],"about":[{"href":"https:\/\/letrame.com\/catalogo\/wp-json\/wp\/v2\/types\/product"}],"replies":[{"embeddable":true,"href":"https:\/\/letrame.com\/catalogo\/wp-json\/wp\/v2\/comments?post=112642"}],"acf:post":[{"embeddable":true,"href":"https:\/\/letrame.com\/catalogo\/wp-json\/wp\/v2\/author_book\/112643"}],"wp:featuredmedia":[{"embeddable":true,"href":"https:\/\/letrame.com\/catalogo\/wp-json\/wp\/v2\/media\/112646"}],"wp:attachment":[{"href":"https:\/\/letrame.com\/catalogo\/wp-json\/wp\/v2\/media?parent=112642"}],"wp:term":[{"taxonomy":"libro","embeddable":true,"href":"https:\/\/letrame.com\/catalogo\/wp-json\/wp\/v2\/libro?post=112642"},{"taxonomy":"product_brand","embeddable":true,"href":"https:\/\/letrame.com\/catalogo\/wp-json\/wp\/v2\/product_brand?post=112642"},{"taxonomy":"product_cat","embeddable":true,"href":"https:\/\/letrame.com\/catalogo\/wp-json\/wp\/v2\/product_cat?post=112642"},{"taxonomy":"product_tag","embeddable":true,"href":"https:\/\/letrame.com\/catalogo\/wp-json\/wp\/v2\/product_tag?post=112642"}],"curies":[{"name":"wp","href":"https:\/\/api.w.org\/{rel}","templated":true}]}}