{"id":112618,"date":"2026-05-13T09:08:21","date_gmt":"2026-05-13T07:08:21","guid":{"rendered":"https:\/\/letrame.com\/catalogo\/?post_type=product&#038;p=112618"},"modified":"2026-05-13T09:08:22","modified_gmt":"2026-05-13T07:08:22","slug":"viaje-arcoiris-al-corazon-del-cancer","status":"publish","type":"product","link":"https:\/\/letrame.com\/catalogo\/producto\/viaje-arcoiris-al-corazon-del-cancer\/","title":{"rendered":"Viaje arco\u00edris al coraz\u00f3n del c\u00e1ncer"},"content":{"rendered":"<p><strong>ISBN: 9791370545345<\/strong><br \/>\n<strong>T\u00edtulo: Viaje arco\u00edris al coraz\u00f3n del c\u00e1ncer<\/strong><br \/>\n<strong>Fecha: 2026<\/strong><br \/>\n<strong>P\u00e1ginas: 342<\/strong><\/p>\n<p><strong>SINOPSIS<\/strong><\/p>\n<p data-start=\"0\" data-end=\"89\">\u00bfQu\u00e9 ocurre cuando el c\u00e1ncer deja de verse como un enemigo y se transforma en un maestro?<\/p>\n<p data-start=\"91\" data-end=\"403\">Marc Jasiel comparte el testimonio de un proceso vital que comenz\u00f3 con un diagn\u00f3stico m\u00e9dico inesperado: un linfoma agresivo en el sistema linf\u00e1tico. Pero lo que para muchos habr\u00eda sido una batalla marcada por el miedo y la desesperaci\u00f3n, para \u00e9l se convierte en el inicio de un viaje de transformaci\u00f3n interior.<\/p>\n<p data-start=\"405\" data-end=\"716\">Marc narra su experiencia atravesando la enfermedad desde una perspectiva hol\u00edstica que integra ciencia, espiritualidad y autoconocimiento. Mientras transita tratamientos m\u00e9dicos como la quimioterapia, explora tambi\u00e9n los territorios de la conciencia, las emociones, la energ\u00eda y el sentido profundo de la vida.<\/p>\n<p data-start=\"718\" data-end=\"986\">Entrelaza memorias personales, reflexiones filos\u00f3ficas y herramientas pr\u00e1cticas de sanaci\u00f3n que nos invitan a cuestionar la visi\u00f3n tradicional de la enfermedad y a reconectar con la esencia, con la naturaleza y con el amor que habita en el interior de cada ser humano.<\/p>\n<p data-start=\"988\" data-end=\"1208\" data-is-last-node=\"\" data-is-only-node=\"\"><em data-start=\"988\" data-end=\"1026\">Viaje arco\u00edris al coraz\u00f3n del c\u00e1ncer<\/em> propone mirar el sufrimiento desde otra perspectiva y descubrir que, incluso en los momentos m\u00e1s dif\u00edciles, puede abrirse un camino hacia la sanaci\u00f3n del cuerpo, la mente y el alma.<\/p>\n","protected":false},"excerpt":{"rendered":"<p><strong>ISBN: 9791370545345<\/strong><\/p>\n<p><strong>SINOPSIS<\/strong><\/p>\n<p data-start=\"0\" data-end=\"89\">\u00bfQu\u00e9 ocurre cuando el c\u00e1ncer deja de verse como un enemigo y se transforma en un maestro?<\/p>\n<p data-start=\"91\" data-end=\"403\">Marc Jasiel comparte el testimonio de un proceso vital que comenz\u00f3 con un diagn\u00f3stico m\u00e9dico inesperado: un linfoma agresivo en el sistema linf\u00e1tico. Pero lo que para muchos habr\u00eda sido una batalla marcada por el miedo y la desesperaci\u00f3n, para \u00e9l se convierte en el inicio de un viaje de transformaci\u00f3n interior.<\/p>\n<p data-start=\"405\" data-end=\"716\">Marc narra su experiencia atravesando la enfermedad desde una perspectiva hol\u00edstica que integra ciencia, espiritualidad y autoconocimiento. Mientras transita tratamientos m\u00e9dicos como la quimioterapia, explora tambi\u00e9n los territorios de la conciencia, las emociones, la energ\u00eda y el sentido profundo de la vida.<\/p>\n<p data-start=\"718\" data-end=\"986\">Entrelaza memorias personales, reflexiones filos\u00f3ficas y herramientas pr\u00e1cticas de sanaci\u00f3n que nos invitan a cuestionar la visi\u00f3n tradicional de la enfermedad y a reconectar con la esencia, con la naturaleza y con el amor que habita en el interior de cada ser humano.<\/p>\n<p data-start=\"988\" data-end=\"1208\" data-is-last-node=\"\" data-is-only-node=\"\"><em data-start=\"988\" data-end=\"1026\">Viaje arco\u00edris al coraz\u00f3n del c\u00e1ncer<\/em> propone mirar el sufrimiento desde otra perspectiva y descubrir que, incluso en los momentos m\u00e1s dif\u00edciles, puede abrirse un camino hacia la sanaci\u00f3n del cuerpo, la mente y el alma.<\/p>\n","protected":false},"featured_media":112710,"comment_status":"open","ping_status":"closed","template":"","meta":{"_acf_changed":false},"libro":[],"product_brand":[],"product_cat":[30],"product_tag":[],"class_list":{"0":"post-112618","1":"product","2":"type-product","3":"status-publish","4":"has-post-thumbnail","6":"product_cat-desarrollo-personal-y-autoconocimiento","8":"first","9":"instock","10":"shipping-taxable","11":"product-type-simple"},"acf":{"autor":[112707],"enlace_de_compra":""},"yoast_head":"<!-- This site is optimized with the Yoast SEO plugin v27.4 - https:\/\/yoast.com\/product\/yoast-seo-wordpress\/ -->\n<title>Viaje arco\u00edris al coraz\u00f3n del c\u00e1ncer - Catalogo | Letrame Grupo Editorial<\/title>\n<meta name=\"robots\" content=\"index, follow, max-snippet:-1, max-image-preview:large, max-video-preview:-1\" \/>\n<link rel=\"canonical\" href=\"https:\/\/letrame.com\/catalogo\/producto\/viaje-arcoiris-al-corazon-del-cancer\/\" \/>\n<meta property=\"og:locale\" content=\"es_ES\" \/>\n<meta property=\"og:type\" content=\"article\" \/>\n<meta property=\"og:title\" content=\"Viaje arco\u00edris al coraz\u00f3n del c\u00e1ncer - Catalogo | Letrame Grupo Editorial\" \/>\n<meta property=\"og:description\" content=\"ISBN: 9791370545345  SINOPSIS \u00bfQu\u00e9 ocurre cuando el c\u00e1ncer deja de verse como un enemigo y se transforma en un maestro? Marc Jasiel comparte el testimonio de un proceso vital que comenz\u00f3 con un diagn\u00f3stico m\u00e9dico inesperado: un linfoma agresivo en el sistema linf\u00e1tico. Pero lo que para muchos habr\u00eda sido una batalla marcada por el miedo y la desesperaci\u00f3n, para \u00e9l se convierte en el inicio de un viaje de transformaci\u00f3n interior. Marc narra su experiencia atravesando la enfermedad desde una perspectiva hol\u00edstica que integra ciencia, espiritualidad y autoconocimiento. Mientras transita tratamientos m\u00e9dicos como la quimioterapia, explora tambi\u00e9n los territorios de la conciencia, las emociones, la energ\u00eda y el sentido profundo de la vida. Entrelaza memorias personales, reflexiones filos\u00f3ficas y herramientas pr\u00e1cticas de sanaci\u00f3n que nos invitan a cuestionar la visi\u00f3n tradicional de la enfermedad y a reconectar con la esencia, con la naturaleza y con el amor que habita en el interior de cada ser humano. Viaje arco\u00edris al coraz\u00f3n del c\u00e1ncer propone mirar el sufrimiento desde otra perspectiva y descubrir que, incluso en los momentos m\u00e1s dif\u00edciles, puede abrirse un camino hacia la sanaci\u00f3n del cuerpo, la mente y el alma.\" \/>\n<meta property=\"og:url\" content=\"https:\/\/letrame.com\/catalogo\/producto\/viaje-arcoiris-al-corazon-del-cancer\/\" \/>\n<meta property=\"og:site_name\" content=\"Catalogo | Letrame Grupo Editorial\" \/>\n<meta property=\"article:modified_time\" content=\"2026-05-13T07:08:22+00:00\" \/>\n<meta property=\"og:image\" content=\"https:\/\/letrame.com\/catalogo\/wp-content\/uploads\/2026\/05\/Captura-de-pantalla-2026-05-13-090703.jpg\" \/>\n\t<meta property=\"og:image:width\" content=\"771\" \/>\n\t<meta property=\"og:image:height\" content=\"1172\" \/>\n\t<meta property=\"og:image:type\" content=\"image\/jpeg\" \/>\n<meta name=\"twitter:card\" content=\"summary_large_image\" \/>\n<meta name=\"twitter:label1\" content=\"Tiempo de lectura\" \/>\n\t<meta name=\"twitter:data1\" content=\"2 minutos\" \/>\n<script type=\"application\/ld+json\" class=\"yoast-schema-graph\">{\"@context\":\"https:\\\/\\\/schema.org\",\"@graph\":[{\"@type\":\"WebPage\",\"@id\":\"https:\\\/\\\/letrame.com\\\/catalogo\\\/producto\\\/viaje-arcoiris-al-corazon-del-cancer\\\/\",\"url\":\"https:\\\/\\\/letrame.com\\\/catalogo\\\/producto\\\/viaje-arcoiris-al-corazon-del-cancer\\\/\",\"name\":\"Viaje arco\u00edris al coraz\u00f3n del c\u00e1ncer - Catalogo | Letrame Grupo Editorial\",\"isPartOf\":{\"@id\":\"https:\\\/\\\/letrame.com\\\/catalogo\\\/#website\"},\"primaryImageOfPage\":{\"@id\":\"https:\\\/\\\/letrame.com\\\/catalogo\\\/producto\\\/viaje-arcoiris-al-corazon-del-cancer\\\/#primaryimage\"},\"image\":{\"@id\":\"https:\\\/\\\/letrame.com\\\/catalogo\\\/producto\\\/viaje-arcoiris-al-corazon-del-cancer\\\/#primaryimage\"},\"thumbnailUrl\":\"https:\\\/\\\/letrame.com\\\/catalogo\\\/wp-content\\\/uploads\\\/2026\\\/05\\\/Captura-de-pantalla-2026-05-13-090703.jpg\",\"datePublished\":\"2026-05-13T07:08:21+00:00\",\"dateModified\":\"2026-05-13T07:08:22+00:00\",\"breadcrumb\":{\"@id\":\"https:\\\/\\\/letrame.com\\\/catalogo\\\/producto\\\/viaje-arcoiris-al-corazon-del-cancer\\\/#breadcrumb\"},\"inLanguage\":\"es\",\"potentialAction\":[{\"@type\":\"ReadAction\",\"target\":[\"https:\\\/\\\/letrame.com\\\/catalogo\\\/producto\\\/viaje-arcoiris-al-corazon-del-cancer\\\/\"]}]},{\"@type\":\"ImageObject\",\"inLanguage\":\"es\",\"@id\":\"https:\\\/\\\/letrame.com\\\/catalogo\\\/producto\\\/viaje-arcoiris-al-corazon-del-cancer\\\/#primaryimage\",\"url\":\"https:\\\/\\\/letrame.com\\\/catalogo\\\/wp-content\\\/uploads\\\/2026\\\/05\\\/Captura-de-pantalla-2026-05-13-090703.jpg\",\"contentUrl\":\"https:\\\/\\\/letrame.com\\\/catalogo\\\/wp-content\\\/uploads\\\/2026\\\/05\\\/Captura-de-pantalla-2026-05-13-090703.jpg\",\"width\":771,\"height\":1172},{\"@type\":\"BreadcrumbList\",\"@id\":\"https:\\\/\\\/letrame.com\\\/catalogo\\\/producto\\\/viaje-arcoiris-al-corazon-del-cancer\\\/#breadcrumb\",\"itemListElement\":[{\"@type\":\"ListItem\",\"position\":1,\"name\":\"Portada\",\"item\":\"https:\\\/\\\/letrame.com\\\/catalogo\\\/\"},{\"@type\":\"ListItem\",\"position\":2,\"name\":\"Cat\u00e1logo\",\"item\":\"https:\\\/\\\/letrame.com\\\/catalogo\\\/\"},{\"@type\":\"ListItem\",\"position\":3,\"name\":\"Viaje arco\u00edris al coraz\u00f3n del c\u00e1ncer\"}]},{\"@type\":\"WebSite\",\"@id\":\"https:\\\/\\\/letrame.com\\\/catalogo\\\/#website\",\"url\":\"https:\\\/\\\/letrame.com\\\/catalogo\\\/\",\"name\":\"Catalogo | Letrame Grupo Editorial\",\"description\":\"\",\"publisher\":{\"@id\":\"https:\\\/\\\/letrame.com\\\/catalogo\\\/#organization\"},\"potentialAction\":[{\"@type\":\"SearchAction\",\"target\":{\"@type\":\"EntryPoint\",\"urlTemplate\":\"https:\\\/\\\/letrame.com\\\/catalogo\\\/?s={search_term_string}\"},\"query-input\":{\"@type\":\"PropertyValueSpecification\",\"valueRequired\":true,\"valueName\":\"search_term_string\"}}],\"inLanguage\":\"es\"},{\"@type\":\"Organization\",\"@id\":\"https:\\\/\\\/letrame.com\\\/catalogo\\\/#organization\",\"name\":\"Catalogo | Letrame Grupo Editorial\",\"url\":\"https:\\\/\\\/letrame.com\\\/catalogo\\\/\",\"logo\":{\"@type\":\"ImageObject\",\"inLanguage\":\"es\",\"@id\":\"https:\\\/\\\/letrame.com\\\/catalogo\\\/#\\\/schema\\\/logo\\\/image\\\/\",\"url\":\"https:\\\/\\\/letrame.com\\\/catalogo\\\/wp-content\\\/uploads\\\/2024\\\/03\\\/logo2.webp\",\"contentUrl\":\"https:\\\/\\\/letrame.com\\\/catalogo\\\/wp-content\\\/uploads\\\/2024\\\/03\\\/logo2.webp\",\"width\":394,\"height\":128,\"caption\":\"Catalogo | Letrame Grupo Editorial\"},\"image\":{\"@id\":\"https:\\\/\\\/letrame.com\\\/catalogo\\\/#\\\/schema\\\/logo\\\/image\\\/\"}}]}<\/script>\n<!-- \/ Yoast SEO plugin. -->","yoast_head_json":{"title":"Viaje arco\u00edris al coraz\u00f3n del c\u00e1ncer - Catalogo | Letrame Grupo Editorial","robots":{"index":"index","follow":"follow","max-snippet":"max-snippet:-1","max-image-preview":"max-image-preview:large","max-video-preview":"max-video-preview:-1"},"canonical":"https:\/\/letrame.com\/catalogo\/producto\/viaje-arcoiris-al-corazon-del-cancer\/","og_locale":"es_ES","og_type":"article","og_title":"Viaje arco\u00edris al coraz\u00f3n del c\u00e1ncer - Catalogo | Letrame Grupo Editorial","og_description":"ISBN: 9791370545345  SINOPSIS \u00bfQu\u00e9 ocurre cuando el c\u00e1ncer deja de verse como un enemigo y se transforma en un maestro? Marc Jasiel comparte el testimonio de un proceso vital que comenz\u00f3 con un diagn\u00f3stico m\u00e9dico inesperado: un linfoma agresivo en el sistema linf\u00e1tico. Pero lo que para muchos habr\u00eda sido una batalla marcada por el miedo y la desesperaci\u00f3n, para \u00e9l se convierte en el inicio de un viaje de transformaci\u00f3n interior. Marc narra su experiencia atravesando la enfermedad desde una perspectiva hol\u00edstica que integra ciencia, espiritualidad y autoconocimiento. Mientras transita tratamientos m\u00e9dicos como la quimioterapia, explora tambi\u00e9n los territorios de la conciencia, las emociones, la energ\u00eda y el sentido profundo de la vida. Entrelaza memorias personales, reflexiones filos\u00f3ficas y herramientas pr\u00e1cticas de sanaci\u00f3n que nos invitan a cuestionar la visi\u00f3n tradicional de la enfermedad y a reconectar con la esencia, con la naturaleza y con el amor que habita en el interior de cada ser humano. Viaje arco\u00edris al coraz\u00f3n del c\u00e1ncer propone mirar el sufrimiento desde otra perspectiva y descubrir que, incluso en los momentos m\u00e1s dif\u00edciles, puede abrirse un camino hacia la sanaci\u00f3n del cuerpo, la mente y el alma.","og_url":"https:\/\/letrame.com\/catalogo\/producto\/viaje-arcoiris-al-corazon-del-cancer\/","og_site_name":"Catalogo | Letrame Grupo Editorial","article_modified_time":"2026-05-13T07:08:22+00:00","og_image":[{"width":771,"height":1172,"url":"https:\/\/letrame.com\/catalogo\/wp-content\/uploads\/2026\/05\/Captura-de-pantalla-2026-05-13-090703.jpg","type":"image\/jpeg"}],"twitter_card":"summary_large_image","twitter_misc":{"Tiempo de lectura":"2 minutos"},"schema":{"@context":"https:\/\/schema.org","@graph":[{"@type":"WebPage","@id":"https:\/\/letrame.com\/catalogo\/producto\/viaje-arcoiris-al-corazon-del-cancer\/","url":"https:\/\/letrame.com\/catalogo\/producto\/viaje-arcoiris-al-corazon-del-cancer\/","name":"Viaje arco\u00edris al coraz\u00f3n del c\u00e1ncer - Catalogo | Letrame Grupo Editorial","isPartOf":{"@id":"https:\/\/letrame.com\/catalogo\/#website"},"primaryImageOfPage":{"@id":"https:\/\/letrame.com\/catalogo\/producto\/viaje-arcoiris-al-corazon-del-cancer\/#primaryimage"},"image":{"@id":"https:\/\/letrame.com\/catalogo\/producto\/viaje-arcoiris-al-corazon-del-cancer\/#primaryimage"},"thumbnailUrl":"https:\/\/letrame.com\/catalogo\/wp-content\/uploads\/2026\/05\/Captura-de-pantalla-2026-05-13-090703.jpg","datePublished":"2026-05-13T07:08:21+00:00","dateModified":"2026-05-13T07:08:22+00:00","breadcrumb":{"@id":"https:\/\/letrame.com\/catalogo\/producto\/viaje-arcoiris-al-corazon-del-cancer\/#breadcrumb"},"inLanguage":"es","potentialAction":[{"@type":"ReadAction","target":["https:\/\/letrame.com\/catalogo\/producto\/viaje-arcoiris-al-corazon-del-cancer\/"]}]},{"@type":"ImageObject","inLanguage":"es","@id":"https:\/\/letrame.com\/catalogo\/producto\/viaje-arcoiris-al-corazon-del-cancer\/#primaryimage","url":"https:\/\/letrame.com\/catalogo\/wp-content\/uploads\/2026\/05\/Captura-de-pantalla-2026-05-13-090703.jpg","contentUrl":"https:\/\/letrame.com\/catalogo\/wp-content\/uploads\/2026\/05\/Captura-de-pantalla-2026-05-13-090703.jpg","width":771,"height":1172},{"@type":"BreadcrumbList","@id":"https:\/\/letrame.com\/catalogo\/producto\/viaje-arcoiris-al-corazon-del-cancer\/#breadcrumb","itemListElement":[{"@type":"ListItem","position":1,"name":"Portada","item":"https:\/\/letrame.com\/catalogo\/"},{"@type":"ListItem","position":2,"name":"Cat\u00e1logo","item":"https:\/\/letrame.com\/catalogo\/"},{"@type":"ListItem","position":3,"name":"Viaje arco\u00edris al coraz\u00f3n del c\u00e1ncer"}]},{"@type":"WebSite","@id":"https:\/\/letrame.com\/catalogo\/#website","url":"https:\/\/letrame.com\/catalogo\/","name":"Catalogo | Letrame Grupo Editorial","description":"","publisher":{"@id":"https:\/\/letrame.com\/catalogo\/#organization"},"potentialAction":[{"@type":"SearchAction","target":{"@type":"EntryPoint","urlTemplate":"https:\/\/letrame.com\/catalogo\/?s={search_term_string}"},"query-input":{"@type":"PropertyValueSpecification","valueRequired":true,"valueName":"search_term_string"}}],"inLanguage":"es"},{"@type":"Organization","@id":"https:\/\/letrame.com\/catalogo\/#organization","name":"Catalogo | Letrame Grupo Editorial","url":"https:\/\/letrame.com\/catalogo\/","logo":{"@type":"ImageObject","inLanguage":"es","@id":"https:\/\/letrame.com\/catalogo\/#\/schema\/logo\/image\/","url":"https:\/\/letrame.com\/catalogo\/wp-content\/uploads\/2024\/03\/logo2.webp","contentUrl":"https:\/\/letrame.com\/catalogo\/wp-content\/uploads\/2024\/03\/logo2.webp","width":394,"height":128,"caption":"Catalogo | Letrame Grupo Editorial"},"image":{"@id":"https:\/\/letrame.com\/catalogo\/#\/schema\/logo\/image\/"}}]}},"_links":{"self":[{"href":"https:\/\/letrame.com\/catalogo\/wp-json\/wp\/v2\/product\/112618","targetHints":{"allow":["GET"]}}],"collection":[{"href":"https:\/\/letrame.com\/catalogo\/wp-json\/wp\/v2\/product"}],"about":[{"href":"https:\/\/letrame.com\/catalogo\/wp-json\/wp\/v2\/types\/product"}],"replies":[{"embeddable":true,"href":"https:\/\/letrame.com\/catalogo\/wp-json\/wp\/v2\/comments?post=112618"}],"acf:post":[{"embeddable":true,"href":"https:\/\/letrame.com\/catalogo\/wp-json\/wp\/v2\/author_book\/112707"}],"wp:featuredmedia":[{"embeddable":true,"href":"https:\/\/letrame.com\/catalogo\/wp-json\/wp\/v2\/media\/112710"}],"wp:attachment":[{"href":"https:\/\/letrame.com\/catalogo\/wp-json\/wp\/v2\/media?parent=112618"}],"wp:term":[{"taxonomy":"libro","embeddable":true,"href":"https:\/\/letrame.com\/catalogo\/wp-json\/wp\/v2\/libro?post=112618"},{"taxonomy":"product_brand","embeddable":true,"href":"https:\/\/letrame.com\/catalogo\/wp-json\/wp\/v2\/product_brand?post=112618"},{"taxonomy":"product_cat","embeddable":true,"href":"https:\/\/letrame.com\/catalogo\/wp-json\/wp\/v2\/product_cat?post=112618"},{"taxonomy":"product_tag","embeddable":true,"href":"https:\/\/letrame.com\/catalogo\/wp-json\/wp\/v2\/product_tag?post=112618"}],"curies":[{"name":"wp","href":"https:\/\/api.w.org\/{rel}","templated":true}]}}