{"id":112536,"date":"2026-05-04T13:29:51","date_gmt":"2026-05-04T11:29:51","guid":{"rendered":"https:\/\/letrame.com\/catalogo\/?post_type=product&#038;p=112536"},"modified":"2026-05-04T13:29:51","modified_gmt":"2026-05-04T11:29:51","slug":"en-busca-de-la-palabra-exacta-que-nunca-llega","status":"publish","type":"product","link":"https:\/\/letrame.com\/catalogo\/producto\/en-busca-de-la-palabra-exacta-que-nunca-llega\/","title":{"rendered":"En busca de la palabra exacta que nunca llega"},"content":{"rendered":"<p><strong>ISBN: 9791370293475<\/strong><br \/>\n<strong>T\u00edtulo: En busca de la palabra exacta que nunca llega<\/strong><br \/>\n<strong>Fecha: 2025<\/strong><br \/>\n<strong>P\u00e1ginas: 324<\/strong><\/p>\n<p><strong>SINOPSIS<\/strong><\/p>\n<p data-start=\"0\" data-end=\"282\">En busca de la palabra exacta que nunca llega re\u00fane poemas escritos a lo largo de los a\u00f1os, nacidos del silencio y de la urgencia de nombrar lo que duele. A trav\u00e9s del dolor, la muerte, la p\u00e9rdida y la memoria, la autora transita una b\u00fasqueda constante de autocomprensi\u00f3n y sentido.<\/p>\n<p data-start=\"284\" data-end=\"505\" data-is-last-node=\"\" data-is-only-node=\"\">Con un lenguaje sencillo, honesto e informal, estos versos no intentan cerrar heridas ni ofrecer respuestas, sino permanecer en ellas y acompa\u00f1ar al lector en los espacios donde las palabras siempre parecen insuficientes.<\/p>\n","protected":false},"excerpt":{"rendered":"<p><strong>ISBN: 9791370293475<\/strong><\/p>\n<p><strong>SINOPSIS<\/strong><\/p>\n<p data-start=\"0\" data-end=\"282\">En busca de la palabra exacta que nunca llega re\u00fane poemas escritos a lo largo de los a\u00f1os, nacidos del silencio y de la urgencia de nombrar lo que duele. A trav\u00e9s del dolor, la muerte, la p\u00e9rdida y la memoria, la autora transita una b\u00fasqueda constante de autocomprensi\u00f3n y sentido.<\/p>\n<p data-start=\"284\" data-end=\"505\" data-is-last-node=\"\" data-is-only-node=\"\">Con un lenguaje sencillo, honesto e informal, estos versos no intentan cerrar heridas ni ofrecer respuestas, sino permanecer en ellas y acompa\u00f1ar al lector en los espacios donde las palabras siempre parecen insuficientes.<\/p>\n","protected":false},"featured_media":112539,"comment_status":"open","ping_status":"closed","template":"","meta":{"_acf_changed":false},"libro":[],"product_brand":[],"product_cat":[20],"product_tag":[],"class_list":{"0":"post-112536","1":"product","2":"type-product","3":"status-publish","4":"has-post-thumbnail","6":"product_cat-poesia","8":"first","9":"instock","10":"shipping-taxable","11":"product-type-simple"},"acf":{"autor":[112537],"enlace_de_compra":""},"yoast_head":"<!-- This site is optimized with the Yoast SEO plugin v27.4 - https:\/\/yoast.com\/product\/yoast-seo-wordpress\/ -->\n<title>En busca de la palabra exacta que nunca llega - Catalogo | Letrame Grupo Editorial<\/title>\n<meta name=\"robots\" content=\"index, follow, max-snippet:-1, max-image-preview:large, max-video-preview:-1\" \/>\n<link rel=\"canonical\" href=\"https:\/\/letrame.com\/catalogo\/producto\/en-busca-de-la-palabra-exacta-que-nunca-llega\/\" \/>\n<meta property=\"og:locale\" content=\"es_ES\" \/>\n<meta property=\"og:type\" content=\"article\" \/>\n<meta property=\"og:title\" content=\"En busca de la palabra exacta que nunca llega - Catalogo | Letrame Grupo Editorial\" \/>\n<meta property=\"og:description\" content=\"ISBN: 9791370293475  SINOPSIS En busca de la palabra exacta que nunca llega re\u00fane poemas escritos a lo largo de los a\u00f1os, nacidos del silencio y de la urgencia de nombrar lo que duele. A trav\u00e9s del dolor, la muerte, la p\u00e9rdida y la memoria, la autora transita una b\u00fasqueda constante de autocomprensi\u00f3n y sentido. Con un lenguaje sencillo, honesto e informal, estos versos no intentan cerrar heridas ni ofrecer respuestas, sino permanecer en ellas y acompa\u00f1ar al lector en los espacios donde las palabras siempre parecen insuficientes.\" \/>\n<meta property=\"og:url\" content=\"https:\/\/letrame.com\/catalogo\/producto\/en-busca-de-la-palabra-exacta-que-nunca-llega\/\" \/>\n<meta property=\"og:site_name\" content=\"Catalogo | Letrame Grupo Editorial\" \/>\n<meta property=\"og:image\" content=\"https:\/\/letrame.com\/catalogo\/wp-content\/uploads\/2026\/05\/enbuscadelapalabra_16mm3.jpg\" \/>\n\t<meta property=\"og:image:width\" content=\"638\" \/>\n\t<meta property=\"og:image:height\" content=\"922\" \/>\n\t<meta property=\"og:image:type\" content=\"image\/jpeg\" \/>\n<meta name=\"twitter:card\" content=\"summary_large_image\" \/>\n<meta name=\"twitter:label1\" content=\"Tiempo de lectura\" \/>\n\t<meta name=\"twitter:data1\" content=\"1 minuto\" \/>\n<script type=\"application\/ld+json\" class=\"yoast-schema-graph\">{\"@context\":\"https:\\\/\\\/schema.org\",\"@graph\":[{\"@type\":\"WebPage\",\"@id\":\"https:\\\/\\\/letrame.com\\\/catalogo\\\/producto\\\/en-busca-de-la-palabra-exacta-que-nunca-llega\\\/\",\"url\":\"https:\\\/\\\/letrame.com\\\/catalogo\\\/producto\\\/en-busca-de-la-palabra-exacta-que-nunca-llega\\\/\",\"name\":\"En busca de la palabra exacta que nunca llega - Catalogo | Letrame Grupo Editorial\",\"isPartOf\":{\"@id\":\"https:\\\/\\\/letrame.com\\\/catalogo\\\/#website\"},\"primaryImageOfPage\":{\"@id\":\"https:\\\/\\\/letrame.com\\\/catalogo\\\/producto\\\/en-busca-de-la-palabra-exacta-que-nunca-llega\\\/#primaryimage\"},\"image\":{\"@id\":\"https:\\\/\\\/letrame.com\\\/catalogo\\\/producto\\\/en-busca-de-la-palabra-exacta-que-nunca-llega\\\/#primaryimage\"},\"thumbnailUrl\":\"https:\\\/\\\/letrame.com\\\/catalogo\\\/wp-content\\\/uploads\\\/2026\\\/05\\\/enbuscadelapalabra_16mm3.jpg\",\"datePublished\":\"2026-05-04T11:29:51+00:00\",\"breadcrumb\":{\"@id\":\"https:\\\/\\\/letrame.com\\\/catalogo\\\/producto\\\/en-busca-de-la-palabra-exacta-que-nunca-llega\\\/#breadcrumb\"},\"inLanguage\":\"es\",\"potentialAction\":[{\"@type\":\"ReadAction\",\"target\":[\"https:\\\/\\\/letrame.com\\\/catalogo\\\/producto\\\/en-busca-de-la-palabra-exacta-que-nunca-llega\\\/\"]}]},{\"@type\":\"ImageObject\",\"inLanguage\":\"es\",\"@id\":\"https:\\\/\\\/letrame.com\\\/catalogo\\\/producto\\\/en-busca-de-la-palabra-exacta-que-nunca-llega\\\/#primaryimage\",\"url\":\"https:\\\/\\\/letrame.com\\\/catalogo\\\/wp-content\\\/uploads\\\/2026\\\/05\\\/enbuscadelapalabra_16mm3.jpg\",\"contentUrl\":\"https:\\\/\\\/letrame.com\\\/catalogo\\\/wp-content\\\/uploads\\\/2026\\\/05\\\/enbuscadelapalabra_16mm3.jpg\",\"width\":638,\"height\":922},{\"@type\":\"BreadcrumbList\",\"@id\":\"https:\\\/\\\/letrame.com\\\/catalogo\\\/producto\\\/en-busca-de-la-palabra-exacta-que-nunca-llega\\\/#breadcrumb\",\"itemListElement\":[{\"@type\":\"ListItem\",\"position\":1,\"name\":\"Portada\",\"item\":\"https:\\\/\\\/letrame.com\\\/catalogo\\\/\"},{\"@type\":\"ListItem\",\"position\":2,\"name\":\"Cat\u00e1logo\",\"item\":\"https:\\\/\\\/letrame.com\\\/catalogo\\\/\"},{\"@type\":\"ListItem\",\"position\":3,\"name\":\"En busca de la palabra exacta que nunca llega\"}]},{\"@type\":\"WebSite\",\"@id\":\"https:\\\/\\\/letrame.com\\\/catalogo\\\/#website\",\"url\":\"https:\\\/\\\/letrame.com\\\/catalogo\\\/\",\"name\":\"Catalogo | Letrame Grupo Editorial\",\"description\":\"\",\"publisher\":{\"@id\":\"https:\\\/\\\/letrame.com\\\/catalogo\\\/#organization\"},\"potentialAction\":[{\"@type\":\"SearchAction\",\"target\":{\"@type\":\"EntryPoint\",\"urlTemplate\":\"https:\\\/\\\/letrame.com\\\/catalogo\\\/?s={search_term_string}\"},\"query-input\":{\"@type\":\"PropertyValueSpecification\",\"valueRequired\":true,\"valueName\":\"search_term_string\"}}],\"inLanguage\":\"es\"},{\"@type\":\"Organization\",\"@id\":\"https:\\\/\\\/letrame.com\\\/catalogo\\\/#organization\",\"name\":\"Catalogo | Letrame Grupo Editorial\",\"url\":\"https:\\\/\\\/letrame.com\\\/catalogo\\\/\",\"logo\":{\"@type\":\"ImageObject\",\"inLanguage\":\"es\",\"@id\":\"https:\\\/\\\/letrame.com\\\/catalogo\\\/#\\\/schema\\\/logo\\\/image\\\/\",\"url\":\"https:\\\/\\\/letrame.com\\\/catalogo\\\/wp-content\\\/uploads\\\/2024\\\/03\\\/logo2.webp\",\"contentUrl\":\"https:\\\/\\\/letrame.com\\\/catalogo\\\/wp-content\\\/uploads\\\/2024\\\/03\\\/logo2.webp\",\"width\":394,\"height\":128,\"caption\":\"Catalogo | Letrame Grupo Editorial\"},\"image\":{\"@id\":\"https:\\\/\\\/letrame.com\\\/catalogo\\\/#\\\/schema\\\/logo\\\/image\\\/\"}}]}<\/script>\n<!-- \/ Yoast SEO plugin. -->","yoast_head_json":{"title":"En busca de la palabra exacta que nunca llega - Catalogo | Letrame Grupo Editorial","robots":{"index":"index","follow":"follow","max-snippet":"max-snippet:-1","max-image-preview":"max-image-preview:large","max-video-preview":"max-video-preview:-1"},"canonical":"https:\/\/letrame.com\/catalogo\/producto\/en-busca-de-la-palabra-exacta-que-nunca-llega\/","og_locale":"es_ES","og_type":"article","og_title":"En busca de la palabra exacta que nunca llega - Catalogo | Letrame Grupo Editorial","og_description":"ISBN: 9791370293475  SINOPSIS En busca de la palabra exacta que nunca llega re\u00fane poemas escritos a lo largo de los a\u00f1os, nacidos del silencio y de la urgencia de nombrar lo que duele. A trav\u00e9s del dolor, la muerte, la p\u00e9rdida y la memoria, la autora transita una b\u00fasqueda constante de autocomprensi\u00f3n y sentido. Con un lenguaje sencillo, honesto e informal, estos versos no intentan cerrar heridas ni ofrecer respuestas, sino permanecer en ellas y acompa\u00f1ar al lector en los espacios donde las palabras siempre parecen insuficientes.","og_url":"https:\/\/letrame.com\/catalogo\/producto\/en-busca-de-la-palabra-exacta-que-nunca-llega\/","og_site_name":"Catalogo | Letrame Grupo Editorial","og_image":[{"width":638,"height":922,"url":"https:\/\/letrame.com\/catalogo\/wp-content\/uploads\/2026\/05\/enbuscadelapalabra_16mm3.jpg","type":"image\/jpeg"}],"twitter_card":"summary_large_image","twitter_misc":{"Tiempo de lectura":"1 minuto"},"schema":{"@context":"https:\/\/schema.org","@graph":[{"@type":"WebPage","@id":"https:\/\/letrame.com\/catalogo\/producto\/en-busca-de-la-palabra-exacta-que-nunca-llega\/","url":"https:\/\/letrame.com\/catalogo\/producto\/en-busca-de-la-palabra-exacta-que-nunca-llega\/","name":"En busca de la palabra exacta que nunca llega - Catalogo | Letrame Grupo Editorial","isPartOf":{"@id":"https:\/\/letrame.com\/catalogo\/#website"},"primaryImageOfPage":{"@id":"https:\/\/letrame.com\/catalogo\/producto\/en-busca-de-la-palabra-exacta-que-nunca-llega\/#primaryimage"},"image":{"@id":"https:\/\/letrame.com\/catalogo\/producto\/en-busca-de-la-palabra-exacta-que-nunca-llega\/#primaryimage"},"thumbnailUrl":"https:\/\/letrame.com\/catalogo\/wp-content\/uploads\/2026\/05\/enbuscadelapalabra_16mm3.jpg","datePublished":"2026-05-04T11:29:51+00:00","breadcrumb":{"@id":"https:\/\/letrame.com\/catalogo\/producto\/en-busca-de-la-palabra-exacta-que-nunca-llega\/#breadcrumb"},"inLanguage":"es","potentialAction":[{"@type":"ReadAction","target":["https:\/\/letrame.com\/catalogo\/producto\/en-busca-de-la-palabra-exacta-que-nunca-llega\/"]}]},{"@type":"ImageObject","inLanguage":"es","@id":"https:\/\/letrame.com\/catalogo\/producto\/en-busca-de-la-palabra-exacta-que-nunca-llega\/#primaryimage","url":"https:\/\/letrame.com\/catalogo\/wp-content\/uploads\/2026\/05\/enbuscadelapalabra_16mm3.jpg","contentUrl":"https:\/\/letrame.com\/catalogo\/wp-content\/uploads\/2026\/05\/enbuscadelapalabra_16mm3.jpg","width":638,"height":922},{"@type":"BreadcrumbList","@id":"https:\/\/letrame.com\/catalogo\/producto\/en-busca-de-la-palabra-exacta-que-nunca-llega\/#breadcrumb","itemListElement":[{"@type":"ListItem","position":1,"name":"Portada","item":"https:\/\/letrame.com\/catalogo\/"},{"@type":"ListItem","position":2,"name":"Cat\u00e1logo","item":"https:\/\/letrame.com\/catalogo\/"},{"@type":"ListItem","position":3,"name":"En busca de la palabra exacta que nunca llega"}]},{"@type":"WebSite","@id":"https:\/\/letrame.com\/catalogo\/#website","url":"https:\/\/letrame.com\/catalogo\/","name":"Catalogo | Letrame Grupo Editorial","description":"","publisher":{"@id":"https:\/\/letrame.com\/catalogo\/#organization"},"potentialAction":[{"@type":"SearchAction","target":{"@type":"EntryPoint","urlTemplate":"https:\/\/letrame.com\/catalogo\/?s={search_term_string}"},"query-input":{"@type":"PropertyValueSpecification","valueRequired":true,"valueName":"search_term_string"}}],"inLanguage":"es"},{"@type":"Organization","@id":"https:\/\/letrame.com\/catalogo\/#organization","name":"Catalogo | Letrame Grupo Editorial","url":"https:\/\/letrame.com\/catalogo\/","logo":{"@type":"ImageObject","inLanguage":"es","@id":"https:\/\/letrame.com\/catalogo\/#\/schema\/logo\/image\/","url":"https:\/\/letrame.com\/catalogo\/wp-content\/uploads\/2024\/03\/logo2.webp","contentUrl":"https:\/\/letrame.com\/catalogo\/wp-content\/uploads\/2024\/03\/logo2.webp","width":394,"height":128,"caption":"Catalogo | Letrame Grupo Editorial"},"image":{"@id":"https:\/\/letrame.com\/catalogo\/#\/schema\/logo\/image\/"}}]}},"_links":{"self":[{"href":"https:\/\/letrame.com\/catalogo\/wp-json\/wp\/v2\/product\/112536","targetHints":{"allow":["GET"]}}],"collection":[{"href":"https:\/\/letrame.com\/catalogo\/wp-json\/wp\/v2\/product"}],"about":[{"href":"https:\/\/letrame.com\/catalogo\/wp-json\/wp\/v2\/types\/product"}],"replies":[{"embeddable":true,"href":"https:\/\/letrame.com\/catalogo\/wp-json\/wp\/v2\/comments?post=112536"}],"acf:post":[{"embeddable":true,"href":"https:\/\/letrame.com\/catalogo\/wp-json\/wp\/v2\/author_book\/112537"}],"wp:featuredmedia":[{"embeddable":true,"href":"https:\/\/letrame.com\/catalogo\/wp-json\/wp\/v2\/media\/112539"}],"wp:attachment":[{"href":"https:\/\/letrame.com\/catalogo\/wp-json\/wp\/v2\/media?parent=112536"}],"wp:term":[{"taxonomy":"libro","embeddable":true,"href":"https:\/\/letrame.com\/catalogo\/wp-json\/wp\/v2\/libro?post=112536"},{"taxonomy":"product_brand","embeddable":true,"href":"https:\/\/letrame.com\/catalogo\/wp-json\/wp\/v2\/product_brand?post=112536"},{"taxonomy":"product_cat","embeddable":true,"href":"https:\/\/letrame.com\/catalogo\/wp-json\/wp\/v2\/product_cat?post=112536"},{"taxonomy":"product_tag","embeddable":true,"href":"https:\/\/letrame.com\/catalogo\/wp-json\/wp\/v2\/product_tag?post=112536"}],"curies":[{"name":"wp","href":"https:\/\/api.w.org\/{rel}","templated":true}]}}