{"id":112487,"date":"2026-04-29T13:22:31","date_gmt":"2026-04-29T11:22:31","guid":{"rendered":"https:\/\/letrame.com\/catalogo\/?post_type=product&#038;p=112487"},"modified":"2026-04-29T13:22:31","modified_gmt":"2026-04-29T11:22:31","slug":"corriendo-mas-alla-de-las-sombras","status":"publish","type":"product","link":"https:\/\/letrame.com\/catalogo\/producto\/corriendo-mas-alla-de-las-sombras\/","title":{"rendered":"Corriendo m\u00e1s all\u00e1 de las sombras"},"content":{"rendered":"<p><strong>ISBN: 9791370298609<\/strong><br \/>\n<strong>T\u00edtulo: Corriendo m\u00e1s all\u00e1 de las sombras<\/strong><br \/>\n<strong>Fecha: 2026<\/strong><br \/>\n<strong>P\u00e1ginas: 526<\/strong><\/p>\n<p><strong>SINOPSIS<\/strong><\/p>\n<p data-start=\"0\" data-end=\"179\">El mundo ya no es lo que fue. La magia ha regresado, las naciones se han fragmentado y, en las sombras, corporaciones, dragones y poderes antiguos mueven los hilos de la historia.<\/p>\n<p data-start=\"181\" data-end=\"646\">Patrick crece en ese nuevo orden sin comprender del todo las reglas que lo gobiernan. De orfanatos olvidados a ciudades dominadas por el crimen, de maestros improbables a enemigos que nunca dan la cara, su vida se convierte en una sucesi\u00f3n de pruebas donde sobrevivir es el primer aprendizaje. En un entorno donde la tecnolog\u00eda convive con lo arcano y la lealtad es un lujo peligroso, cada paso lo acerca a verdades que nadie est\u00e1 dispuesto a explicar por completo.<\/p>\n<p data-start=\"648\" data-end=\"902\">Mientras fuerzas invisibles chocan m\u00e1s all\u00e1 de la mirada com\u00fan y viejos conflictos comienzan a despertar, Patrick se ve arrastrado a un juego mucho m\u00e1s grande que \u00e9l. No por elecci\u00f3n, sino porque el mundo en el que vive no deja espacio para la inocencia.<\/p>\n<p data-start=\"904\" data-end=\"1125\" data-is-last-node=\"\" data-is-only-node=\"\"><em data-start=\"904\" data-end=\"925\">El chico y la lanza<\/em> inaugura el universo de <em data-start=\"950\" data-end=\"985\">Corriendo m\u00e1s all\u00e1 de las sombras<\/em>, una saga donde nada ocurre por azar y donde el verdadero poder no siempre se revela de inmediato\u2026 pero deja huellas imposibles de ignorar.<\/p>\n","protected":false},"excerpt":{"rendered":"<p><strong>ISBN: 9791370298609<\/strong><\/p>\n<p><strong>SINOPSIS<\/strong><\/p>\n<p data-start=\"0\" data-end=\"179\">El mundo ya no es lo que fue. La magia ha regresado, las naciones se han fragmentado y, en las sombras, corporaciones, dragones y poderes antiguos mueven los hilos de la historia.<\/p>\n<p data-start=\"181\" data-end=\"646\">Patrick crece en ese nuevo orden sin comprender del todo las reglas que lo gobiernan. De orfanatos olvidados a ciudades dominadas por el crimen, de maestros improbables a enemigos que nunca dan la cara, su vida se convierte en una sucesi\u00f3n de pruebas donde sobrevivir es el primer aprendizaje. En un entorno donde la tecnolog\u00eda convive con lo arcano y la lealtad es un lujo peligroso, cada paso lo acerca a verdades que nadie est\u00e1 dispuesto a explicar por completo.<\/p>\n<p data-start=\"648\" data-end=\"902\">Mientras fuerzas invisibles chocan m\u00e1s all\u00e1 de la mirada com\u00fan y viejos conflictos comienzan a despertar, Patrick se ve arrastrado a un juego mucho m\u00e1s grande que \u00e9l. No por elecci\u00f3n, sino porque el mundo en el que vive no deja espacio para la inocencia.<\/p>\n<p data-start=\"904\" data-end=\"1125\" data-is-last-node=\"\" data-is-only-node=\"\"><em data-start=\"904\" data-end=\"925\">El chico y la lanza<\/em> inaugura el universo de <em data-start=\"950\" data-end=\"985\">Corriendo m\u00e1s all\u00e1 de las sombras<\/em>, una saga donde nada ocurre por azar y donde el verdadero poder no siempre se revela de inmediato\u2026 pero deja huellas imposibles de ignorar.<\/p>\n","protected":false},"featured_media":112490,"comment_status":"open","ping_status":"closed","template":"","meta":{"_acf_changed":false},"libro":[],"product_brand":[],"product_cat":[152],"product_tag":[],"class_list":{"0":"post-112487","1":"product","2":"type-product","3":"status-publish","4":"has-post-thumbnail","6":"product_cat-ciencia-ficcion","8":"first","9":"instock","10":"shipping-taxable","11":"product-type-simple"},"acf":{"autor":[112488],"enlace_de_compra":""},"yoast_head":"<!-- This site is optimized with the Yoast SEO plugin v27.4 - https:\/\/yoast.com\/product\/yoast-seo-wordpress\/ -->\n<title>Corriendo m\u00e1s all\u00e1 de las sombras - Catalogo | Letrame Grupo Editorial<\/title>\n<meta name=\"robots\" content=\"index, follow, max-snippet:-1, max-image-preview:large, max-video-preview:-1\" \/>\n<link rel=\"canonical\" href=\"https:\/\/letrame.com\/catalogo\/producto\/corriendo-mas-alla-de-las-sombras\/\" \/>\n<meta property=\"og:locale\" content=\"es_ES\" \/>\n<meta property=\"og:type\" content=\"article\" \/>\n<meta property=\"og:title\" content=\"Corriendo m\u00e1s all\u00e1 de las sombras - Catalogo | Letrame Grupo Editorial\" \/>\n<meta property=\"og:description\" content=\"ISBN: 9791370298609  SINOPSIS El mundo ya no es lo que fue. La magia ha regresado, las naciones se han fragmentado y, en las sombras, corporaciones, dragones y poderes antiguos mueven los hilos de la historia. Patrick crece en ese nuevo orden sin comprender del todo las reglas que lo gobiernan. De orfanatos olvidados a ciudades dominadas por el crimen, de maestros improbables a enemigos que nunca dan la cara, su vida se convierte en una sucesi\u00f3n de pruebas donde sobrevivir es el primer aprendizaje. En un entorno donde la tecnolog\u00eda convive con lo arcano y la lealtad es un lujo peligroso, cada paso lo acerca a verdades que nadie est\u00e1 dispuesto a explicar por completo. Mientras fuerzas invisibles chocan m\u00e1s all\u00e1 de la mirada com\u00fan y viejos conflictos comienzan a despertar, Patrick se ve arrastrado a un juego mucho m\u00e1s grande que \u00e9l. No por elecci\u00f3n, sino porque el mundo en el que vive no deja espacio para la inocencia. El chico y la lanza inaugura el universo de Corriendo m\u00e1s all\u00e1 de las sombras, una saga donde nada ocurre por azar y donde el verdadero poder no siempre se revela de inmediato\u2026 pero deja huellas imposibles de ignorar.\" \/>\n<meta property=\"og:url\" content=\"https:\/\/letrame.com\/catalogo\/producto\/corriendo-mas-alla-de-las-sombras\/\" \/>\n<meta property=\"og:site_name\" content=\"Catalogo | Letrame Grupo Editorial\" \/>\n<meta property=\"og:image\" content=\"https:\/\/letrame.com\/catalogo\/wp-content\/uploads\/2026\/04\/corriendomasalla_2581mm4.jpg\" \/>\n\t<meta property=\"og:image:width\" content=\"620\" \/>\n\t<meta property=\"og:image:height\" content=\"909\" \/>\n\t<meta property=\"og:image:type\" content=\"image\/jpeg\" \/>\n<meta name=\"twitter:card\" content=\"summary_large_image\" \/>\n<meta name=\"twitter:label1\" content=\"Tiempo de lectura\" \/>\n\t<meta name=\"twitter:data1\" content=\"2 minutos\" \/>\n<script type=\"application\/ld+json\" class=\"yoast-schema-graph\">{\"@context\":\"https:\\\/\\\/schema.org\",\"@graph\":[{\"@type\":\"WebPage\",\"@id\":\"https:\\\/\\\/letrame.com\\\/catalogo\\\/producto\\\/corriendo-mas-alla-de-las-sombras\\\/\",\"url\":\"https:\\\/\\\/letrame.com\\\/catalogo\\\/producto\\\/corriendo-mas-alla-de-las-sombras\\\/\",\"name\":\"Corriendo m\u00e1s all\u00e1 de las sombras - Catalogo | Letrame Grupo Editorial\",\"isPartOf\":{\"@id\":\"https:\\\/\\\/letrame.com\\\/catalogo\\\/#website\"},\"primaryImageOfPage\":{\"@id\":\"https:\\\/\\\/letrame.com\\\/catalogo\\\/producto\\\/corriendo-mas-alla-de-las-sombras\\\/#primaryimage\"},\"image\":{\"@id\":\"https:\\\/\\\/letrame.com\\\/catalogo\\\/producto\\\/corriendo-mas-alla-de-las-sombras\\\/#primaryimage\"},\"thumbnailUrl\":\"https:\\\/\\\/letrame.com\\\/catalogo\\\/wp-content\\\/uploads\\\/2026\\\/04\\\/corriendomasalla_2581mm4.jpg\",\"datePublished\":\"2026-04-29T11:22:31+00:00\",\"breadcrumb\":{\"@id\":\"https:\\\/\\\/letrame.com\\\/catalogo\\\/producto\\\/corriendo-mas-alla-de-las-sombras\\\/#breadcrumb\"},\"inLanguage\":\"es\",\"potentialAction\":[{\"@type\":\"ReadAction\",\"target\":[\"https:\\\/\\\/letrame.com\\\/catalogo\\\/producto\\\/corriendo-mas-alla-de-las-sombras\\\/\"]}]},{\"@type\":\"ImageObject\",\"inLanguage\":\"es\",\"@id\":\"https:\\\/\\\/letrame.com\\\/catalogo\\\/producto\\\/corriendo-mas-alla-de-las-sombras\\\/#primaryimage\",\"url\":\"https:\\\/\\\/letrame.com\\\/catalogo\\\/wp-content\\\/uploads\\\/2026\\\/04\\\/corriendomasalla_2581mm4.jpg\",\"contentUrl\":\"https:\\\/\\\/letrame.com\\\/catalogo\\\/wp-content\\\/uploads\\\/2026\\\/04\\\/corriendomasalla_2581mm4.jpg\",\"width\":620,\"height\":909},{\"@type\":\"BreadcrumbList\",\"@id\":\"https:\\\/\\\/letrame.com\\\/catalogo\\\/producto\\\/corriendo-mas-alla-de-las-sombras\\\/#breadcrumb\",\"itemListElement\":[{\"@type\":\"ListItem\",\"position\":1,\"name\":\"Portada\",\"item\":\"https:\\\/\\\/letrame.com\\\/catalogo\\\/\"},{\"@type\":\"ListItem\",\"position\":2,\"name\":\"Cat\u00e1logo\",\"item\":\"https:\\\/\\\/letrame.com\\\/catalogo\\\/\"},{\"@type\":\"ListItem\",\"position\":3,\"name\":\"Corriendo m\u00e1s all\u00e1 de las sombras\"}]},{\"@type\":\"WebSite\",\"@id\":\"https:\\\/\\\/letrame.com\\\/catalogo\\\/#website\",\"url\":\"https:\\\/\\\/letrame.com\\\/catalogo\\\/\",\"name\":\"Catalogo | Letrame Grupo Editorial\",\"description\":\"\",\"publisher\":{\"@id\":\"https:\\\/\\\/letrame.com\\\/catalogo\\\/#organization\"},\"potentialAction\":[{\"@type\":\"SearchAction\",\"target\":{\"@type\":\"EntryPoint\",\"urlTemplate\":\"https:\\\/\\\/letrame.com\\\/catalogo\\\/?s={search_term_string}\"},\"query-input\":{\"@type\":\"PropertyValueSpecification\",\"valueRequired\":true,\"valueName\":\"search_term_string\"}}],\"inLanguage\":\"es\"},{\"@type\":\"Organization\",\"@id\":\"https:\\\/\\\/letrame.com\\\/catalogo\\\/#organization\",\"name\":\"Catalogo | Letrame Grupo Editorial\",\"url\":\"https:\\\/\\\/letrame.com\\\/catalogo\\\/\",\"logo\":{\"@type\":\"ImageObject\",\"inLanguage\":\"es\",\"@id\":\"https:\\\/\\\/letrame.com\\\/catalogo\\\/#\\\/schema\\\/logo\\\/image\\\/\",\"url\":\"https:\\\/\\\/letrame.com\\\/catalogo\\\/wp-content\\\/uploads\\\/2024\\\/03\\\/logo2.webp\",\"contentUrl\":\"https:\\\/\\\/letrame.com\\\/catalogo\\\/wp-content\\\/uploads\\\/2024\\\/03\\\/logo2.webp\",\"width\":394,\"height\":128,\"caption\":\"Catalogo | Letrame Grupo Editorial\"},\"image\":{\"@id\":\"https:\\\/\\\/letrame.com\\\/catalogo\\\/#\\\/schema\\\/logo\\\/image\\\/\"}}]}<\/script>\n<!-- \/ Yoast SEO plugin. -->","yoast_head_json":{"title":"Corriendo m\u00e1s all\u00e1 de las sombras - Catalogo | Letrame Grupo Editorial","robots":{"index":"index","follow":"follow","max-snippet":"max-snippet:-1","max-image-preview":"max-image-preview:large","max-video-preview":"max-video-preview:-1"},"canonical":"https:\/\/letrame.com\/catalogo\/producto\/corriendo-mas-alla-de-las-sombras\/","og_locale":"es_ES","og_type":"article","og_title":"Corriendo m\u00e1s all\u00e1 de las sombras - Catalogo | Letrame Grupo Editorial","og_description":"ISBN: 9791370298609  SINOPSIS El mundo ya no es lo que fue. La magia ha regresado, las naciones se han fragmentado y, en las sombras, corporaciones, dragones y poderes antiguos mueven los hilos de la historia. Patrick crece en ese nuevo orden sin comprender del todo las reglas que lo gobiernan. De orfanatos olvidados a ciudades dominadas por el crimen, de maestros improbables a enemigos que nunca dan la cara, su vida se convierte en una sucesi\u00f3n de pruebas donde sobrevivir es el primer aprendizaje. En un entorno donde la tecnolog\u00eda convive con lo arcano y la lealtad es un lujo peligroso, cada paso lo acerca a verdades que nadie est\u00e1 dispuesto a explicar por completo. Mientras fuerzas invisibles chocan m\u00e1s all\u00e1 de la mirada com\u00fan y viejos conflictos comienzan a despertar, Patrick se ve arrastrado a un juego mucho m\u00e1s grande que \u00e9l. No por elecci\u00f3n, sino porque el mundo en el que vive no deja espacio para la inocencia. El chico y la lanza inaugura el universo de Corriendo m\u00e1s all\u00e1 de las sombras, una saga donde nada ocurre por azar y donde el verdadero poder no siempre se revela de inmediato\u2026 pero deja huellas imposibles de ignorar.","og_url":"https:\/\/letrame.com\/catalogo\/producto\/corriendo-mas-alla-de-las-sombras\/","og_site_name":"Catalogo | Letrame Grupo Editorial","og_image":[{"width":620,"height":909,"url":"https:\/\/letrame.com\/catalogo\/wp-content\/uploads\/2026\/04\/corriendomasalla_2581mm4.jpg","type":"image\/jpeg"}],"twitter_card":"summary_large_image","twitter_misc":{"Tiempo de lectura":"2 minutos"},"schema":{"@context":"https:\/\/schema.org","@graph":[{"@type":"WebPage","@id":"https:\/\/letrame.com\/catalogo\/producto\/corriendo-mas-alla-de-las-sombras\/","url":"https:\/\/letrame.com\/catalogo\/producto\/corriendo-mas-alla-de-las-sombras\/","name":"Corriendo m\u00e1s all\u00e1 de las sombras - Catalogo | Letrame Grupo Editorial","isPartOf":{"@id":"https:\/\/letrame.com\/catalogo\/#website"},"primaryImageOfPage":{"@id":"https:\/\/letrame.com\/catalogo\/producto\/corriendo-mas-alla-de-las-sombras\/#primaryimage"},"image":{"@id":"https:\/\/letrame.com\/catalogo\/producto\/corriendo-mas-alla-de-las-sombras\/#primaryimage"},"thumbnailUrl":"https:\/\/letrame.com\/catalogo\/wp-content\/uploads\/2026\/04\/corriendomasalla_2581mm4.jpg","datePublished":"2026-04-29T11:22:31+00:00","breadcrumb":{"@id":"https:\/\/letrame.com\/catalogo\/producto\/corriendo-mas-alla-de-las-sombras\/#breadcrumb"},"inLanguage":"es","potentialAction":[{"@type":"ReadAction","target":["https:\/\/letrame.com\/catalogo\/producto\/corriendo-mas-alla-de-las-sombras\/"]}]},{"@type":"ImageObject","inLanguage":"es","@id":"https:\/\/letrame.com\/catalogo\/producto\/corriendo-mas-alla-de-las-sombras\/#primaryimage","url":"https:\/\/letrame.com\/catalogo\/wp-content\/uploads\/2026\/04\/corriendomasalla_2581mm4.jpg","contentUrl":"https:\/\/letrame.com\/catalogo\/wp-content\/uploads\/2026\/04\/corriendomasalla_2581mm4.jpg","width":620,"height":909},{"@type":"BreadcrumbList","@id":"https:\/\/letrame.com\/catalogo\/producto\/corriendo-mas-alla-de-las-sombras\/#breadcrumb","itemListElement":[{"@type":"ListItem","position":1,"name":"Portada","item":"https:\/\/letrame.com\/catalogo\/"},{"@type":"ListItem","position":2,"name":"Cat\u00e1logo","item":"https:\/\/letrame.com\/catalogo\/"},{"@type":"ListItem","position":3,"name":"Corriendo m\u00e1s all\u00e1 de las sombras"}]},{"@type":"WebSite","@id":"https:\/\/letrame.com\/catalogo\/#website","url":"https:\/\/letrame.com\/catalogo\/","name":"Catalogo | Letrame Grupo Editorial","description":"","publisher":{"@id":"https:\/\/letrame.com\/catalogo\/#organization"},"potentialAction":[{"@type":"SearchAction","target":{"@type":"EntryPoint","urlTemplate":"https:\/\/letrame.com\/catalogo\/?s={search_term_string}"},"query-input":{"@type":"PropertyValueSpecification","valueRequired":true,"valueName":"search_term_string"}}],"inLanguage":"es"},{"@type":"Organization","@id":"https:\/\/letrame.com\/catalogo\/#organization","name":"Catalogo | Letrame Grupo Editorial","url":"https:\/\/letrame.com\/catalogo\/","logo":{"@type":"ImageObject","inLanguage":"es","@id":"https:\/\/letrame.com\/catalogo\/#\/schema\/logo\/image\/","url":"https:\/\/letrame.com\/catalogo\/wp-content\/uploads\/2024\/03\/logo2.webp","contentUrl":"https:\/\/letrame.com\/catalogo\/wp-content\/uploads\/2024\/03\/logo2.webp","width":394,"height":128,"caption":"Catalogo | Letrame Grupo Editorial"},"image":{"@id":"https:\/\/letrame.com\/catalogo\/#\/schema\/logo\/image\/"}}]}},"_links":{"self":[{"href":"https:\/\/letrame.com\/catalogo\/wp-json\/wp\/v2\/product\/112487","targetHints":{"allow":["GET"]}}],"collection":[{"href":"https:\/\/letrame.com\/catalogo\/wp-json\/wp\/v2\/product"}],"about":[{"href":"https:\/\/letrame.com\/catalogo\/wp-json\/wp\/v2\/types\/product"}],"replies":[{"embeddable":true,"href":"https:\/\/letrame.com\/catalogo\/wp-json\/wp\/v2\/comments?post=112487"}],"acf:post":[{"embeddable":true,"href":"https:\/\/letrame.com\/catalogo\/wp-json\/wp\/v2\/author_book\/112488"}],"wp:featuredmedia":[{"embeddable":true,"href":"https:\/\/letrame.com\/catalogo\/wp-json\/wp\/v2\/media\/112490"}],"wp:attachment":[{"href":"https:\/\/letrame.com\/catalogo\/wp-json\/wp\/v2\/media?parent=112487"}],"wp:term":[{"taxonomy":"libro","embeddable":true,"href":"https:\/\/letrame.com\/catalogo\/wp-json\/wp\/v2\/libro?post=112487"},{"taxonomy":"product_brand","embeddable":true,"href":"https:\/\/letrame.com\/catalogo\/wp-json\/wp\/v2\/product_brand?post=112487"},{"taxonomy":"product_cat","embeddable":true,"href":"https:\/\/letrame.com\/catalogo\/wp-json\/wp\/v2\/product_cat?post=112487"},{"taxonomy":"product_tag","embeddable":true,"href":"https:\/\/letrame.com\/catalogo\/wp-json\/wp\/v2\/product_tag?post=112487"}],"curies":[{"name":"wp","href":"https:\/\/api.w.org\/{rel}","templated":true}]}}