{"id":112463,"date":"2026-04-28T12:29:03","date_gmt":"2026-04-28T10:29:03","guid":{"rendered":"https:\/\/letrame.com\/catalogo\/?post_type=product&#038;p=112463"},"modified":"2026-04-28T12:29:04","modified_gmt":"2026-04-28T10:29:04","slug":"visca-la-bosca","status":"publish","type":"product","link":"https:\/\/letrame.com\/catalogo\/producto\/visca-la-bosca\/","title":{"rendered":"\u00a1\u00a1Visca la Bosca!!"},"content":{"rendered":"<p class=\"p1\"><b>ISBN: 9791370293673<\/b><b><\/b><\/p>\n<p class=\"p1\"><b>T\u00edtulo: <strong>\u00a1\u00a1Visca la Bosca!!<\/strong><\/b><br \/>\n<b>Fecha: 2025<\/b><br \/>\n<b>P\u00e1ginas: 110<\/b><b><\/b><\/p>\n<p class=\"p1\"><b>SINOPSIS<\/b><\/p>\n<p data-start=\"0\" data-end=\"143\">Nadie gustar\u00e1, pero todos estar\u00e1n de acuerdo con este libro; incluso aquellos \u00abburrianeros\u00bb, haberlos haylos, que nunca han pisado este barrio.<\/p>\n<p data-start=\"145\" data-end=\"368\">La Bosca, con todos sus defectos y virtudes, siempre ha estado, est\u00e1 y estar\u00e1 en el coraz\u00f3n de la inmensa mayor\u00eda de los \u00abbosquenses\u00bb, incluso de aquellos que reniegan de haber vivido en el mismo y se burlan de este barrio.<\/p>\n<p data-start=\"370\" data-end=\"393\">\u00a1\u00a1Siempre viva Espa\u00f1a!!<\/p>\n<p data-start=\"395\" data-end=\"550\" data-is-last-node=\"\" data-is-only-node=\"\">No os pregunt\u00e9is lo que la patria puede hacer por vosotros; preguntaros lo que pod\u00e9is hacer vosotros por la naci\u00f3n. \u2014 <span class=\"hover:entity-accent entity-underline inline cursor-pointer align-baseline\"><span class=\"whitespace-normal\">John F. Kennedy<\/span><\/span><\/p>\n","protected":false},"excerpt":{"rendered":"<p class=\"p1\"><b>ISBN: 9791370293673<\/b><b><\/b><\/p>\n<p class=\"p1\"><b>SINOPSIS<\/b><\/p>\n<p data-start=\"0\" data-end=\"143\">Nadie gustar\u00e1, pero todos estar\u00e1n de acuerdo con este libro; incluso aquellos \u00abburrianeros\u00bb, haberlos haylos, que nunca han pisado este barrio.<\/p>\n<p data-start=\"145\" data-end=\"368\">La Bosca, con todos sus defectos y virtudes, siempre ha estado, est\u00e1 y estar\u00e1 en el coraz\u00f3n de la inmensa mayor\u00eda de los \u00abbosquenses\u00bb, incluso de aquellos que reniegan de haber vivido en el mismo y se burlan de este barrio.<\/p>\n<p data-start=\"370\" data-end=\"393\">\u00a1\u00a1Siempre viva Espa\u00f1a!!<\/p>\n<p data-start=\"395\" data-end=\"550\" data-is-last-node=\"\" data-is-only-node=\"\">No os pregunt\u00e9is lo que la patria puede hacer por vosotros; preguntaros lo que pod\u00e9is hacer vosotros por la naci\u00f3n. \u2014 <span class=\"hover:entity-accent entity-underline inline cursor-pointer align-baseline\"><span class=\"whitespace-normal\">John F. Kennedy<\/span><\/span><\/p>\n","protected":false},"featured_media":112466,"comment_status":"open","ping_status":"closed","template":"","meta":{"_acf_changed":false},"libro":[],"product_brand":[],"product_cat":[133],"product_tag":[],"class_list":{"0":"post-112463","1":"product","2":"type-product","3":"status-publish","4":"has-post-thumbnail","6":"product_cat-no-ficcion","8":"first","9":"instock","10":"shipping-taxable","11":"product-type-simple"},"acf":{"autor":[112464],"enlace_de_compra":""},"yoast_head":"<!-- This site is optimized with the Yoast SEO plugin v27.4 - https:\/\/yoast.com\/product\/yoast-seo-wordpress\/ -->\n<title>\u00a1\u00a1Visca la Bosca!! - Catalogo | Letrame Grupo Editorial<\/title>\n<meta name=\"robots\" content=\"index, follow, max-snippet:-1, max-image-preview:large, max-video-preview:-1\" \/>\n<link rel=\"canonical\" href=\"https:\/\/letrame.com\/catalogo\/producto\/visca-la-bosca\/\" \/>\n<meta property=\"og:locale\" content=\"es_ES\" \/>\n<meta property=\"og:type\" content=\"article\" \/>\n<meta property=\"og:title\" content=\"\u00a1\u00a1Visca la Bosca!! - Catalogo | Letrame Grupo Editorial\" \/>\n<meta property=\"og:description\" content=\"ISBN: 9791370293673 SINOPSIS Nadie gustar\u00e1, pero todos estar\u00e1n de acuerdo con este libro; incluso aquellos \u00abburrianeros\u00bb, haberlos haylos, que nunca han pisado este barrio. La Bosca, con todos sus defectos y virtudes, siempre ha estado, est\u00e1 y estar\u00e1 en el coraz\u00f3n de la inmensa mayor\u00eda de los \u00abbosquenses\u00bb, incluso de aquellos que reniegan de haber vivido en el mismo y se burlan de este barrio. \u00a1\u00a1Siempre viva Espa\u00f1a!! No os pregunt\u00e9is lo que la patria puede hacer por vosotros; preguntaros lo que pod\u00e9is hacer vosotros por la naci\u00f3n. \u2014 John F. Kennedy\" \/>\n<meta property=\"og:url\" content=\"https:\/\/letrame.com\/catalogo\/producto\/visca-la-bosca\/\" \/>\n<meta property=\"og:site_name\" content=\"Catalogo | Letrame Grupo Editorial\" \/>\n<meta property=\"article:modified_time\" content=\"2026-04-28T10:29:04+00:00\" \/>\n<meta property=\"og:image\" content=\"https:\/\/letrame.com\/catalogo\/wp-content\/uploads\/2026\/04\/Captura-de-pantalla-2026-04-28-a-las-12.27.49.jpg\" \/>\n\t<meta property=\"og:image:width\" content=\"622\" \/>\n\t<meta property=\"og:image:height\" content=\"926\" \/>\n\t<meta property=\"og:image:type\" content=\"image\/jpeg\" \/>\n<meta name=\"twitter:card\" content=\"summary_large_image\" \/>\n<meta name=\"twitter:label1\" content=\"Tiempo de lectura\" \/>\n\t<meta name=\"twitter:data1\" content=\"1 minuto\" \/>\n<script type=\"application\/ld+json\" class=\"yoast-schema-graph\">{\"@context\":\"https:\\\/\\\/schema.org\",\"@graph\":[{\"@type\":\"WebPage\",\"@id\":\"https:\\\/\\\/letrame.com\\\/catalogo\\\/producto\\\/visca-la-bosca\\\/\",\"url\":\"https:\\\/\\\/letrame.com\\\/catalogo\\\/producto\\\/visca-la-bosca\\\/\",\"name\":\"\u00a1\u00a1Visca la Bosca!! - Catalogo | Letrame Grupo Editorial\",\"isPartOf\":{\"@id\":\"https:\\\/\\\/letrame.com\\\/catalogo\\\/#website\"},\"primaryImageOfPage\":{\"@id\":\"https:\\\/\\\/letrame.com\\\/catalogo\\\/producto\\\/visca-la-bosca\\\/#primaryimage\"},\"image\":{\"@id\":\"https:\\\/\\\/letrame.com\\\/catalogo\\\/producto\\\/visca-la-bosca\\\/#primaryimage\"},\"thumbnailUrl\":\"https:\\\/\\\/letrame.com\\\/catalogo\\\/wp-content\\\/uploads\\\/2026\\\/04\\\/Captura-de-pantalla-2026-04-28-a-las-12.27.49.jpg\",\"datePublished\":\"2026-04-28T10:29:03+00:00\",\"dateModified\":\"2026-04-28T10:29:04+00:00\",\"breadcrumb\":{\"@id\":\"https:\\\/\\\/letrame.com\\\/catalogo\\\/producto\\\/visca-la-bosca\\\/#breadcrumb\"},\"inLanguage\":\"es\",\"potentialAction\":[{\"@type\":\"ReadAction\",\"target\":[\"https:\\\/\\\/letrame.com\\\/catalogo\\\/producto\\\/visca-la-bosca\\\/\"]}]},{\"@type\":\"ImageObject\",\"inLanguage\":\"es\",\"@id\":\"https:\\\/\\\/letrame.com\\\/catalogo\\\/producto\\\/visca-la-bosca\\\/#primaryimage\",\"url\":\"https:\\\/\\\/letrame.com\\\/catalogo\\\/wp-content\\\/uploads\\\/2026\\\/04\\\/Captura-de-pantalla-2026-04-28-a-las-12.27.49.jpg\",\"contentUrl\":\"https:\\\/\\\/letrame.com\\\/catalogo\\\/wp-content\\\/uploads\\\/2026\\\/04\\\/Captura-de-pantalla-2026-04-28-a-las-12.27.49.jpg\",\"width\":622,\"height\":926},{\"@type\":\"BreadcrumbList\",\"@id\":\"https:\\\/\\\/letrame.com\\\/catalogo\\\/producto\\\/visca-la-bosca\\\/#breadcrumb\",\"itemListElement\":[{\"@type\":\"ListItem\",\"position\":1,\"name\":\"Portada\",\"item\":\"https:\\\/\\\/letrame.com\\\/catalogo\\\/\"},{\"@type\":\"ListItem\",\"position\":2,\"name\":\"Cat\u00e1logo\",\"item\":\"https:\\\/\\\/letrame.com\\\/catalogo\\\/\"},{\"@type\":\"ListItem\",\"position\":3,\"name\":\"\u00a1\u00a1Visca la Bosca!!\"}]},{\"@type\":\"WebSite\",\"@id\":\"https:\\\/\\\/letrame.com\\\/catalogo\\\/#website\",\"url\":\"https:\\\/\\\/letrame.com\\\/catalogo\\\/\",\"name\":\"Catalogo | Letrame Grupo Editorial\",\"description\":\"\",\"publisher\":{\"@id\":\"https:\\\/\\\/letrame.com\\\/catalogo\\\/#organization\"},\"potentialAction\":[{\"@type\":\"SearchAction\",\"target\":{\"@type\":\"EntryPoint\",\"urlTemplate\":\"https:\\\/\\\/letrame.com\\\/catalogo\\\/?s={search_term_string}\"},\"query-input\":{\"@type\":\"PropertyValueSpecification\",\"valueRequired\":true,\"valueName\":\"search_term_string\"}}],\"inLanguage\":\"es\"},{\"@type\":\"Organization\",\"@id\":\"https:\\\/\\\/letrame.com\\\/catalogo\\\/#organization\",\"name\":\"Catalogo | Letrame Grupo Editorial\",\"url\":\"https:\\\/\\\/letrame.com\\\/catalogo\\\/\",\"logo\":{\"@type\":\"ImageObject\",\"inLanguage\":\"es\",\"@id\":\"https:\\\/\\\/letrame.com\\\/catalogo\\\/#\\\/schema\\\/logo\\\/image\\\/\",\"url\":\"https:\\\/\\\/letrame.com\\\/catalogo\\\/wp-content\\\/uploads\\\/2024\\\/03\\\/logo2.webp\",\"contentUrl\":\"https:\\\/\\\/letrame.com\\\/catalogo\\\/wp-content\\\/uploads\\\/2024\\\/03\\\/logo2.webp\",\"width\":394,\"height\":128,\"caption\":\"Catalogo | Letrame Grupo Editorial\"},\"image\":{\"@id\":\"https:\\\/\\\/letrame.com\\\/catalogo\\\/#\\\/schema\\\/logo\\\/image\\\/\"}}]}<\/script>\n<!-- \/ Yoast SEO plugin. -->","yoast_head_json":{"title":"\u00a1\u00a1Visca la Bosca!! - Catalogo | Letrame Grupo Editorial","robots":{"index":"index","follow":"follow","max-snippet":"max-snippet:-1","max-image-preview":"max-image-preview:large","max-video-preview":"max-video-preview:-1"},"canonical":"https:\/\/letrame.com\/catalogo\/producto\/visca-la-bosca\/","og_locale":"es_ES","og_type":"article","og_title":"\u00a1\u00a1Visca la Bosca!! - Catalogo | Letrame Grupo Editorial","og_description":"ISBN: 9791370293673 SINOPSIS Nadie gustar\u00e1, pero todos estar\u00e1n de acuerdo con este libro; incluso aquellos \u00abburrianeros\u00bb, haberlos haylos, que nunca han pisado este barrio. La Bosca, con todos sus defectos y virtudes, siempre ha estado, est\u00e1 y estar\u00e1 en el coraz\u00f3n de la inmensa mayor\u00eda de los \u00abbosquenses\u00bb, incluso de aquellos que reniegan de haber vivido en el mismo y se burlan de este barrio. \u00a1\u00a1Siempre viva Espa\u00f1a!! No os pregunt\u00e9is lo que la patria puede hacer por vosotros; preguntaros lo que pod\u00e9is hacer vosotros por la naci\u00f3n. \u2014 John F. Kennedy","og_url":"https:\/\/letrame.com\/catalogo\/producto\/visca-la-bosca\/","og_site_name":"Catalogo | Letrame Grupo Editorial","article_modified_time":"2026-04-28T10:29:04+00:00","og_image":[{"width":622,"height":926,"url":"https:\/\/letrame.com\/catalogo\/wp-content\/uploads\/2026\/04\/Captura-de-pantalla-2026-04-28-a-las-12.27.49.jpg","type":"image\/jpeg"}],"twitter_card":"summary_large_image","twitter_misc":{"Tiempo de lectura":"1 minuto"},"schema":{"@context":"https:\/\/schema.org","@graph":[{"@type":"WebPage","@id":"https:\/\/letrame.com\/catalogo\/producto\/visca-la-bosca\/","url":"https:\/\/letrame.com\/catalogo\/producto\/visca-la-bosca\/","name":"\u00a1\u00a1Visca la Bosca!! - Catalogo | Letrame Grupo Editorial","isPartOf":{"@id":"https:\/\/letrame.com\/catalogo\/#website"},"primaryImageOfPage":{"@id":"https:\/\/letrame.com\/catalogo\/producto\/visca-la-bosca\/#primaryimage"},"image":{"@id":"https:\/\/letrame.com\/catalogo\/producto\/visca-la-bosca\/#primaryimage"},"thumbnailUrl":"https:\/\/letrame.com\/catalogo\/wp-content\/uploads\/2026\/04\/Captura-de-pantalla-2026-04-28-a-las-12.27.49.jpg","datePublished":"2026-04-28T10:29:03+00:00","dateModified":"2026-04-28T10:29:04+00:00","breadcrumb":{"@id":"https:\/\/letrame.com\/catalogo\/producto\/visca-la-bosca\/#breadcrumb"},"inLanguage":"es","potentialAction":[{"@type":"ReadAction","target":["https:\/\/letrame.com\/catalogo\/producto\/visca-la-bosca\/"]}]},{"@type":"ImageObject","inLanguage":"es","@id":"https:\/\/letrame.com\/catalogo\/producto\/visca-la-bosca\/#primaryimage","url":"https:\/\/letrame.com\/catalogo\/wp-content\/uploads\/2026\/04\/Captura-de-pantalla-2026-04-28-a-las-12.27.49.jpg","contentUrl":"https:\/\/letrame.com\/catalogo\/wp-content\/uploads\/2026\/04\/Captura-de-pantalla-2026-04-28-a-las-12.27.49.jpg","width":622,"height":926},{"@type":"BreadcrumbList","@id":"https:\/\/letrame.com\/catalogo\/producto\/visca-la-bosca\/#breadcrumb","itemListElement":[{"@type":"ListItem","position":1,"name":"Portada","item":"https:\/\/letrame.com\/catalogo\/"},{"@type":"ListItem","position":2,"name":"Cat\u00e1logo","item":"https:\/\/letrame.com\/catalogo\/"},{"@type":"ListItem","position":3,"name":"\u00a1\u00a1Visca la Bosca!!"}]},{"@type":"WebSite","@id":"https:\/\/letrame.com\/catalogo\/#website","url":"https:\/\/letrame.com\/catalogo\/","name":"Catalogo | Letrame Grupo Editorial","description":"","publisher":{"@id":"https:\/\/letrame.com\/catalogo\/#organization"},"potentialAction":[{"@type":"SearchAction","target":{"@type":"EntryPoint","urlTemplate":"https:\/\/letrame.com\/catalogo\/?s={search_term_string}"},"query-input":{"@type":"PropertyValueSpecification","valueRequired":true,"valueName":"search_term_string"}}],"inLanguage":"es"},{"@type":"Organization","@id":"https:\/\/letrame.com\/catalogo\/#organization","name":"Catalogo | Letrame Grupo Editorial","url":"https:\/\/letrame.com\/catalogo\/","logo":{"@type":"ImageObject","inLanguage":"es","@id":"https:\/\/letrame.com\/catalogo\/#\/schema\/logo\/image\/","url":"https:\/\/letrame.com\/catalogo\/wp-content\/uploads\/2024\/03\/logo2.webp","contentUrl":"https:\/\/letrame.com\/catalogo\/wp-content\/uploads\/2024\/03\/logo2.webp","width":394,"height":128,"caption":"Catalogo | Letrame Grupo Editorial"},"image":{"@id":"https:\/\/letrame.com\/catalogo\/#\/schema\/logo\/image\/"}}]}},"_links":{"self":[{"href":"https:\/\/letrame.com\/catalogo\/wp-json\/wp\/v2\/product\/112463","targetHints":{"allow":["GET"]}}],"collection":[{"href":"https:\/\/letrame.com\/catalogo\/wp-json\/wp\/v2\/product"}],"about":[{"href":"https:\/\/letrame.com\/catalogo\/wp-json\/wp\/v2\/types\/product"}],"replies":[{"embeddable":true,"href":"https:\/\/letrame.com\/catalogo\/wp-json\/wp\/v2\/comments?post=112463"}],"acf:post":[{"embeddable":true,"href":"https:\/\/letrame.com\/catalogo\/wp-json\/wp\/v2\/author_book\/112464"}],"wp:featuredmedia":[{"embeddable":true,"href":"https:\/\/letrame.com\/catalogo\/wp-json\/wp\/v2\/media\/112466"}],"wp:attachment":[{"href":"https:\/\/letrame.com\/catalogo\/wp-json\/wp\/v2\/media?parent=112463"}],"wp:term":[{"taxonomy":"libro","embeddable":true,"href":"https:\/\/letrame.com\/catalogo\/wp-json\/wp\/v2\/libro?post=112463"},{"taxonomy":"product_brand","embeddable":true,"href":"https:\/\/letrame.com\/catalogo\/wp-json\/wp\/v2\/product_brand?post=112463"},{"taxonomy":"product_cat","embeddable":true,"href":"https:\/\/letrame.com\/catalogo\/wp-json\/wp\/v2\/product_cat?post=112463"},{"taxonomy":"product_tag","embeddable":true,"href":"https:\/\/letrame.com\/catalogo\/wp-json\/wp\/v2\/product_tag?post=112463"}],"curies":[{"name":"wp","href":"https:\/\/api.w.org\/{rel}","templated":true}]}}