{"id":112385,"date":"2026-04-21T13:38:48","date_gmt":"2026-04-21T11:38:48","guid":{"rendered":"https:\/\/letrame.com\/catalogo\/?post_type=product&#038;p=112385"},"modified":"2026-04-21T13:38:48","modified_gmt":"2026-04-21T11:38:48","slug":"el-androide-suicida-vol-i","status":"publish","type":"product","link":"https:\/\/letrame.com\/catalogo\/producto\/el-androide-suicida-vol-i\/","title":{"rendered":"El Androide Suicida. Vol I"},"content":{"rendered":"<p><strong>ISBN: 9791370299415<\/strong><br \/>\n<strong>T\u00edtulo: El Androide Suicida. Vol I<\/strong><br \/>\n<strong>Fecha: 2026<\/strong><br \/>\n<strong>P\u00e1ginas: 482<\/strong><\/p>\n<p><strong>SINOPSIS<\/strong><\/p>\n<p data-start=\"0\" data-end=\"324\">En pleno 2040, en las postrimer\u00edas del transhumanismo espiritual, gobierna Augusto, l\u00edder de Aquarium. Desde su Torre de m\u00e1rmol, amparado por el Violetismo \u2014dogma de su imperio\u2014, dirige con autoridad absoluta a toda la humanidad a trav\u00e9s de sus androides que ejecutan con precisi\u00f3n milim\u00e9trica todos los designios que dicta.<\/p>\n<p data-start=\"326\" data-end=\"666\">Tim, androide de la serie Tpp-11, conocido por todos como el androide suicida, lucha con todas sus fuerzas por conocer su prop\u00f3sito de vida. Imposibilitado por ello de recibir el amor de Andr\u00f3meda. Cada vez que pregunta al emperador sobre su misi\u00f3n de vida, aparece ante \u00e9l una cortina de hierro que encarna un silencio absoluto de Augusto.<\/p>\n<p data-start=\"668\" data-end=\"1185\">Entre Juliette, su beba c\u00f3smica, y Sharon, su amante predilecta, se despliega una lucha de deseo y poder que las hace competir por el coraz\u00f3n del emperador. Tim, desilusionado de Andr\u00f3meda, descubre el amor con Liz, mientras asciende por la imponente Torre, inmerso en la b\u00fasqueda de su verdad. Sharon, rendida ante su curiosidad, seduce al emperador para que le muestre los pisos m\u00e1s tecnol\u00f3gicos y divinos, llegando al Patio de los Ocho Pilares, donde Violeta \u2014androide X-883\u2014 se enamora perdidamente del emperador.<\/p>\n<p data-start=\"1187\" data-end=\"1314\" data-is-last-node=\"\" data-is-only-node=\"\">\u00bfPodr\u00e1 el androide suicida encontrar su prop\u00f3sito de vida?<br data-start=\"1245\" data-end=\"1248\" \/>\u00bfPodr\u00e1 Violeta reemplazar a Juliette?<br data-start=\"1285\" data-end=\"1288\" \/>\u00bfSobrevivir\u00e1 la humanidad?<\/p>\n","protected":false},"excerpt":{"rendered":"<p><strong>ISBN: 9791370299415<\/strong><\/p>\n<p><strong>SINOPSIS<\/strong><\/p>\n<p data-start=\"0\" data-end=\"324\">En pleno 2040, en las postrimer\u00edas del transhumanismo espiritual, gobierna Augusto, l\u00edder de Aquarium. Desde su Torre de m\u00e1rmol, amparado por el Violetismo \u2014dogma de su imperio\u2014, dirige con autoridad absoluta a toda la humanidad a trav\u00e9s de sus androides que ejecutan con precisi\u00f3n milim\u00e9trica todos los designios que dicta.<\/p>\n<p data-start=\"326\" data-end=\"666\">Tim, androide de la serie Tpp-11, conocido por todos como el androide suicida, lucha con todas sus fuerzas por conocer su prop\u00f3sito de vida. Imposibilitado por ello de recibir el amor de Andr\u00f3meda. Cada vez que pregunta al emperador sobre su misi\u00f3n de vida, aparece ante \u00e9l una cortina de hierro que encarna un silencio absoluto de Augusto.<\/p>\n<p data-start=\"668\" data-end=\"1185\">Entre Juliette, su beba c\u00f3smica, y Sharon, su amante predilecta, se despliega una lucha de deseo y poder que las hace competir por el coraz\u00f3n del emperador. Tim, desilusionado de Andr\u00f3meda, descubre el amor con Liz, mientras asciende por la imponente Torre, inmerso en la b\u00fasqueda de su verdad. Sharon, rendida ante su curiosidad, seduce al emperador para que le muestre los pisos m\u00e1s tecnol\u00f3gicos y divinos, llegando al Patio de los Ocho Pilares, donde Violeta \u2014androide X-883\u2014 se enamora perdidamente del emperador.<\/p>\n<p data-start=\"1187\" data-end=\"1314\" data-is-last-node=\"\" data-is-only-node=\"\">\u00bfPodr\u00e1 el androide suicida encontrar su prop\u00f3sito de vida?<br data-start=\"1245\" data-end=\"1248\" \/>\u00bfPodr\u00e1 Violeta reemplazar a Juliette?<br data-start=\"1285\" data-end=\"1288\" \/>\u00bfSobrevivir\u00e1 la humanidad?<\/p>\n","protected":false},"featured_media":112389,"comment_status":"open","ping_status":"closed","template":"","meta":{"_acf_changed":false},"libro":[],"product_brand":[],"product_cat":[141],"product_tag":[],"class_list":{"0":"post-112385","1":"product","2":"type-product","3":"status-publish","4":"has-post-thumbnail","6":"product_cat-ficcion","8":"first","9":"instock","10":"shipping-taxable","11":"product-type-simple"},"acf":{"autor":[77683],"enlace_de_compra":"https:\/\/amzn.to\/4sSnwzr"},"yoast_head":"<!-- This site is optimized with the Yoast SEO plugin v27.4 - https:\/\/yoast.com\/product\/yoast-seo-wordpress\/ -->\n<title>El Androide Suicida. Vol I - Catalogo | Letrame Grupo Editorial<\/title>\n<meta name=\"robots\" content=\"index, follow, max-snippet:-1, max-image-preview:large, max-video-preview:-1\" \/>\n<link rel=\"canonical\" href=\"https:\/\/letrame.com\/catalogo\/producto\/el-androide-suicida-vol-i\/\" \/>\n<meta property=\"og:locale\" content=\"es_ES\" \/>\n<meta property=\"og:type\" content=\"article\" \/>\n<meta property=\"og:title\" content=\"El Androide Suicida. Vol I - Catalogo | Letrame Grupo Editorial\" \/>\n<meta property=\"og:description\" content=\"ISBN: 9791370299415  SINOPSIS En pleno 2040, en las postrimer\u00edas del transhumanismo espiritual, gobierna Augusto, l\u00edder de Aquarium. Desde su Torre de m\u00e1rmol, amparado por el Violetismo \u2014dogma de su imperio\u2014, dirige con autoridad absoluta a toda la humanidad a trav\u00e9s de sus androides que ejecutan con precisi\u00f3n milim\u00e9trica todos los designios que dicta. Tim, androide de la serie Tpp-11, conocido por todos como el androide suicida, lucha con todas sus fuerzas por conocer su prop\u00f3sito de vida. Imposibilitado por ello de recibir el amor de Andr\u00f3meda. Cada vez que pregunta al emperador sobre su misi\u00f3n de vida, aparece ante \u00e9l una cortina de hierro que encarna un silencio absoluto de Augusto. Entre Juliette, su beba c\u00f3smica, y Sharon, su amante predilecta, se despliega una lucha de deseo y poder que las hace competir por el coraz\u00f3n del emperador. Tim, desilusionado de Andr\u00f3meda, descubre el amor con Liz, mientras asciende por la imponente Torre, inmerso en la b\u00fasqueda de su verdad. Sharon, rendida ante su curiosidad, seduce al emperador para que le muestre los pisos m\u00e1s tecnol\u00f3gicos y divinos, llegando al Patio de los Ocho Pilares, donde Violeta \u2014androide X-883\u2014 se enamora perdidamente del emperador. \u00bfPodr\u00e1 el androide suicida encontrar su prop\u00f3sito de vida?\u00bfPodr\u00e1 Violeta reemplazar a Juliette?\u00bfSobrevivir\u00e1 la humanidad?\" \/>\n<meta property=\"og:url\" content=\"https:\/\/letrame.com\/catalogo\/producto\/el-androide-suicida-vol-i\/\" \/>\n<meta property=\"og:site_name\" content=\"Catalogo | Letrame Grupo Editorial\" \/>\n<meta property=\"og:image\" content=\"https:\/\/letrame.com\/catalogo\/wp-content\/uploads\/2026\/04\/androidesuicidavol1_2368mm3.jpg\" \/>\n\t<meta property=\"og:image:width\" content=\"709\" \/>\n\t<meta property=\"og:image:height\" content=\"993\" \/>\n\t<meta property=\"og:image:type\" content=\"image\/jpeg\" \/>\n<meta name=\"twitter:card\" content=\"summary_large_image\" \/>\n<meta name=\"twitter:label1\" content=\"Tiempo de lectura\" \/>\n\t<meta name=\"twitter:data1\" content=\"2 minutos\" \/>\n<script type=\"application\/ld+json\" class=\"yoast-schema-graph\">{\"@context\":\"https:\\\/\\\/schema.org\",\"@graph\":[{\"@type\":\"WebPage\",\"@id\":\"https:\\\/\\\/letrame.com\\\/catalogo\\\/producto\\\/el-androide-suicida-vol-i\\\/\",\"url\":\"https:\\\/\\\/letrame.com\\\/catalogo\\\/producto\\\/el-androide-suicida-vol-i\\\/\",\"name\":\"El Androide Suicida. Vol I - Catalogo | Letrame Grupo Editorial\",\"isPartOf\":{\"@id\":\"https:\\\/\\\/letrame.com\\\/catalogo\\\/#website\"},\"primaryImageOfPage\":{\"@id\":\"https:\\\/\\\/letrame.com\\\/catalogo\\\/producto\\\/el-androide-suicida-vol-i\\\/#primaryimage\"},\"image\":{\"@id\":\"https:\\\/\\\/letrame.com\\\/catalogo\\\/producto\\\/el-androide-suicida-vol-i\\\/#primaryimage\"},\"thumbnailUrl\":\"https:\\\/\\\/letrame.com\\\/catalogo\\\/wp-content\\\/uploads\\\/2026\\\/04\\\/androidesuicidavol1_2368mm3.jpg\",\"datePublished\":\"2026-04-21T11:38:48+00:00\",\"breadcrumb\":{\"@id\":\"https:\\\/\\\/letrame.com\\\/catalogo\\\/producto\\\/el-androide-suicida-vol-i\\\/#breadcrumb\"},\"inLanguage\":\"es\",\"potentialAction\":[{\"@type\":\"ReadAction\",\"target\":[\"https:\\\/\\\/letrame.com\\\/catalogo\\\/producto\\\/el-androide-suicida-vol-i\\\/\"]}]},{\"@type\":\"ImageObject\",\"inLanguage\":\"es\",\"@id\":\"https:\\\/\\\/letrame.com\\\/catalogo\\\/producto\\\/el-androide-suicida-vol-i\\\/#primaryimage\",\"url\":\"https:\\\/\\\/letrame.com\\\/catalogo\\\/wp-content\\\/uploads\\\/2026\\\/04\\\/androidesuicidavol1_2368mm3.jpg\",\"contentUrl\":\"https:\\\/\\\/letrame.com\\\/catalogo\\\/wp-content\\\/uploads\\\/2026\\\/04\\\/androidesuicidavol1_2368mm3.jpg\",\"width\":709,\"height\":993},{\"@type\":\"BreadcrumbList\",\"@id\":\"https:\\\/\\\/letrame.com\\\/catalogo\\\/producto\\\/el-androide-suicida-vol-i\\\/#breadcrumb\",\"itemListElement\":[{\"@type\":\"ListItem\",\"position\":1,\"name\":\"Portada\",\"item\":\"https:\\\/\\\/letrame.com\\\/catalogo\\\/\"},{\"@type\":\"ListItem\",\"position\":2,\"name\":\"Cat\u00e1logo\",\"item\":\"https:\\\/\\\/letrame.com\\\/catalogo\\\/\"},{\"@type\":\"ListItem\",\"position\":3,\"name\":\"El Androide Suicida. Vol I\"}]},{\"@type\":\"WebSite\",\"@id\":\"https:\\\/\\\/letrame.com\\\/catalogo\\\/#website\",\"url\":\"https:\\\/\\\/letrame.com\\\/catalogo\\\/\",\"name\":\"Catalogo | Letrame Grupo Editorial\",\"description\":\"\",\"publisher\":{\"@id\":\"https:\\\/\\\/letrame.com\\\/catalogo\\\/#organization\"},\"potentialAction\":[{\"@type\":\"SearchAction\",\"target\":{\"@type\":\"EntryPoint\",\"urlTemplate\":\"https:\\\/\\\/letrame.com\\\/catalogo\\\/?s={search_term_string}\"},\"query-input\":{\"@type\":\"PropertyValueSpecification\",\"valueRequired\":true,\"valueName\":\"search_term_string\"}}],\"inLanguage\":\"es\"},{\"@type\":\"Organization\",\"@id\":\"https:\\\/\\\/letrame.com\\\/catalogo\\\/#organization\",\"name\":\"Catalogo | Letrame Grupo Editorial\",\"url\":\"https:\\\/\\\/letrame.com\\\/catalogo\\\/\",\"logo\":{\"@type\":\"ImageObject\",\"inLanguage\":\"es\",\"@id\":\"https:\\\/\\\/letrame.com\\\/catalogo\\\/#\\\/schema\\\/logo\\\/image\\\/\",\"url\":\"https:\\\/\\\/letrame.com\\\/catalogo\\\/wp-content\\\/uploads\\\/2024\\\/03\\\/logo2.webp\",\"contentUrl\":\"https:\\\/\\\/letrame.com\\\/catalogo\\\/wp-content\\\/uploads\\\/2024\\\/03\\\/logo2.webp\",\"width\":394,\"height\":128,\"caption\":\"Catalogo | Letrame Grupo Editorial\"},\"image\":{\"@id\":\"https:\\\/\\\/letrame.com\\\/catalogo\\\/#\\\/schema\\\/logo\\\/image\\\/\"}}]}<\/script>\n<!-- \/ Yoast SEO plugin. -->","yoast_head_json":{"title":"El Androide Suicida. Vol I - Catalogo | Letrame Grupo Editorial","robots":{"index":"index","follow":"follow","max-snippet":"max-snippet:-1","max-image-preview":"max-image-preview:large","max-video-preview":"max-video-preview:-1"},"canonical":"https:\/\/letrame.com\/catalogo\/producto\/el-androide-suicida-vol-i\/","og_locale":"es_ES","og_type":"article","og_title":"El Androide Suicida. Vol I - Catalogo | Letrame Grupo Editorial","og_description":"ISBN: 9791370299415  SINOPSIS En pleno 2040, en las postrimer\u00edas del transhumanismo espiritual, gobierna Augusto, l\u00edder de Aquarium. Desde su Torre de m\u00e1rmol, amparado por el Violetismo \u2014dogma de su imperio\u2014, dirige con autoridad absoluta a toda la humanidad a trav\u00e9s de sus androides que ejecutan con precisi\u00f3n milim\u00e9trica todos los designios que dicta. Tim, androide de la serie Tpp-11, conocido por todos como el androide suicida, lucha con todas sus fuerzas por conocer su prop\u00f3sito de vida. Imposibilitado por ello de recibir el amor de Andr\u00f3meda. Cada vez que pregunta al emperador sobre su misi\u00f3n de vida, aparece ante \u00e9l una cortina de hierro que encarna un silencio absoluto de Augusto. Entre Juliette, su beba c\u00f3smica, y Sharon, su amante predilecta, se despliega una lucha de deseo y poder que las hace competir por el coraz\u00f3n del emperador. Tim, desilusionado de Andr\u00f3meda, descubre el amor con Liz, mientras asciende por la imponente Torre, inmerso en la b\u00fasqueda de su verdad. Sharon, rendida ante su curiosidad, seduce al emperador para que le muestre los pisos m\u00e1s tecnol\u00f3gicos y divinos, llegando al Patio de los Ocho Pilares, donde Violeta \u2014androide X-883\u2014 se enamora perdidamente del emperador. \u00bfPodr\u00e1 el androide suicida encontrar su prop\u00f3sito de vida?\u00bfPodr\u00e1 Violeta reemplazar a Juliette?\u00bfSobrevivir\u00e1 la humanidad?","og_url":"https:\/\/letrame.com\/catalogo\/producto\/el-androide-suicida-vol-i\/","og_site_name":"Catalogo | Letrame Grupo Editorial","og_image":[{"width":709,"height":993,"url":"https:\/\/letrame.com\/catalogo\/wp-content\/uploads\/2026\/04\/androidesuicidavol1_2368mm3.jpg","type":"image\/jpeg"}],"twitter_card":"summary_large_image","twitter_misc":{"Tiempo de lectura":"2 minutos"},"schema":{"@context":"https:\/\/schema.org","@graph":[{"@type":"WebPage","@id":"https:\/\/letrame.com\/catalogo\/producto\/el-androide-suicida-vol-i\/","url":"https:\/\/letrame.com\/catalogo\/producto\/el-androide-suicida-vol-i\/","name":"El Androide Suicida. Vol I - Catalogo | Letrame Grupo Editorial","isPartOf":{"@id":"https:\/\/letrame.com\/catalogo\/#website"},"primaryImageOfPage":{"@id":"https:\/\/letrame.com\/catalogo\/producto\/el-androide-suicida-vol-i\/#primaryimage"},"image":{"@id":"https:\/\/letrame.com\/catalogo\/producto\/el-androide-suicida-vol-i\/#primaryimage"},"thumbnailUrl":"https:\/\/letrame.com\/catalogo\/wp-content\/uploads\/2026\/04\/androidesuicidavol1_2368mm3.jpg","datePublished":"2026-04-21T11:38:48+00:00","breadcrumb":{"@id":"https:\/\/letrame.com\/catalogo\/producto\/el-androide-suicida-vol-i\/#breadcrumb"},"inLanguage":"es","potentialAction":[{"@type":"ReadAction","target":["https:\/\/letrame.com\/catalogo\/producto\/el-androide-suicida-vol-i\/"]}]},{"@type":"ImageObject","inLanguage":"es","@id":"https:\/\/letrame.com\/catalogo\/producto\/el-androide-suicida-vol-i\/#primaryimage","url":"https:\/\/letrame.com\/catalogo\/wp-content\/uploads\/2026\/04\/androidesuicidavol1_2368mm3.jpg","contentUrl":"https:\/\/letrame.com\/catalogo\/wp-content\/uploads\/2026\/04\/androidesuicidavol1_2368mm3.jpg","width":709,"height":993},{"@type":"BreadcrumbList","@id":"https:\/\/letrame.com\/catalogo\/producto\/el-androide-suicida-vol-i\/#breadcrumb","itemListElement":[{"@type":"ListItem","position":1,"name":"Portada","item":"https:\/\/letrame.com\/catalogo\/"},{"@type":"ListItem","position":2,"name":"Cat\u00e1logo","item":"https:\/\/letrame.com\/catalogo\/"},{"@type":"ListItem","position":3,"name":"El Androide Suicida. Vol I"}]},{"@type":"WebSite","@id":"https:\/\/letrame.com\/catalogo\/#website","url":"https:\/\/letrame.com\/catalogo\/","name":"Catalogo | Letrame Grupo Editorial","description":"","publisher":{"@id":"https:\/\/letrame.com\/catalogo\/#organization"},"potentialAction":[{"@type":"SearchAction","target":{"@type":"EntryPoint","urlTemplate":"https:\/\/letrame.com\/catalogo\/?s={search_term_string}"},"query-input":{"@type":"PropertyValueSpecification","valueRequired":true,"valueName":"search_term_string"}}],"inLanguage":"es"},{"@type":"Organization","@id":"https:\/\/letrame.com\/catalogo\/#organization","name":"Catalogo | Letrame Grupo Editorial","url":"https:\/\/letrame.com\/catalogo\/","logo":{"@type":"ImageObject","inLanguage":"es","@id":"https:\/\/letrame.com\/catalogo\/#\/schema\/logo\/image\/","url":"https:\/\/letrame.com\/catalogo\/wp-content\/uploads\/2024\/03\/logo2.webp","contentUrl":"https:\/\/letrame.com\/catalogo\/wp-content\/uploads\/2024\/03\/logo2.webp","width":394,"height":128,"caption":"Catalogo | Letrame Grupo Editorial"},"image":{"@id":"https:\/\/letrame.com\/catalogo\/#\/schema\/logo\/image\/"}}]}},"_links":{"self":[{"href":"https:\/\/letrame.com\/catalogo\/wp-json\/wp\/v2\/product\/112385","targetHints":{"allow":["GET"]}}],"collection":[{"href":"https:\/\/letrame.com\/catalogo\/wp-json\/wp\/v2\/product"}],"about":[{"href":"https:\/\/letrame.com\/catalogo\/wp-json\/wp\/v2\/types\/product"}],"replies":[{"embeddable":true,"href":"https:\/\/letrame.com\/catalogo\/wp-json\/wp\/v2\/comments?post=112385"}],"acf:post":[{"embeddable":true,"href":"https:\/\/letrame.com\/catalogo\/wp-json\/wp\/v2\/author_book\/77683"}],"wp:featuredmedia":[{"embeddable":true,"href":"https:\/\/letrame.com\/catalogo\/wp-json\/wp\/v2\/media\/112389"}],"wp:attachment":[{"href":"https:\/\/letrame.com\/catalogo\/wp-json\/wp\/v2\/media?parent=112385"}],"wp:term":[{"taxonomy":"libro","embeddable":true,"href":"https:\/\/letrame.com\/catalogo\/wp-json\/wp\/v2\/libro?post=112385"},{"taxonomy":"product_brand","embeddable":true,"href":"https:\/\/letrame.com\/catalogo\/wp-json\/wp\/v2\/product_brand?post=112385"},{"taxonomy":"product_cat","embeddable":true,"href":"https:\/\/letrame.com\/catalogo\/wp-json\/wp\/v2\/product_cat?post=112385"},{"taxonomy":"product_tag","embeddable":true,"href":"https:\/\/letrame.com\/catalogo\/wp-json\/wp\/v2\/product_tag?post=112385"}],"curies":[{"name":"wp","href":"https:\/\/api.w.org\/{rel}","templated":true}]}}