{"id":112293,"date":"2026-04-15T16:44:27","date_gmt":"2026-04-15T14:44:27","guid":{"rendered":"https:\/\/letrame.com\/catalogo\/?post_type=product&#038;p=112293"},"modified":"2026-04-15T16:44:27","modified_gmt":"2026-04-15T14:44:27","slug":"asesinatos-de-libro","status":"publish","type":"product","link":"https:\/\/letrame.com\/catalogo\/producto\/asesinatos-de-libro\/","title":{"rendered":"Asesinatos de libro"},"content":{"rendered":"<p><strong>ISBN: 9791370298920<\/strong><br \/>\n<strong>T\u00edtulo: Asesinatos de libro<\/strong><br \/>\n<strong>Fecha: 2026<\/strong><br \/>\n<strong>P\u00e1ginas: 248<\/strong><\/p>\n<p><strong>SINOPSIS<\/strong><\/p>\n<p>La lectura de este libro permite disfrutar de una novela policiaca en la que los personajes de algunos de los grandes escritores del g\u00e9nero est\u00e1n presentes en todo su contenido, al desarrollarse la acci\u00f3n en un hotel en el que se va a realizar un concurso literario, adoptando los escritores el nombre de su personaje preferido.<\/p>\n<p>Corresponde la resoluci\u00f3n de los hechos al inspector Garc\u00eda, cuya fama se ha consolidado desde que solucion\u00f3 el problema planteado en \u00bfQui\u00e9n mat\u00f3 al embajador? y el lector puede acompa\u00f1ar al polic\u00eda y el equipo investigador que forma para realizar su propia investigaci\u00f3n, pues el texto le proporciona la misma informaci\u00f3n que obtienen los polic\u00edas y la obtiene al mismo tiempo que ellos, de forma que pueda llegar por s\u00ed mismo a las conclusiones de los personajes, o a otra distinta si eso es posible.<\/p>\n<p>As\u00ed que le invito a que se una a la investigaci\u00f3n y, sin dejarse enga\u00f1ar entre el mimetismo entre los nuevos escritores y otros personajes y los detectives famosos que se les asigna en cada caso, desentra\u00f1e el misterio por s\u00ed mismo.<\/p>\n<p>&nbsp;<\/p>\n","protected":false},"excerpt":{"rendered":"<p><strong>ISBN: 9791370298920<\/strong><\/p>\n<p><strong>SINOPSIS<\/strong><\/p>\n<p>La lectura de este libro permite disfrutar de una novela policiaca en la que los personajes de algunos de los grandes escritores del g\u00e9nero est\u00e1n presentes en todo su contenido, al desarrollarse la acci\u00f3n en un hotel en el que se va a realizar un concurso literario, adoptando los escritores el nombre de su personaje preferido.<\/p>\n<p>Corresponde la resoluci\u00f3n de los hechos al inspector Garc\u00eda, cuya fama se ha consolidado desde que solucion\u00f3 el problema planteado en \u00bfQui\u00e9n mat\u00f3 al embajador? y el lector puede acompa\u00f1ar al polic\u00eda y el equipo investigador que forma para realizar su propia investigaci\u00f3n, pues el texto le proporciona la misma informaci\u00f3n que obtienen los polic\u00edas y la obtiene al mismo tiempo que ellos, de forma que pueda llegar por s\u00ed mismo a las conclusiones de los personajes, o a otra distinta si eso es posible.<\/p>\n<p>As\u00ed que le invito a que se una a la investigaci\u00f3n y, sin dejarse enga\u00f1ar entre el mimetismo entre los nuevos escritores y otros personajes y los detectives famosos que se les asigna en cada caso, desentra\u00f1e el misterio por s\u00ed mismo.<\/p>\n<p>&nbsp;<\/p>\n","protected":false},"featured_media":112295,"comment_status":"open","ping_status":"closed","template":"","meta":{"_acf_changed":false},"libro":[],"product_brand":[],"product_cat":[155],"product_tag":[],"class_list":{"0":"post-112293","1":"product","2":"type-product","3":"status-publish","4":"has-post-thumbnail","6":"product_cat-novela-policiaca","8":"first","9":"instock","10":"shipping-taxable","11":"product-type-simple"},"acf":{"autor":[108484],"enlace_de_compra":""},"yoast_head":"<!-- This site is optimized with the Yoast SEO plugin v26.6 - https:\/\/yoast.com\/wordpress\/plugins\/seo\/ -->\n<title>Asesinatos de libro - Catalogo | Letrame Grupo Editorial<\/title>\n<meta name=\"robots\" content=\"index, follow, max-snippet:-1, max-image-preview:large, max-video-preview:-1\" \/>\n<link rel=\"canonical\" href=\"https:\/\/letrame.com\/catalogo\/producto\/asesinatos-de-libro\/\" \/>\n<meta property=\"og:locale\" content=\"es_ES\" \/>\n<meta property=\"og:type\" content=\"article\" \/>\n<meta property=\"og:title\" content=\"Asesinatos de libro - Catalogo | Letrame Grupo Editorial\" \/>\n<meta property=\"og:description\" content=\"ISBN: 9791370298920  SINOPSIS  La lectura de este libro permite disfrutar de una novela policiaca en la que los personajes de algunos de los grandes escritores del g\u00e9nero est\u00e1n presentes en todo su contenido, al desarrollarse la acci\u00f3n en un hotel en el que se va a realizar un concurso literario, adoptando los escritores el nombre de su personaje preferido.  Corresponde la resoluci\u00f3n de los hechos al inspector Garc\u00eda, cuya fama se ha consolidado desde que solucion\u00f3 el problema planteado en \u00bfQui\u00e9n mat\u00f3 al embajador? y el lector puede acompa\u00f1ar al polic\u00eda y el equipo investigador que forma para realizar su propia investigaci\u00f3n, pues el texto le proporciona la misma informaci\u00f3n que obtienen los polic\u00edas y la obtiene al mismo tiempo que ellos, de forma que pueda llegar por s\u00ed mismo a las conclusiones de los personajes, o a otra distinta si eso es posible.  As\u00ed que le invito a que se una a la investigaci\u00f3n y, sin dejarse enga\u00f1ar entre el mimetismo entre los nuevos escritores y otros personajes y los detectives famosos que se les asigna en cada caso, desentra\u00f1e el misterio por s\u00ed mismo.  &nbsp;\" \/>\n<meta property=\"og:url\" content=\"https:\/\/letrame.com\/catalogo\/producto\/asesinatos-de-libro\/\" \/>\n<meta property=\"og:site_name\" content=\"Catalogo | Letrame Grupo Editorial\" \/>\n<meta property=\"og:image\" content=\"https:\/\/letrame.com\/catalogo\/wp-content\/uploads\/2026\/04\/asesinatosdelibro_1233mm4.jpg\" \/>\n\t<meta property=\"og:image:width\" content=\"886\" \/>\n\t<meta property=\"og:image:height\" content=\"1240\" \/>\n\t<meta property=\"og:image:type\" content=\"image\/jpeg\" \/>\n<meta name=\"twitter:card\" content=\"summary_large_image\" \/>\n<meta name=\"twitter:label1\" content=\"Tiempo de lectura\" \/>\n\t<meta name=\"twitter:data1\" content=\"2 minutos\" \/>\n<script type=\"application\/ld+json\" class=\"yoast-schema-graph\">{\"@context\":\"https:\/\/schema.org\",\"@graph\":[{\"@type\":\"WebPage\",\"@id\":\"https:\/\/letrame.com\/catalogo\/producto\/asesinatos-de-libro\/\",\"url\":\"https:\/\/letrame.com\/catalogo\/producto\/asesinatos-de-libro\/\",\"name\":\"Asesinatos de libro - Catalogo | Letrame Grupo Editorial\",\"isPartOf\":{\"@id\":\"https:\/\/letrame.com\/catalogo\/#website\"},\"primaryImageOfPage\":{\"@id\":\"https:\/\/letrame.com\/catalogo\/producto\/asesinatos-de-libro\/#primaryimage\"},\"image\":{\"@id\":\"https:\/\/letrame.com\/catalogo\/producto\/asesinatos-de-libro\/#primaryimage\"},\"thumbnailUrl\":\"https:\/\/letrame.com\/catalogo\/wp-content\/uploads\/2026\/04\/asesinatosdelibro_1233mm4.jpg\",\"datePublished\":\"2026-04-15T14:44:27+00:00\",\"breadcrumb\":{\"@id\":\"https:\/\/letrame.com\/catalogo\/producto\/asesinatos-de-libro\/#breadcrumb\"},\"inLanguage\":\"es\",\"potentialAction\":[{\"@type\":\"ReadAction\",\"target\":[\"https:\/\/letrame.com\/catalogo\/producto\/asesinatos-de-libro\/\"]}]},{\"@type\":\"ImageObject\",\"inLanguage\":\"es\",\"@id\":\"https:\/\/letrame.com\/catalogo\/producto\/asesinatos-de-libro\/#primaryimage\",\"url\":\"https:\/\/letrame.com\/catalogo\/wp-content\/uploads\/2026\/04\/asesinatosdelibro_1233mm4.jpg\",\"contentUrl\":\"https:\/\/letrame.com\/catalogo\/wp-content\/uploads\/2026\/04\/asesinatosdelibro_1233mm4.jpg\",\"width\":886,\"height\":1240},{\"@type\":\"BreadcrumbList\",\"@id\":\"https:\/\/letrame.com\/catalogo\/producto\/asesinatos-de-libro\/#breadcrumb\",\"itemListElement\":[{\"@type\":\"ListItem\",\"position\":1,\"name\":\"Portada\",\"item\":\"https:\/\/letrame.com\/catalogo\/\"},{\"@type\":\"ListItem\",\"position\":2,\"name\":\"Cat\u00e1logo\",\"item\":\"https:\/\/letrame.com\/catalogo\/\"},{\"@type\":\"ListItem\",\"position\":3,\"name\":\"Asesinatos de libro\"}]},{\"@type\":\"WebSite\",\"@id\":\"https:\/\/letrame.com\/catalogo\/#website\",\"url\":\"https:\/\/letrame.com\/catalogo\/\",\"name\":\"Catalogo | Letrame Grupo Editorial\",\"description\":\"\",\"publisher\":{\"@id\":\"https:\/\/letrame.com\/catalogo\/#organization\"},\"potentialAction\":[{\"@type\":\"SearchAction\",\"target\":{\"@type\":\"EntryPoint\",\"urlTemplate\":\"https:\/\/letrame.com\/catalogo\/?s={search_term_string}\"},\"query-input\":{\"@type\":\"PropertyValueSpecification\",\"valueRequired\":true,\"valueName\":\"search_term_string\"}}],\"inLanguage\":\"es\"},{\"@type\":\"Organization\",\"@id\":\"https:\/\/letrame.com\/catalogo\/#organization\",\"name\":\"Catalogo | Letrame Grupo Editorial\",\"url\":\"https:\/\/letrame.com\/catalogo\/\",\"logo\":{\"@type\":\"ImageObject\",\"inLanguage\":\"es\",\"@id\":\"https:\/\/letrame.com\/catalogo\/#\/schema\/logo\/image\/\",\"url\":\"https:\/\/letrame.com\/catalogo\/wp-content\/uploads\/2024\/03\/logo2.webp\",\"contentUrl\":\"https:\/\/letrame.com\/catalogo\/wp-content\/uploads\/2024\/03\/logo2.webp\",\"width\":394,\"height\":128,\"caption\":\"Catalogo | Letrame Grupo Editorial\"},\"image\":{\"@id\":\"https:\/\/letrame.com\/catalogo\/#\/schema\/logo\/image\/\"}}]}<\/script>\n<!-- \/ Yoast SEO plugin. -->","yoast_head_json":{"title":"Asesinatos de libro - Catalogo | Letrame Grupo Editorial","robots":{"index":"index","follow":"follow","max-snippet":"max-snippet:-1","max-image-preview":"max-image-preview:large","max-video-preview":"max-video-preview:-1"},"canonical":"https:\/\/letrame.com\/catalogo\/producto\/asesinatos-de-libro\/","og_locale":"es_ES","og_type":"article","og_title":"Asesinatos de libro - Catalogo | Letrame Grupo Editorial","og_description":"ISBN: 9791370298920  SINOPSIS  La lectura de este libro permite disfrutar de una novela policiaca en la que los personajes de algunos de los grandes escritores del g\u00e9nero est\u00e1n presentes en todo su contenido, al desarrollarse la acci\u00f3n en un hotel en el que se va a realizar un concurso literario, adoptando los escritores el nombre de su personaje preferido.  Corresponde la resoluci\u00f3n de los hechos al inspector Garc\u00eda, cuya fama se ha consolidado desde que solucion\u00f3 el problema planteado en \u00bfQui\u00e9n mat\u00f3 al embajador? y el lector puede acompa\u00f1ar al polic\u00eda y el equipo investigador que forma para realizar su propia investigaci\u00f3n, pues el texto le proporciona la misma informaci\u00f3n que obtienen los polic\u00edas y la obtiene al mismo tiempo que ellos, de forma que pueda llegar por s\u00ed mismo a las conclusiones de los personajes, o a otra distinta si eso es posible.  As\u00ed que le invito a que se una a la investigaci\u00f3n y, sin dejarse enga\u00f1ar entre el mimetismo entre los nuevos escritores y otros personajes y los detectives famosos que se les asigna en cada caso, desentra\u00f1e el misterio por s\u00ed mismo.  &nbsp;","og_url":"https:\/\/letrame.com\/catalogo\/producto\/asesinatos-de-libro\/","og_site_name":"Catalogo | Letrame Grupo Editorial","og_image":[{"width":886,"height":1240,"url":"https:\/\/letrame.com\/catalogo\/wp-content\/uploads\/2026\/04\/asesinatosdelibro_1233mm4.jpg","type":"image\/jpeg"}],"twitter_card":"summary_large_image","twitter_misc":{"Tiempo de lectura":"2 minutos"},"schema":{"@context":"https:\/\/schema.org","@graph":[{"@type":"WebPage","@id":"https:\/\/letrame.com\/catalogo\/producto\/asesinatos-de-libro\/","url":"https:\/\/letrame.com\/catalogo\/producto\/asesinatos-de-libro\/","name":"Asesinatos de libro - Catalogo | Letrame Grupo Editorial","isPartOf":{"@id":"https:\/\/letrame.com\/catalogo\/#website"},"primaryImageOfPage":{"@id":"https:\/\/letrame.com\/catalogo\/producto\/asesinatos-de-libro\/#primaryimage"},"image":{"@id":"https:\/\/letrame.com\/catalogo\/producto\/asesinatos-de-libro\/#primaryimage"},"thumbnailUrl":"https:\/\/letrame.com\/catalogo\/wp-content\/uploads\/2026\/04\/asesinatosdelibro_1233mm4.jpg","datePublished":"2026-04-15T14:44:27+00:00","breadcrumb":{"@id":"https:\/\/letrame.com\/catalogo\/producto\/asesinatos-de-libro\/#breadcrumb"},"inLanguage":"es","potentialAction":[{"@type":"ReadAction","target":["https:\/\/letrame.com\/catalogo\/producto\/asesinatos-de-libro\/"]}]},{"@type":"ImageObject","inLanguage":"es","@id":"https:\/\/letrame.com\/catalogo\/producto\/asesinatos-de-libro\/#primaryimage","url":"https:\/\/letrame.com\/catalogo\/wp-content\/uploads\/2026\/04\/asesinatosdelibro_1233mm4.jpg","contentUrl":"https:\/\/letrame.com\/catalogo\/wp-content\/uploads\/2026\/04\/asesinatosdelibro_1233mm4.jpg","width":886,"height":1240},{"@type":"BreadcrumbList","@id":"https:\/\/letrame.com\/catalogo\/producto\/asesinatos-de-libro\/#breadcrumb","itemListElement":[{"@type":"ListItem","position":1,"name":"Portada","item":"https:\/\/letrame.com\/catalogo\/"},{"@type":"ListItem","position":2,"name":"Cat\u00e1logo","item":"https:\/\/letrame.com\/catalogo\/"},{"@type":"ListItem","position":3,"name":"Asesinatos de libro"}]},{"@type":"WebSite","@id":"https:\/\/letrame.com\/catalogo\/#website","url":"https:\/\/letrame.com\/catalogo\/","name":"Catalogo | Letrame Grupo Editorial","description":"","publisher":{"@id":"https:\/\/letrame.com\/catalogo\/#organization"},"potentialAction":[{"@type":"SearchAction","target":{"@type":"EntryPoint","urlTemplate":"https:\/\/letrame.com\/catalogo\/?s={search_term_string}"},"query-input":{"@type":"PropertyValueSpecification","valueRequired":true,"valueName":"search_term_string"}}],"inLanguage":"es"},{"@type":"Organization","@id":"https:\/\/letrame.com\/catalogo\/#organization","name":"Catalogo | Letrame Grupo Editorial","url":"https:\/\/letrame.com\/catalogo\/","logo":{"@type":"ImageObject","inLanguage":"es","@id":"https:\/\/letrame.com\/catalogo\/#\/schema\/logo\/image\/","url":"https:\/\/letrame.com\/catalogo\/wp-content\/uploads\/2024\/03\/logo2.webp","contentUrl":"https:\/\/letrame.com\/catalogo\/wp-content\/uploads\/2024\/03\/logo2.webp","width":394,"height":128,"caption":"Catalogo | Letrame Grupo Editorial"},"image":{"@id":"https:\/\/letrame.com\/catalogo\/#\/schema\/logo\/image\/"}}]}},"_links":{"self":[{"href":"https:\/\/letrame.com\/catalogo\/wp-json\/wp\/v2\/product\/112293","targetHints":{"allow":["GET"]}}],"collection":[{"href":"https:\/\/letrame.com\/catalogo\/wp-json\/wp\/v2\/product"}],"about":[{"href":"https:\/\/letrame.com\/catalogo\/wp-json\/wp\/v2\/types\/product"}],"replies":[{"embeddable":true,"href":"https:\/\/letrame.com\/catalogo\/wp-json\/wp\/v2\/comments?post=112293"}],"acf:post":[{"embeddable":true,"href":"https:\/\/letrame.com\/catalogo\/wp-json\/wp\/v2\/author_book\/108484"}],"wp:featuredmedia":[{"embeddable":true,"href":"https:\/\/letrame.com\/catalogo\/wp-json\/wp\/v2\/media\/112295"}],"wp:attachment":[{"href":"https:\/\/letrame.com\/catalogo\/wp-json\/wp\/v2\/media?parent=112293"}],"wp:term":[{"taxonomy":"libro","embeddable":true,"href":"https:\/\/letrame.com\/catalogo\/wp-json\/wp\/v2\/libro?post=112293"},{"taxonomy":"product_brand","embeddable":true,"href":"https:\/\/letrame.com\/catalogo\/wp-json\/wp\/v2\/product_brand?post=112293"},{"taxonomy":"product_cat","embeddable":true,"href":"https:\/\/letrame.com\/catalogo\/wp-json\/wp\/v2\/product_cat?post=112293"},{"taxonomy":"product_tag","embeddable":true,"href":"https:\/\/letrame.com\/catalogo\/wp-json\/wp\/v2\/product_tag?post=112293"}],"curies":[{"name":"wp","href":"https:\/\/api.w.org\/{rel}","templated":true}]}}