{"id":112190,"date":"2026-04-14T14:15:56","date_gmt":"2026-04-14T12:15:56","guid":{"rendered":"https:\/\/letrame.com\/catalogo\/?post_type=product&#038;p=112190"},"modified":"2026-04-14T14:15:56","modified_gmt":"2026-04-14T12:15:56","slug":"el-amor-que-me-salvo","status":"publish","type":"product","link":"https:\/\/letrame.com\/catalogo\/producto\/el-amor-que-me-salvo\/","title":{"rendered":"El amor que me salv\u00f3"},"content":{"rendered":"<p><strong>ISBN: 9791370294540<\/strong><br \/>\n<strong>T\u00edtulo: El amor que me salv\u00f3<\/strong><br \/>\n<strong>Fecha: 2025<\/strong><br \/>\n<strong>P\u00e1ginas: 192<\/strong><\/p>\n<p><strong>SINOPSIS<\/strong><\/p>\n<p>Rachel Branton trabaja en el lujoso Hotel Rub\u00ed en la costa de Sarasota, Florida. Su vida parece estar en orden, pero todo cambia cuando conoce a Giselle, una hermosa y misteriosa hu\u00e9sped del hotel. Lo que comienza como una atracci\u00f3n casual se convierte r\u00e1pidamente en una intensa relaci\u00f3n que desaf\u00eda las normas y expectativas de ambas mujeres.<\/p>\n<p>A medida que Rachel y Giselle se acercan, enfrentan desaf\u00edos personales y profesionales que ponen a prueba su amor y compromiso. Rachel, quien ha luchado con su identidad y su pasado, encuentra en Giselle una compa\u00f1era que la entiende y la apoya. Sin embargo, el trabajo secreto de Giselle y su necesidad de mantener ciertas partes de su vida en privado crean tensiones y malentendidos.<\/p>\n<p>La historia sigue su viaje de autodescubrimiento, amor y p\u00e9rdida, mientras navegan por las complejidades de sus vidas y sus corazones. Desde las playas de Sarasota hasta las calles de Barcelona, su relaci\u00f3n se ve marcada por momentos de pasi\u00f3n, ternura y dolor.<\/p>\n<p>Al final, Rachel debe decidir si est\u00e1 dispuesta a arriesgarlo todo por un amor que podr\u00eda ser ef\u00edmero pero que ha cambiado su vida para siempre.<\/p>\n","protected":false},"excerpt":{"rendered":"<p><strong>ISBN: 9791370294540<\/strong><\/p>\n<p><strong>SINOPSIS<\/strong><\/p>\n<p>Rachel Branton trabaja en el lujoso Hotel Rub\u00ed en la costa de Sarasota, Florida. Su vida parece estar en orden, pero todo cambia cuando conoce a Giselle, una hermosa y misteriosa hu\u00e9sped del hotel. Lo que comienza como una atracci\u00f3n casual se convierte r\u00e1pidamente en una intensa relaci\u00f3n que desaf\u00eda las normas y expectativas de ambas mujeres.<\/p>\n<p>A medida que Rachel y Giselle se acercan, enfrentan desaf\u00edos personales y profesionales que ponen a prueba su amor y compromiso. Rachel, quien ha luchado con su identidad y su pasado, encuentra en Giselle una compa\u00f1era que la entiende y la apoya. Sin embargo, el trabajo secreto de Giselle y su necesidad de mantener ciertas partes de su vida en privado crean tensiones y malentendidos.<\/p>\n<p>La historia sigue su viaje de autodescubrimiento, amor y p\u00e9rdida, mientras navegan por las complejidades de sus vidas y sus corazones. Desde las playas de Sarasota hasta las calles de Barcelona, su relaci\u00f3n se ve marcada por momentos de pasi\u00f3n, ternura y dolor.<\/p>\n<p>Al final, Rachel debe decidir si est\u00e1 dispuesta a arriesgarlo todo por un amor que podr\u00eda ser ef\u00edmero pero que ha cambiado su vida para siempre.<\/p>\n","protected":false},"featured_media":112194,"comment_status":"open","ping_status":"closed","template":"","meta":{"_acf_changed":false},"libro":[],"product_brand":[],"product_cat":[147],"product_tag":[],"class_list":{"0":"post-112190","1":"product","2":"type-product","3":"status-publish","4":"has-post-thumbnail","6":"product_cat-romance","8":"first","9":"instock","10":"shipping-taxable","11":"product-type-simple"},"acf":{"autor":[112191],"enlace_de_compra":"https:\/\/amzn.to\/3QchLyU"},"yoast_head":"<!-- This site is optimized with the Yoast SEO plugin v26.6 - https:\/\/yoast.com\/wordpress\/plugins\/seo\/ -->\n<title>El amor que me salv\u00f3 - Catalogo | Letrame Grupo Editorial<\/title>\n<meta name=\"robots\" content=\"index, follow, max-snippet:-1, max-image-preview:large, max-video-preview:-1\" \/>\n<link rel=\"canonical\" href=\"https:\/\/letrame.com\/catalogo\/producto\/el-amor-que-me-salvo\/\" \/>\n<meta property=\"og:locale\" content=\"es_ES\" \/>\n<meta property=\"og:type\" content=\"article\" \/>\n<meta property=\"og:title\" content=\"El amor que me salv\u00f3 - Catalogo | Letrame Grupo Editorial\" \/>\n<meta property=\"og:description\" content=\"ISBN: 9791370294540  SINOPSIS  Rachel Branton trabaja en el lujoso Hotel Rub\u00ed en la costa de Sarasota, Florida. Su vida parece estar en orden, pero todo cambia cuando conoce a Giselle, una hermosa y misteriosa hu\u00e9sped del hotel. Lo que comienza como una atracci\u00f3n casual se convierte r\u00e1pidamente en una intensa relaci\u00f3n que desaf\u00eda las normas y expectativas de ambas mujeres.  A medida que Rachel y Giselle se acercan, enfrentan desaf\u00edos personales y profesionales que ponen a prueba su amor y compromiso. Rachel, quien ha luchado con su identidad y su pasado, encuentra en Giselle una compa\u00f1era que la entiende y la apoya. Sin embargo, el trabajo secreto de Giselle y su necesidad de mantener ciertas partes de su vida en privado crean tensiones y malentendidos.  La historia sigue su viaje de autodescubrimiento, amor y p\u00e9rdida, mientras navegan por las complejidades de sus vidas y sus corazones. Desde las playas de Sarasota hasta las calles de Barcelona, su relaci\u00f3n se ve marcada por momentos de pasi\u00f3n, ternura y dolor.  Al final, Rachel debe decidir si est\u00e1 dispuesta a arriesgarlo todo por un amor que podr\u00eda ser ef\u00edmero pero que ha cambiado su vida para siempre.\" \/>\n<meta property=\"og:url\" content=\"https:\/\/letrame.com\/catalogo\/producto\/el-amor-que-me-salvo\/\" \/>\n<meta property=\"og:site_name\" content=\"Catalogo | Letrame Grupo Editorial\" \/>\n<meta property=\"og:image\" content=\"https:\/\/letrame.com\/catalogo\/wp-content\/uploads\/2026\/04\/elamorquemesalvo_961mm4-1.jpg\" \/>\n\t<meta property=\"og:image:width\" content=\"886\" \/>\n\t<meta property=\"og:image:height\" content=\"1299\" \/>\n\t<meta property=\"og:image:type\" content=\"image\/jpeg\" \/>\n<meta name=\"twitter:card\" content=\"summary_large_image\" \/>\n<meta name=\"twitter:label1\" content=\"Tiempo de lectura\" \/>\n\t<meta name=\"twitter:data1\" content=\"2 minutos\" \/>\n<script type=\"application\/ld+json\" class=\"yoast-schema-graph\">{\"@context\":\"https:\/\/schema.org\",\"@graph\":[{\"@type\":\"WebPage\",\"@id\":\"https:\/\/letrame.com\/catalogo\/producto\/el-amor-que-me-salvo\/\",\"url\":\"https:\/\/letrame.com\/catalogo\/producto\/el-amor-que-me-salvo\/\",\"name\":\"El amor que me salv\u00f3 - Catalogo | Letrame Grupo Editorial\",\"isPartOf\":{\"@id\":\"https:\/\/letrame.com\/catalogo\/#website\"},\"primaryImageOfPage\":{\"@id\":\"https:\/\/letrame.com\/catalogo\/producto\/el-amor-que-me-salvo\/#primaryimage\"},\"image\":{\"@id\":\"https:\/\/letrame.com\/catalogo\/producto\/el-amor-que-me-salvo\/#primaryimage\"},\"thumbnailUrl\":\"https:\/\/letrame.com\/catalogo\/wp-content\/uploads\/2026\/04\/elamorquemesalvo_961mm4-1.jpg\",\"datePublished\":\"2026-04-14T12:15:56+00:00\",\"breadcrumb\":{\"@id\":\"https:\/\/letrame.com\/catalogo\/producto\/el-amor-que-me-salvo\/#breadcrumb\"},\"inLanguage\":\"es\",\"potentialAction\":[{\"@type\":\"ReadAction\",\"target\":[\"https:\/\/letrame.com\/catalogo\/producto\/el-amor-que-me-salvo\/\"]}]},{\"@type\":\"ImageObject\",\"inLanguage\":\"es\",\"@id\":\"https:\/\/letrame.com\/catalogo\/producto\/el-amor-que-me-salvo\/#primaryimage\",\"url\":\"https:\/\/letrame.com\/catalogo\/wp-content\/uploads\/2026\/04\/elamorquemesalvo_961mm4-1.jpg\",\"contentUrl\":\"https:\/\/letrame.com\/catalogo\/wp-content\/uploads\/2026\/04\/elamorquemesalvo_961mm4-1.jpg\",\"width\":886,\"height\":1299},{\"@type\":\"BreadcrumbList\",\"@id\":\"https:\/\/letrame.com\/catalogo\/producto\/el-amor-que-me-salvo\/#breadcrumb\",\"itemListElement\":[{\"@type\":\"ListItem\",\"position\":1,\"name\":\"Portada\",\"item\":\"https:\/\/letrame.com\/catalogo\/\"},{\"@type\":\"ListItem\",\"position\":2,\"name\":\"Cat\u00e1logo\",\"item\":\"https:\/\/letrame.com\/catalogo\/\"},{\"@type\":\"ListItem\",\"position\":3,\"name\":\"El amor que me salv\u00f3\"}]},{\"@type\":\"WebSite\",\"@id\":\"https:\/\/letrame.com\/catalogo\/#website\",\"url\":\"https:\/\/letrame.com\/catalogo\/\",\"name\":\"Catalogo | Letrame Grupo Editorial\",\"description\":\"\",\"publisher\":{\"@id\":\"https:\/\/letrame.com\/catalogo\/#organization\"},\"potentialAction\":[{\"@type\":\"SearchAction\",\"target\":{\"@type\":\"EntryPoint\",\"urlTemplate\":\"https:\/\/letrame.com\/catalogo\/?s={search_term_string}\"},\"query-input\":{\"@type\":\"PropertyValueSpecification\",\"valueRequired\":true,\"valueName\":\"search_term_string\"}}],\"inLanguage\":\"es\"},{\"@type\":\"Organization\",\"@id\":\"https:\/\/letrame.com\/catalogo\/#organization\",\"name\":\"Catalogo | Letrame Grupo Editorial\",\"url\":\"https:\/\/letrame.com\/catalogo\/\",\"logo\":{\"@type\":\"ImageObject\",\"inLanguage\":\"es\",\"@id\":\"https:\/\/letrame.com\/catalogo\/#\/schema\/logo\/image\/\",\"url\":\"https:\/\/letrame.com\/catalogo\/wp-content\/uploads\/2024\/03\/logo2.webp\",\"contentUrl\":\"https:\/\/letrame.com\/catalogo\/wp-content\/uploads\/2024\/03\/logo2.webp\",\"width\":394,\"height\":128,\"caption\":\"Catalogo | Letrame Grupo Editorial\"},\"image\":{\"@id\":\"https:\/\/letrame.com\/catalogo\/#\/schema\/logo\/image\/\"}}]}<\/script>\n<!-- \/ Yoast SEO plugin. -->","yoast_head_json":{"title":"El amor que me salv\u00f3 - Catalogo | Letrame Grupo Editorial","robots":{"index":"index","follow":"follow","max-snippet":"max-snippet:-1","max-image-preview":"max-image-preview:large","max-video-preview":"max-video-preview:-1"},"canonical":"https:\/\/letrame.com\/catalogo\/producto\/el-amor-que-me-salvo\/","og_locale":"es_ES","og_type":"article","og_title":"El amor que me salv\u00f3 - Catalogo | Letrame Grupo Editorial","og_description":"ISBN: 9791370294540  SINOPSIS  Rachel Branton trabaja en el lujoso Hotel Rub\u00ed en la costa de Sarasota, Florida. Su vida parece estar en orden, pero todo cambia cuando conoce a Giselle, una hermosa y misteriosa hu\u00e9sped del hotel. Lo que comienza como una atracci\u00f3n casual se convierte r\u00e1pidamente en una intensa relaci\u00f3n que desaf\u00eda las normas y expectativas de ambas mujeres.  A medida que Rachel y Giselle se acercan, enfrentan desaf\u00edos personales y profesionales que ponen a prueba su amor y compromiso. Rachel, quien ha luchado con su identidad y su pasado, encuentra en Giselle una compa\u00f1era que la entiende y la apoya. Sin embargo, el trabajo secreto de Giselle y su necesidad de mantener ciertas partes de su vida en privado crean tensiones y malentendidos.  La historia sigue su viaje de autodescubrimiento, amor y p\u00e9rdida, mientras navegan por las complejidades de sus vidas y sus corazones. Desde las playas de Sarasota hasta las calles de Barcelona, su relaci\u00f3n se ve marcada por momentos de pasi\u00f3n, ternura y dolor.  Al final, Rachel debe decidir si est\u00e1 dispuesta a arriesgarlo todo por un amor que podr\u00eda ser ef\u00edmero pero que ha cambiado su vida para siempre.","og_url":"https:\/\/letrame.com\/catalogo\/producto\/el-amor-que-me-salvo\/","og_site_name":"Catalogo | Letrame Grupo Editorial","og_image":[{"width":886,"height":1299,"url":"https:\/\/letrame.com\/catalogo\/wp-content\/uploads\/2026\/04\/elamorquemesalvo_961mm4-1.jpg","type":"image\/jpeg"}],"twitter_card":"summary_large_image","twitter_misc":{"Tiempo de lectura":"2 minutos"},"schema":{"@context":"https:\/\/schema.org","@graph":[{"@type":"WebPage","@id":"https:\/\/letrame.com\/catalogo\/producto\/el-amor-que-me-salvo\/","url":"https:\/\/letrame.com\/catalogo\/producto\/el-amor-que-me-salvo\/","name":"El amor que me salv\u00f3 - Catalogo | Letrame Grupo Editorial","isPartOf":{"@id":"https:\/\/letrame.com\/catalogo\/#website"},"primaryImageOfPage":{"@id":"https:\/\/letrame.com\/catalogo\/producto\/el-amor-que-me-salvo\/#primaryimage"},"image":{"@id":"https:\/\/letrame.com\/catalogo\/producto\/el-amor-que-me-salvo\/#primaryimage"},"thumbnailUrl":"https:\/\/letrame.com\/catalogo\/wp-content\/uploads\/2026\/04\/elamorquemesalvo_961mm4-1.jpg","datePublished":"2026-04-14T12:15:56+00:00","breadcrumb":{"@id":"https:\/\/letrame.com\/catalogo\/producto\/el-amor-que-me-salvo\/#breadcrumb"},"inLanguage":"es","potentialAction":[{"@type":"ReadAction","target":["https:\/\/letrame.com\/catalogo\/producto\/el-amor-que-me-salvo\/"]}]},{"@type":"ImageObject","inLanguage":"es","@id":"https:\/\/letrame.com\/catalogo\/producto\/el-amor-que-me-salvo\/#primaryimage","url":"https:\/\/letrame.com\/catalogo\/wp-content\/uploads\/2026\/04\/elamorquemesalvo_961mm4-1.jpg","contentUrl":"https:\/\/letrame.com\/catalogo\/wp-content\/uploads\/2026\/04\/elamorquemesalvo_961mm4-1.jpg","width":886,"height":1299},{"@type":"BreadcrumbList","@id":"https:\/\/letrame.com\/catalogo\/producto\/el-amor-que-me-salvo\/#breadcrumb","itemListElement":[{"@type":"ListItem","position":1,"name":"Portada","item":"https:\/\/letrame.com\/catalogo\/"},{"@type":"ListItem","position":2,"name":"Cat\u00e1logo","item":"https:\/\/letrame.com\/catalogo\/"},{"@type":"ListItem","position":3,"name":"El amor que me salv\u00f3"}]},{"@type":"WebSite","@id":"https:\/\/letrame.com\/catalogo\/#website","url":"https:\/\/letrame.com\/catalogo\/","name":"Catalogo | Letrame Grupo Editorial","description":"","publisher":{"@id":"https:\/\/letrame.com\/catalogo\/#organization"},"potentialAction":[{"@type":"SearchAction","target":{"@type":"EntryPoint","urlTemplate":"https:\/\/letrame.com\/catalogo\/?s={search_term_string}"},"query-input":{"@type":"PropertyValueSpecification","valueRequired":true,"valueName":"search_term_string"}}],"inLanguage":"es"},{"@type":"Organization","@id":"https:\/\/letrame.com\/catalogo\/#organization","name":"Catalogo | Letrame Grupo Editorial","url":"https:\/\/letrame.com\/catalogo\/","logo":{"@type":"ImageObject","inLanguage":"es","@id":"https:\/\/letrame.com\/catalogo\/#\/schema\/logo\/image\/","url":"https:\/\/letrame.com\/catalogo\/wp-content\/uploads\/2024\/03\/logo2.webp","contentUrl":"https:\/\/letrame.com\/catalogo\/wp-content\/uploads\/2024\/03\/logo2.webp","width":394,"height":128,"caption":"Catalogo | Letrame Grupo Editorial"},"image":{"@id":"https:\/\/letrame.com\/catalogo\/#\/schema\/logo\/image\/"}}]}},"_links":{"self":[{"href":"https:\/\/letrame.com\/catalogo\/wp-json\/wp\/v2\/product\/112190","targetHints":{"allow":["GET"]}}],"collection":[{"href":"https:\/\/letrame.com\/catalogo\/wp-json\/wp\/v2\/product"}],"about":[{"href":"https:\/\/letrame.com\/catalogo\/wp-json\/wp\/v2\/types\/product"}],"replies":[{"embeddable":true,"href":"https:\/\/letrame.com\/catalogo\/wp-json\/wp\/v2\/comments?post=112190"}],"acf:post":[{"embeddable":true,"href":"https:\/\/letrame.com\/catalogo\/wp-json\/wp\/v2\/author_book\/112191"}],"wp:featuredmedia":[{"embeddable":true,"href":"https:\/\/letrame.com\/catalogo\/wp-json\/wp\/v2\/media\/112194"}],"wp:attachment":[{"href":"https:\/\/letrame.com\/catalogo\/wp-json\/wp\/v2\/media?parent=112190"}],"wp:term":[{"taxonomy":"libro","embeddable":true,"href":"https:\/\/letrame.com\/catalogo\/wp-json\/wp\/v2\/libro?post=112190"},{"taxonomy":"product_brand","embeddable":true,"href":"https:\/\/letrame.com\/catalogo\/wp-json\/wp\/v2\/product_brand?post=112190"},{"taxonomy":"product_cat","embeddable":true,"href":"https:\/\/letrame.com\/catalogo\/wp-json\/wp\/v2\/product_cat?post=112190"},{"taxonomy":"product_tag","embeddable":true,"href":"https:\/\/letrame.com\/catalogo\/wp-json\/wp\/v2\/product_tag?post=112190"}],"curies":[{"name":"wp","href":"https:\/\/api.w.org\/{rel}","templated":true}]}}