{"id":112154,"date":"2026-04-14T12:45:06","date_gmt":"2026-04-14T10:45:06","guid":{"rendered":"https:\/\/letrame.com\/catalogo\/?post_type=product&#038;p=112154"},"modified":"2026-04-14T12:45:07","modified_gmt":"2026-04-14T10:45:07","slug":"el-despenadero-de-los-desposados","status":"publish","type":"product","link":"https:\/\/letrame.com\/catalogo\/producto\/el-despenadero-de-los-desposados\/","title":{"rendered":"El despe\u00f1adero de los desposados"},"content":{"rendered":"<p><strong>ISBN: 9791370297664<\/strong><br \/>\n<strong>T\u00edtulo: El despe\u00f1adero de los desposados<\/strong><br \/>\n<strong>Fecha: 2025<\/strong><br \/>\n<strong>P\u00e1ginas: 426<\/strong><\/p>\n<p><strong>SINOPSIS<\/strong><\/p>\n<p>Las cuatro parejas que forman parte de este enredo sentimental son catapultadas a una aventura en la que ellas tratar\u00e1n de aferrarse a la vida marital y ellos luchar\u00e1n por romper todo compromiso. Las esposas justifican sus actos ampar\u00e1ndose en los principios de una sociedad secreta que planea convertir a los hombres en maridos perfectos, pero ellos sospechan que la locura es la \u00fanica que dirige sus movimientos.<\/p>\n<p>La luna de miel se complica cuando ellos emprenden una arriesgada evasi\u00f3n en la cima de una monta\u00f1a. Por desgracia, ni ellas conocen los peligros que entra\u00f1a un hipot\u00e9tico rescate ni ellos disponen de lo m\u00e1s b\u00e1sico para sobrevivir en un entorno hostil, que, lejos de librarlos del yugo que nunca desearon, los conduce a un final m\u00e1s incierto.<\/p>\n<p>Cuando el azar decide intervenir y poner a cada uno en la situaci\u00f3n m\u00e1s inconcebible, descubrir\u00e1n que la regi\u00f3n en la que han aterrizado est\u00e1 llena de personajes estramb\u00f3ticos que no parecen dispuestos a concederles la ansiada libertad. Solo entonces comprender\u00e1n que el matrimonio no era lo peor que podr\u00eda haberles ocurrido.<\/p>\n","protected":false},"excerpt":{"rendered":"<p><strong>ISBN: 9791370297664<\/strong><\/p>\n<p><strong>SINOPSIS<\/strong><\/p>\n<p>Las cuatro parejas que forman parte de este enredo sentimental son catapultadas a una aventura en la que ellas tratar\u00e1n de aferrarse a la vida marital y ellos luchar\u00e1n por romper todo compromiso. Las esposas justifican sus actos ampar\u00e1ndose en los principios de una sociedad secreta que planea convertir a los hombres en maridos perfectos, pero ellos sospechan que la locura es la \u00fanica que dirige sus movimientos.<\/p>\n<p>La luna de miel se complica cuando ellos emprenden una arriesgada evasi\u00f3n en la cima de una monta\u00f1a. Por desgracia, ni ellas conocen los peligros que entra\u00f1a un hipot\u00e9tico rescate ni ellos disponen de lo m\u00e1s b\u00e1sico para sobrevivir en un entorno hostil, que, lejos de librarlos del yugo que nunca desearon, los conduce a un final m\u00e1s incierto.<\/p>\n<p>Cuando el azar decide intervenir y poner a cada uno en la situaci\u00f3n m\u00e1s inconcebible, descubrir\u00e1n que la regi\u00f3n en la que han aterrizado est\u00e1 llena de personajes estramb\u00f3ticos que no parecen dispuestos a concederles la ansiada libertad. Solo entonces comprender\u00e1n que el matrimonio no era lo peor que podr\u00eda haberles ocurrido.<\/p>\n","protected":false},"featured_media":112157,"comment_status":"open","ping_status":"closed","template":"","meta":{"_acf_changed":false},"libro":[],"product_brand":[],"product_cat":[132],"product_tag":[],"class_list":{"0":"post-112154","1":"product","2":"type-product","3":"status-publish","4":"has-post-thumbnail","6":"product_cat-terror","8":"first","9":"instock","10":"shipping-taxable","11":"product-type-simple"},"acf":{"autor":[74035],"enlace_de_compra":"https:\/\/amzn.to\/4tLRZ35"},"yoast_head":"<!-- This site is optimized with the Yoast SEO plugin v26.6 - https:\/\/yoast.com\/wordpress\/plugins\/seo\/ -->\n<title>El despe\u00f1adero de los desposados - Catalogo | Letrame Grupo Editorial<\/title>\n<meta name=\"robots\" content=\"index, follow, max-snippet:-1, max-image-preview:large, max-video-preview:-1\" \/>\n<link rel=\"canonical\" href=\"https:\/\/letrame.com\/catalogo\/producto\/el-despenadero-de-los-desposados\/\" \/>\n<meta property=\"og:locale\" content=\"es_ES\" \/>\n<meta property=\"og:type\" content=\"article\" \/>\n<meta property=\"og:title\" content=\"El despe\u00f1adero de los desposados - Catalogo | Letrame Grupo Editorial\" \/>\n<meta property=\"og:description\" content=\"ISBN: 9791370297664  SINOPSIS  Las cuatro parejas que forman parte de este enredo sentimental son catapultadas a una aventura en la que ellas tratar\u00e1n de aferrarse a la vida marital y ellos luchar\u00e1n por romper todo compromiso. Las esposas justifican sus actos ampar\u00e1ndose en los principios de una sociedad secreta que planea convertir a los hombres en maridos perfectos, pero ellos sospechan que la locura es la \u00fanica que dirige sus movimientos.  La luna de miel se complica cuando ellos emprenden una arriesgada evasi\u00f3n en la cima de una monta\u00f1a. Por desgracia, ni ellas conocen los peligros que entra\u00f1a un hipot\u00e9tico rescate ni ellos disponen de lo m\u00e1s b\u00e1sico para sobrevivir en un entorno hostil, que, lejos de librarlos del yugo que nunca desearon, los conduce a un final m\u00e1s incierto.  Cuando el azar decide intervenir y poner a cada uno en la situaci\u00f3n m\u00e1s inconcebible, descubrir\u00e1n que la regi\u00f3n en la que han aterrizado est\u00e1 llena de personajes estramb\u00f3ticos que no parecen dispuestos a concederles la ansiada libertad. Solo entonces comprender\u00e1n que el matrimonio no era lo peor que podr\u00eda haberles ocurrido.\" \/>\n<meta property=\"og:url\" content=\"https:\/\/letrame.com\/catalogo\/producto\/el-despenadero-de-los-desposados\/\" \/>\n<meta property=\"og:site_name\" content=\"Catalogo | Letrame Grupo Editorial\" \/>\n<meta property=\"article:modified_time\" content=\"2026-04-14T10:45:07+00:00\" \/>\n<meta property=\"og:image\" content=\"https:\/\/letrame.com\/catalogo\/wp-content\/uploads\/2026\/04\/eldespenadero_2581mm4.jpg\" \/>\n\t<meta property=\"og:image:width\" content=\"703\" \/>\n\t<meta property=\"og:image:height\" content=\"992\" \/>\n\t<meta property=\"og:image:type\" content=\"image\/jpeg\" \/>\n<meta name=\"twitter:card\" content=\"summary_large_image\" \/>\n<meta name=\"twitter:label1\" content=\"Tiempo de lectura\" \/>\n\t<meta name=\"twitter:data1\" content=\"2 minutos\" \/>\n<script type=\"application\/ld+json\" class=\"yoast-schema-graph\">{\"@context\":\"https:\/\/schema.org\",\"@graph\":[{\"@type\":\"WebPage\",\"@id\":\"https:\/\/letrame.com\/catalogo\/producto\/el-despenadero-de-los-desposados\/\",\"url\":\"https:\/\/letrame.com\/catalogo\/producto\/el-despenadero-de-los-desposados\/\",\"name\":\"El despe\u00f1adero de los desposados - Catalogo | Letrame Grupo Editorial\",\"isPartOf\":{\"@id\":\"https:\/\/letrame.com\/catalogo\/#website\"},\"primaryImageOfPage\":{\"@id\":\"https:\/\/letrame.com\/catalogo\/producto\/el-despenadero-de-los-desposados\/#primaryimage\"},\"image\":{\"@id\":\"https:\/\/letrame.com\/catalogo\/producto\/el-despenadero-de-los-desposados\/#primaryimage\"},\"thumbnailUrl\":\"https:\/\/letrame.com\/catalogo\/wp-content\/uploads\/2026\/04\/eldespenadero_2581mm4.jpg\",\"datePublished\":\"2026-04-14T10:45:06+00:00\",\"dateModified\":\"2026-04-14T10:45:07+00:00\",\"breadcrumb\":{\"@id\":\"https:\/\/letrame.com\/catalogo\/producto\/el-despenadero-de-los-desposados\/#breadcrumb\"},\"inLanguage\":\"es\",\"potentialAction\":[{\"@type\":\"ReadAction\",\"target\":[\"https:\/\/letrame.com\/catalogo\/producto\/el-despenadero-de-los-desposados\/\"]}]},{\"@type\":\"ImageObject\",\"inLanguage\":\"es\",\"@id\":\"https:\/\/letrame.com\/catalogo\/producto\/el-despenadero-de-los-desposados\/#primaryimage\",\"url\":\"https:\/\/letrame.com\/catalogo\/wp-content\/uploads\/2026\/04\/eldespenadero_2581mm4.jpg\",\"contentUrl\":\"https:\/\/letrame.com\/catalogo\/wp-content\/uploads\/2026\/04\/eldespenadero_2581mm4.jpg\",\"width\":703,\"height\":992},{\"@type\":\"BreadcrumbList\",\"@id\":\"https:\/\/letrame.com\/catalogo\/producto\/el-despenadero-de-los-desposados\/#breadcrumb\",\"itemListElement\":[{\"@type\":\"ListItem\",\"position\":1,\"name\":\"Portada\",\"item\":\"https:\/\/letrame.com\/catalogo\/\"},{\"@type\":\"ListItem\",\"position\":2,\"name\":\"Cat\u00e1logo\",\"item\":\"https:\/\/letrame.com\/catalogo\/\"},{\"@type\":\"ListItem\",\"position\":3,\"name\":\"El despe\u00f1adero de los desposados\"}]},{\"@type\":\"WebSite\",\"@id\":\"https:\/\/letrame.com\/catalogo\/#website\",\"url\":\"https:\/\/letrame.com\/catalogo\/\",\"name\":\"Catalogo | Letrame Grupo Editorial\",\"description\":\"\",\"publisher\":{\"@id\":\"https:\/\/letrame.com\/catalogo\/#organization\"},\"potentialAction\":[{\"@type\":\"SearchAction\",\"target\":{\"@type\":\"EntryPoint\",\"urlTemplate\":\"https:\/\/letrame.com\/catalogo\/?s={search_term_string}\"},\"query-input\":{\"@type\":\"PropertyValueSpecification\",\"valueRequired\":true,\"valueName\":\"search_term_string\"}}],\"inLanguage\":\"es\"},{\"@type\":\"Organization\",\"@id\":\"https:\/\/letrame.com\/catalogo\/#organization\",\"name\":\"Catalogo | Letrame Grupo Editorial\",\"url\":\"https:\/\/letrame.com\/catalogo\/\",\"logo\":{\"@type\":\"ImageObject\",\"inLanguage\":\"es\",\"@id\":\"https:\/\/letrame.com\/catalogo\/#\/schema\/logo\/image\/\",\"url\":\"https:\/\/letrame.com\/catalogo\/wp-content\/uploads\/2024\/03\/logo2.webp\",\"contentUrl\":\"https:\/\/letrame.com\/catalogo\/wp-content\/uploads\/2024\/03\/logo2.webp\",\"width\":394,\"height\":128,\"caption\":\"Catalogo | Letrame Grupo Editorial\"},\"image\":{\"@id\":\"https:\/\/letrame.com\/catalogo\/#\/schema\/logo\/image\/\"}}]}<\/script>\n<!-- \/ Yoast SEO plugin. -->","yoast_head_json":{"title":"El despe\u00f1adero de los desposados - Catalogo | Letrame Grupo Editorial","robots":{"index":"index","follow":"follow","max-snippet":"max-snippet:-1","max-image-preview":"max-image-preview:large","max-video-preview":"max-video-preview:-1"},"canonical":"https:\/\/letrame.com\/catalogo\/producto\/el-despenadero-de-los-desposados\/","og_locale":"es_ES","og_type":"article","og_title":"El despe\u00f1adero de los desposados - Catalogo | Letrame Grupo Editorial","og_description":"ISBN: 9791370297664  SINOPSIS  Las cuatro parejas que forman parte de este enredo sentimental son catapultadas a una aventura en la que ellas tratar\u00e1n de aferrarse a la vida marital y ellos luchar\u00e1n por romper todo compromiso. Las esposas justifican sus actos ampar\u00e1ndose en los principios de una sociedad secreta que planea convertir a los hombres en maridos perfectos, pero ellos sospechan que la locura es la \u00fanica que dirige sus movimientos.  La luna de miel se complica cuando ellos emprenden una arriesgada evasi\u00f3n en la cima de una monta\u00f1a. Por desgracia, ni ellas conocen los peligros que entra\u00f1a un hipot\u00e9tico rescate ni ellos disponen de lo m\u00e1s b\u00e1sico para sobrevivir en un entorno hostil, que, lejos de librarlos del yugo que nunca desearon, los conduce a un final m\u00e1s incierto.  Cuando el azar decide intervenir y poner a cada uno en la situaci\u00f3n m\u00e1s inconcebible, descubrir\u00e1n que la regi\u00f3n en la que han aterrizado est\u00e1 llena de personajes estramb\u00f3ticos que no parecen dispuestos a concederles la ansiada libertad. Solo entonces comprender\u00e1n que el matrimonio no era lo peor que podr\u00eda haberles ocurrido.","og_url":"https:\/\/letrame.com\/catalogo\/producto\/el-despenadero-de-los-desposados\/","og_site_name":"Catalogo | Letrame Grupo Editorial","article_modified_time":"2026-04-14T10:45:07+00:00","og_image":[{"width":703,"height":992,"url":"https:\/\/letrame.com\/catalogo\/wp-content\/uploads\/2026\/04\/eldespenadero_2581mm4.jpg","type":"image\/jpeg"}],"twitter_card":"summary_large_image","twitter_misc":{"Tiempo de lectura":"2 minutos"},"schema":{"@context":"https:\/\/schema.org","@graph":[{"@type":"WebPage","@id":"https:\/\/letrame.com\/catalogo\/producto\/el-despenadero-de-los-desposados\/","url":"https:\/\/letrame.com\/catalogo\/producto\/el-despenadero-de-los-desposados\/","name":"El despe\u00f1adero de los desposados - Catalogo | Letrame Grupo Editorial","isPartOf":{"@id":"https:\/\/letrame.com\/catalogo\/#website"},"primaryImageOfPage":{"@id":"https:\/\/letrame.com\/catalogo\/producto\/el-despenadero-de-los-desposados\/#primaryimage"},"image":{"@id":"https:\/\/letrame.com\/catalogo\/producto\/el-despenadero-de-los-desposados\/#primaryimage"},"thumbnailUrl":"https:\/\/letrame.com\/catalogo\/wp-content\/uploads\/2026\/04\/eldespenadero_2581mm4.jpg","datePublished":"2026-04-14T10:45:06+00:00","dateModified":"2026-04-14T10:45:07+00:00","breadcrumb":{"@id":"https:\/\/letrame.com\/catalogo\/producto\/el-despenadero-de-los-desposados\/#breadcrumb"},"inLanguage":"es","potentialAction":[{"@type":"ReadAction","target":["https:\/\/letrame.com\/catalogo\/producto\/el-despenadero-de-los-desposados\/"]}]},{"@type":"ImageObject","inLanguage":"es","@id":"https:\/\/letrame.com\/catalogo\/producto\/el-despenadero-de-los-desposados\/#primaryimage","url":"https:\/\/letrame.com\/catalogo\/wp-content\/uploads\/2026\/04\/eldespenadero_2581mm4.jpg","contentUrl":"https:\/\/letrame.com\/catalogo\/wp-content\/uploads\/2026\/04\/eldespenadero_2581mm4.jpg","width":703,"height":992},{"@type":"BreadcrumbList","@id":"https:\/\/letrame.com\/catalogo\/producto\/el-despenadero-de-los-desposados\/#breadcrumb","itemListElement":[{"@type":"ListItem","position":1,"name":"Portada","item":"https:\/\/letrame.com\/catalogo\/"},{"@type":"ListItem","position":2,"name":"Cat\u00e1logo","item":"https:\/\/letrame.com\/catalogo\/"},{"@type":"ListItem","position":3,"name":"El despe\u00f1adero de los desposados"}]},{"@type":"WebSite","@id":"https:\/\/letrame.com\/catalogo\/#website","url":"https:\/\/letrame.com\/catalogo\/","name":"Catalogo | Letrame Grupo Editorial","description":"","publisher":{"@id":"https:\/\/letrame.com\/catalogo\/#organization"},"potentialAction":[{"@type":"SearchAction","target":{"@type":"EntryPoint","urlTemplate":"https:\/\/letrame.com\/catalogo\/?s={search_term_string}"},"query-input":{"@type":"PropertyValueSpecification","valueRequired":true,"valueName":"search_term_string"}}],"inLanguage":"es"},{"@type":"Organization","@id":"https:\/\/letrame.com\/catalogo\/#organization","name":"Catalogo | Letrame Grupo Editorial","url":"https:\/\/letrame.com\/catalogo\/","logo":{"@type":"ImageObject","inLanguage":"es","@id":"https:\/\/letrame.com\/catalogo\/#\/schema\/logo\/image\/","url":"https:\/\/letrame.com\/catalogo\/wp-content\/uploads\/2024\/03\/logo2.webp","contentUrl":"https:\/\/letrame.com\/catalogo\/wp-content\/uploads\/2024\/03\/logo2.webp","width":394,"height":128,"caption":"Catalogo | Letrame Grupo Editorial"},"image":{"@id":"https:\/\/letrame.com\/catalogo\/#\/schema\/logo\/image\/"}}]}},"_links":{"self":[{"href":"https:\/\/letrame.com\/catalogo\/wp-json\/wp\/v2\/product\/112154","targetHints":{"allow":["GET"]}}],"collection":[{"href":"https:\/\/letrame.com\/catalogo\/wp-json\/wp\/v2\/product"}],"about":[{"href":"https:\/\/letrame.com\/catalogo\/wp-json\/wp\/v2\/types\/product"}],"replies":[{"embeddable":true,"href":"https:\/\/letrame.com\/catalogo\/wp-json\/wp\/v2\/comments?post=112154"}],"acf:post":[{"embeddable":true,"href":"https:\/\/letrame.com\/catalogo\/wp-json\/wp\/v2\/author_book\/74035"}],"wp:featuredmedia":[{"embeddable":true,"href":"https:\/\/letrame.com\/catalogo\/wp-json\/wp\/v2\/media\/112157"}],"wp:attachment":[{"href":"https:\/\/letrame.com\/catalogo\/wp-json\/wp\/v2\/media?parent=112154"}],"wp:term":[{"taxonomy":"libro","embeddable":true,"href":"https:\/\/letrame.com\/catalogo\/wp-json\/wp\/v2\/libro?post=112154"},{"taxonomy":"product_brand","embeddable":true,"href":"https:\/\/letrame.com\/catalogo\/wp-json\/wp\/v2\/product_brand?post=112154"},{"taxonomy":"product_cat","embeddable":true,"href":"https:\/\/letrame.com\/catalogo\/wp-json\/wp\/v2\/product_cat?post=112154"},{"taxonomy":"product_tag","embeddable":true,"href":"https:\/\/letrame.com\/catalogo\/wp-json\/wp\/v2\/product_tag?post=112154"}],"curies":[{"name":"wp","href":"https:\/\/api.w.org\/{rel}","templated":true}]}}